Text-ANSI-Printf v2.01 Perl 5 v5.18.0 i86pc-solaris-64
- Status
- Fail
- From
- Chris Williams (BINGOS)
- Dist
-
Text-ANSI-Printf v2.01
- Platform
- Perl 5 v5.18.0 i86pc-solaris-64
- Date
- 2021-08-29 05:04:24
- ID
- 942685a2-0886-11ec-bc66-57723b537541
This distribution has been tested as part of the CPAN Testers
project, supporting the Perl programming language. See
http://wiki.cpantesters.org/ for more information or email
questions to cpan-testers-discuss@perl.org
--
Dear Kaz Utashiro,
This is a computer-generated error report created automatically by
CPANPLUS, version 0.9910. Testers personal comments may appear
at the end of this report.
Thank you for uploading your work to CPAN. However, it appears that
there were some problems testing your distribution.
TEST RESULTS:
Below is the error stack from stage 'make test':
t/00_compile.t .... ok
Use of uninitialized value in substitution (s///) at /home/cpan/pit/jail/vVG9r5HzLa/lib/perl5/Text/Conceal.pm line 144.
Use of uninitialized value in substitution iterator at /home/cpan/pit/jail/vVG9r5HzLa/lib/perl5/Text/Conceal.pm line 70.
# Failed test 'ASCII %s (1-column)'
# at t/01_simple.t line 20.
# got: ' '
# expected: ' [31ma[m'
Use of uninitialized value in substitution (s///) at /home/cpan/pit/jail/vVG9r5HzLa/lib/perl5/Text/Conceal.pm line 144.
Use of uninitialized value in substitution iterator at /home/cpan/pit/jail/vVG9r5HzLa/lib/perl5/Text/Conceal.pm line 70.
# Failed test 'ASCII %s'
# at t/01_simple.t line 21.
# got: ' '
# expected: ' [31mabcde[m'
Use of uninitialized value in substitution (s///) at /home/cpan/pit/jail/vVG9r5HzLa/lib/perl5/Text/Conceal.pm line 144.
Use of uninitialized value in substitution iterator at /home/cpan/pit/jail/vVG9r5HzLa/lib/perl5/Text/Conceal.pm line 70.
# Failed test 'wide %s'
# at t/01_simple.t line 24.
# got: ' '
# expected: ' [31mãÂÂãÂÂãÂÂãÂÂãÂÂ[m'
Use of uninitialized value in substitution (s///) at /home/cpan/pit/jail/vVG9r5HzLa/lib/perl5/Text/Conceal.pm line 144.
Use of uninitialized value in substitution iterator at /home/cpan/pit/jail/vVG9r5HzLa/lib/perl5/Text/Conceal.pm line 70.
# Failed test 'wide %s'
# at t/01_simple.t line 25.
# got: ' '
# expected: ' [31maãÂÂãÂÂãÂÂãÂÂãÂÂ[m'
Use of uninitialized value in substitution (s///) at /home/cpan/pit/jail/vVG9r5HzLa/lib/perl5/Text/Conceal.pm line 144.
Use of uninitialized value in substitution iterator at /home/cpan/pit/jail/vVG9r5HzLa/lib/perl5/Text/Conceal.pm line 70.
# Failed test 'wide %s'
# at t/01_simple.t line 26.
# got: ' '
# expected: '[31maaãÂÂãÂÂãÂÂãÂÂãÂÂ[m'
Use of uninitialized value in substitution (s///) at /home/cpan/pit/jail/vVG9r5HzLa/lib/perl5/Text/Conceal.pm line 144.
Use of uninitialized value in substitution iterator at /home/cpan/pit/jail/vVG9r5HzLa/lib/perl5/Text/Conceal.pm line 70.
# Failed test 'wide %s'
# at t/01_simple.t line 27.
# got: ' '
# expected: '[31maaaãÂÂãÂÂãÂÂãÂÂãÂÂ[m'
Use of uninitialized value in substitution (s///) at /home/cpan/pit/jail/vVG9r5HzLa/lib/perl5/Text/Conceal.pm line 144.
Use of uninitialized value in substitution iterator at /home/cpan/pit/jail/vVG9r5HzLa/lib/perl5/Text/Conceal.pm line 70.
# Failed test 'wide %-s'
# at t/01_simple.t line 29.
# got: ' '
# expected: '[31mãÂÂãÂÂãÂÂãÂÂãÂÂ[m '
Use of uninitialized value in substitution (s///) at /home/cpan/pit/jail/vVG9r5HzLa/lib/perl5/Text/Conceal.pm line 144.
Use of uninitialized value in substitution iterator at /home/cpan/pit/jail/vVG9r5HzLa/lib/perl5/Text/Conceal.pm line 70.
# Failed test 'wide %-s'
# at t/01_simple.t line 30.
# got: ' '
# expected: '[31maãÂÂãÂÂãÂÂãÂÂãÂÂ[m '
Use of uninitialized value in substitution (s///) at /home/cpan/pit/jail/vVG9r5HzLa/lib/perl5/Text/Conceal.pm line 144.
Use of uninitialized value in substitution iterator at /home/cpan/pit/jail/vVG9r5HzLa/lib/perl5/Text/Conceal.pm line 70.
# Failed test 'wide %-s'
# at t/01_simple.t line 31.
# got: ' '
# expected: '[31maaãÂÂãÂÂãÂÂãÂÂãÂÂ[m'
Use of uninitialized value in substitution (s///) at /home/cpan/pit/jail/vVG9r5HzLa/lib/perl5/Text/Conceal.pm line 144.
Use of uninitialized value in substitution iterator at /home/cpan/pit/jail/vVG9r5HzLa/lib/perl5/Text/Conceal.pm line 70.
# Failed test 'wide %-s'
# at t/01_simple.t line 32.
# got: ' '
# expected: '[31maaaãÂÂãÂÂãÂÂãÂÂãÂÂ[m'
Use of uninitialized value in substitution (s///) at /home/cpan/pit/jail/vVG9r5HzLa/lib/perl5/Text/Conceal.pm line 144.
Use of uninitialized value in substitution iterator at /home/cpan/pit/jail/vVG9r5HzLa/lib/perl5/Text/Conceal.pm line 70.
# Failed test 'half %s'
# at t/01_simple.t line 34.
# got: ' '
# expected: ' [31mアイウエオ[m'
Use of uninitialized value in substitution (s///) at /home/cpan/pit/jail/vVG9r5HzLa/lib/perl5/Text/Conceal.pm line 144.
Use of uninitialized value in substitution iterator at /home/cpan/pit/jail/vVG9r5HzLa/lib/perl5/Text/Conceal.pm line 70.
# Failed test 'half %s'
# at t/01_simple.t line 35.
# got: ' '
# expected: ' [31maアイウエオ[m'
Use of uninitialized value in substitution (s///) at /home/cpan/pit/jail/vVG9r5HzLa/lib/perl5/Text/Conceal.pm line 144.
Use of uninitialized value in substitution iterator at /home/cpan/pit/jail/vVG9r5HzLa/lib/perl5/Text/Conceal.pm line 70.
# Failed test 'half %s'
# at t/01_simple.t line 36.
# got: ' '
# expected: '[31maaアイウエオ[m'
Use of uninitialized value in substitution (s///) at /home/cpan/pit/jail/vVG9r5HzLa/lib/perl5/Text/Conceal.pm line 144.
Use of uninitialized value in substitution iterator at /home/cpan/pit/jail/vVG9r5HzLa/lib/perl5/Text/Conceal.pm line 70.
# Failed test 'half %s'
# at t/01_simple.t line 37.
# got: ' '
# expected: '[31maaaアイウエオ[m'
Use of uninitialized value in substitution (s///) at /home/cpan/pit/jail/vVG9r5HzLa/lib/perl5/Text/Conceal.pm line 144.
Use of uninitialized value in substitution iterator at /home/cpan/pit/jail/vVG9r5HzLa/lib/perl5/Text/Conceal.pm line 70.
# Failed test 'half %-s'
# at t/01_simple.t line 39.
# got: ' '
# expected: '[31mアイウエオ[m '
Use of uninitialized value in substitution (s///) at /home/cpan/pit/jail/vVG9r5HzLa/lib/perl5/Text/Conceal.pm line 144.
Use of uninitialized value in substitution iterator at /home/cpan/pit/jail/vVG9r5HzLa/lib/perl5/Text/Conceal.pm line 70.
# Failed test 'half %-s'
# at t/01_simple.t line 40.
# got: ' '
# expected: '[31maアイウエオ[m '
Use of uninitialized value in substitution (s///) at /home/cpan/pit/jail/vVG9r5HzLa/lib/perl5/Text/Conceal.pm line 144.
Use of uninitialized value in substitution iterator at /home/cpan/pit/jail/vVG9r5HzLa/lib/perl5/Text/Conceal.pm line 70.
# Failed test 'half %-s'
# at t/01_simple.t line 41.
# got: ' '
# expected: '[31maaアイウエオ[m'
Use of uninitialized value in substitution (s///) at /home/cpan/pit/jail/vVG9r5HzLa/lib/perl5/Text/Conceal.pm line 144.
Use of uninitialized value in substitution iterator at /home/cpan/pit/jail/vVG9r5HzLa/lib/perl5/Text/Conceal.pm line 70.
# Failed test 'half %-s'
# at t/01_simple.t line 42.
# got: ' '
# expected: '[31maaaアイウエオ[m'
# Looks like you failed 18 tests of 20.
t/01_simple.t .....
Dubious, test returned 18 (wstat 4608, 0x1200)
Failed 18/20 subtests
Use of uninitialized value in substitution (s///) at /home/cpan/pit/jail/vVG9r5HzLa/lib/perl5/Text/Conceal.pm line 144.
Use of uninitialized value in substitution iterator at /home/cpan/pit/jail/vVG9r5HzLa/lib/perl5/Text/Conceal.pm line 70.
# Failed test 'ASCII %s'
# at t/02_export.t line 19.
# got: ' '
# expected: ' [31mabcde[m'
Use of uninitialized value in substitution (s///) at /home/cpan/pit/jail/vVG9r5HzLa/lib/perl5/Text/Conceal.pm line 144.
Use of uninitialized value in substitution iterator at /home/cpan/pit/jail/vVG9r5HzLa/lib/perl5/Text/Conceal.pm line 70.
# Failed test 'wide %s'
# at t/02_export.t line 22.
# got: ' '
# expected: ' [31mãÂÂãÂÂãÂÂãÂÂãÂÂ[m'
Use of uninitialized value in substitution (s///) at /home/cpan/pit/jail/vVG9r5HzLa/lib/perl5/Text/Conceal.pm line 144.
Use of uninitialized value in substitution iterator at /home/cpan/pit/jail/vVG9r5HzLa/lib/perl5/Text/Conceal.pm line 70.
# Failed test 'wide %s'
# at t/02_export.t line 23.
# got: ' '
# expected: ' [31maãÂÂãÂÂãÂÂãÂÂãÂÂ[m'
Use of uninitialized value in substitution (s///) at /home/cpan/pit/jail/vVG9r5HzLa/lib/perl5/Text/Conceal.pm line 144.
Use of uninitialized value in substitution iterator at /home/cpan/pit/jail/vVG9r5HzLa/lib/perl5/Text/Conceal.pm line 70.
# Failed test 'wide %s'
# at t/02_export.t line 24.
# got: ' '
# expected: '[31maaãÂÂãÂÂãÂÂãÂÂãÂÂ[m'
Use of uninitialized value in substitution (s///) at /home/cpan/pit/jail/vVG9r5HzLa/lib/perl5/Text/Conceal.pm line 144.
Use of uninitialized value in substitution iterator at /home/cpan/pit/jail/vVG9r5HzLa/lib/perl5/Text/Conceal.pm line 70.
# Failed test 'wide %s'
# at t/02_export.t line 25.
# got: ' '
# expected: '[31maaaãÂÂãÂÂãÂÂãÂÂãÂÂ[m'
Use of uninitialized value in substitution (s///) at /home/cpan/pit/jail/vVG9r5HzLa/lib/perl5/Text/Conceal.pm line 144.
Use of uninitialized value in substitution iterator at /home/cpan/pit/jail/vVG9r5HzLa/lib/perl5/Text/Conceal.pm line 70.
# Failed test 'wide %-s'
# at t/02_export.t line 27.
# got: ' '
# expected: '[31mãÂÂãÂÂãÂÂãÂÂãÂÂ[m '
Use of uninitialized value in substitution (s///) at /home/cpan/pit/jail/vVG9r5HzLa/lib/perl5/Text/Conceal.pm line 144.
Use of uninitialized value in substitution iterator at /home/cpan/pit/jail/vVG9r5HzLa/lib/perl5/Text/Conceal.pm line 70.
# Failed test 'wide %-s'
# at t/02_export.t line 28.
# got: ' '
# expected: '[31maãÂÂãÂÂãÂÂãÂÂãÂÂ[m '
Use of uninitialized value in substitution (s///) at /home/cpan/pit/jail/vVG9r5HzLa/lib/perl5/Text/Conceal.pm line 144.
Use of uninitialized value in substitution iterator at /home/cpan/pit/jail/vVG9r5HzLa/lib/perl5/Text/Conceal.pm line 70.
# Failed test 'wide %-s'
# at t/02_export.t line 29.
# got: ' '
# expected: '[31maaãÂÂãÂÂãÂÂãÂÂãÂÂ[m'
Use of uninitialized value in substitution (s///) at /home/cpan/pit/jail/vVG9r5HzLa/lib/perl5/Text/Conceal.pm line 144.
Use of uninitialized value in substitution iterator at /home/cpan/pit/jail/vVG9r5HzLa/lib/perl5/Text/Conceal.pm line 70.
# Failed test 'wide %-s'
# at t/02_export.t line 30.
# got: ' '
# expected: '[31maaaãÂÂãÂÂãÂÂãÂÂãÂÂ[m'
Use of uninitialized value in substitution (s///) at /home/cpan/pit/jail/vVG9r5HzLa/lib/perl5/Text/Conceal.pm line 144.
Use of uninitialized value in substitution iterator at /home/cpan/pit/jail/vVG9r5HzLa/lib/perl5/Text/Conceal.pm line 70.
# Failed test 'half %s'
# at t/02_export.t line 32.
# got: ' '
# expected: ' [31mアイウエオ[m'
Use of uninitialized value in substitution (s///) at /home/cpan/pit/jail/vVG9r5HzLa/lib/perl5/Text/Conceal.pm line 144.
Use of uninitialized value in substitution iterator at /home/cpan/pit/jail/vVG9r5HzLa/lib/perl5/Text/Conceal.pm line 70.
# Failed test 'half %s'
# at t/02_export.t line 33.
# got: ' '
# expected: ' [31maアイウエオ[m'
Use of uninitialized value in substitution (s///) at /home/cpan/pit/jail/vVG9r5HzLa/lib/perl5/Text/Conceal.pm line 144.
Use of uninitialized value in substitution iterator at /home/cpan/pit/jail/vVG9r5HzLa/lib/perl5/Text/Conceal.pm line 70.
# Failed test 'half %s'
# at t/02_export.t line 34.
# got: ' '
# expected: '[31maaアイウエオ[m'
Use of uninitialized value in substitution (s///) at /home/cpan/pit/jail/vVG9r5HzLa/lib/perl5/Text/Conceal.pm line 144.
Use of uninitialized value in substitution iterator at /home/cpan/pit/jail/vVG9r5HzLa/lib/perl5/Text/Conceal.pm line 70.
# Failed test 'half %s'
# at t/02_export.t line 35.
# got: ' '
# expected: '[31maaaアイウエオ[m'
Use of uninitialized value in substitution (s///) at /home/cpan/pit/jail/vVG9r5HzLa/lib/perl5/Text/Conceal.pm line 144.
Use of uninitialized value in substitution iterator at /home/cpan/pit/jail/vVG9r5HzLa/lib/perl5/Text/Conceal.pm line 70.
# Failed test 'half %-s'
# at t/02_export.t line 37.
# got: ' '
# expected: '[31mアイウエオ[m '
Use of uninitialized value in substitution (s///) at /home/cpan/pit/jail/vVG9r5HzLa/lib/perl5/Text/Conceal.pm line 144.
Use of uninitialized value in substitution iterator at /home/cpan/pit/jail/vVG9r5HzLa/lib/perl5/Text/Conceal.pm line 70.
# Failed test 'half %-s'
# at t/02_export.t line 38.
# got: ' '
# expected: '[31maアイウエオ[m '
Use of uninitialized value in substitution (s///) at /home/cpan/pit/jail/vVG9r5HzLa/lib/perl5/Text/Conceal.pm line 144.
Use of uninitialized value in substitution iterator at /home/cpan/pit/jail/vVG9r5HzLa/lib/perl5/Text/Conceal.pm line 70.
# Failed test 'half %-s'
# at t/02_export.t line 39.
# got: ' '
# expected: '[31maaアイウエオ[m'
Use of uninitialized value in substitution (s///) at /home/cpan/pit/jail/vVG9r5HzLa/lib/perl5/Text/Conceal.pm line 144.
Use of uninitialized value in substitution iterator at /home/cpan/pit/jail/vVG9r5HzLa/lib/perl5/Text/Conceal.pm line 70.
# Failed test 'half %-s'
# at t/02_export.t line 40.
# got: ' '
# expected: '[31maaaアイウエオ[m'
# Looks like you failed 17 tests of 18.
t/02_export.t .....
Dubious, test returned 17 (wstat 4352, 0x1100)
Failed 17/18 subtests
Use of uninitialized value in substitution (s///) at /home/cpan/pit/jail/vVG9r5HzLa/lib/perl5/Text/Conceal.pm line 144.
Use of uninitialized value in substitution iterator at /home/cpan/pit/jail/vVG9r5HzLa/lib/perl5/Text/Conceal.pm line 70.
# Failed test 'ASCII %.5s'
# at t/03_shorten.t line 14.
# got: ''
# expected: '[31mabcde[m'
Use of uninitialized value in substitution (s///) at /home/cpan/pit/jail/vVG9r5HzLa/lib/perl5/Text/Conceal.pm line 144.
Use of uninitialized value in substitution iterator at /home/cpan/pit/jail/vVG9r5HzLa/lib/perl5/Text/Conceal.pm line 70.
# Failed test 'ASCII %.4s'
# at t/03_shorten.t line 15.
# got: ''
# expected: '[31mabcd[m'
Use of uninitialized value in substitution (s///) at /home/cpan/pit/jail/vVG9r5HzLa/lib/perl5/Text/Conceal.pm line 144.
Use of uninitialized value in substitution iterator at /home/cpan/pit/jail/vVG9r5HzLa/lib/perl5/Text/Conceal.pm line 70.
# Failed test 'ASCII %.3s'
# at t/03_shorten.t line 16.
# got: ''
# expected: '[31mabc[m'
Use of uninitialized value in substitution (s///) at /home/cpan/pit/jail/vVG9r5HzLa/lib/perl5/Text/Conceal.pm line 144.
Use of uninitialized value in substitution iterator at /home/cpan/pit/jail/vVG9r5HzLa/lib/perl5/Text/Conceal.pm line 70.
# Failed test 'ASCII %.2s'
# at t/03_shorten.t line 17.
# got: ''
# expected: '[31mab[m'
Use of uninitialized value in substitution (s///) at /home/cpan/pit/jail/vVG9r5HzLa/lib/perl5/Text/Conceal.pm line 144.
Use of uninitialized value in substitution iterator at /home/cpan/pit/jail/vVG9r5HzLa/lib/perl5/Text/Conceal.pm line 70.
# Failed test 'ASCII %.1s'
# at t/03_shorten.t line 18.
# got: ''
# expected: '[31ma[m'
Use of uninitialized value in substitution (s///) at /home/cpan/pit/jail/vVG9r5HzLa/lib/perl5/Text/Conceal.pm line 144.
Use of uninitialized value in substitution iterator at /home/cpan/pit/jail/vVG9r5HzLa/lib/perl5/Text/Conceal.pm line 70.
Use of uninitialized value in substitution (s///) at /home/cpan/pit/jail/vVG9r5HzLa/lib/perl5/Text/Conceal.pm line 144.
Use of uninitialized value in substitution iterator at /home/cpan/pit/jail/vVG9r5HzLa/lib/perl5/Text/Conceal.pm line 70.
# Failed test 'wide %.10s'
# at t/03_shorten.t line 21.
# got: ''
# expected: '[31mãÂÂãÂÂãÂÂãÂÂãÂÂ[m'
Use of uninitialized value in substitution (s///) at /home/cpan/pit/jail/vVG9r5HzLa/lib/perl5/Text/Conceal.pm line 144.
Use of uninitialized value in substitution iterator at /home/cpan/pit/jail/vVG9r5HzLa/lib/perl5/Text/Conceal.pm line 70.
# Failed test 'wide %.9s'
# at t/03_shorten.t line 22.
# got: ''
# expected: '[31mãÂÂãÂÂãÂÂãÂÂ[m '
Use of uninitialized value in substitution (s///) at /home/cpan/pit/jail/vVG9r5HzLa/lib/perl5/Text/Conceal.pm line 144.
Use of uninitialized value in substitution iterator at /home/cpan/pit/jail/vVG9r5HzLa/lib/perl5/Text/Conceal.pm line 70.
# Failed test 'wide %.8s'
# at t/03_shorten.t line 23.
# got: ''
# expected: '[31mãÂÂãÂÂãÂÂãÂÂ[m'
Use of uninitialized value in substitution (s///) at /home/cpan/pit/jail/vVG9r5HzLa/lib/perl5/Text/Conceal.pm line 144.
Use of uninitialized value in substitution iterator at /home/cpan/pit/jail/vVG9r5HzLa/lib/perl5/Text/Conceal.pm line 70.
# Failed test 'wide %.7s'
# at t/03_shorten.t line 24.
# got: ''
# expected: '[31mãÂÂãÂÂãÂÂ[m '
Use of uninitialized value in substitution (s///) at /home/cpan/pit/jail/vVG9r5HzLa/lib/perl5/Text/Conceal.pm line 144.
Use of uninitialized value in substitution iterator at /home/cpan/pit/jail/vVG9r5HzLa/lib/perl5/Text/Conceal.pm line 70.
# Failed test 'wide %.2s'
# at t/03_shorten.t line 25.
# got: ''
# expected: '[31mãÂÂ[m'
Use of uninitialized value in substitution (s///) at /home/cpan/pit/jail/vVG9r5HzLa/lib/perl5/Text/Conceal.pm line 144.
Use of uninitialized value in substitution iterator at /home/cpan/pit/jail/vVG9r5HzLa/lib/perl5/Text/Conceal.pm line 70.
# Failed test 'wide %.1s'
# at t/03_shorten.t line 26.
# got: ''
# expected: ' '
Use of uninitialized value in substitution (s///) at /home/cpan/pit/jail/vVG9r5HzLa/lib/perl5/Text/Conceal.pm line 144.
Use of uninitialized value in substitution iterator at /home/cpan/pit/jail/vVG9r5HzLa/lib/perl5/Text/Conceal.pm line 70.
Use of uninitialized value in substitution (s///) at /home/cpan/pit/jail/vVG9r5HzLa/lib/perl5/Text/Conceal.pm line 144.
Use of uninitialized value in substitution iterator at /home/cpan/pit/jail/vVG9r5HzLa/lib/perl5/Text/Conceal.pm line 70.
# Failed test 'wide %-.10s'
# at t/03_shorten.t line 29.
# got: ''
# expected: '[31mãÂÂãÂÂãÂÂãÂÂãÂÂ[m'
Use of uninitialized value in substitution (s///) at /home/cpan/pit/jail/vVG9r5HzLa/lib/perl5/Text/Conceal.pm line 144.
Use of uninitialized value in substitution iterator at /home/cpan/pit/jail/vVG9r5HzLa/lib/perl5/Text/Conceal.pm line 70.
# Failed test 'wide %-.9s'
# at t/03_shorten.t line 30.
# got: ''
# expected: '[31mãÂÂãÂÂãÂÂãÂÂ[m '
Use of uninitialized value in substitution (s///) at /home/cpan/pit/jail/vVG9r5HzLa/lib/perl5/Text/Conceal.pm line 144.
Use of uninitialized value in substitution iterator at /home/cpan/pit/jail/vVG9r5HzLa/lib/perl5/Text/Conceal.pm line 70.
# Failed test 'wide %-.8s'
# at t/03_shorten.t line 31.
# got: ''
# expected: '[31mãÂÂãÂÂãÂÂãÂÂ[m'
Use of uninitialized value in substitution (s///) at /home/cpan/pit/jail/vVG9r5HzLa/lib/perl5/Text/Conceal.pm line 144.
Use of uninitialized value in substitution iterator at /home/cpan/pit/jail/vVG9r5HzLa/lib/perl5/Text/Conceal.pm line 70.
# Failed test 'wide %-.7s'
# at t/03_shorten.t line 32.
# got: ''
# expected: '[31mãÂÂãÂÂãÂÂ[m '
Use of uninitialized value in substitution (s///) at /home/cpan/pit/jail/vVG9r5HzLa/lib/perl5/Text/Conceal.pm line 144.
Use of uninitialized value in substitution iterator at /home/cpan/pit/jail/vVG9r5HzLa/lib/perl5/Text/Conceal.pm line 70.
# Failed test 'half %.5s'
# at t/03_shorten.t line 34.
# got: ''
# expected: '[31mアイウエオ[m'
Use of uninitialized value in substitution (s///) at /home/cpan/pit/jail/vVG9r5HzLa/lib/perl5/Text/Conceal.pm line 144.
Use of uninitialized value in substitution iterator at /home/cpan/pit/jail/vVG9r5HzLa/lib/perl5/Text/Conceal.pm line 70.
# Failed test 'half %.4s'
# at t/03_shorten.t line 35.
# got: ''
# expected: '[31mアイウエ[m'
Use of uninitialized value in substitution (s///) at /home/cpan/pit/jail/vVG9r5HzLa/lib/perl5/Text/Conceal.pm line 144.
Use of uninitialized value in substitution iterator at /home/cpan/pit/jail/vVG9r5HzLa/lib/perl5/Text/Conceal.pm line 70.
# Failed test 'half %.3s'
# at t/03_shorten.t line 36.
# got: ''
# expected: '[31mアイウ[m'
Use of uninitialized value in substitution (s///) at /home/cpan/pit/jail/vVG9r5HzLa/lib/perl5/Text/Conceal.pm line 144.
Use of uninitialized value in substitution iterator at /home/cpan/pit/jail/vVG9r5HzLa/lib/perl5/Text/Conceal.pm line 70.
# Failed test 'half %.2s'
# at t/03_shorten.t line 37.
# got: ''
# expected: '[31mアイ[m'
Use of uninitialized value in substitution (s///) at /home/cpan/pit/jail/vVG9r5HzLa/lib/perl5/Text/Conceal.pm line 144.
Use of uninitialized value in substitution iterator at /home/cpan/pit/jail/vVG9r5HzLa/lib/perl5/Text/Conceal.pm line 70.
# Failed test 'half %.1s'
# at t/03_shorten.t line 38.
# got: ''
# expected: '[31mï½±[m'
Use of uninitialized value in substitution (s///) at /home/cpan/pit/jail/vVG9r5HzLa/lib/perl5/Text/Conceal.pm line 144.
Use of uninitialized value in substitution iterator at /home/cpan/pit/jail/vVG9r5HzLa/lib/perl5/Text/Conceal.pm line 70.
# Looks like you failed 20 tests of 23.
t/03_shorten.t ....
Dubious, test returned 20 (wstat 5120, 0x1400)
Failed 20/23 subtests
Use of uninitialized value in substitution (s///) at /home/cpan/pit/jail/vVG9r5HzLa/lib/perl5/Text/Conceal.pm line 144.
Use of uninitialized value in substitution iterator at /home/cpan/pit/jail/vVG9r5HzLa/lib/perl5/Text/Conceal.pm line 70.
# Failed test 'ASCII %s'
# at t/04_backspace.t line 13.
# got: ' '
# expected: ' aabbccddee'
Use of uninitialized value in substitution (s///) at /home/cpan/pit/jail/vVG9r5HzLa/lib/perl5/Text/Conceal.pm line 144.
Use of uninitialized value in substitution iterator at /home/cpan/pit/jail/vVG9r5HzLa/lib/perl5/Text/Conceal.pm line 70.
# Failed test 'wide %s'
# at t/04_backspace.t line 16.
# got: ' '
# expected: ' ãÂÂãÂÂãÂÂãÂÂãÂÂãÂÂãÂÂãÂÂãÂÂãÂÂ'
Use of uninitialized value in substitution (s///) at /home/cpan/pit/jail/vVG9r5HzLa/lib/perl5/Text/Conceal.pm line 144.
Use of uninitialized value in substitution iterator at /home/cpan/pit/jail/vVG9r5HzLa/lib/perl5/Text/Conceal.pm line 70.
# Failed test 'wide %s'
# at t/04_backspace.t line 17.
# got: ' '
# expected: ' aaãÂÂãÂÂãÂÂãÂÂãÂÂãÂÂãÂÂãÂÂãÂÂãÂÂ'
Use of uninitialized value in substitution (s///) at /home/cpan/pit/jail/vVG9r5HzLa/lib/perl5/Text/Conceal.pm line 144.
Use of uninitialized value in substitution iterator at /home/cpan/pit/jail/vVG9r5HzLa/lib/perl5/Text/Conceal.pm line 70.
# Failed test 'wide %s'
# at t/04_backspace.t line 18.
# got: ' '
# expected: 'aaaaãÂÂãÂÂãÂÂãÂÂãÂÂãÂÂãÂÂãÂÂãÂÂãÂÂ'
Use of uninitialized value in substitution (s///) at /home/cpan/pit/jail/vVG9r5HzLa/lib/perl5/Text/Conceal.pm line 144.
Use of uninitialized value in substitution iterator at /home/cpan/pit/jail/vVG9r5HzLa/lib/perl5/Text/Conceal.pm line 70.
# Failed test 'wide %s'
# at t/04_backspace.t line 19.
# got: ' '
# expected: 'aaaaaaãÂÂãÂÂãÂÂãÂÂãÂÂãÂÂãÂÂãÂÂãÂÂãÂÂ'
Use of uninitialized value in substitution (s///) at /home/cpan/pit/jail/vVG9r5HzLa/lib/perl5/Text/Conceal.pm line 144.
Use of uninitialized value in substitution iterator at /home/cpan/pit/jail/vVG9r5HzLa/lib/perl5/Text/Conceal.pm line 70.
# Failed test 'wide %-s'
# at t/04_backspace.t line 21.
# got: ' '
# expected: 'ãÂÂãÂÂãÂÂãÂÂãÂÂãÂÂãÂÂãÂÂãÂÂã '
Use of uninitialized value in substitution (s///) at /home/cpan/pit/jail/vVG9r5HzLa/lib/perl5/Text/Conceal.pm line 144.
Use of uninitialized value in substitution iterator at /home/cpan/pit/jail/vVG9r5HzLa/lib/perl5/Text/Conceal.pm line 70.
# Failed test 'wide %-s'
# at t/04_backspace.t line 22.
# got: ' '
# expected: 'aaãÂÂãÂÂãÂÂãÂÂãÂÂãÂÂãÂÂãÂÂãÂÂã '
Use of uninitialized value in substitution (s///) at /home/cpan/pit/jail/vVG9r5HzLa/lib/perl5/Text/Conceal.pm line 144.
Use of uninitialized value in substitution iterator at /home/cpan/pit/jail/vVG9r5HzLa/lib/perl5/Text/Conceal.pm line 70.
# Failed test 'wide %-s'
# at t/04_backspace.t line 23.
# got: ' '
# expected: 'aaaaãÂÂãÂÂãÂÂãÂÂãÂÂãÂÂãÂÂãÂÂãÂÂãÂÂ'
Use of uninitialized value in substitution (s///) at /home/cpan/pit/jail/vVG9r5HzLa/lib/perl5/Text/Conceal.pm line 144.
Use of uninitialized value in substitution iterator at /home/cpan/pit/jail/vVG9r5HzLa/lib/perl5/Text/Conceal.pm line 70.
# Failed test 'wide %-s'
# at t/04_backspace.t line 24.
# got: ' '
# expected: 'aaaaaaãÂÂãÂÂãÂÂãÂÂãÂÂãÂÂãÂÂãÂÂãÂÂãÂÂ'
Use of uninitialized value in substitution (s///) at /home/cpan/pit/jail/vVG9r5HzLa/lib/perl5/Text/Conceal.pm line 144.
Use of uninitialized value in substitution iterator at /home/cpan/pit/jail/vVG9r5HzLa/lib/perl5/Text/Conceal.pm line 70.
# Failed test 'half %s'
# at t/04_backspace.t line 26.
# got: ' '
# expected: ' アアイイウウエエオオ'
Use of uninitialized value in substitution (s///) at /home/cpan/pit/jail/vVG9r5HzLa/lib/perl5/Text/Conceal.pm line 144.
Use of uninitialized value in substitution iterator at /home/cpan/pit/jail/vVG9r5HzLa/lib/perl5/Text/Conceal.pm line 70.
# Failed test 'half %s'
# at t/04_backspace.t line 27.
# got: ' '
# expected: ' aaアアイイウウエエオオ'
Use of uninitialized value in substitution (s///) at /home/cpan/pit/jail/vVG9r5HzLa/lib/perl5/Text/Conceal.pm line 144.
Use of uninitialized value in substitution iterator at /home/cpan/pit/jail/vVG9r5HzLa/lib/perl5/Text/Conceal.pm line 70.
# Failed test 'half %s'
# at t/04_backspace.t line 28.
# got: ' '
# expected: 'aaaaアアイイウウエエオオ'
Use of uninitialized value in substitution (s///) at /home/cpan/pit/jail/vVG9r5HzLa/lib/perl5/Text/Conceal.pm line 144.
Use of uninitialized value in substitution iterator at /home/cpan/pit/jail/vVG9r5HzLa/lib/perl5/Text/Conceal.pm line 70.
# Failed test 'half %s'
# at t/04_backspace.t line 29.
# got: ' '
# expected: 'aaaaaaアアイイウウエエオオ'
Use of uninitialized value in substitution (s///) at /home/cpan/pit/jail/vVG9r5HzLa/lib/perl5/Text/Conceal.pm line 144.
Use of uninitialized value in substitution iterator at /home/cpan/pit/jail/vVG9r5HzLa/lib/perl5/Text/Conceal.pm line 70.
# Failed test 'half %-s'
# at t/04_backspace.t line 31.
# got: ' '
# expected: 'アアイイウウエエオオ '
Use of uninitialized value in substitution (s///) at /home/cpan/pit/jail/vVG9r5HzLa/lib/perl5/Text/Conceal.pm line 144.
Use of uninitialized value in substitution iterator at /home/cpan/pit/jail/vVG9r5HzLa/lib/perl5/Text/Conceal.pm line 70.
# Failed test 'half %-s'
# at t/04_backspace.t line 32.
# got: ' '
# expected: 'aaアアイイウウエエオオ '
Use of uninitialized value in substitution (s///) at /home/cpan/pit/jail/vVG9r5HzLa/lib/perl5/Text/Conceal.pm line 144.
Use of uninitialized value in substitution iterator at /home/cpan/pit/jail/vVG9r5HzLa/lib/perl5/Text/Conceal.pm line 70.
# Failed test 'half %-s'
# at t/04_backspace.t line 33.
# got: ' '
# expected: 'aaaaアアイイウウエエオオ'
Use of uninitialized value in substitution (s///) at /home/cpan/pit/jail/vVG9r5HzLa/lib/perl5/Text/Conceal.pm line 144.
Use of uninitialized value in substitution iterator at /home/cpan/pit/jail/vVG9r5HzLa/lib/perl5/Text/Conceal.pm line 70.
# Failed test 'half %-s'
# at t/04_backspace.t line 34.
# got: ' '
# expected: 'aaaaaaアアイイウウエエオオ'
# Looks like you failed 17 tests of 17.
t/04_backspace.t ..
Dubious, test returned 17 (wstat 4352, 0x1100)
Failed 17/17 subtests
Test Summary Report
-------------------
t/01_simple.t (Wstat: 4608 Tests: 20 Failed: 18)
Failed tests: 3-20
Non-zero exit status: 18
t/02_export.t (Wstat: 4352 Tests: 18 Failed: 17)
Failed tests: 2-18
Non-zero exit status: 17
t/03_shorten.t (Wstat: 5120 Tests: 23 Failed: 20)
Failed tests: 1-5, 7-12, 14-22
Non-zero exit status: 20
t/04_backspace.t (Wstat: 4352 Tests: 17 Failed: 17)
Failed tests: 1-17
Non-zero exit status: 17
Files=5, Tests=79, 2 wallclock secs ( 0.08 usr 0.04 sys + 1.06 cusr 0.26 csys = 1.43 CPU)
Result: FAIL
PREREQUISITES:
Here is a list of prerequisites you specified and versions we
managed to load:
Module Name Have Want
Test::More 1.302185 0.98
Text::ANSI::Fold::Util 0.05 0.04
Text::Conceal 0.99 0.99
Perl module toolchain versions installed:
Module Name Have
CPANPLUS 0.9910
CPANPLUS::Dist::Build 0.90
Cwd 3.75
ExtUtils::CBuilder 0.280236
ExtUtils::Command 7.62
ExtUtils::Install 2.20
ExtUtils::MakeMaker 7.62
ExtUtils::Manifest 1.73
ExtUtils::ParseXS 3.35
File::Spec 3.75
Module::Build 0.4231
Pod::Parser 1.60
Pod::Simple 3.28
Test2 1.302185
Test::Harness 3.42
Test::More 1.302185
version 0.9929
******************************** NOTE ********************************
The comments above are created mechanically, possibly without manual
checking by the sender. As there are many people performing automatic
tests on each upload to CPAN, it is likely that you will receive
identical messages about the same problem.
If you believe that the message is mistaken, please reply to the first
one with correction and/or additional informations, and do not take
it personally. We appreciate your patience. :)
**********************************************************************
Additional comments:
This report was machine-generated by CPANPLUS::Dist::YACSmoke 1.08.
Powered by minismokebox version 0.68
CPANPLUS is prefering Build.PL
------------------------------
ENVIRONMENT AND OTHER CONTEXT
------------------------------
Environment variables:
AUTOMATED_TESTING = 1
LANG = en_GB.UTF-8
NONINTERACTIVE_TESTING = 1
PATH = /usr/bin:/usr/sbin:/sbin:/opt/ooce/bin:/usr/gnu/bin
PERL5LIB = /home/cpan/pit/jail/vVG9r5HzLa/lib/perl5:/home/cpan/pit/bare/conf/perl-5.18.0/.cpanplus/5.18.0/build/Kd5uTKqWiB/Text-VisualWidth-PP-0.05/blib/lib:/home/cpan/pit/bare/conf/perl-5.18.0/.cpanplus/5.18.0/build/Kd5uTKqWiB/Text-VisualWidth-PP-0.05/blib/arch:/home/cpan/pit/bare/conf/perl-5.18.0/.cpanplus/5.18.0/build/VSxtGCgrWr/Text-ANSI-Fold-2.11/blib/lib:/home/cpan/pit/bare/conf/perl-5.18.0/.cpanplus/5.18.0/build/VSxtGCgrWr/Text-ANSI-Fold-2.11/blib/arch:/home/cpan/pit/bare/conf/perl-5.18.0/.cpanplus/5.18.0/build/04JyjAnEv0/Text-ANSI-Fold-Util-0.05/blib/lib:/home/cpan/pit/bare/conf/perl-5.18.0/.cpanplus/5.18.0/build/04JyjAnEv0/Text-ANSI-Fold-Util-0.05/blib/arch:/home/cpan/pit/bare/conf/perl-5.18.0/.cpanplus/5.18.0/build/VcF64g4Mnu/Text-Conceal-0.99/blib/lib:/home/cpan/pit/bare/conf/perl-5.18.0/.cpanplus/5.18.0/build/VcF64g4Mnu/Text-Conceal-0.99/blib/arch:/home/cpan/pit/bare/conf/perl-5.18.0/.cpanplus/5.18.0/build/8MspEtrTDg/Text-ANSI-Printf-2.01/blib/lib:/home/cpan/pit/bare/conf/perl-5.18.0/.cpanplus/5.18.0/build/8MspEtrTDg/Text-ANSI-Printf-2.01/blib/arch
PERL5_CPANPLUS_IS_RUNNING = 8986
PERL5_CPANPLUS_IS_VERSION = 0.9910
PERL5_MINISMOKEBOX = 0.68
PERL5_YACSMOKE_BASE = /home/cpan/pit/bare/conf/perl-5.18.0
PERL_EXTUTILS_AUTOINSTALL = --defaultdeps
PERL_LOCAL_LIB_ROOT = /home/cpan/pit/jail/vVG9r5HzLa
PERL_MB_OPT = --install_base "/home/cpan/pit/jail/vVG9r5HzLa"
PERL_MM_OPT = INSTALL_BASE=/home/cpan/pit/jail/vVG9r5HzLa
PERL_MM_USE_DEFAULT = 1
SHELL = /bin/bash
TERM = screen.xterm-256color
Perl special variables (and OS-specific diagnostics, for MSWin32):
Perl: $^X = /home/cpan/pit/bare/perl-5.18.0/bin/perl
UID: $< = 101
EUID: $> = 101
GID: $( = 101 101
EGID: $) = 101 101
-------------------------------
--
Summary of my perl5 (revision 5 version 18 subversion 0) configuration:
Platform:
osname=solaris, osvers=2.11, archname=i86pc-solaris-64
uname='sunos ouzel 5.11 omnios-r151034-0d278a0cc5 i86pc i386 i86pc '
config_args='-des -Dprefix=/home/cpan/pit/bare/perl-5.18.0 -Duse64bitall -Dcc=gcc'
hint=recommended, useposix=true, d_sigaction=define
useithreads=undef, usemultiplicity=undef
useperlio=define, d_sfio=undef, uselargefiles=define, usesocks=undef
use64bitint=define, use64bitall=define, uselongdouble=undef
usemymalloc=n, bincompat5005=undef
Compiler:
cc='gcc', ccflags ='-m64 -fwrapv -fno-strict-aliasing -pipe -fstack-protector -D_LARGEFILE_SOURCE -D_FILE_OFFSET_BITS=64 -DPERL_USE_SAFE_PUTENV',
optimize='-O',
cppflags='-m64 -fwrapv -fno-strict-aliasing -pipe -fstack-protector'
ccversion='', gccversion='9.3.0', gccosandvers=''
intsize=4, longsize=8, ptrsize=8, doublesize=8, byteorder=12345678
d_longlong=define, longlongsize=8, d_longdbl=define, longdblsize=16
ivtype='long', ivsize=8, nvtype='double', nvsize=8, Off_t='off_t', lseeksize=8
alignbytes=8, prototype=define
Linker and Libraries:
ld='gcc', ldflags =' -m64 -fstack-protector -L/usr/gnu/lib '
libpth=/usr/gnu/lib /usr/lib /usr/ccs/lib
libs=-lsocket -lnsl -ldl -lm -lc
perllibs=-lsocket -lnsl -ldl -lm -lc
libc=/lib/libc.so, so=so, useshrplib=true, libperl=libperl.so
gnulibc_version=''
Dynamic Linking:
dlsrc=dl_dlopen.xs, dlext=so, d_dlsymun=undef, ccdlflags=' -R /home/cpan/pit/bare/perl-5.18.0/lib/5.18.0/i86pc-solaris-64/CORE'
cccdlflags='-fPIC', lddlflags=' -shared -m64 -L/usr/gnu/lib -fstack-protector'
Characteristics of this binary (from libperl):
Compile-time options: HAS_TIMES PERLIO_LAYERS PERL_DONT_CREATE_GVSV
PERL_HASH_FUNC_ONE_AT_A_TIME_HARD PERL_MALLOC_WRAP
PERL_PRESERVE_IVUV PERL_SAWAMPERSAND
PERL_USE_SAFE_PUTENV USE_64_BIT_ALL USE_64_BIT_INT
USE_LARGE_FILES USE_LOCALE USE_LOCALE_COLLATE
USE_LOCALE_CTYPE USE_LOCALE_NUMERIC USE_PERLIO
USE_PERL_ATOF
Locally applied patches:
Devel::PatchPerl 2.00
Built under solaris
Compiled at Aug 19 2020 07:59:21
%ENV:
PERL5LIB="/home/cpan/pit/jail/vVG9r5HzLa/lib/perl5:/home/cpan/pit/bare/conf/perl-5.18.0/.cpanplus/5.18.0/build/Kd5uTKqWiB/Text-VisualWidth-PP-0.05/blib/lib:/home/cpan/pit/bare/conf/perl-5.18.0/.cpanplus/5.18.0/build/Kd5uTKqWiB/Text-VisualWidth-PP-0.05/blib/arch:/home/cpan/pit/bare/conf/perl-5.18.0/.cpanplus/5.18.0/build/VSxtGCgrWr/Text-ANSI-Fold-2.11/blib/lib:/home/cpan/pit/bare/conf/perl-5.18.0/.cpanplus/5.18.0/build/VSxtGCgrWr/Text-ANSI-Fold-2.11/blib/arch:/home/cpan/pit/bare/conf/perl-5.18.0/.cpanplus/5.18.0/build/04JyjAnEv0/Text-ANSI-Fold-Util-0.05/blib/lib:/home/cpan/pit/bare/conf/perl-5.18.0/.cpanplus/5.18.0/build/04JyjAnEv0/Text-ANSI-Fold-Util-0.05/blib/arch:/home/cpan/pit/bare/conf/perl-5.18.0/.cpanplus/5.18.0/build/VcF64g4Mnu/Text-Conceal-0.99/blib/lib:/home/cpan/pit/bare/conf/perl-5.18.0/.cpanplus/5.18.0/build/VcF64g4Mnu/Text-Conceal-0.99/blib/arch:/home/cpan/pit/bare/conf/perl-5.18.0/.cpanplus/5.18.0/build/8MspEtrTDg/Text-ANSI-Printf-2.01/blib/lib:/home/cpan/pit/bare/conf/perl-5.18.0/.cpanplus/5.18.0/build/8MspEtrTDg/Text-ANSI-Printf-2.01/blib/arch"
PERL5_CPANPLUS_IS_RUNNING="8986"
PERL5_CPANPLUS_IS_VERSION="0.9910"
PERL5_MINISMOKEBOX="0.68"
PERL5_YACSMOKE_BASE="/home/cpan/pit/bare/conf/perl-5.18.0"
PERL_EXTUTILS_AUTOINSTALL="--defaultdeps"
PERL_LOCAL_LIB_ROOT="/home/cpan/pit/jail/vVG9r5HzLa"
PERL_MB_OPT="--install_base "/home/cpan/pit/jail/vVG9r5HzLa""
PERL_MM_OPT="INSTALL_BASE=/home/cpan/pit/jail/vVG9r5HzLa"
PERL_MM_USE_DEFAULT="1"
@INC:
/home/cpan/pit/jail/vVG9r5HzLa/lib/perl5/5.18.0/i86pc-solaris-64
/home/cpan/pit/jail/vVG9r5HzLa/lib/perl5/5.18.0
/home/cpan/pit/jail/vVG9r5HzLa/lib/perl5/i86pc-solaris-64
/home/cpan/pit/jail/vVG9r5HzLa/lib/perl5
/home/cpan/pit/bare/conf/perl-5.18.0/.cpanplus/5.18.0/build/Kd5uTKqWiB/Text-VisualWidth-PP-0.05/blib/lib
/home/cpan/pit/bare/conf/perl-5.18.0/.cpanplus/5.18.0/build/Kd5uTKqWiB/Text-VisualWidth-PP-0.05/blib/arch
/home/cpan/pit/bare/conf/perl-5.18.0/.cpanplus/5.18.0/build/VSxtGCgrWr/Text-ANSI-Fold-2.11/blib/lib
/home/cpan/pit/bare/conf/perl-5.18.0/.cpanplus/5.18.0/build/VSxtGCgrWr/Text-ANSI-Fold-2.11/blib/arch
/home/cpan/pit/bare/conf/perl-5.18.0/.cpanplus/5.18.0/build/04JyjAnEv0/Text-ANSI-Fold-Util-0.05/blib/lib
/home/cpan/pit/bare/conf/perl-5.18.0/.cpanplus/5.18.0/build/04JyjAnEv0/Text-ANSI-Fold-Util-0.05/blib/arch
/home/cpan/pit/bare/conf/perl-5.18.0/.cpanplus/5.18.0/build/VcF64g4Mnu/Text-Conceal-0.99/blib/lib
/home/cpan/pit/bare/conf/perl-5.18.0/.cpanplus/5.18.0/build/VcF64g4Mnu/Text-Conceal-0.99/blib/arch
/home/cpan/pit/bare/conf/perl-5.18.0/.cpanplus/5.18.0/build/8MspEtrTDg/Text-ANSI-Printf-2.01/blib/lib
/home/cpan/pit/bare/conf/perl-5.18.0/.cpanplus/5.18.0/build/8MspEtrTDg/Text-ANSI-Printf-2.01/blib/arch
/home/cpan/pit/bare/perl-5.18.0/lib/site_perl/5.18.0/i86pc-solaris-64
/home/cpan/pit/bare/perl-5.18.0/lib/site_perl/5.18.0
/home/cpan/pit/bare/perl-5.18.0/lib/5.18.0/i86pc-solaris-64
/home/cpan/pit/bare/perl-5.18.0/lib/5.18.0
.