Statocles v0.096 Perl 5 v5.31.9 x86_64-linux-ld

Status
Fail
From
Andreas J. König (ANDK)
Dist
Statocles v0.096
Platform
Perl 5 v5.31.9 x86_64-linux-ld
Date
2020-02-29 00:01:04
ID
93f6b764-5a86-11ea-a829-3e37feaa68a4
This distribution has been tested as part of the CPAN Testers
project, supporting the Perl programming language.  See
http://wiki.cpantesters.org/ for more information or email
questions to cpan-testers-discuss@perl.org


--
Dear Doug Bell,

This is a computer-generated report for Statocles-0.096
on perl 5.31.9, created by CPAN-Reporter-1.2018.

Thank you for uploading your work to CPAN.  However, there was a problem
testing your distribution.

If you think this report is invalid, please consult the CPAN Testers Wiki
for suggestions on how to avoid getting FAIL reports for missing library
or binary dependencies, unsupported operating systems, and so on:

http://wiki.cpantesters.org/wiki/CPANAuthorNotes

Sections of this report:

    * Tester comments
    * Program output
    * Prerequisites
    * Environment and other context

------------------------------
TESTER COMMENTS
------------------------------

Additional comments from tester:

this report is from an automated smoke testing program
and was not reviewed by a human for accuracy

------------------------------
PROGRAM OUTPUT
------------------------------

Output from '/usr/bin/make test':

Skip blib/lib/auto/share/dist/Statocles/theme/bootstrap/blog/index.atom.ep (unchanged)
Skip blib/lib/auto/share/dist/Statocles/theme/bootstrap/site/head_after.html.ep (unchanged)
Skip blib/lib/auto/share/dist/Statocles/theme/bootstrap/plugin/highlight/solarized-light.css (unchanged)
Skip blib/lib/auto/share/dist/Statocles/create/blog/post.markdown (unchanged)
Skip blib/lib/auto/share/dist/Statocles/theme/bootstrap/perldoc/pod.html.ep (unchanged)
Skip blib/lib/auto/share/dist/Statocles/create/page/index.markdown (unchanged)
Skip blib/lib/auto/share/dist/Statocles/theme/bootstrap/blog/index.html.ep (unchanged)
Skip blib/lib/auto/share/dist/Statocles/theme/bootstrap/perldoc/source.html.ep (unchanged)
Skip blib/lib/auto/share/dist/Statocles/theme/bootstrap/site/navbar_extra.html.ep (unchanged)
Skip blib/lib/auto/share/dist/Statocles/create/site.yml (unchanged)
Skip blib/lib/auto/share/dist/Statocles/theme/bootstrap/site/footer.html.ep (unchanged)
Skip blib/lib/auto/share/dist/Statocles/theme/bootstrap/site/header_after.html.ep (unchanged)
Skip blib/lib/auto/share/dist/Statocles/theme/bootstrap/layout/full-width.html.ep (unchanged)
Skip blib/lib/auto/share/dist/Statocles/theme/bootstrap/blog/post.html.ep (unchanged)
Skip blib/lib/auto/share/dist/Statocles/theme/bootstrap/layout/default.html.ep (unchanged)
Skip blib/lib/auto/share/dist/Statocles/theme/bootstrap/css/statocles-bootstrap.css (unchanged)
Skip blib/lib/auto/share/dist/Statocles/theme/bootstrap/plugin/highlight/default.css (unchanged)
Skip blib/lib/auto/share/dist/Statocles/create/script.yml (unchanged)
Skip blib/lib/auto/share/dist/Statocles/theme/bootstrap/blog/index.rss.ep (unchanged)
Skip blib/lib/auto/share/dist/Statocles/theme/bootstrap/plugin/highlight/solarized-dark.css (unchanged)
Skip blib/lib/auto/share/dist/Statocles/theme/bootstrap/layout/blank.html.ep (unchanged)
Skip blib/lib/auto/share/dist/Statocles/theme/default/blog/index.rss.ep (unchanged)
Skip blib/lib/auto/share/dist/Statocles/theme/default/perldoc/source.html.ep (unchanged)
Skip blib/lib/auto/share/dist/Statocles/theme/default/css/skeleton.css (unchanged)
Skip blib/lib/auto/share/dist/Statocles/theme/default/site/head_after.html.ep (unchanged)
Skip blib/lib/auto/share/dist/Statocles/theme/default/blog/post.html.ep (unchanged)
Skip blib/lib/auto/share/dist/Statocles/theme/bootstrap/site/sitemap.xml.ep (unchanged)
Skip blib/lib/auto/share/dist/Statocles/theme/bootstrap/site/sidebar_before.html.ep (unchanged)
Skip blib/lib/auto/share/dist/Statocles/theme/default/blog/index.html.ep (unchanged)
Skip blib/lib/auto/share/dist/Statocles/theme/default/perldoc/pod.html.ep (unchanged)
Skip blib/lib/auto/share/dist/Statocles/theme/default/layout/blank.html.ep (unchanged)
Skip blib/lib/auto/share/dist/Statocles/theme/default/site/footer.html.ep (unchanged)
Skip blib/lib/auto/share/dist/Statocles/theme/default/plugin/highlight/solarized-dark.css (unchanged)
Skip blib/lib/auto/share/dist/Statocles/theme/default/blog/index.atom.ep (unchanged)
Skip blib/lib/auto/share/dist/Statocles/theme/default/layout/default.html.ep (unchanged)
Skip blib/lib/auto/share/dist/Statocles/theme/default/css/normalize.css (unchanged)
Skip blib/lib/auto/share/dist/Statocles/theme/default/plugin/highlight/solarized-light.css (unchanged)
Skip blib/lib/auto/share/dist/Statocles/theme/bootstrap/site/style.html (unchanged)
Skip blib/lib/auto/share/dist/Statocles/theme/default/plugin/highlight/default.css (unchanged)
Skip blib/lib/auto/share/dist/Statocles/theme/default/css/statocles-default.css (unchanged)
Skip blib/lib/auto/share/dist/Statocles/theme/default/layout/full-width.html.ep (unchanged)
Skip blib/lib/auto/share/dist/Statocles/theme/bootstrap/site/robots.txt.ep (unchanged)
Skip blib/lib/auto/share/dist/Statocles/theme/default/site/sitemap.xml.ep (unchanged)
Skip blib/lib/auto/share/dist/Statocles/theme/default/site/robots.txt.ep (unchanged)
Skip blib/lib/auto/share/dist/Statocles/theme/default/site/navbar_extra.html.ep (unchanged)
Skip blib/lib/auto/share/dist/Statocles/theme/default/site/sidebar_before.html.ep (unchanged)
Skip blib/lib/auto/share/dist/Statocles/zsh/_statocles (unchanged)
Skip blib/lib/auto/share/dist/Statocles/theme/default/site/style.html (unchanged)
Skip blib/lib/auto/share/dist/Statocles/theme/default/site/header_after.html.ep (unchanged)
PERL_DL_NONLAZY=1 "/tmp/basesmoker-reloperl-tQLC/bin/perl" "-MExtUtils::Command::MM" "-MTest::Harness" "-e" "undef *Test::Harness::Switches; test_harness(0, 'blib/lib', 'blib/arch')" t/*.t t/app/*.t t/app/basic/*.t t/app/blog/*.t t/app/perldoc/*.t t/app/role/*.t t/command/*.t t/deploy/*.t t/link/*.t t/page/*.t t/plugin/*.t t/template/*.t t/theme/*.t
t/00-compile.t ................ ok
# 
# Versions for all modules listed in MYMETA.json (including optional ones):
# 
# === Configure Requires ===
# 
#     Module                  Want Have
#     ----------------------- ---- ----
#     ExtUtils::MakeMaker      any 7.44
#     File::ShareDir::Install 0.06 0.13
# 
# === Build Requires ===
# 
#     Module              Want Have
#     ------------------- ---- ----
#     ExtUtils::MakeMaker  any 7.44
# 
# === Test Requires ===
# 
#     Module                  Want     Have
#     ------------------- -------- --------
#     Capture::Tiny            any     0.48
#     Dir::Self                any     0.11
#     ExtUtils::MakeMaker      any     7.44
#     File::Spec               any     3.78
#     IO::Handle               any     1.42
#     IPC::Open3               any     1.20
#     Storable                 any     3.19
#     Test::Deep               any    1.128
#     Test::Differences       0.64     0.67
#     Test::Exception         0.42     0.43
#     Test::Lib                any    0.002
#     Test::More          1.001005 1.302171
# 
# === Test Recommends ===
# 
#     Module         Want     Have
#     ---------- -------- --------
#     CPAN::Meta 2.120900 2.150010
# 
# === Runtime Requires ===
# 
#     Module                 Want     Have
#     ------------------ -------- --------
#     Beam::Emitter         0.007    1.007
#     Beam::Wire            1.018    1.023
#     DateTime::Moonpig       any     1.03
#     Encode                  any     3.03
#     Encode::Locale          any     1.05
#     File::Share             any     0.25
#     Git::Repository         any    1.324
#     I18N::Langinfo          any     0.19
#     IPC::Open3              any     1.20
#     Import::Base          0.012    1.004
#     JSON::PP                any     4.04
#     List::UtilsBy          0.09     0.11
#     Mojolicious            6.54     8.33
#     Moo                2.000001 2.003006
#     Path::Tiny            0.084    0.112
#     Pod::Simple            3.31     3.40
#     Pod::Usage::Return      any    0.003
#     Role::Tiny         2.000008 2.001004
#     Text::Markdown          any 1.000031
#     Text::Unidecode         any     1.30
#     Type::Tiny              any 1.010000
#     Types::Path::Tiny       any    0.006
#     YAML                    any     1.30
#     strict                  any     1.11
#     warnings                any     1.46
# 
# === Runtime Recommends ===
# 
#     Module                           Want     Have
#     ------------------------------- ----- --------
#     HTML::Lint::Pluggable            0.06     0.10
#     PPI                               any    1.270
#     Pod::Elemental                    any 0.103005
#     Pod::Weaver                     4.015    4.015
#     Syntax::Highlight::Engine::Kate   any     0.14
# 
t/00-report-prereqs.t ......... ok
t/app/basic/command.t ......... ok
t/app/basic/constructor.t ..... ok
t/app/basic/pages.t ........... ok
t/app/blog/command.t .......... ok
t/app/blog/constructor.t ...... ok
    # Current LC_TIME locale: en_US.UTF-8
    # Could not set locale to ru_RU. Still 
t/app/blog/pages.t ............ ok
t/app/blog/post_date.t ........ ok
t/app/blog/recent_posts.t ..... ok
t/app/blog/slugs.t ............ ok
t/app/events.t ................ ok
t/app/perldoc/constructor.t ... ok
# /tmp/loop_over_bdir-21456-UUhOjc/Statocles-0.096-0/t/share
t/app/perldoc/highlight.t ..... ok
t/app/perldoc/pages.t ......... ok
t/app/role/store.t ............ ok
t/app/template.t .............. ok
t/app/url.t ................... ok

    #   Failed test 'nothing on stderr'
    #   at t/command/apps.t line 16.
    # STDERR: 	(in cleanup) Error resolving realpath on '/tmp/9nfTyPqXNu/build_site/tmp/9nfTyPqXNu/build_site': No such file or directory at /tmp/loop_over_bdir-21456-UUhOjc/Statocles-0.096-0/blib/lib/Statocles/Store.pm line 54.
    # ERROR: Could not create site object "site" in config file "/tmp/9nfTyPqXNu/site.yml": Error resolving realpath on '/tmp/9nfTyPqXNu/build_site/tmp/9nfTyPqXNu/build_site': No such file or directory at /tmp/loop_over_bdir-21456-UUhOjc/Statocles-0.096-0/blib/lib/Statocles/Store.pm line 54.
    # 

    #   Failed test at t/command/apps.t line 17.
    #          got: '1'
    #     expected: '0'

    #   Failed test 'contains app name, url root, and app class'
    #   at t/command/apps.t line 18.
    #                   ''
    #     doesn't match '(?^:blog \(/blog -- Statocles::App::Blog\)\n)'
    # Looks like you failed 3 tests of 3.

#   Failed test 'get the app list'
#   at t/command/apps.t line 20.

    #   Failed test 'nothing on stderr'
    #   at t/command/apps.t line 37.
    # STDERR: 	(in cleanup) Error resolving realpath on '/tmp/KJ7wCSXIT1/build_site/tmp/KJ7wCSXIT1/build_site': No such file or directory at /tmp/loop_over_bdir-21456-UUhOjc/Statocles-0.096-0/blib/lib/Statocles/Store.pm line 54.
    # ERROR: Could not create site object "site" in config file "/tmp/KJ7wCSXIT1/site.yml": Error resolving realpath on '/tmp/KJ7wCSXIT1/build_site/tmp/KJ7wCSXIT1/build_site': No such file or directory at /tmp/loop_over_bdir-21456-UUhOjc/Statocles-0.096-0/blib/lib/Statocles/Store.pm line 54.
    # 

    #   Failed test at t/command/apps.t line 38.
    #          got: '1'
    #     expected: '0'

    #   Failed test 'contains new post'
    #   at t/command/apps.t line 39.
    #                   ''
    #     doesn't match '(?^:New\ post\ at\:)'

    #   Failed test 'correct post file exists'
    #   at t/command/apps.t line 41.
    # Looks like you failed 4 tests of 4.

#   Failed test 'delegate to app command'
#   at t/command/apps.t line 42.

        #   Failed test 'good error message'
        #   at t/command/apps.t line 64.
        #                   '	(in cleanup) Error resolving realpath on '/tmp/ac6UPIU5bg/build_site/tmp/ac6UPIU5bg/build_site': No such file or directory at /tmp/loop_over_bdir-21456-UUhOjc/Statocles-0.096-0/blib/lib/Statocles/Store.pm line 54.
        # ERROR: Could not create site object "site" in config file "/tmp/ac6UPIU5bg/site.yml": Error resolving realpath on '/tmp/ac6UPIU5bg/build_site/tmp/ac6UPIU5bg/build_site': No such file or directory at /tmp/loop_over_bdir-21456-UUhOjc/Statocles-0.096-0/blib/lib/Statocles/Store.pm line 54.
        # 
        # '
        #     doesn't match '(?^:^ERROR: Application "test" has no commands)'
        # STDERR: 	(in cleanup) Error resolving realpath on '/tmp/ac6UPIU5bg/build_site/tmp/ac6UPIU5bg/build_site': No such file or directory at /tmp/loop_over_bdir-21456-UUhOjc/Statocles-0.096-0/blib/lib/Statocles/Store.pm line 54.
        # ERROR: Could not create site object "site" in config file "/tmp/ac6UPIU5bg/site.yml": Error resolving realpath on '/tmp/ac6UPIU5bg/build_site/tmp/ac6UPIU5bg/build_site': No such file or directory at /tmp/loop_over_bdir-21456-UUhOjc/Statocles-0.096-0/blib/lib/Statocles/Store.pm line 54.
        # 
        # Looks like you failed 1 test of 3.

    #   Failed test 'app without command'
    #   at t/command/apps.t line 68.
    # Looks like you failed 1 test of 1.

#   Failed test 'errors'
#   at t/command/apps.t line 69.
# Looks like you failed 3 tests of 3.
t/command/apps.t .............. 
Dubious, test returned 3 (wstat 768, 0x300)
Failed 3/3 subtests 
t/command/build.t ............. ok

        #   Failed test at t/command/bundle.t line 23.
        #          got: '1'
        #     expected: '0'

        #   Failed test 'nothing on stderr'
        #   at t/command/bundle.t line 24.
        # STDERR: ERROR: Could not create site object "site" in config file "/tmp/lORISyP4MQ/site.yml": Reference ["/tmp/lORISyP4MQ/theme","/tmp/lORISyP4MQ/theme"] did not pass type constraint "StoreType" (not isa Statocles::Store) (in $args->{"store"}) at /home/sand/src/perl/repoperls/installed-perls/host/k93bionic/v5.31.9/ca05/lib/site_perl/5.31.9/Beam/Wire.pm line 552
        #     Not a blessed reference
        # 

        #   Failed test at t/command/bundle.t line 25.
        #                   ''
        #     doesn't match '(?^:Theme "default" written to "/tmp/lORISyP4MQ/theme")'
        # Looks like you failed 3 tests of 3.

    #   Failed test 'first time creates directories'
    #   at t/command/bundle.t line 29.
    # Looks like you failed 1 test of 1.

#   Failed test 'theme'
#   at t/command/bundle.t line 89.
Error open (<:unix) on '/tmp/lORISyP4MQ/theme/layout/default.html.ep': No such file or directory at t/command/bundle.t line 26.
# Tests were run but no plan was declared and done_testing() was not seen.
# Looks like your test exited with 255 just after 1.
t/command/bundle.t ............ 
Dubious, test returned 255 (wstat 65280, 0xff00)
Failed 1/1 subtests 
    # Git version: 2.017001
t/command/create.t ............ ok
t/command/daemon.t ............ ok
t/command/deploy.t ............ ok

    #   Failed test at t/command/error.t line 33.
    #                   '	(in cleanup) Error resolving realpath on '/tmp/HNWl2lFFUn/blog/tmp/HNWl2lFFUn/blog': No such file or directory at /tmp/loop_over_bdir-21456-UUhOjc/Statocles-0.096-0/blib/lib/Statocles/Store.pm line 54.
    # ERROR: Could not create site object "site" in config file "site.yml": Error resolving realpath on '/tmp/HNWl2lFFUn/blog/tmp/HNWl2lFFUn/blog': No such file or directory at /tmp/loop_over_bdir-21456-UUhOjc/Statocles-0.096-0/blib/lib/Statocles/Store.pm line 54.
    # 
    # '
    #     doesn't match '(?^:ERROR: Unknown command or app 'daemin')'

    #   Failed test 'reports pod from bin/statocles, not Statocles'
    #   at t/command/error.t line 34.
    #                   '	(in cleanup) Error resolving realpath on '/tmp/HNWl2lFFUn/blog/tmp/HNWl2lFFUn/blog': No such file or directory at /tmp/loop_over_bdir-21456-UUhOjc/Statocles-0.096-0/blib/lib/Statocles/Store.pm line 54.
    # ERROR: Could not create site object "site" in config file "site.yml": Error resolving realpath on '/tmp/HNWl2lFFUn/blog/tmp/HNWl2lFFUn/blog': No such file or directory at /tmp/loop_over_bdir-21456-UUhOjc/Statocles-0.096-0/blib/lib/Statocles/Store.pm line 54.
    # 
    # '
    #     doesn't match '(?^:statocles -h)'
    # Looks like you failed 2 tests of 4.

#   Failed test 'unknown command specified'
#   at t/command/error.t line 39.
# Looks like you failed 1 test of 5.
t/command/error.t ............. 
Dubious, test returned 1 (wstat 256, 0x100)
Failed 1/5 subtests 
t/command/help_and_version.t .. ok
t/command/mojo_app.t .......... ok
t/deploy/file.t ............... ok
# Git version: 2.017001
[2020-02-28 23:57:43.60084] [1703] [warn] No files changed
[2020-02-28 23:57:44.62027] [1703] [warn] No files changed
[2020-02-28 23:57:58.73728] [1703] [warn] Git remote "origin" does not exist. Not pushing.
[2020-02-28 23:58:00.61518] [1703] [warn] Git remote "nondefault" does not exist. Not pushing.
t/deploy/git.t ................ ok
t/deprecated.t ................ ok
t/document.t .................. ok
t/image.t ..................... ok
t/link.t ...................... ok
t/link/tree.t ................. ok
t/page/basename.t ............. ok
t/page/content_sections.t ..... ok
Invalid data attribute in document "/required.markdown". Data attributes that are not hashes are deprecated and will be removed in v2.0. Please use a hash instead. See Statocles::Help::Upgrading
Invalid data attribute in document "/links/alternate_single.markdown". Data attributes that are not hashes are deprecated and will be removed in v2.0. Please use a hash instead. See Statocles::Help::Upgrading
t/page/document.t ............. ok
t/page/file.t ................. ok
t/page/images.t ............... ok
t/page/links.t ................ ok
t/page/list.t ................. ok
t/page/list_item.t ............ ok
[2020-02-28 23:58:17.09239] [2845] [debug] Render page: /path/to/page.html
t/page/plain.t ................ ok
t/page/type.t ................. ok
t/person.t .................... ok
t/plugin.t .................... ok
t/plugin/highlight.t .......... ok
t/plugin/html_lint.t .......... ok
t/plugin/link_check.t ......... ok
t/plugin/mermaid.t ............ ok
t/site.t ...................... ok
    # Current locale: en_US.UTF-8

        #   Failed test 'contains blog post document path'
        #   at t/statocles.t line 73.
        #                   'ERROR: Could not create site object "site" in config file "/tmp/Mm6PeDkJLi/site.yml": Reference ["/tmp/Mm6PeDkJLi/theme","/tmp/Mm6PeDkJLi/theme"] did not pass type constraint "StoreType" (not isa Statocles::Store) (in $args->{"store"}) at /home/sand/src/perl/repoperls/installed-perls/host/k93bionic/v5.31.9/ca05/lib/site_perl/5.31.9/Beam/Wire.pm line 552
        #     Not a blessed reference
        # 
        # '
        #     doesn't match '(?^:New post at: \/tmp\/Mm6PeDkJLi\/blog\/2020\/02\/28\/test\-a\-a\-ay\/index\.markdown)'
        # Looks like you failed 1 test of 3.

    #   Failed test 'run the command'
    #   at t/statocles.t line 75.
        # No tests run!

    #   Failed test 'No tests run for subtest "check the generated document"'
    #   at t/statocles.t line 94.
    # Looks like you failed 2 tests of 2.

#   Failed test 'handle locales on ARGV and STDIN'
#   at t/statocles.t line 95.
Error open (<:unix) on '/tmp/Mm6PeDkJLi/blog/2020/02/28/test-a-a-ay/index.markdown': No such file or directory at t/statocles.t line 79.
# Tests were run but no plan was declared and done_testing() was not seen.
# Looks like your test exited with 255 just after 2.
t/statocles.t ................. 
Dubious, test returned 255 (wstat 65280, 0xff00)
Failed 1/2 subtests 
t/store.t ..................... ok
t/template/basic.t ............ ok
t/template/content.t .......... ok
t/template/include.t .......... ok
t/template/markdown.t ......... ok
Odd number of elements in hash assignment at /home/sand/src/perl/repoperls/installed-perls/host/k93bionic/v5.31.9/ca05/lib/site_perl/5.31.9/Mojo/DOM/CSS.pm line 77.
Odd number of elements in hash assignment at /home/sand/src/perl/repoperls/installed-perls/host/k93bionic/v5.31.9/ca05/lib/site_perl/5.31.9/Mojo/DOM/CSS.pm line 77.
Odd number of elements in hash assignment at /home/sand/src/perl/repoperls/installed-perls/host/k93bionic/v5.31.9/ca05/lib/site_perl/5.31.9/Mojo/DOM/CSS.pm line 77.
Odd number of elements in hash assignment at /home/sand/src/perl/repoperls/installed-perls/host/k93bionic/v5.31.9/ca05/lib/site_perl/5.31.9/Mojo/DOM/CSS.pm line 77.
Odd number of elements in hash assignment at /home/sand/src/perl/repoperls/installed-perls/host/k93bionic/v5.31.9/ca05/lib/site_perl/5.31.9/Mojo/DOM/CSS.pm line 77.
Odd number of elements in hash assignment at /home/sand/src/perl/repoperls/installed-perls/host/k93bionic/v5.31.9/ca05/lib/site_perl/5.31.9/Mojo/DOM/CSS.pm line 77.
Odd number of elements in hash assignment at /home/sand/src/perl/repoperls/installed-perls/host/k93bionic/v5.31.9/ca05/lib/site_perl/5.31.9/Mojo/DOM/CSS.pm line 77.
Odd number of elements in hash assignment at /home/sand/src/perl/repoperls/installed-perls/host/k93bionic/v5.31.9/ca05/lib/site_perl/5.31.9/Mojo/DOM/CSS.pm line 77.
Odd number of elements in hash assignment at /home/sand/src/perl/repoperls/installed-perls/host/k93bionic/v5.31.9/ca05/lib/site_perl/5.31.9/Mojo/DOM/CSS.pm line 77.
Odd number of elements in hash assignment at /home/sand/src/perl/repoperls/installed-perls/host/k93bionic/v5.31.9/ca05/lib/site_perl/5.31.9/Mojo/DOM/CSS.pm line 77.
Odd number of elements in hash assignment at /home/sand/src/perl/repoperls/installed-perls/host/k93bionic/v5.31.9/ca05/lib/site_perl/5.31.9/Mojo/DOM/CSS.pm line 77.
Odd number of elements in hash assignment at /home/sand/src/perl/repoperls/installed-perls/host/k93bionic/v5.31.9/ca05/lib/site_perl/5.31.9/Mojo/DOM/CSS.pm line 77.
Odd number of elements in hash assignment at /home/sand/src/perl/repoperls/installed-perls/host/k93bionic/v5.31.9/ca05/lib/site_perl/5.31.9/Mojo/DOM/CSS.pm line 77.
Odd number of elements in hash assignment at /home/sand/src/perl/repoperls/installed-perls/host/k93bionic/v5.31.9/ca05/lib/site_perl/5.31.9/Mojo/DOM/CSS.pm line 77.
Odd number of elements in hash assignment at /home/sand/src/perl/repoperls/installed-perls/host/k93bionic/v5.31.9/ca05/lib/site_perl/5.31.9/Mojo/DOM/CSS.pm line 77.
Odd number of elements in hash assignment at /home/sand/src/perl/repoperls/installed-perls/host/k93bionic/v5.31.9/ca05/lib/site_perl/5.31.9/Mojo/DOM/CSS.pm line 77.
Odd number of elements in hash assignment at /home/sand/src/perl/repoperls/installed-perls/host/k93bionic/v5.31.9/ca05/lib/site_perl/5.31.9/Mojo/DOM/CSS.pm line 77.
Odd number of elements in hash assignment at /home/sand/src/perl/repoperls/installed-perls/host/k93bionic/v5.31.9/ca05/lib/site_perl/5.31.9/Mojo/DOM/CSS.pm line 77.
Odd number of elements in hash assignment at /home/sand/src/perl/repoperls/installed-perls/host/k93bionic/v5.31.9/ca05/lib/site_perl/5.31.9/Mojo/DOM/CSS.pm line 77.
Odd number of elements in hash assignment at /home/sand/src/perl/repoperls/installed-perls/host/k93bionic/v5.31.9/ca05/lib/site_perl/5.31.9/Mojo/DOM/CSS.pm line 77.
Odd number of elements in hash assignment at /home/sand/src/perl/repoperls/installed-perls/host/k93bionic/v5.31.9/ca05/lib/site_perl/5.31.9/Mojo/DOM/CSS.pm line 77.
Odd number of elements in hash assignment at /home/sand/src/perl/repoperls/installed-perls/host/k93bionic/v5.31.9/ca05/lib/site_perl/5.31.9/Mojo/DOM/CSS.pm line 77.
Odd number of elements in hash assignment at /home/sand/src/perl/repoperls/installed-perls/host/k93bionic/v5.31.9/ca05/lib/site_perl/5.31.9/Mojo/DOM/CSS.pm line 77.
Odd number of elements in hash assignment at /home/sand/src/perl/repoperls/installed-perls/host/k93bionic/v5.31.9/ca05/lib/site_perl/5.31.9/Mojo/DOM/CSS.pm line 77.
Odd number of elements in hash assignment at /home/sand/src/perl/repoperls/installed-perls/host/k93bionic/v5.31.9/ca05/lib/site_perl/5.31.9/Mojo/DOM/CSS.pm line 77.
Odd number of elements in hash assignment at /home/sand/src/perl/repoperls/installed-perls/host/k93bionic/v5.31.9/ca05/lib/site_perl/5.31.9/Mojo/DOM/CSS.pm line 77.
Odd number of elements in hash assignment at /home/sand/src/perl/repoperls/installed-perls/host/k93bionic/v5.31.9/ca05/lib/site_perl/5.31.9/Mojo/DOM/CSS.pm line 77.
Odd number of elements in hash assignment at /home/sand/src/perl/repoperls/installed-perls/host/k93bionic/v5.31.9/ca05/lib/site_perl/5.31.9/Mojo/DOM/CSS.pm line 77.
Odd number of elements in hash assignment at /home/sand/src/perl/repoperls/installed-perls/host/k93bionic/v5.31.9/ca05/lib/site_perl/5.31.9/Mojo/DOM/CSS.pm line 77.
Odd number of elements in hash assignment at /home/sand/src/perl/repoperls/installed-perls/host/k93bionic/v5.31.9/ca05/lib/site_perl/5.31.9/Mojo/DOM/CSS.pm line 77.
Odd number of elements in hash assignment at /home/sand/src/perl/repoperls/installed-perls/host/k93bionic/v5.31.9/ca05/lib/site_perl/5.31.9/Mojo/DOM/CSS.pm line 77.
Odd number of elements in hash assignment at /home/sand/src/perl/repoperls/installed-perls/host/k93bionic/v5.31.9/ca05/lib/site_perl/5.31.9/Mojo/DOM/CSS.pm line 77.
Odd number of elements in hash assignment at /home/sand/src/perl/repoperls/installed-perls/host/k93bionic/v5.31.9/ca05/lib/site_perl/5.31.9/Mojo/DOM/CSS.pm line 77.
Odd number of elements in hash assignment at /home/sand/src/perl/repoperls/installed-perls/host/k93bionic/v5.31.9/ca05/lib/site_perl/5.31.9/Mojo/DOM/CSS.pm line 77.
Odd number of elements in hash assignment at /home/sand/src/perl/repoperls/installed-perls/host/k93bionic/v5.31.9/ca05/lib/site_perl/5.31.9/Mojo/DOM/CSS.pm line 77.
Odd number of elements in hash assignment at /home/sand/src/perl/repoperls/installed-perls/host/k93bionic/v5.31.9/ca05/lib/site_perl/5.31.9/Mojo/DOM/CSS.pm line 77.
Odd number of elements in hash assignment at /home/sand/src/perl/repoperls/installed-perls/host/k93bionic/v5.31.9/ca05/lib/site_perl/5.31.9/Mojo/DOM/CSS.pm line 77.
Odd number of elements in hash assignment at /home/sand/src/perl/repoperls/installed-perls/host/k93bionic/v5.31.9/ca05/lib/site_perl/5.31.9/Mojo/DOM/CSS.pm line 77.
Odd number of elements in hash assignment at /home/sand/src/perl/repoperls/installed-perls/host/k93bionic/v5.31.9/ca05/lib/site_perl/5.31.9/Mojo/DOM/CSS.pm line 77.
Odd number of elements in hash assignment at /home/sand/src/perl/repoperls/installed-perls/host/k93bionic/v5.31.9/ca05/lib/site_perl/5.31.9/Mojo/DOM/CSS.pm line 77.
Odd number of elements in hash assignment at /home/sand/src/perl/repoperls/installed-perls/host/k93bionic/v5.31.9/ca05/lib/site_perl/5.31.9/Mojo/DOM/CSS.pm line 77.
Odd number of elements in hash assignment at /home/sand/src/perl/repoperls/installed-perls/host/k93bionic/v5.31.9/ca05/lib/site_perl/5.31.9/Mojo/DOM/CSS.pm line 77.
Odd number of elements in hash assignment at /home/sand/src/perl/repoperls/installed-perls/host/k93bionic/v5.31.9/ca05/lib/site_perl/5.31.9/Mojo/DOM/CSS.pm line 77.
Odd number of elements in hash assignment at /home/sand/src/perl/repoperls/installed-perls/host/k93bionic/v5.31.9/ca05/lib/site_perl/5.31.9/Mojo/DOM/CSS.pm line 77.
Odd number of elements in hash assignment at /home/sand/src/perl/repoperls/installed-perls/host/k93bionic/v5.31.9/ca05/lib/site_perl/5.31.9/Mojo/DOM/CSS.pm line 77.
Odd number of elements in hash assignment at /home/sand/src/perl/repoperls/installed-perls/host/k93bionic/v5.31.9/ca05/lib/site_perl/5.31.9/Mojo/DOM/CSS.pm line 77.
Odd number of elements in hash assignment at /home/sand/src/perl/repoperls/installed-perls/host/k93bionic/v5.31.9/ca05/lib/site_perl/5.31.9/Mojo/DOM/CSS.pm line 77.
Odd number of elements in hash assignment at /home/sand/src/perl/repoperls/installed-perls/host/k93bionic/v5.31.9/ca05/lib/site_perl/5.31.9/Mojo/DOM/CSS.pm line 77.
Odd number of elements in hash assignment at /home/sand/src/perl/repoperls/installed-perls/host/k93bionic/v5.31.9/ca05/lib/site_perl/5.31.9/Mojo/DOM/CSS.pm line 77.
Odd number of elements in hash assignment at /home/sand/src/perl/repoperls/installed-perls/host/k93bionic/v5.31.9/ca05/lib/site_perl/5.31.9/Mojo/DOM/CSS.pm line 77.
Odd number of elements in hash assignment at /home/sand/src/perl/repoperls/installed-perls/host/k93bionic/v5.31.9/ca05/lib/site_perl/5.31.9/Mojo/DOM/CSS.pm line 77.
Odd number of elements in hash assignment at /home/sand/src/perl/repoperls/installed-perls/host/k93bionic/v5.31.9/ca05/lib/site_perl/5.31.9/Mojo/DOM/CSS.pm line 77.
Odd number of elements in hash assignment at /home/sand/src/perl/repoperls/installed-perls/host/k93bionic/v5.31.9/ca05/lib/site_perl/5.31.9/Mojo/DOM/CSS.pm line 77.
Odd number of elements in hash assignment at /home/sand/src/perl/repoperls/installed-perls/host/k93bionic/v5.31.9/ca05/lib/site_perl/5.31.9/Mojo/DOM/CSS.pm line 77.
Odd number of elements in hash assignment at /home/sand/src/perl/repoperls/installed-perls/host/k93bionic/v5.31.9/ca05/lib/site_perl/5.31.9/Mojo/DOM/CSS.pm line 77.
Odd number of elements in hash assignment at /home/sand/src/perl/repoperls/installed-perls/host/k93bionic/v5.31.9/ca05/lib/site_perl/5.31.9/Mojo/DOM/CSS.pm line 77.
Odd number of elements in hash assignment at /home/sand/src/perl/repoperls/installed-perls/host/k93bionic/v5.31.9/ca05/lib/site_perl/5.31.9/Mojo/DOM/CSS.pm line 77.
Odd number of elements in hash assignment at /home/sand/src/perl/repoperls/installed-perls/host/k93bionic/v5.31.9/ca05/lib/site_perl/5.31.9/Mojo/DOM/CSS.pm line 77.
Odd number of elements in hash assignment at /home/sand/src/perl/repoperls/installed-perls/host/k93bionic/v5.31.9/ca05/lib/site_perl/5.31.9/Mojo/DOM/CSS.pm line 77.
Odd number of elements in hash assignment at /home/sand/src/perl/repoperls/installed-perls/host/k93bionic/v5.31.9/ca05/lib/site_perl/5.31.9/Mojo/DOM/CSS.pm line 77.
Odd number of elements in hash assignment at /home/sand/src/perl/repoperls/installed-perls/host/k93bionic/v5.31.9/ca05/lib/site_perl/5.31.9/Mojo/DOM/CSS.pm line 77.
Odd number of elements in hash assignment at /home/sand/src/perl/repoperls/installed-perls/host/k93bionic/v5.31.9/ca05/lib/site_perl/5.31.9/Mojo/DOM/CSS.pm line 77.
Odd number of elements in hash assignment at /home/sand/src/perl/repoperls/installed-perls/host/k93bionic/v5.31.9/ca05/lib/site_perl/5.31.9/Mojo/DOM/CSS.pm line 77.
Odd number of elements in hash assignment at /home/sand/src/perl/repoperls/installed-perls/host/k93bionic/v5.31.9/ca05/lib/site_perl/5.31.9/Mojo/DOM/CSS.pm line 77.
Odd number of elements in hash assignment at /home/sand/src/perl/repoperls/installed-perls/host/k93bionic/v5.31.9/ca05/lib/site_perl/5.31.9/Mojo/DOM/CSS.pm line 77.
Odd number of elements in hash assignment at /home/sand/src/perl/repoperls/installed-perls/host/k93bionic/v5.31.9/ca05/lib/site_perl/5.31.9/Mojo/DOM/CSS.pm line 77.
Odd number of elements in hash assignment at /home/sand/src/perl/repoperls/installed-perls/host/k93bionic/v5.31.9/ca05/lib/site_perl/5.31.9/Mojo/DOM/CSS.pm line 77.
Odd number of elements in hash assignment at /home/sand/src/perl/repoperls/installed-perls/host/k93bionic/v5.31.9/ca05/lib/site_perl/5.31.9/Mojo/DOM/CSS.pm line 77.
Odd number of elements in hash assignment at /home/sand/src/perl/repoperls/installed-perls/host/k93bionic/v5.31.9/ca05/lib/site_perl/5.31.9/Mojo/DOM/CSS.pm line 77.
Odd number of elements in hash assignment at /home/sand/src/perl/repoperls/installed-perls/host/k93bionic/v5.31.9/ca05/lib/site_perl/5.31.9/Mojo/DOM/CSS.pm line 77.
Odd number of elements in hash assignment at /home/sand/src/perl/repoperls/installed-perls/host/k93bionic/v5.31.9/ca05/lib/site_perl/5.31.9/Mojo/DOM/CSS.pm line 77.
Odd number of elements in hash assignment at /home/sand/src/perl/repoperls/installed-perls/host/k93bionic/v5.31.9/ca05/lib/site_perl/5.31.9/Mojo/DOM/CSS.pm line 77.
Odd number of elements in hash assignment at /home/sand/src/perl/repoperls/installed-perls/host/k93bionic/v5.31.9/ca05/lib/site_perl/5.31.9/Mojo/DOM/CSS.pm line 77.
Odd number of elements in hash assignment at /home/sand/src/perl/repoperls/installed-perls/host/k93bionic/v5.31.9/ca05/lib/site_perl/5.31.9/Mojo/DOM/CSS.pm line 77.
Odd number of elements in hash assignment at /home/sand/src/perl/repoperls/installed-perls/host/k93bionic/v5.31.9/ca05/lib/site_perl/5.31.9/Mojo/DOM/CSS.pm line 77.
Odd number of elements in hash assignment at /home/sand/src/perl/repoperls/installed-perls/host/k93bionic/v5.31.9/ca05/lib/site_perl/5.31.9/Mojo/DOM/CSS.pm line 77.
Odd number of elements in hash assignment at /home/sand/src/perl/repoperls/installed-perls/host/k93bionic/v5.31.9/ca05/lib/site_perl/5.31.9/Mojo/DOM/CSS.pm line 77.
Odd number of elements in hash assignment at /home/sand/src/perl/repoperls/installed-perls/host/k93bionic/v5.31.9/ca05/lib/site_perl/5.31.9/Mojo/DOM/CSS.pm line 77.
Odd number of elements in hash assignment at /home/sand/src/perl/repoperls/installed-perls/host/k93bionic/v5.31.9/ca05/lib/site_perl/5.31.9/Mojo/DOM/CSS.pm line 77.
Odd number of elements in hash assignment at /home/sand/src/perl/repoperls/installed-perls/host/k93bionic/v5.31.9/ca05/lib/site_perl/5.31.9/Mojo/DOM/CSS.pm line 77.
Odd number of elements in hash assignment at /home/sand/src/perl/repoperls/installed-perls/host/k93bionic/v5.31.9/ca05/lib/site_perl/5.31.9/Mojo/DOM/CSS.pm line 77.
Odd number of elements in hash assignment at /home/sand/src/perl/repoperls/installed-perls/host/k93bionic/v5.31.9/ca05/lib/site_perl/5.31.9/Mojo/DOM/CSS.pm line 77.
Odd number of elements in hash assignment at /home/sand/src/perl/repoperls/installed-perls/host/k93bionic/v5.31.9/ca05/lib/site_perl/5.31.9/Mojo/DOM/CSS.pm line 77.
Odd number of elements in hash assignment at /home/sand/src/perl/repoperls/installed-perls/host/k93bionic/v5.31.9/ca05/lib/site_perl/5.31.9/Mojo/DOM/CSS.pm line 77.
Odd number of elements in hash assignment at /home/sand/src/perl/repoperls/installed-perls/host/k93bionic/v5.31.9/ca05/lib/site_perl/5.31.9/Mojo/DOM/CSS.pm line 77.
Odd number of elements in hash assignment at /home/sand/src/perl/repoperls/installed-perls/host/k93bionic/v5.31.9/ca05/lib/site_perl/5.31.9/Mojo/DOM/CSS.pm line 77.
Odd number of elements in hash assignment at /home/sand/src/perl/repoperls/installed-perls/host/k93bionic/v5.31.9/ca05/lib/site_perl/5.31.9/Mojo/DOM/CSS.pm line 77.
Odd number of elements in hash assignment at /home/sand/src/perl/repoperls/installed-perls/host/k93bionic/v5.31.9/ca05/lib/site_perl/5.31.9/Mojo/DOM/CSS.pm line 77.
Odd number of elements in hash assignment at /home/sand/src/perl/repoperls/installed-perls/host/k93bionic/v5.31.9/ca05/lib/site_perl/5.31.9/Mojo/DOM/CSS.pm line 77.
Odd number of elements in hash assignment at /home/sand/src/perl/repoperls/installed-perls/host/k93bionic/v5.31.9/ca05/lib/site_perl/5.31.9/Mojo/DOM/CSS.pm line 77.
t/theme/check.t ............... ok
t/theme/helper.t .............. ok
t/theme/pages.t ............... ok
t/theme/template.t ............ ok
t/types.t ..................... ok
sh: 1: HOPEFULLY_DOES_NOT_EXIST: not found
Terminated
t/util.t ...................... ok

Test Summary Report
-------------------
t/command/apps.t            (Wstat: 768 Tests: 3 Failed: 3)
  Failed tests:  1-3
  Non-zero exit status: 3
t/command/bundle.t          (Wstat: 65280 Tests: 1 Failed: 1)
  Failed test:  1
  Non-zero exit status: 255
  Parse errors: No plan found in TAP output
t/command/error.t           (Wstat: 256 Tests: 5 Failed: 1)
  Failed test:  2
  Non-zero exit status: 1
t/statocles.t               (Wstat: 65280 Tests: 2 Failed: 1)
  Failed test:  2
  Non-zero exit status: 255
  Parse errors: No plan found in TAP output
Files=63, Tests=319, 115 wallclock secs ( 0.27 usr  0.39 sys + 72.31 cusr 41.18 csys = 114.15 CPU)
Result: FAIL
Failed 4/63 test programs. 6/319 subtests failed.
Makefile:1170: recipe for target 'test_dynamic' failed
make: *** [test_dynamic] Error 255

------------------------------
PREREQUISITES
------------------------------

Prerequisite modules loaded:

requires:

    Module                          Need     Have    
    ------------------------------- -------- --------
    Beam::Emitter                   0.007    1.007   
    Beam::Wire                      1.018    1.023   
    DateTime::Moonpig               0        1.03    
    Encode                          0        3.03    
    Encode::Locale                  0        1.05    
    File::Share                     0        0.25    
    Git::Repository                 0        1.324   
    I18N::Langinfo                  0        0.19    
    Import::Base                    0.012    1.004   
    IPC::Open3                      0        1.20    
    JSON::PP                        0        4.04    
    List::UtilsBy                   0.09     0.11    
    Mojolicious                     6.54     8.33    
    Moo                             2.000001 2.003006
    Path::Tiny                      0.084    0.112   
    perl                            5.014    5.031009
    Pod::Simple                     3.31     3.40    
    Pod::Usage::Return              0        0.003   
    Role::Tiny                      2.000008 2.001004
    strict                          0        1.11    
    Text::Markdown                  0        1.000031
    Text::Unidecode                 0        1.30    
    Type::Tiny                      0        1.010000
    Types::Path::Tiny               0        0.006   
    warnings                        0        1.46    
    YAML                            0        1.30    

build_requires:

    Module                          Need     Have    
    ------------------------------- -------- --------
    Capture::Tiny                   0        0.48    
    Dir::Self                       0        0.11    
    ExtUtils::MakeMaker             0        7.44    
    File::Spec                      0        3.78    
    IO::Handle                      0        1.42    
    IPC::Open3                      0        1.20    
    Storable                        0        3.19    
    Test::Deep                      0        1.128   
    Test::Differences               0.64     0.67    
    Test::Exception                 0.42     0.43    
    Test::Lib                       0        0.002   
    Test::More                      1.001005 1.302171

configure_requires:

    Module                          Need     Have    
    ------------------------------- -------- --------
    ExtUtils::MakeMaker             0        7.44    
    File::ShareDir::Install         0.06     0.13    

opt_requires:

    Module                          Need     Have    
    ------------------------------- -------- --------
    HTML::Lint::Pluggable           0.06     0.10    
    Pod::Elemental                  0        0.103005
    Pod::Weaver                     4.015    4.015   
    PPI                             0        1.270   
    Syntax::Highlight::Engine::Kate 0        0.14    


------------------------------
ENVIRONMENT AND OTHER CONTEXT
------------------------------

Environment variables:

    AUTOMATED_TESTING = 1
    LANG = en_US.UTF-8
    PATH = /home/sand/bin:/usr/local/bin:/usr/local/sbin:/usr/sbin:/usr/bin:/sbin:/bin:/usr/games:/usr/local/games:/usr/local/perl/bin:/usr/X11/bin
    PERL5LIB = /tmp/loop_over_bdir-21456-UUhOjc/PDL-Opt-NonLinear-0.05-0/blib/arch:/tmp/loop_over_bdir-21456-UUhOjc/PDL-Opt-NonLinear-0.05-0/blib/lib:/tmp/loop_over_bdir-21456-UUhOjc/MP3-PodcastFetch-1.05-0/blib/arch:/tmp/loop_over_bdir-21456-UUhOjc/MP3-PodcastFetch-1.05-0/blib/lib:/tmp/loop_over_bdir-21456-UUhOjc/LCFG-Build-Tools-0.9.30-0/blib/arch:/tmp/loop_over_bdir-21456-UUhOjc/LCFG-Build-Tools-0.9.30-0/blib/lib:/tmp/loop_over_bdir-21456-UUhOjc/Prima-prigraph-win32-1.06-0/blib/arch:/tmp/loop_over_bdir-21456-UUhOjc/Prima-prigraph-win32-1.06-0/blib/lib:/tmp/loop_over_bdir-21456-UUhOjc/Captive-Portal-4.10-0/blib/arch:/tmp/loop_over_bdir-21456-UUhOjc/Captive-Portal-4.10-0/blib/lib:/tmp/loop_over_bdir-21456-UUhOjc/dta-tokwrap-0.92-0/blib/arch:/tmp/loop_over_bdir-21456-UUhOjc/dta-tokwrap-0.92-0/blib/lib:/tmp/loop_over_bdir-21456-UUhOjc/PDL-Cluster-1.54.001-0/blib/arch:/tmp/loop_over_bdir-21456-UUhOjc/PDL-Cluster-1.54.001-0/blib/lib:/tmp/loop_over_bdir-21456-UUhOjc/LiquidWeb-Storm-CLI-1.03-0/blib/arch:/tmp/loop_over_bdir-21456-UUhOjc/LiquidWeb-Storm-CLI-1.03-0/blib/lib:/tmp/loop_over_bdir-21456-UUhOjc/triceps-2.1.0-0/blib/arch:/tmp/loop_over_bdir-21456-UUhOjc/triceps-2.1.0-0/blib/lib:/tmp/loop_over_bdir-21456-UUhOjc/LCFG-Build-Skeleton-0.5.0-0/blib/arch:/tmp/loop_over_bdir-21456-UUhOjc/LCFG-Build-Skeleton-0.5.0-0/blib/lib:/tmp/loop_over_bdir-21456-UUhOjc/CGI-Application-NetNewsIface-0.0204-0/blib/arch:/tmp/loop_over_bdir-21456-UUhOjc/CGI-Application-NetNewsIface-0.0204-0/blib/lib:/tmp/loop_over_bdir-21456-UUhOjc/PDL-GA-0.08-0/blib/arch:/tmp/loop_over_bdir-21456-UUhOjc/PDL-GA-0.08-0/blib/lib:/tmp/loop_over_bdir-21456-UUhOjc/Net-OpenVPN-DDNS-0.1-0/blib/arch:/tmp/loop_over_bdir-21456-UUhOjc/Net-OpenVPN-DDNS-0.1-0/blib/lib:/tmp/loop_over_bdir-21456-UUhOjc/PDL-SVDLIBC-0.19-0/blib/arch:/tmp/loop_over_bdir-21456-UUhOjc/PDL-SVDLIBC-0.19-0/blib/lib:/tmp/loop_over_bdir-21456-UUhOjc/EJBCA-CrlPublish-0.60-0/blib/arch:/tmp/loop_over_bdir-21456-UUhOjc/EJBCA-CrlPublish-0.60-0/blib/lib:/tmp/loop_over_bdir-21456-UUhOjc/PDL-Audio-1.2-0/blib/arch:/tmp/loop_over_bdir-21456-UUhOjc/PDL-Audio-1.2-0/blib/lib:/tmp/loop_over_bdir-21456-UUhOjc/Sysync-0.35-0/blib/arch:/tmp/loop_over_bdir-21456-UUhOjc/Sysync-0.35-0/blib/lib:/tmp/loop_over_bdir-21456-UUhOjc/PDL-EditDistance-0.09-0/blib/arch:/tmp/loop_over_bdir-21456-UUhOjc/PDL-EditDistance-0.09-0/blib/lib:/tmp/loop_over_bdir-21456-UUhOjc/CORBA-Python-2.66-0/blib/arch:/tmp/loop_over_bdir-21456-UUhOjc/CORBA-Python-2.66-0/blib/lib:/tmp/loop_over_bdir-21456-UUhOjc/PDL-HMM-0.06005-0/blib/arch:/tmp/loop_over_bdir-21456-UUhOjc/PDL-HMM-0.06005-0/blib/lib:/tmp/loop_over_bdir-21456-UUhOjc/PDL-Finance-TA-0.008-0/blib/arch:/tmp/loop_over_bdir-21456-UUhOjc/PDL-Finance-TA-0.008-0/blib/lib:/tmp/loop_over_bdir-21456-UUhOjc/Dpkg-1.19.7-0/blib/arch:/tmp/loop_over_bdir-21456-UUhOjc/Dpkg-1.19.7-0/blib/lib:/tmp/loop_over_bdir-21456-UUhOjc/makepp-1.19-0/blib/arch:/tmp/loop_over_bdir-21456-UUhOjc/makepp-1.19-0/blib/lib:/tmp/loop_over_bdir-21456-UUhOjc/ProjectBuilder-0.14.1-0/blib/arch:/tmp/loop_over_bdir-21456-UUhOjc/ProjectBuilder-0.14.1-0/blib/lib:/tmp/loop_over_bdir-21456-UUhOjc/RDF-NLP-SPARQLQuery-0.1-0/blib/arch:/tmp/loop_over_bdir-21456-UUhOjc/RDF-NLP-SPARQLQuery-0.1-0/blib/lib:/tmp/loop_over_bdir-21456-UUhOjc/Device-Kiln-0.03-0/blib/arch:/tmp/loop_over_bdir-21456-UUhOjc/Device-Kiln-0.03-0/blib/lib:/tmp/loop_over_bdir-21456-UUhOjc/shishi-0.0.1-0/blib/arch:/tmp/loop_over_bdir-21456-UUhOjc/shishi-0.0.1-0/blib/lib:/tmp/loop_over_bdir-21456-UUhOjc/downsexta-0/blib/arch:/tmp/loop_over_bdir-21456-UUhOjc/downsexta-0/blib/lib:/tmp/loop_over_bdir-21456-UUhOjc/Net-ISP-Balance-1.28-0/blib/arch:/tmp/loop_over_bdir-21456-UUhOjc/Net-ISP-Balance-1.28-0/blib/lib:/tmp/loop_over_bdir-21456-UUhOjc/Lingua-BioYaTeA-0.11-0/blib/arch:/tmp/loop_over_bdir-21456-UUhOjc/Lingua-BioYaTeA-0.11-0/blib/lib:/tmp/loop_over_bdir-21456-UUhOjc/Lingua-YaTeA-0.626-0/blib/arch:/tmp/loop_over_bdir-21456-UUhOjc/Lingua-YaTeA-0.626-0/blib/lib:/tmp/loop_over_bdir-21456-UUhOjc/ppt-0.14-0/blib/arch:/tmp/loop_over_bdir-21456-UUhOjc/ppt-0.14-0/blib/lib:/tmp/loop_over_bdir-21456-UUhOjc/PDL-Graphics-ColorDistance-0.0.1-0/blib/arch:/tmp/loop_over_bdir-21456-UUhOjc/PDL-Graphics-ColorDistance-0.0.1-0/blib/lib:/tmp/loop_over_bdir-21456-UUhOjc/js-app-0.13-0/blib/arch:/tmp/loop_over_bdir-21456-UUhOjc/js-app-0.13-0/blib/lib:/tmp/loop_over_bdir-21456-UUhOjc/Debian-Packages-0.03-0/blib/arch:/tmp/loop_over_bdir-21456-UUhOjc/Debian-Packages-0.03-0/blib/lib:/tmp/loop_over_bdir-21456-UUhOjc/AllKnowingDNS-1.7-0/blib/arch:/tmp/loop_over_bdir-21456-UUhOjc/AllKnowingDNS-1.7-0/blib/lib:/tmp/loop_over_bdir-21456-UUhOjc/perl-Hardware-UPS-Perl-0.43-0/blib/arch:/tmp/loop_over_bdir-21456-UUhOjc/perl-Hardware-UPS-Perl-0.43-0/blib/lib:/tmp/loop_over_bdir-21456-UUhOjc/Business-Shipping-DataFiles-1.02-0/blib/arch:/tmp/loop_over_bdir-21456-UUhOjc/Business-Shipping-DataFiles-1.02-0/blib/lib:/tmp/loop_over_bdir-21456-UUhOjc/mmds-1.902-0/blib/arch:/tmp/loop_over_bdir-21456-UUhOjc/mmds-1.902-0/blib/lib:/tmp/loop_over_bdir-21456-UUhOjc/PDL-Graphics-ColorSpace-0.1.0-0/blib/arch:/tmp/loop_over_bdir-21456-UUhOjc/PDL-Graphics-ColorSpace-0.1.0-0/blib/lib:/tmp/loop_over_bdir-21456-UUhOjc/RObufr-0.03-0/blib/arch:/tmp/loop_over_bdir-21456-UUhOjc/RObufr-0.03-0/blib/lib:/tmp/loop_over_bdir-21456-UUhOjc/DBIx-Migration-Directories-0.12-0/blib/arch:/tmp/loop_over_bdir-21456-UUhOjc/DBIx-Migration-Directories-0.12-0/blib/lib:/tmp/loop_over_bdir-21456-UUhOjc/Lemonldap-NG-Cli-0.2-0/blib/arch:/tmp/loop_over_bdir-21456-UUhOjc/Lemonldap-NG-Cli-0.2-0/blib/lib:/tmp/loop_over_bdir-21456-UUhOjc/Serge-1.4-0/blib/arch:/tmp/loop_over_bdir-21456-UUhOjc/Serge-1.4-0/blib/lib
    PERL5OPT = 
    PERL5_CPANPLUS_IS_RUNNING = 21464
    PERL5_CPAN_IS_RUNNING = 21464
    PERL_CANARY_STABILITY_NOPROMPT = 1
    PERL_MM_USE_DEFAULT = 1
    PERL_USE_UNSAFE_INC = 1
    SHELL = /usr/bin/zsh
    TERM = screen

Perl special variables (and OS-specific diagnostics, for MSWin32):

    $^X = /tmp/basesmoker-reloperl-tQLC/bin/perl
    $UID/$EUID = 1005 / 1005
    $GID = 1005 1005
    $EGID = 1005 1005

Perl module toolchain versions installed:

    Module              Have    
    ------------------- --------
    CPAN                2.27    
    CPAN::Meta          2.150010
    Cwd                 3.78    
    ExtUtils::CBuilder  0.280234
    ExtUtils::Command   7.44    
    ExtUtils::Install   2.14    
    ExtUtils::MakeMaker 7.44    
    ExtUtils::Manifest  1.72    
    ExtUtils::ParseXS   3.40    
    File::Spec          3.78    
    JSON                4.02    
    JSON::PP            4.04    
    Module::Build       0.4231  
    Module::Signature   0.83    
    Parse::CPAN::Meta   2.150010
    Test::Harness       3.42    
    Test::More          1.302171
    YAML                1.30    
    YAML::Syck          1.32    
    version             0.9924  


--

Summary of my perl5 (revision 5 version 31 subversion 9) configuration:
  Commit id: 41fd77f86ddaa01f1a7635e15cbfd3ccb9a4643d
  Platform:
    osname=linux
    osvers=4.15.0-88-generic
    archname=x86_64-linux-ld
    uname='linux k93bionic 4.15.0-88-generic #88-ubuntu smp tue feb 11 20:11:34 utc 2020 x86_64 x86_64 x86_64 gnulinux '
    config_args='-Dprefix=/home/sand/src/perl/repoperls/installed-perls/host/k93bionic/v5.31.9/ca05 -Dmyhostname=k93bionic -Dinstallusrbinperl=n -Uversiononly -Dusedevel -des -Ui_db -Dlibswanted=cl pthread socket inet nsl gdbm dbm malloc dl ld sun m crypt sec util c cposix posix ucb BSD gdbm_compat -Uuseithreads -Duselongdouble -DEBUGGING=-g'
    hint=recommended
    useposix=true
    d_sigaction=define
    useithreads=undef
    usemultiplicity=undef
    use64bitint=define
    use64bitall=define
    uselongdouble=define
    usemymalloc=n
    default_inc_excludes_dot=define
    bincompat5005=undef
  Compiler:
    cc='cc'
    ccflags ='-fwrapv -fno-strict-aliasing -pipe -fstack-protector-strong -I/usr/local/include -D_LARGEFILE_SOURCE -D_FILE_OFFSET_BITS=64'
    optimize='-O2 -g'
    cppflags='-fwrapv -fno-strict-aliasing -pipe -fstack-protector-strong -I/usr/local/include'
    ccversion=''
    gccversion='7.4.0'
    gccosandvers=''
    intsize=4
    longsize=8
    ptrsize=8
    doublesize=8
    byteorder=12345678
    doublekind=3
    d_longlong=define
    longlongsize=8
    d_longdbl=define
    longdblsize=16
    longdblkind=3
    ivtype='long'
    ivsize=8
    nvtype='long double'
    nvsize=16
    Off_t='off_t'
    lseeksize=8
    alignbytes=16
    prototype=define
  Linker and Libraries:
    ld='cc'
    ldflags =' -fstack-protector-strong -L/usr/local/lib'
    libpth=/usr/local/lib /usr/lib/gcc/x86_64-linux-gnu/7/include-fixed /usr/include/x86_64-linux-gnu /usr/lib /lib/x86_64-linux-gnu /lib/../lib /usr/lib/x86_64-linux-gnu /usr/lib/../lib /lib
    libs=-lpthread -lnsl -ldl -lm -lcrypt -lutil -lc
    perllibs=-lpthread -lnsl -ldl -lm -lcrypt -lutil -lc
    libc=libc-2.27.so
    so=so
    useshrplib=false
    libperl=libperl.a
    gnulibc_version='2.27'
  Dynamic Linking:
    dlsrc=dl_dlopen.xs
    dlext=so
    d_dlsymun=undef
    ccdlflags='-Wl,-E'
    cccdlflags='-fPIC'
    lddlflags='-shared -O2 -g -L/usr/local/lib -fstack-protector-strong'


Characteristics of this binary (from libperl): 
  Compile-time options:
    HAS_TIMES
    PERLIO_LAYERS
    PERL_COPY_ON_WRITE
    PERL_DONT_CREATE_GVSV
    PERL_MALLOC_WRAP
    PERL_OP_PARENT
    PERL_PRESERVE_IVUV
    PERL_USE_DEVEL
    USE_64_BIT_ALL
    USE_64_BIT_INT
    USE_LARGE_FILES
    USE_LOCALE
    USE_LOCALE_COLLATE
    USE_LOCALE_CTYPE
    USE_LOCALE_NUMERIC
    USE_LOCALE_TIME
    USE_LONG_DOUBLE
    USE_PERLIO
    USE_PERL_ATOF
  Built under linux
  Compiled at Feb 21 2020 04:19:49
  %ENV:
    PERL5LIB="/tmp/loop_over_bdir-21456-UUhOjc/PDL-Opt-NonLinear-0.05-0/blib/arch:/tmp/loop_over_bdir-21456-UUhOjc/PDL-Opt-NonLinear-0.05-0/blib/lib:/tmp/loop_over_bdir-21456-UUhOjc/MP3-PodcastFetch-1.05-0/blib/arch:/tmp/loop_over_bdir-21456-UUhOjc/MP3-PodcastFetch-1.05-0/blib/lib:/tmp/loop_over_bdir-21456-UUhOjc/LCFG-Build-Tools-0.9.30-0/blib/arch:/tmp/loop_over_bdir-21456-UUhOjc/LCFG-Build-Tools-0.9.30-0/blib/lib:/tmp/loop_over_bdir-21456-UUhOjc/Prima-prigraph-win32-1.06-0/blib/arch:/tmp/loop_over_bdir-21456-UUhOjc/Prima-prigraph-win32-1.06-0/blib/lib:/tmp/loop_over_bdir-21456-UUhOjc/Captive-Portal-4.10-0/blib/arch:/tmp/loop_over_bdir-21456-UUhOjc/Captive-Portal-4.10-0/blib/lib:/tmp/loop_over_bdir-21456-UUhOjc/dta-tokwrap-0.92-0/blib/arch:/tmp/loop_over_bdir-21456-UUhOjc/dta-tokwrap-0.92-0/blib/lib:/tmp/loop_over_bdir-21456-UUhOjc/PDL-Cluster-1.54.001-0/blib/arch:/tmp/loop_over_bdir-21456-UUhOjc/PDL-Cluster-1.54.001-0/blib/lib:/tmp/loop_over_bdir-21456-UUhOjc/LiquidWeb-Storm-CLI-1.03-0/blib/arch:/tmp/loop_over_bdir-21456-UUhOjc/LiquidWeb-Storm-CLI-1.03-0/blib/lib:/tmp/loop_over_bdir-21456-UUhOjc/triceps-2.1.0-0/blib/arch:/tmp/loop_over_bdir-21456-UUhOjc/triceps-2.1.0-0/blib/lib:/tmp/loop_over_bdir-21456-UUhOjc/LCFG-Build-Skeleton-0.5.0-0/blib/arch:/tmp/loop_over_bdir-21456-UUhOjc/LCFG-Build-Skeleton-0.5.0-0/blib/lib:/tmp/loop_over_bdir-21456-UUhOjc/CGI-Application-NetNewsIface-0.0204-0/blib/arch:/tmp/loop_over_bdir-21456-UUhOjc/CGI-Application-NetNewsIface-0.0204-0/blib/lib:/tmp/loop_over_bdir-21456-UUhOjc/PDL-GA-0.08-0/blib/arch:/tmp/loop_over_bdir-21456-UUhOjc/PDL-GA-0.08-0/blib/lib:/tmp/loop_over_bdir-21456-UUhOjc/Net-OpenVPN-DDNS-0.1-0/blib/arch:/tmp/loop_over_bdir-21456-UUhOjc/Net-OpenVPN-DDNS-0.1-0/blib/lib:/tmp/loop_over_bdir-21456-UUhOjc/PDL-SVDLIBC-0.19-0/blib/arch:/tmp/loop_over_bdir-21456-UUhOjc/PDL-SVDLIBC-0.19-0/blib/lib:/tmp/loop_over_bdir-21456-UUhOjc/EJBCA-CrlPublish-0.60-0/blib/arch:/tmp/loop_over_bdir-21456-UUhOjc/EJBCA-CrlPublish-0.60-0/blib/lib:/tmp/loop_over_bdir-21456-UUhOjc/PDL-Audio-1.2-0/blib/arch:/tmp/loop_over_bdir-21456-UUhOjc/PDL-Audio-1.2-0/blib/lib:/tmp/loop_over_bdir-21456-UUhOjc/Sysync-0.35-0/blib/arch:/tmp/loop_over_bdir-21456-UUhOjc/Sysync-0.35-0/blib/lib:/tmp/loop_over_bdir-21456-UUhOjc/PDL-EditDistance-0.09-0/blib/arch:/tmp/loop_over_bdir-21456-UUhOjc/PDL-EditDistance-0.09-0/blib/lib:/tmp/loop_over_bdir-21456-UUhOjc/CORBA-Python-2.66-0/blib/arch:/tmp/loop_over_bdir-21456-UUhOjc/CORBA-Python-2.66-0/blib/lib:/tmp/loop_over_bdir-21456-UUhOjc/PDL-HMM-0.06005-0/blib/arch:/tmp/loop_over_bdir-21456-UUhOjc/PDL-HMM-0.06005-0/blib/lib:/tmp/loop_over_bdir-21456-UUhOjc/PDL-Finance-TA-0.008-0/blib/arch:/tmp/loop_over_bdir-21456-UUhOjc/PDL-Finance-TA-0.008-0/blib/lib:/tmp/loop_over_bdir-21456-UUhOjc/Dpkg-1.19.7-0/blib/arch:/tmp/loop_over_bdir-21456-UUhOjc/Dpkg-1.19.7-0/blib/lib:/tmp/loop_over_bdir-21456-UUhOjc/makepp-1.19-0/blib/arch:/tmp/loop_over_bdir-21456-UUhOjc/makepp-1.19-0/blib/lib:/tmp/loop_over_bdir-21456-UUhOjc/ProjectBuilder-0.14.1-0/blib/arch:/tmp/loop_over_bdir-21456-UUhOjc/ProjectBuilder-0.14.1-0/blib/lib:/tmp/loop_over_bdir-21456-UUhOjc/RDF-NLP-SPARQLQuery-0.1-0/blib/arch:/tmp/loop_over_bdir-21456-UUhOjc/RDF-NLP-SPARQLQuery-0.1-0/blib/lib:/tmp/loop_over_bdir-21456-UUhOjc/Device-Kiln-0.03-0/blib/arch:/tmp/loop_over_bdir-21456-UUhOjc/Device-Kiln-0.03-0/blib/lib:/tmp/loop_over_bdir-21456-UUhOjc/shishi-0.0.1-0/blib/arch:/tmp/loop_over_bdir-21456-UUhOjc/shishi-0.0.1-0/blib/lib:/tmp/loop_over_bdir-21456-UUhOjc/downsexta-0/blib/arch:/tmp/loop_over_bdir-21456-UUhOjc/downsexta-0/blib/lib:/tmp/loop_over_bdir-21456-UUhOjc/Net-ISP-Balance-1.28-0/blib/arch:/tmp/loop_over_bdir-21456-UUhOjc/Net-ISP-Balance-1.28-0/blib/lib:/tmp/loop_over_bdir-21456-UUhOjc/Lingua-BioYaTeA-0.11-0/blib/arch:/tmp/loop_over_bdir-21456-UUhOjc/Lingua-BioYaTeA-0.11-0/blib/lib:/tmp/loop_over_bdir-21456-UUhOjc/Lingua-YaTeA-0.626-0/blib/arch:/tmp/loop_over_bdir-21456-UUhOjc/Lingua-YaTeA-0.626-0/blib/lib:/tmp/loop_over_bdir-21456-UUhOjc/ppt-0.14-0/blib/arch:/tmp/loop_over_bdir-21456-UUhOjc/ppt-0.14-0/blib/lib:/tmp/loop_over_bdir-21456-UUhOjc/PDL-Graphics-ColorDistance-0.0.1-0/blib/arch:/tmp/loop_over_bdir-21456-UUhOjc/PDL-Graphics-ColorDistance-0.0.1-0/blib/lib:/tmp/loop_over_bdir-21456-UUhOjc/js-app-0.13-0/blib/arch:/tmp/loop_over_bdir-21456-UUhOjc/js-app-0.13-0/blib/lib:/tmp/loop_over_bdir-21456-UUhOjc/Debian-Packages-0.03-0/blib/arch:/tmp/loop_over_bdir-21456-UUhOjc/Debian-Packages-0.03-0/blib/lib:/tmp/loop_over_bdir-21456-UUhOjc/AllKnowingDNS-1.7-0/blib/arch:/tmp/loop_over_bdir-21456-UUhOjc/AllKnowingDNS-1.7-0/blib/lib:/tmp/loop_over_bdir-21456-UUhOjc/perl-Hardware-UPS-Perl-0.43-0/blib/arch:/tmp/loop_over_bdir-21456-UUhOjc/perl-Hardware-UPS-Perl-0.43-0/blib/lib:/tmp/loop_over_bdir-21456-UUhOjc/Business-Shipping-DataFiles-1.02-0/blib/arch:/tmp/loop_over_bdir-21456-UUhOjc/Business-Shipping-DataFiles-1.02-0/blib/lib:/tmp/loop_over_bdir-21456-UUhOjc/mmds-1.902-0/blib/arch:/tmp/loop_over_bdir-21456-UUhOjc/mmds-1.902-0/blib/lib:/tmp/loop_over_bdir-21456-UUhOjc/PDL-Graphics-ColorSpace-0.1.0-0/blib/arch:/tmp/loop_over_bdir-21456-UUhOjc/PDL-Graphics-ColorSpace-0.1.0-0/blib/lib:/tmp/loop_over_bdir-21456-UUhOjc/RObufr-0.03-0/blib/arch:/tmp/loop_over_bdir-21456-UUhOjc/RObufr-0.03-0/blib/lib:/tmp/loop_over_bdir-21456-UUhOjc/DBIx-Migration-Directories-0.12-0/blib/arch:/tmp/loop_over_bdir-21456-UUhOjc/DBIx-Migration-Directories-0.12-0/blib/lib:/tmp/loop_over_bdir-21456-UUhOjc/Lemonldap-NG-Cli-0.2-0/blib/arch:/tmp/loop_over_bdir-21456-UUhOjc/Lemonldap-NG-Cli-0.2-0/blib/lib:/tmp/loop_over_bdir-21456-UUhOjc/Serge-1.4-0/blib/arch:/tmp/loop_over_bdir-21456-UUhOjc/Serge-1.4-0/blib/lib"
    PERL5OPT=""
    PERL5_CPANPLUS_IS_RUNNING="21464"
    PERL5_CPAN_IS_RUNNING="21464"
    PERL_CANARY_STABILITY_NOPROMPT="1"
    PERL_MM_USE_DEFAULT="1"
    PERL_USE_UNSAFE_INC="1"
  @INC:
    /tmp/loop_over_bdir-21456-UUhOjc/PDL-Opt-NonLinear-0.05-0/blib/arch
    /tmp/loop_over_bdir-21456-UUhOjc/PDL-Opt-NonLinear-0.05-0/blib/lib
    /tmp/loop_over_bdir-21456-UUhOjc/MP3-PodcastFetch-1.05-0/blib/arch
    /tmp/loop_over_bdir-21456-UUhOjc/MP3-PodcastFetch-1.05-0/blib/lib
    /tmp/loop_over_bdir-21456-UUhOjc/LCFG-Build-Tools-0.9.30-0/blib/arch
    /tmp/loop_over_bdir-21456-UUhOjc/LCFG-Build-Tools-0.9.30-0/blib/lib
    /tmp/loop_over_bdir-21456-UUhOjc/Prima-prigraph-win32-1.06-0/blib/arch
    /tmp/loop_over_bdir-21456-UUhOjc/Prima-prigraph-win32-1.06-0/blib/lib
    /tmp/loop_over_bdir-21456-UUhOjc/Captive-Portal-4.10-0/blib/arch
    /tmp/loop_over_bdir-21456-UUhOjc/Captive-Portal-4.10-0/blib/lib
    /tmp/loop_over_bdir-21456-UUhOjc/dta-tokwrap-0.92-0/blib/arch
    /tmp/loop_over_bdir-21456-UUhOjc/dta-tokwrap-0.92-0/blib/lib
    /tmp/loop_over_bdir-21456-UUhOjc/PDL-Cluster-1.54.001-0/blib/arch
    /tmp/loop_over_bdir-21456-UUhOjc/PDL-Cluster-1.54.001-0/blib/lib
    /tmp/loop_over_bdir-21456-UUhOjc/LiquidWeb-Storm-CLI-1.03-0/blib/arch
    /tmp/loop_over_bdir-21456-UUhOjc/LiquidWeb-Storm-CLI-1.03-0/blib/lib
    /tmp/loop_over_bdir-21456-UUhOjc/triceps-2.1.0-0/blib/arch
    /tmp/loop_over_bdir-21456-UUhOjc/triceps-2.1.0-0/blib/lib
    /tmp/loop_over_bdir-21456-UUhOjc/LCFG-Build-Skeleton-0.5.0-0/blib/arch
    /tmp/loop_over_bdir-21456-UUhOjc/LCFG-Build-Skeleton-0.5.0-0/blib/lib
    /tmp/loop_over_bdir-21456-UUhOjc/CGI-Application-NetNewsIface-0.0204-0/blib/arch
    /tmp/loop_over_bdir-21456-UUhOjc/CGI-Application-NetNewsIface-0.0204-0/blib/lib
    /tmp/loop_over_bdir-21456-UUhOjc/PDL-GA-0.08-0/blib/arch
    /tmp/loop_over_bdir-21456-UUhOjc/PDL-GA-0.08-0/blib/lib
    /tmp/loop_over_bdir-21456-UUhOjc/Net-OpenVPN-DDNS-0.1-0/blib/arch
    /tmp/loop_over_bdir-21456-UUhOjc/Net-OpenVPN-DDNS-0.1-0/blib/lib
    /tmp/loop_over_bdir-21456-UUhOjc/PDL-SVDLIBC-0.19-0/blib/arch
    /tmp/loop_over_bdir-21456-UUhOjc/PDL-SVDLIBC-0.19-0/blib/lib
    /tmp/loop_over_bdir-21456-UUhOjc/EJBCA-CrlPublish-0.60-0/blib/arch
    /tmp/loop_over_bdir-21456-UUhOjc/EJBCA-CrlPublish-0.60-0/blib/lib
    /tmp/loop_over_bdir-21456-UUhOjc/PDL-Audio-1.2-0/blib/arch
    /tmp/loop_over_bdir-21456-UUhOjc/PDL-Audio-1.2-0/blib/lib
    /tmp/loop_over_bdir-21456-UUhOjc/Sysync-0.35-0/blib/arch
    /tmp/loop_over_bdir-21456-UUhOjc/Sysync-0.35-0/blib/lib
    /tmp/loop_over_bdir-21456-UUhOjc/PDL-EditDistance-0.09-0/blib/arch
    /tmp/loop_over_bdir-21456-UUhOjc/PDL-EditDistance-0.09-0/blib/lib
    /tmp/loop_over_bdir-21456-UUhOjc/CORBA-Python-2.66-0/blib/arch
    /tmp/loop_over_bdir-21456-UUhOjc/CORBA-Python-2.66-0/blib/lib
    /tmp/loop_over_bdir-21456-UUhOjc/PDL-HMM-0.06005-0/blib/arch
    /tmp/loop_over_bdir-21456-UUhOjc/PDL-HMM-0.06005-0/blib/lib
    /tmp/loop_over_bdir-21456-UUhOjc/PDL-Finance-TA-0.008-0/blib/arch
    /tmp/loop_over_bdir-21456-UUhOjc/PDL-Finance-TA-0.008-0/blib/lib
    /tmp/loop_over_bdir-21456-UUhOjc/Dpkg-1.19.7-0/blib/arch
    /tmp/loop_over_bdir-21456-UUhOjc/Dpkg-1.19.7-0/blib/lib
    /tmp/loop_over_bdir-21456-UUhOjc/makepp-1.19-0/blib/arch
    /tmp/loop_over_bdir-21456-UUhOjc/makepp-1.19-0/blib/lib
    /tmp/loop_over_bdir-21456-UUhOjc/ProjectBuilder-0.14.1-0/blib/arch
    /tmp/loop_over_bdir-21456-UUhOjc/ProjectBuilder-0.14.1-0/blib/lib
    /tmp/loop_over_bdir-21456-UUhOjc/RDF-NLP-SPARQLQuery-0.1-0/blib/arch
    /tmp/loop_over_bdir-21456-UUhOjc/RDF-NLP-SPARQLQuery-0.1-0/blib/lib
    /tmp/loop_over_bdir-21456-UUhOjc/Device-Kiln-0.03-0/blib/arch
    /tmp/loop_over_bdir-21456-UUhOjc/Device-Kiln-0.03-0/blib/lib
    /tmp/loop_over_bdir-21456-UUhOjc/shishi-0.0.1-0/blib/arch
    /tmp/loop_over_bdir-21456-UUhOjc/shishi-0.0.1-0/blib/lib
    /tmp/loop_over_bdir-21456-UUhOjc/downsexta-0/blib/arch
    /tmp/loop_over_bdir-21456-UUhOjc/downsexta-0/blib/lib
    /tmp/loop_over_bdir-21456-UUhOjc/Net-ISP-Balance-1.28-0/blib/arch
    /tmp/loop_over_bdir-21456-UUhOjc/Net-ISP-Balance-1.28-0/blib/lib
    /tmp/loop_over_bdir-21456-UUhOjc/Lingua-BioYaTeA-0.11-0/blib/arch
    /tmp/loop_over_bdir-21456-UUhOjc/Lingua-BioYaTeA-0.11-0/blib/lib
    /tmp/loop_over_bdir-21456-UUhOjc/Lingua-YaTeA-0.626-0/blib/arch
    /tmp/loop_over_bdir-21456-UUhOjc/Lingua-YaTeA-0.626-0/blib/lib
    /tmp/loop_over_bdir-21456-UUhOjc/ppt-0.14-0/blib/arch
    /tmp/loop_over_bdir-21456-UUhOjc/ppt-0.14-0/blib/lib
    /tmp/loop_over_bdir-21456-UUhOjc/PDL-Graphics-ColorDistance-0.0.1-0/blib/arch
    /tmp/loop_over_bdir-21456-UUhOjc/PDL-Graphics-ColorDistance-0.0.1-0/blib/lib
    /tmp/loop_over_bdir-21456-UUhOjc/js-app-0.13-0/blib/arch
    /tmp/loop_over_bdir-21456-UUhOjc/js-app-0.13-0/blib/lib
    /tmp/loop_over_bdir-21456-UUhOjc/Debian-Packages-0.03-0/blib/arch
    /tmp/loop_over_bdir-21456-UUhOjc/Debian-Packages-0.03-0/blib/lib
    /tmp/loop_over_bdir-21456-UUhOjc/AllKnowingDNS-1.7-0/blib/arch
    /tmp/loop_over_bdir-21456-UUhOjc/AllKnowingDNS-1.7-0/blib/lib
    /tmp/loop_over_bdir-21456-UUhOjc/perl-Hardware-UPS-Perl-0.43-0/blib/arch
    /tmp/loop_over_bdir-21456-UUhOjc/perl-Hardware-UPS-Perl-0.43-0/blib/lib
    /tmp/loop_over_bdir-21456-UUhOjc/Business-Shipping-DataFiles-1.02-0/blib/arch
    /tmp/loop_over_bdir-21456-UUhOjc/Business-Shipping-DataFiles-1.02-0/blib/lib
    /tmp/loop_over_bdir-21456-UUhOjc/mmds-1.902-0/blib/arch
    /tmp/loop_over_bdir-21456-UUhOjc/mmds-1.902-0/blib/lib
    /tmp/loop_over_bdir-21456-UUhOjc/PDL-Graphics-ColorSpace-0.1.0-0/blib/arch
    /tmp/loop_over_bdir-21456-UUhOjc/PDL-Graphics-ColorSpace-0.1.0-0/blib/lib
    /tmp/loop_over_bdir-21456-UUhOjc/RObufr-0.03-0/blib/arch
    /tmp/loop_over_bdir-21456-UUhOjc/RObufr-0.03-0/blib/lib
    /tmp/loop_over_bdir-21456-UUhOjc/DBIx-Migration-Directories-0.12-0/blib/arch
    /tmp/loop_over_bdir-21456-UUhOjc/DBIx-Migration-Directories-0.12-0/blib/lib
    /tmp/loop_over_bdir-21456-UUhOjc/Lemonldap-NG-Cli-0.2-0/blib/arch
    /tmp/loop_over_bdir-21456-UUhOjc/Lemonldap-NG-Cli-0.2-0/blib/lib
    /tmp/loop_over_bdir-21456-UUhOjc/Serge-1.4-0/blib/arch
    /tmp/loop_over_bdir-21456-UUhOjc/Serge-1.4-0/blib/lib
    /home/sand/src/perl/repoperls/installed-perls/host/k93bionic/v5.31.9/ca05/lib/site_perl/5.31.9/x86_64-linux-ld
    /home/sand/src/perl/repoperls/installed-perls/host/k93bionic/v5.31.9/ca05/lib/site_perl/5.31.9
    /home/sand/src/perl/repoperls/installed-perls/host/k93bionic/v5.31.9/ca05/lib/5.31.9/x86_64-linux-ld
    /home/sand/src/perl/repoperls/installed-perls/host/k93bionic/v5.31.9/ca05/lib/5.31.9
    .