FunctionalPerl v0.72.70-TRIAL Perl 5 v5.24.0 MSWin32-x86-multi-thread

Status
Fail
From
Alexandr Ciornii (CHORNY)
Dist
FunctionalPerl v0.72.70-TRIAL
Platform
Perl 5 v5.24.0 MSWin32-x86-multi-thread
Date
2021-06-01 01:19:39
ID
8ad8bd17-6c17-1014-8019-cf65080862fd
This distribution has been tested as part of the CPAN Testers
project, supporting the Perl programming language.  See
http://wiki.cpantesters.org/ for more information or email
questions to cpan-testers-discuss@perl.org


--
Dear Christian Jaeger,

This is a computer-generated report for FunctionalPerl-0.72.70-TRIAL
on perl 5.24.0, created by CPAN-Reporter-1.2018.

Thank you for uploading your work to CPAN.  However, there was a problem
testing your distribution.

If you think this report is invalid, please consult the CPAN Testers Wiki
for suggestions on how to avoid getting FAIL reports for missing library
or binary dependencies, unsupported operating systems, and so on:

http://wiki.cpantesters.org/wiki/CPANAuthorNotes

Sections of this report:

    * Tester comments
    * Program output
    * Prerequisites
    * Environment and other context

------------------------------
TESTER COMMENTS
------------------------------

Additional comments from tester:

this report is from an automated smoke testing program
and was not reviewed by a human for accuracy

------------------------------
PROGRAM OUTPUT
------------------------------

Output from 'C:\STRAWB~1\c\bin\dmake.exe test':

"C:\Strawberry240\perl\bin\perl.exe" "-MExtUtils::Command::MM" "-MTest::Harness" "-e" "undef *Test::Harness::Switches; test_harness(0, 'blib\lib', 'blib\arch')" t/*.t
t/csv_to_xml.t ........................... skipped: on Windows (no shell support)
t/dbi.t .................................. ok
t/examples-csv-to-json.t ................. ok
times for fib: user = 0.21, system = 0.161, cuser = 0, csystem = 0
times for fibonacci: user = 0.211, system = 0, cuser = 0, csystem = 0
t/examples-fibs.t ........................ ok
t/examples-functional-classes.t .......... ok
t/examples-hiring-without-whiteboards.t .. skipped: dependency Term::ReadLine::Gnu not present at lib/FP/Repl/Dependencies.pm line 44.
t/examples-logic.t ....................... skipped: could not use FP::Repl::Dependencies
t/examples-perlweekly-111-1.t ............ skipped: Perl v5.32.1 required--this is only v5.24.0, stopped at (eval 75) line 2.
times: user = 0.04, system = 0.11, cuser = 0, csystem = 0
times: user = 0.06, system = 0.161, cuser = 0, csystem = 0
times: user = 0.08, system = 0.19, cuser = 0, csystem = 0
t/examples-perlweekly-113-1.t ............ ok
t/examples-perlweekly-113-2.t ............ ok
t/examples-primes.t ...................... ok
t/functional_XML-t-div.t ................. ok
t/functional_XML-test.t .................. ok
Unknown warnings category 'shadow' at ../.htmlgen//../meta/FunctionalPerl/Indexing.pm line 46.
 at C:/Strawberry240/perl/lib/warnings.pm line 249.
	warnings::Croaker("Unknown warnings category 'shadow'") called at C:/Strawberry240/perl/lib/warnings.pm line 327
	warnings::unimport("warnings", "shadow") called at ../.htmlgen//../meta/FunctionalPerl/Indexing.pm line 46
	FunctionalPerl::Indexing::BEGIN() called at ../.htmlgen//../meta/FunctionalPerl/Indexing.pm line 46
	eval {...} called at ../.htmlgen//../meta/FunctionalPerl/Indexing.pm line 46
	require FunctionalPerl/Indexing.pm called at ../.htmlgen/FunctionalPerl/Htmlgen/Linking.pm line 73
	FunctionalPerl::Htmlgen::Linking::code::BEGIN() called at ../.htmlgen//../meta/FunctionalPerl/Indexing.pm line 46
	eval {...} called at ../.htmlgen//../meta/FunctionalPerl/Indexing.pm line 46
	require FunctionalPerl/Htmlgen/Linking.pm called at ../.htmlgen/gen line 126
	main::BEGIN() called at ../.htmlgen//../meta/FunctionalPerl/Indexing.pm line 46
	eval {...} called at ../.htmlgen//../meta/FunctionalPerl/Indexing.pm line 46
BEGIN failed--compilation aborted at ../.htmlgen//../meta/FunctionalPerl/Indexing.pm line 46.
 at ../.htmlgen//../meta/FunctionalPerl/Indexing.pm line 46.
	require FunctionalPerl/Indexing.pm called at ../.htmlgen/FunctionalPerl/Htmlgen/Linking.pm line 73
	FunctionalPerl::Htmlgen::Linking::code::BEGIN() called at ../.htmlgen//../meta/FunctionalPerl/Indexing.pm line 46
	eval {...} called at ../.htmlgen//../meta/FunctionalPerl/Indexing.pm line 46
	require FunctionalPerl/Htmlgen/Linking.pm called at ../.htmlgen/gen line 126
	main::BEGIN() called at ../.htmlgen//../meta/FunctionalPerl/Indexing.pm line 46
	eval {...} called at ../.htmlgen//../meta/FunctionalPerl/Indexing.pm line 46
Compilation failed in require at ../.htmlgen/FunctionalPerl/Htmlgen/Linking.pm line 73.
 at ../.htmlgen/FunctionalPerl/Htmlgen/Linking.pm line 73.
	FunctionalPerl::Htmlgen::Linking::code::BEGIN() called at ../.htmlgen/FunctionalPerl/Htmlgen/Linking.pm line 73
	eval {...} called at ../.htmlgen/FunctionalPerl/Htmlgen/Linking.pm line 73
	require FunctionalPerl/Htmlgen/Linking.pm called at ../.htmlgen/gen line 126
	main::BEGIN() called at ../.htmlgen/FunctionalPerl/Htmlgen/Linking.pm line 73
	eval {...} called at ../.htmlgen/FunctionalPerl/Htmlgen/Linking.pm line 73
BEGIN failed--compilation aborted at ../.htmlgen/FunctionalPerl/Htmlgen/Linking.pm line 73.
 at ../.htmlgen/FunctionalPerl/Htmlgen/Linking.pm line 73.
	require FunctionalPerl/Htmlgen/Linking.pm called at ../.htmlgen/gen line 126
	main::BEGIN() called at ../.htmlgen/FunctionalPerl/Htmlgen/Linking.pm line 73
	eval {...} called at ../.htmlgen/FunctionalPerl/Htmlgen/Linking.pm line 73
Compilation failed in require at ../.htmlgen/gen line 126.
 at ../.htmlgen/gen line 126.
	main::BEGIN() called at ../.htmlgen/gen line 126
	eval {...} called at ../.htmlgen/gen line 126
BEGIN failed--compilation aborted at ../.htmlgen/gen line 126.
 at ../.htmlgen/gen line 126.
t/htmlgen.t .............................. 
No subtests run 
t/intro-basics.t ......................... skipped: could not use FP::Repl::Dependencies
t/perl-goto-leak.t ....................... skipped: on Windows (no shell support)
t/perl-weaken-coderef-correctness.t ...... skipped: on Windows (no shell support)
t/perl-weaken-coderef.t .................. skipped: on Windows (no shell support)
Exception: Chj::Packages: No such file or directory at lib/Chj/Packages.pm line 109.
 at C:/Strawberry240/perl/lib/Cwd.pm line 217.
	Cwd::_croak("Chj::Packages: No such file or directory") called at C:/Strawberry240/perl/lib/Cwd.pm line 502
	Cwd::fast_abs_path("Chj::Packages") called at lib/Chj/Packages.pm line 109
	Chj::Packages::fallible_require_package_by_path("Chj::Packages") called at lib\Chj\Packages.pm line 24
	eval 'package main; package t_pod_snippets_19; use Test::More ;
{
no warnings;
use strict;    # things are likely to be sloppy

ok 1 => \'the tests compile\';   


#line 16 lib\\Chj\\Packages.pm
use Chj::Packages qw(
    package_to_requirepath
    require_package
    fallible_require_package_by_path
    xrequire_package_by_path
    );
my $packagename = "Chj::Packages";
my $possibly_previously_loaded_path = require_package $packagename;
my $true_or_failure = fallible_require_package_by_path $packagename;
# xrequire_package_by_path turns the failure into an exception.

;

#line 27 lib\\Chj\\Packages.pm
# related (mess?):
# use FP::Predicates qw($package_re);

;


ok 1 => \'we reached the end!\';

}
; 
1' called at lib/FP/Repl/WithRepl.pm line 75
	FP::Repl::WithRepl::WithRepl_eval("package t_pod_snippets_19; use Test::More ;\x{a}{\x{a}no warnings;\x{a}us"...) called at t/pod_snippets.t line 37
	main::myeval("package t_pod_snippets_19; use Test::More ;\x{a}{\x{a}no warnings;\x{a}us"...) called at t/pod_snippets.t line 158
	main::__ANON__() called at C:/Strawberry240/perl/lib/Test/Builder.pm line 309
	eval {...} called at C:/Strawberry240/perl/lib/Test/Builder.pm line 309
	Test::Builder::subtest(Test::Builder=HASH(0xfa1404), "pod snippets in Chj::Packages", CODE(0x99b734)) called at C:/Strawberry240/perl/lib/Test/More.pm line 807
	Test::More::subtest("pod snippets in Chj::Packages", CODE(0x99b734)) called at t/pod_snippets.t line 183


    #   Failed test 'pod snippets in Chj::Packages'
    #   at t/pod_snippets.t line 177.
    # Looks like you failed 1 test of 2.

#   Failed test 'pod snippets in Chj::Packages'
#   at t/pod_snippets.t line 183.
Argument "2/8" isn't numeric in numeric eq (==) at lib/FP/Collection.pm line 104.
Argument "2/8" isn't numeric in numeric eq (==) at lib/FP/Collection.pm line 104.
Argument "3/8" isn't numeric in numeric eq (==) at lib/FP/Collection.pm line 104.
Argument "2/8" isn't numeric in numeric eq (==) at lib/FP/Collection.pm line 104.
Argument "3/8" isn't numeric in numeric eq (==) at lib/FP/Collection.pm line 104.
Argument "2/8" isn't numeric in numeric eq (==) at lib/FP/Collection.pm line 104.

    #   Failed test at lib/FP/Failure.pm line 69.
    #          got: ''failure: 666 at lib/FP/Failure.pm line ...
    #     (eval) at lib/FP/Repl/WithRepl.pm line ...
    #   because:
    #   failure: \'not good\'''
    #     expected: ''failure: 666 at lib\\FP\\Failure.pm line ...
    #     (eval) at lib/FP/Repl/WithRepl.pm line ...
    #   because:
    #   failure: \'not good\'''
    # Looks like you failed 1 test of 15.

#   Failed test 'pod snippets in FP::Failure'
#   at t/pod_snippets.t line 183.
Exception: Label not found for "last T2_SUBTEST_WRAPPER" at C:/Strawberry240/perl/lib/Test2/Hub/Subtest.pm line 56.
 at C:/Strawberry240/perl/lib/Test2/Hub/Subtest.pm line 56.
	Test2::Hub::Subtest::terminate(Test2::Hub::Subtest=HASH(0x3a3bcc4), 0, Test2::Event::Plan=HASH(0x3a3baa4)) called at C:/Strawberry240/perl/lib/Test2/Hub.pm line 309
	Test2::Hub::process(Test2::Hub::Subtest=HASH(0x3a3bcc4), Test2::Event::Plan=HASH(0x3a3baa4)) called at C:/Strawberry240/perl/lib/Test2/Hub/Subtest.pm line 27
	Test2::Hub::Subtest::process(Test2::Hub::Subtest=HASH(0x3a3bcc4), Test2::Event::Plan=HASH(0x3a3baa4)) called at C:/Strawberry240/perl/lib/Test2/Hub.pm line 260
	Test2::Hub::send(Test2::Hub::Subtest=HASH(0x3a3bcc4), Test2::Event::Plan=HASH(0x3a3baa4)) called at C:/Strawberry240/perl/lib/Test2/Hub/Subtest.pm line 34
	Test2::Hub::Subtest::send(Test2::Hub::Subtest=HASH(0x3a3bcc4), Test2::Event::Plan=HASH(0x3a3baa4)) called at C:/Strawberry240/perl/lib/Test2/API/Context.pm line 218
	Test2::API::Context::send_event(Test2::API::Context=HASH(0x3a57fb4), "Plan", "max", 0, "directive", "SKIP", "reason", "FunctionalPerl::Dependencies::ChjBin import: these programs a"...) called at C:/Strawberry240/perl/lib/Test2/API/Context.pm line 329
	Test2::API::Context::plan(Test2::API::Context=HASH(0x3a57fb4), 0, "SKIP", "FunctionalPerl::Dependencies::ChjBin import: these programs a"...) called at C:/Strawberry240/perl/lib/Test/Builder.pm line 586
	Test::Builder::skip_all(Test::Builder=HASH(0xfa1404), "FunctionalPerl::Dependencies::ChjBin import: these programs a"...) called at C:/Strawberry240/perl/vendor/lib/Test/Requires.pm line 44
	Test::Requires::__ANON__("FunctionalPerl::Dependencies::ChjBin import: these programs a"...) called at C:/Strawberry240/perl/vendor/lib/Test/Requires.pm line 71
	Test::Requires::test_requires("FunctionalPerl::Dependencies::ChjBin", "\"trigger-listen\"", "t_pod_snippets_107") called at C:/Strawberry240/perl/vendor/lib/Test/Requires.pm line 21
	Test::Requires::import("Test::Requires", HASH(0x3a570a4)) called at meta\FunctionalPerl\Dependencies\ChjBin.pm line 19
	t_pod_snippets_107::BEGIN() called at meta\FunctionalPerl\Dependencies\ChjBin.pm line 19
	eval {...} called at meta\FunctionalPerl\Dependencies\ChjBin.pm line 19
	eval 'package main; package t_pod_snippets_107; use Test::More ;
{
no warnings;
use strict;    # things are likely to be sloppy

ok 1 => \'the tests compile\';   


#line 16 meta\\FunctionalPerl\\Dependencies\\ChjBin.pm
use Chj::TEST use => \'FunctionalPerl::Dependencies::ChjBin\';
# or
use Test::Requires +{
    \'FunctionalPerl::Dependencies::ChjBin\' => \'"trigger-listen"\' };
# or
#  list in FunctionalPerl::Dependencies\'s %dependencies

;


ok 1 => \'we reached the end!\';

}
; 
1' called at lib/FP/Repl/WithRepl.pm line 75
	FP::Repl::WithRepl::WithRepl_eval("package t_pod_snippets_107; use Test::More ;\x{a}{\x{a}no warnings;\x{a}u"...) called at t/pod_snippets.t line 37
	main::myeval("package t_pod_snippets_107; use Test::More ;\x{a}{\x{a}no warnings;\x{a}u"...) called at t/pod_snippets.t line 158
	main::__ANON__() called at C:/Strawberry240/perl/lib/Test/Builder.pm line 309
	eval {...} called at C:/Strawberry240/perl/lib/Test/Builder.pm line 309
	Test::Builder::subtest(Test::Builder=HASH(0xfa1404), "pod snippets in FunctionalPerl::Dependencies::ChjBin", CODE(0x99b734)) called at C:/Strawberry240/perl/lib/Test/More.pm line 807
	Test::More::subtest("pod snippets in FunctionalPerl::Dependencies::ChjBin", CODE(0x99b734)) called at t/pod_snippets.t line 183
BEGIN failed--compilation aborted at meta\FunctionalPerl\Dependencies\ChjBin.pm line 19.
 at meta\FunctionalPerl\Dependencies\ChjBin.pm line 19.
	eval 'package main; package t_pod_snippets_107; use Test::More ;
{
no warnings;
use strict;    # things are likely to be sloppy

ok 1 => \'the tests compile\';   


#line 16 meta\\FunctionalPerl\\Dependencies\\ChjBin.pm
use Chj::TEST use => \'FunctionalPerl::Dependencies::ChjBin\';
# or
use Test::Requires +{
    \'FunctionalPerl::Dependencies::ChjBin\' => \'"trigger-listen"\' };
# or
#  list in FunctionalPerl::Dependencies\'s %dependencies

;


ok 1 => \'we reached the end!\';

}
; 
1' called at lib/FP/Repl/WithRepl.pm line 75
	FP::Repl::WithRepl::WithRepl_eval("package t_pod_snippets_107; use Test::More ;\x{a}{\x{a}no warnings;\x{a}u"...) called at t/pod_snippets.t line 37
	main::myeval("package t_pod_snippets_107; use Test::More ;\x{a}{\x{a}no warnings;\x{a}u"...) called at t/pod_snippets.t line 158
	main::__ANON__() called at C:/Strawberry240/perl/lib/Test/Builder.pm line 309
	eval {...} called at C:/Strawberry240/perl/lib/Test/Builder.pm line 309
	Test::Builder::subtest(Test::Builder=HASH(0xfa1404), "pod snippets in FunctionalPerl::Dependencies::ChjBin", CODE(0x99b734)) called at C:/Strawberry240/perl/lib/Test/More.pm line 807
	Test::More::subtest("pod snippets in FunctionalPerl::Dependencies::ChjBin", CODE(0x99b734)) called at t/pod_snippets.t line 183


    #   Failed test 'pod snippets in FunctionalPerl::Dependencies::ChjBin'
    #   at t/pod_snippets.t line 177.
    # Looks like you failed 1 test of 1.
# Looks like you failed 2 tests of 111.
t/pod_snippets.t ......................... 
Dubious, test returned 2 (wstat 512, 0x200)
Failed 2/111 subtests 
	(less 3 skipped subtests: 106 okay)
t/predicates.t ........................... ok
t/repl.t ................................. skipped: dependency Term::ReadLine::Gnu not present at lib/FP/Repl/Dependencies.pm line 44.

    #   Failed test 'require FunctionalPerl::Htmlgen::Linking;'
    #   at t/require_and_run_tests.t line 52.
    #     Tried to require 'FunctionalPerl::Htmlgen::Linking'.
    #     Error:  Unknown warnings category 'shadow' at meta/FunctionalPerl/Indexing.pm line 46.
    # BEGIN failed--compilation aborted at meta/FunctionalPerl/Indexing.pm line 46.
    # Compilation failed in require at .htmlgen/FunctionalPerl/Htmlgen/Linking.pm line 73.
    # BEGIN failed--compilation aborted at .htmlgen/FunctionalPerl/Htmlgen/Linking.pm line 73.
    # Compilation failed in require at (eval 86) line 2.
not activating since running in test mode at lib/FP/Repl/AutoTrap.pm line 64.
    # Looks like you failed 1 test of 162.

#   Failed test 'require'
#   at t/require_and_run_tests.t line 55.
Reference is already weak at lib/FP/Stream.pm line 769.
# Looks like you failed 1 test of 2.
t/require_and_run_tests.t ................ 
Dubious, test returned 1 (wstat 256, 0x100)
Failed 1/2 subtests 
t/skip-internal.t ........................ ok
t/skip-leak.t ............................ skipped: on Windows (no shell support)
t/skip.t ................................. skipped: on Windows (no shell support)
t/testlazy.t ............................. skipped: on Windows (no shell support)
t/testlazy10.t ........................... skipped: on Windows (no shell support)
t/trampoline-fix.t ....................... skipped: Test requires module 'BSD::Resource' but it's not found

Test Summary Report
-------------------
t/htmlgen.t                            (Wstat: 0 Tests: 0 Failed: 0)
  Parse errors: No plan found in TAP output
t/pod_snippets.t                       (Wstat: 512 Tests: 111 Failed: 2)
  Failed tests:  19, 53
  Non-zero exit status: 2
t/require_and_run_tests.t              (Wstat: 256 Tests: 2 Failed: 1)
  Failed test:  1
  Non-zero exit status: 1
Files=28, Tests=129, 54 wallclock secs ( 0.26 usr +  0.22 sys =  0.48 CPU)
Result: FAIL
Failed 3/28 test programs. 3/129 subtests failed.
dmake.exe:  Error code 255, while making 'test_dynamic'

------------------------------
PREREQUISITES
------------------------------

Prerequisite modules loaded:

requires:

    Module              Need     Have    
    ------------------- -------- --------
    autobox             0        2.84    
    base                0        2.23    
    Digest              0        1.17    
    File::Path          0        2.12_01 
    Getopt::Long        0        2.49    
    Import::Into        0        1.002005
    Math::BigInt        0        1.999807
    NEXT                0        0.67    
    overload            0        1.26    
    perl                5.016004 5.024000
    PerlIO::utf8_strict 0        0.006   
    Safe::Isa           0        1.000006
    Scalar::Util        0        1.47    
    Symbol              0        1.07    
    Test::More          0.96     1.302073
    utf8                0        1.19    
    warnings            0        1.36    

build_requires:

    Module              Need     Have    
    ------------------- -------- --------
    Capture::Tiny       0        0.44    
    DBD::CSV            0        0.49    
    DBI                 0        1.636   
    ExtUtils::MakeMaker 0        7.24    
    Sub::Util           0        1.47    
    Test::Pod::Snippets 0        0.07    
    Test::Requires      0        0.10    
    Text::CSV           0        1.33    
    URI                 0        1.71    

configure_requires:

    Module              Need     Have    
    ------------------- -------- --------
    ExtUtils::MakeMaker 0        7.24    


------------------------------
ENVIRONMENT AND OTHER CONTEXT
------------------------------

Environment variables:

    AUTOMATED_TESTING = 1
    COMSPEC = C:\WINDOWS\system32\cmd.exe
    NUMBER_OF_PROCESSORS = 1
    PATH = C:\WINDOWS\system32;C:\WINDOWS;C:\WINDOWS\System32\Wbem;C:\Git\cmd;C:\Strawberry240\c\bin;C:\Strawberry240\perl\site\bin;C:\Strawberry240\perl\bin
    PERL5LIB = C:\STRAWB~1\cpan\build\Test-Pod-Snippets-0.07-0/blib/arch;C:\STRAWB~1\cpan\build\Test-Pod-Snippets-0.07-0/blib/lib
    PERL5OPT = 
    PERL5_CPANPLUS_IS_RUNNING = 2032
    PERL5_CPAN_IS_RUNNING = 2032
    PERL5_CPAN_IS_RUNNING_IN_RECURSION = 1012,2032
    PERL_CR_SMOKER_CURRENT = FunctionalPerl-0.72.70-TRIAL
    PERL_CR_SMOKER_RUNONCE = 1
    PERL_EXTUTILS_AUTOINSTALL = --defaultdeps
    PERL_HASH_SEED = 0x11111111
    PERL_MM_USE_DEFAULT = 1
    PROCESSOR_IDENTIFIER = x86 Family 16 Model 5 Stepping 3, AuthenticAMD
    TEMP = C:\DOCUME~1\a\LOCALS~1\Temp

Perl special variables (and OS-specific diagnostics, for MSWin32):

    $^X = C:\Strawberry240\perl\bin\perl.exe
    $UID/$EUID = 0 / 0
    $GID = 0
    $EGID = 0
    Win32::GetOSName = WinXP/.Net
    Win32::GetOSVersion = Service Pack 3, 5, 1, 2600, 2, 3, 0, 256, 1
    Win32::FsType = NTFS
    Win32::IsAdminUser = 1

Perl module toolchain versions installed:

    Module              Have    
    ------------------- --------
    CPAN                2.14    
    CPAN::Meta          2.150010
    Cwd                 3.63    
    ExtUtils::CBuilder  0.280225
    ExtUtils::Command   7.24    
    ExtUtils::Install   2.04    
    ExtUtils::MakeMaker 7.24    
    ExtUtils::Manifest  1.70    
    ExtUtils::ParseXS   3.31    
    File::Spec          3.63    
    JSON                2.90    
    JSON::PP            2.27400 
    Module::Build       0.4220  
    Module::Signature   0.81    
    Parse::CPAN::Meta   2.150010
    Test::Harness       3.36    
    Test::More          1.302073
    YAML                1.21    
    YAML::Syck          1.29    
    version             0.9917  


--

Summary of my perl5 (revision 5 version 24 subversion 0) configuration:
   
  Platform:
    osname=MSWin32, osvers=4.0, archname=MSWin32-x86-multi-thread
    uname='Win32 strawberry-perl 5.24.0.1-beta1 #1 Thu Dec 29 16:46:05 2016 i386'
    config_args='undef'
    hint=recommended, useposix=true, d_sigaction=undef
    useithreads=define, usemultiplicity=define
    use64bitint=undef, use64bitall=undef, uselongdouble=undef
    usemymalloc=n, bincompat5005=undef
  Compiler:
    cc='gcc', ccflags =' -s -O2 -DWIN32  -DPERL_TEXTMODE_SCRIPTS -DPERL_IMPLICIT_CONTEXT -DPERL_IMPLICIT_SYS -fwrapv -fno-strict-aliasing -mms-bitfields',
    optimize='-s -O2',
    cppflags='-DWIN32'
    ccversion='', gccversion='4.9.2', gccosandvers=''
    intsize=4, longsize=4, ptrsize=4, doublesize=8, byteorder=1234, doublekind=3
    d_longlong=define, longlongsize=8, d_longdbl=define, longdblsize=12, longdblkind=3
    ivtype='long', ivsize=4, nvtype='double', nvsize=8, Off_t='long long', lseeksize=8
    alignbytes=8, prototype=define
  Linker and Libraries:
    ld='g++', ldflags ='-s -L"C:\STRAWB~1\perl\lib\CORE" -L"C:\STRAWB~1\c\lib"'
    libpth=C:\STRAWB~1\c\lib C:\STRAWB~1\c\i686-w64-mingw32\lib C:\STRAWB~1\c\lib\gcc\i686-w64-mingw32\4.9.2
    libs=-lmoldname -lkernel32 -luser32 -lgdi32 -lwinspool -lcomdlg32 -ladvapi32 -lshell32 -lole32 -loleaut32 -lnetapi32 -luuid -lws2_32 -lmpr -lwinmm -lversion -lodbc32 -lodbccp32 -lcomctl32
    perllibs=-lmoldname -lkernel32 -luser32 -lgdi32 -lwinspool -lcomdlg32 -ladvapi32 -lshell32 -lole32 -loleaut32 -lnetapi32 -luuid -lws2_32 -lmpr -lwinmm -lversion -lodbc32 -lodbccp32 -lcomctl32
    libc=, so=dll, useshrplib=true, libperl=libperl524.a
    gnulibc_version=''
  Dynamic Linking:
    dlsrc=dl_win32.xs, dlext=xs.dll, d_dlsymun=undef, ccdlflags=' '
    cccdlflags=' ', lddlflags='-mdll -s -L"C:\STRAWB~1\perl\lib\CORE" -L"C:\STRAWB~1\c\lib"'


Characteristics of this binary (from libperl): 
  Compile-time options: HAS_TIMES HAVE_INTERP_INTERN MULTIPLICITY
                        PERLIO_LAYERS PERL_COPY_ON_WRITE
                        PERL_DONT_CREATE_GVSV
                        PERL_HASH_FUNC_ONE_AT_A_TIME_HARD
                        PERL_IMPLICIT_CONTEXT PERL_IMPLICIT_SYS
                        PERL_MALLOC_WRAP PERL_PRESERVE_IVUV USE_ITHREADS
                        USE_LARGE_FILES USE_LOCALE USE_LOCALE_COLLATE
                        USE_LOCALE_CTYPE USE_LOCALE_NUMERIC USE_LOCALE_TIME
                        USE_PERLIO USE_PERL_ATOF
  Built under MSWin32
  Compiled at Dec 29 2016 16:55:33
  %ENV:
    PERL5LIB="C:\STRAWB~1\cpan\build\Test-Pod-Snippets-0.07-0/blib/arch;C:\STRAWB~1\cpan\build\Test-Pod-Snippets-0.07-0/blib/lib"
    PERL5_CPANPLUS_IS_RUNNING="2032"
    PERL5_CPAN_IS_RUNNING="2032"
    PERL5_CPAN_IS_RUNNING_IN_RECURSION="1012,2032"
    PERL_CR_SMOKER_CURRENT="FunctionalPerl-0.72.70-TRIAL"
    PERL_CR_SMOKER_RUNONCE="1"
    PERL_EXTUTILS_AUTOINSTALL="--defaultdeps"
    PERL_HASH_SEED="0x11111111"
    PERL_MM_USE_DEFAULT="1"
  @INC:
    C:\STRAWB~1\cpan\build\Test-Pod-Snippets-0.07-0/blib/arch
    C:\STRAWB~1\cpan\build\Test-Pod-Snippets-0.07-0/blib/lib
    C:/Strawberry240/perl/site/lib
    C:/Strawberry240/perl/vendor/lib
    C:/Strawberry240/perl/lib
    .