Statocles v0.097 Perl 5 v5.30.2 i686-linux-thread-multi

Status
Fail
From
Chris Williams (BINGOS)
Dist
Statocles v0.097
Platform
Perl 5 v5.30.2 i686-linux-thread-multi
Date
2020-12-09 12:53:29
ID
8947c20a-3a1d-11eb-84bc-edd243e66a77
This distribution has been tested as part of the CPAN Testers
project, supporting the Perl programming language.  See
http://wiki.cpantesters.org/ for more information or email
questions to cpan-testers-discuss@perl.org


--

Dear Doug Bell,

This is a computer-generated error report created automatically by
CPANPLUS, version 0.9908. Testers personal comments may appear
at the end of this report.


Thank you for uploading your work to CPAN.  However, it appears that
there were some problems testing your distribution.

TEST RESULTS:

Below is the error stack from stage 'make test':

Skip blib/lib/auto/share/dist/Statocles/theme/bootstrap/blog/index.atom.ep (unchanged)
Skip blib/lib/auto/share/dist/Statocles/theme/bootstrap/site/head_after.html.ep (unchanged)
Skip blib/lib/auto/share/dist/Statocles/theme/bootstrap/perldoc/source.html.ep (unchanged)
Skip blib/lib/auto/share/dist/Statocles/theme/bootstrap/plugin/highlight/default.css (unchanged)
Skip blib/lib/auto/share/dist/Statocles/theme/bootstrap/plugin/highlight/solarized-light.css (unchanged)
Skip blib/lib/auto/share/dist/Statocles/theme/bootstrap/site/header_after.html.ep (unchanged)
Skip blib/lib/auto/share/dist/Statocles/theme/bootstrap/layout/default.html.ep (unchanged)
Skip blib/lib/auto/share/dist/Statocles/create/blog/post.markdown (unchanged)
Skip blib/lib/auto/share/dist/Statocles/create/page/index.markdown (unchanged)
Skip blib/lib/auto/share/dist/Statocles/theme/bootstrap/site/navbar_extra.html.ep (unchanged)
Skip blib/lib/auto/share/dist/Statocles/theme/bootstrap/blog/index.html.ep (unchanged)
Skip blib/lib/auto/share/dist/Statocles/theme/bootstrap/blog/post.html.ep (unchanged)
Skip blib/lib/auto/share/dist/Statocles/theme/bootstrap/plugin/highlight/solarized-dark.css (unchanged)
Skip blib/lib/auto/share/dist/Statocles/theme/bootstrap/layout/full-width.html.ep (unchanged)
Skip blib/lib/auto/share/dist/Statocles/theme/bootstrap/layout/blank.html.ep (unchanged)
Skip blib/lib/auto/share/dist/Statocles/theme/bootstrap/blog/index.rss.ep (unchanged)
Skip blib/lib/auto/share/dist/Statocles/theme/bootstrap/perldoc/pod.html.ep (unchanged)
Skip blib/lib/auto/share/dist/Statocles/create/script.yml (unchanged)
Skip blib/lib/auto/share/dist/Statocles/theme/bootstrap/css/statocles-bootstrap.css (unchanged)
Skip blib/lib/auto/share/dist/Statocles/create/site.yml (unchanged)
Skip blib/lib/auto/share/dist/Statocles/theme/bootstrap/site/footer.html.ep (unchanged)
Skip blib/lib/auto/share/dist/Statocles/theme/default/layout/blank.html.ep (unchanged)
Skip blib/lib/auto/share/dist/Statocles/theme/default/site/footer.html.ep (unchanged)
Skip blib/lib/auto/share/dist/Statocles/theme/default/perldoc/source.html.ep (unchanged)
Skip blib/lib/auto/share/dist/Statocles/theme/default/perldoc/pod.html.ep (unchanged)
Skip blib/lib/auto/share/dist/Statocles/theme/bootstrap/site/robots.txt.ep (unchanged)
Skip blib/lib/auto/share/dist/Statocles/theme/default/blog/post.html.ep (unchanged)
Skip blib/lib/auto/share/dist/Statocles/theme/default/blog/index.html.ep (unchanged)
Skip blib/lib/auto/share/dist/Statocles/theme/default/plugin/highlight/default.css (unchanged)
Skip blib/lib/auto/share/dist/Statocles/theme/default/css/normalize.css (unchanged)
Skip blib/lib/auto/share/dist/Statocles/theme/default/plugin/highlight/solarized-light.css (unchanged)
Skip blib/lib/auto/share/dist/Statocles/theme/default/blog/index.rss.ep (unchanged)
Skip blib/lib/auto/share/dist/Statocles/theme/default/plugin/highlight/solarized-dark.css (unchanged)
Skip blib/lib/auto/share/dist/Statocles/theme/bootstrap/site/sidebar_before.html.ep (unchanged)
Skip blib/lib/auto/share/dist/Statocles/theme/bootstrap/site/style.html (unchanged)
Skip blib/lib/auto/share/dist/Statocles/theme/default/blog/index.atom.ep (unchanged)
Skip blib/lib/auto/share/dist/Statocles/theme/default/css/skeleton.css (unchanged)
Skip blib/lib/auto/share/dist/Statocles/theme/default/layout/full-width.html.ep (unchanged)
Skip blib/lib/auto/share/dist/Statocles/theme/default/site/head_after.html.ep (unchanged)
Skip blib/lib/auto/share/dist/Statocles/theme/default/css/statocles-default.css (unchanged)
Skip blib/lib/auto/share/dist/Statocles/theme/bootstrap/site/sitemap.xml.ep (unchanged)
Skip blib/lib/auto/share/dist/Statocles/theme/default/layout/default.html.ep (unchanged)
Skip blib/lib/auto/share/dist/Statocles/theme/default/site/style.html (unchanged)
Skip blib/lib/auto/share/dist/Statocles/theme/default/site/sidebar_before.html.ep (unchanged)
Skip blib/lib/auto/share/dist/Statocles/theme/default/site/header_after.html.ep (unchanged)
Skip blib/lib/auto/share/dist/Statocles/theme/default/site/sitemap.xml.ep (unchanged)
Skip blib/lib/auto/share/dist/Statocles/theme/default/site/navbar_extra.html.ep (unchanged)
Skip blib/lib/auto/share/dist/Statocles/zsh/_statocles (unchanged)
Skip blib/lib/auto/share/dist/Statocles/theme/default/site/robots.txt.ep (unchanged)
PERL_DL_NONLAZY=1 "/home/cpan/pit/thr/perl-5.30.2/bin/perl" "-MExtUtils::Command::MM" "-MTest::Harness" "-e" "undef *Test::Harness::Switches; test_harness(0, 'blib/lib', 'blib/arch')" t/*.t t/app/*.t t/app/basic/*.t t/app/blog/*.t t/app/perldoc/*.t t/app/role/*.t t/command/*.t t/deploy/*.t t/link/*.t t/page/*.t t/plugin/*.t t/template/*.t t/theme/*.t
t/00-compile.t ................ ok
# 
# Versions for all modules listed in MYMETA.json (including optional ones):
# 
# === Configure Requires ===
# 
#     Module                  Want Have
#     ----------------------- ---- ----
#     ExtUtils::MakeMaker      any 7.48
#     File::ShareDir::Install 0.06 0.13
# 
# === Build Requires ===
# 
#     Module              Want Have
#     ------------------- ---- ----
#     ExtUtils::MakeMaker  any 7.48
# 
# === Test Requires ===
# 
#     Module                  Want     Have
#     ------------------- -------- --------
#     Capture::Tiny            any     0.48
#     Dir::Self                any     0.11
#     ExtUtils::MakeMaker      any     7.48
#     File::Spec               any     3.78
#     IO::Handle               any     1.40
#     IPC::Open3               any     1.20
#     Storable                 any     3.15
#     Test::Deep               any    1.130
#     Test::Differences       0.64     0.67
#     Test::Exception         0.42     0.43
#     Test::Lib                any    0.002
#     Test::More          1.001005 1.302181
# 
# === Test Recommends ===
# 
#     Module         Want     Have
#     ---------- -------- --------
#     CPAN::Meta 2.120900 2.150010
# 
# === Runtime Requires ===
# 
#     Module                 Want     Have
#     ------------------ -------- --------
#     Beam::Emitter         0.007    1.007
#     Beam::Wire            1.018    1.023
#     DateTime::Moonpig       any     1.03
#     Encode                  any     3.01
#     Encode::Locale          any     1.05
#     File::Share             any     0.25
#     Git::Repository         any    1.324
#     I18N::Langinfo          any     0.18
#     IPC::Open3              any     1.20
#     Import::Base          0.012    1.004
#     JSON::PP                any     4.02
#     List::UtilsBy          0.09     0.11
#     Mojolicious            6.54     8.67
#     Moo                2.000001 2.004004
#     Path::Tiny            0.084    0.114
#     Pod::Simple            3.31     3.35
#     Pod::Usage::Return      any    0.003
#     Role::Tiny         2.000008 2.001004
#     Text::Markdown          any 1.000031
#     Text::Unidecode         any     1.30
#     Type::Tiny              any 1.012000
#     Types::Path::Tiny       any    0.006
#     YAML                    any     1.30
#     strict                  any     1.11
#     warnings                any     1.44
# 
# === Runtime Recommends ===
# 
#     Module                           Want    Have
#     ------------------------------- ----- -------
#     HTML::Lint::Pluggable            0.06 missing
#     PPI                               any missing
#     Pod::Elemental                    any missing
#     Pod::Weaver                     4.015 missing
#     Syntax::Highlight::Engine::Kate   any missing
# 
t/00-report-prereqs.t ......... ok
t/app/basic/command.t ......... ok
t/app/basic/constructor.t ..... ok
t/app/basic/pages.t ........... ok
t/app/blog/command.t .......... ok
t/app/blog/constructor.t ...... ok
    # Current LC_TIME locale: en_GB.UTF-8
    # Could not set locale to ru_RU. Still 
t/app/blog/pages.t ............ ok
t/app/blog/post_date.t ........ ok
t/app/blog/recent_posts.t ..... ok
t/app/blog/slugs.t ............ ok
t/app/events.t ................ ok
t/app/perldoc/constructor.t ... ok
t/app/perldoc/highlight.t ..... skipped: Syntax::Highlight::Engine::Kate needed
t/app/perldoc/pages.t ......... ok
t/app/role/store.t ............ ok
t/app/template.t .............. ok
t/app/url.t ................... ok

    #   Failed test 'nothing on stderr'
    #   at t/command/apps.t line 16.
    # STDERR: 	(in cleanup) Error resolving realpath on '/tmp/2Ld9GVinpL/blog/tmp/2Ld9GVinpL/blog': No such file or directory at /home/cpan/pit/thr/conf/perl-5.30.2/.cpanplus/5.30.2/build/gBmyOK9ZW9/Statocles-0.097/blib/lib/Statocles/Store.pm line 54.
    # ERROR: Could not create site object "site" in config file "/tmp/2Ld9GVinpL/site.yml": Error resolving realpath on '/tmp/2Ld9GVinpL/blog/tmp/2Ld9GVinpL/blog': No such file or directory at /home/cpan/pit/thr/conf/perl-5.30.2/.cpanplus/5.30.2/build/gBmyOK9ZW9/Statocles-0.097/blib/lib/Statocles/Store.pm line 54.
    # 

    #   Failed test at t/command/apps.t line 17.
    #          got: '1'
    #     expected: '0'

    #   Failed test 'contains app name, url root, and app class'
    #   at t/command/apps.t line 18.
    #                   ''
    #     doesn't match '(?^:blog \(/blog -- Statocles::App::Blog\)\n)'
    # Looks like you failed 3 tests of 3.

#   Failed test 'get the app list'
#   at t/command/apps.t line 20.

    #   Failed test 'nothing on stderr'
    #   at t/command/apps.t line 37.
    # STDERR: ERROR: Could not create site object "site" in config file "/tmp/lGSaGCHOGD/site.yml": Reference ["/tmp/lGSaGCHOGD/theme","/tmp/lGSaGCHOGD/theme"] did not pass type constraint "StoreType" (not isa Statocles::Store) (in $args->{"store"}) at /home/cpan/pit/jail/2I7mkeiuFS/lib/perl5/Beam/Wire.pm line 552
    #     Not a blessed reference
    # 

    #   Failed test at t/command/apps.t line 38.
    #          got: '1'
    #     expected: '0'

    #   Failed test 'contains new post'
    #   at t/command/apps.t line 39.
    #                   ''
    #     doesn't match '(?^:New\ post\ at\:)'

    #   Failed test 'correct post file exists'
    #   at t/command/apps.t line 41.
    # Looks like you failed 4 tests of 4.

#   Failed test 'delegate to app command'
#   at t/command/apps.t line 42.

        #   Failed test 'good error message'
        #   at t/command/apps.t line 64.
        #                   '	(in cleanup) Error resolving realpath on '/tmp/_MhqnFTAJN/blog/tmp/_MhqnFTAJN/blog': No such file or directory at /home/cpan/pit/thr/conf/perl-5.30.2/.cpanplus/5.30.2/build/gBmyOK9ZW9/Statocles-0.097/blib/lib/Statocles/Store.pm line 54.
        # ERROR: Could not create site object "site" in config file "/tmp/_MhqnFTAJN/site.yml": Error resolving realpath on '/tmp/_MhqnFTAJN/blog/tmp/_MhqnFTAJN/blog': No such file or directory at /home/cpan/pit/thr/conf/perl-5.30.2/.cpanplus/5.30.2/build/gBmyOK9ZW9/Statocles-0.097/blib/lib/Statocles/Store.pm line 54.
        # 
        # '
        #     doesn't match '(?^:^ERROR: Application "test" has no commands)'
        # STDERR: 	(in cleanup) Error resolving realpath on '/tmp/_MhqnFTAJN/blog/tmp/_MhqnFTAJN/blog': No such file or directory at /home/cpan/pit/thr/conf/perl-5.30.2/.cpanplus/5.30.2/build/gBmyOK9ZW9/Statocles-0.097/blib/lib/Statocles/Store.pm line 54.
        # ERROR: Could not create site object "site" in config file "/tmp/_MhqnFTAJN/site.yml": Error resolving realpath on '/tmp/_MhqnFTAJN/blog/tmp/_MhqnFTAJN/blog': No such file or directory at /home/cpan/pit/thr/conf/perl-5.30.2/.cpanplus/5.30.2/build/gBmyOK9ZW9/Statocles-0.097/blib/lib/Statocles/Store.pm line 54.
        # 
        # Looks like you failed 1 test of 3.

    #   Failed test 'app without command'
    #   at t/command/apps.t line 68.
    # Looks like you failed 1 test of 1.

#   Failed test 'errors'
#   at t/command/apps.t line 69.
# Looks like you failed 3 tests of 3.
t/command/apps.t .............. 
Dubious, test returned 3 (wstat 768, 0x300)
Failed 3/3 subtests 
t/command/build.t ............. ok

        #   Failed test at t/command/bundle.t line 23.
        #          got: '1'
        #     expected: '0'

        #   Failed test 'nothing on stderr'
        #   at t/command/bundle.t line 24.
        # STDERR: 	(in cleanup) Error resolving realpath on '/tmp/cRUGwEcQ2g/build_site/tmp/cRUGwEcQ2g/build_site': No such file or directory at /home/cpan/pit/thr/conf/perl-5.30.2/.cpanplus/5.30.2/build/gBmyOK9ZW9/Statocles-0.097/blib/lib/Statocles/Store.pm line 54.
        # ERROR: Could not create site object "site" in config file "/tmp/cRUGwEcQ2g/site.yml": Error resolving realpath on '/tmp/cRUGwEcQ2g/build_site/tmp/cRUGwEcQ2g/build_site': No such file or directory at /home/cpan/pit/thr/conf/perl-5.30.2/.cpanplus/5.30.2/build/gBmyOK9ZW9/Statocles-0.097/blib/lib/Statocles/Store.pm line 54.
        # 

        #   Failed test at t/command/bundle.t line 25.
        #                   ''
        #     doesn't match '(?^:Theme "default" written to "/tmp/cRUGwEcQ2g/theme")'
        # Looks like you failed 3 tests of 3.

    #   Failed test 'first time creates directories'
    #   at t/command/bundle.t line 29.
    # Looks like you failed 1 test of 1.

#   Failed test 'theme'
#   at t/command/bundle.t line 89.
Error open (<:unix:utf8_strict) on '/tmp/cRUGwEcQ2g/theme/layout/default.html.ep': No such file or directory at t/command/bundle.t line 26.
# Tests were run but no plan was declared and done_testing() was not seen.
# Looks like your test exited with 255 just after 1.
t/command/bundle.t ............ 
Dubious, test returned 255 (wstat 65280, 0xff00)
Failed 1/1 subtests 
    # Git version: 2.020001
t/command/create.t ............ ok
t/command/daemon.t ............ ok
t/command/deploy.t ............ ok

    #   Failed test at t/command/error.t line 33.
    #                   '	(in cleanup) Error resolving realpath on '/tmp/rUlVMt7AkD/build_site/tmp/rUlVMt7AkD/build_site': No such file or directory at /home/cpan/pit/thr/conf/perl-5.30.2/.cpanplus/5.30.2/build/gBmyOK9ZW9/Statocles-0.097/blib/lib/Statocles/Store.pm line 54.
    # ERROR: Could not create site object "site" in config file "site.yml": Error resolving realpath on '/tmp/rUlVMt7AkD/build_site/tmp/rUlVMt7AkD/build_site': No such file or directory at /home/cpan/pit/thr/conf/perl-5.30.2/.cpanplus/5.30.2/build/gBmyOK9ZW9/Statocles-0.097/blib/lib/Statocles/Store.pm line 54.
    # 
    # '
    #     doesn't match '(?^:ERROR: Unknown command or app 'daemin')'

    #   Failed test 'reports pod from bin/statocles, not Statocles'
    #   at t/command/error.t line 34.
    #                   '	(in cleanup) Error resolving realpath on '/tmp/rUlVMt7AkD/build_site/tmp/rUlVMt7AkD/build_site': No such file or directory at /home/cpan/pit/thr/conf/perl-5.30.2/.cpanplus/5.30.2/build/gBmyOK9ZW9/Statocles-0.097/blib/lib/Statocles/Store.pm line 54.
    # ERROR: Could not create site object "site" in config file "site.yml": Error resolving realpath on '/tmp/rUlVMt7AkD/build_site/tmp/rUlVMt7AkD/build_site': No such file or directory at /home/cpan/pit/thr/conf/perl-5.30.2/.cpanplus/5.30.2/build/gBmyOK9ZW9/Statocles-0.097/blib/lib/Statocles/Store.pm line 54.
    # 
    # '
    #     doesn't match '(?^:statocles -h)'
    # Looks like you failed 2 tests of 4.

#   Failed test 'unknown command specified'
#   at t/command/error.t line 39.
# Looks like you failed 1 test of 5.
t/command/error.t ............. 
Dubious, test returned 1 (wstat 256, 0x100)
Failed 1/5 subtests 

    #   Failed test at t/command/help_and_version.t line 42.
    #          got: 'Statocles version 1.00 (Perl v5.30.2)
    # Locale: en_GB.UTF-8
    # '
    #     expected: 'Statocles version 1.00 (Perl v5.30.2)
    # Locale: en_US.UTF-8
    # '

        #   Failed test at t/command/help_and_version.t line 48.
        #          got: 'Statocles version 1.00 (Perl v5.30.2)
        # Locale: en_GB.UTF-8
        # '
        #     expected: 'Statocles version 1.00 (Perl v5.30.2)
        # Locale: en_US.UTF-8
        # '
        # Looks like you failed 1 test of 3.

    #   Failed test '-v (verbose) and no args shows version'
    #   at t/command/help_and_version.t line 49.
    # Looks like you failed 2 tests of 4.

#   Failed test 'get version'
#   at t/command/help_and_version.t line 50.
# Looks like you failed 1 test of 2.
t/command/help_and_version.t .. 
Dubious, test returned 1 (wstat 256, 0x100)
Failed 1/2 subtests 
t/command/mojo_app.t .......... ok
t/deploy/file.t ............... ok
# Git version: 2.020001
[2020-12-09 12:52:54.74691] [17461] [warn] No files changed
[2020-12-09 12:52:54.84118] [17461] [warn] No files changed
[2020-12-09 12:52:56.35120] [17461] [warn] Git remote "origin" does not exist. Not pushing.
[2020-12-09 12:52:56.53042] [17461] [warn] Git remote "nondefault" does not exist. Not pushing.
t/deploy/git.t ................ ok
t/deprecated.t ................ ok
t/document.t .................. ok
t/image.t ..................... ok
t/link.t ...................... ok
t/link/tree.t ................. ok
t/page/basename.t ............. ok
t/page/content_sections.t ..... ok
Invalid data attribute in document "/required.markdown". Data attributes that are not hashes are deprecated and will be removed in v2.0. Please use a hash instead. See Statocles::Help::Upgrading
Invalid data attribute in document "/links/alternate_single.markdown". Data attributes that are not hashes are deprecated and will be removed in v2.0. Please use a hash instead. See Statocles::Help::Upgrading
t/page/document.t ............. ok
t/page/file.t ................. ok
t/page/images.t ............... ok
t/page/links.t ................ ok
t/page/list.t ................. ok
t/page/list_item.t ............ ok
[2020-12-09 12:53:08.87359] [18569] [debug] Render page: /path/to/page.html
t/page/plain.t ................ ok
t/page/type.t ................. ok
t/person.t .................... ok
t/plugin.t .................... ok
t/plugin/highlight.t .......... skipped: Syntax::Highlight::Engine::Kate needed
t/plugin/html_lint.t .......... skipped: HTML::Lint::Pluggable v0.06 or higher needed
t/plugin/link_check.t ......... ok
t/plugin/mermaid.t ............ ok
t/site.t ...................... ok
    # Current locale: en_GB.UTF-8

        #   Failed test 'contains blog post document path'
        #   at t/statocles.t line 73.
        #                   'perl: warning: Setting locale failed.
        # perl: warning: Please check that your locale settings:
        # 	LANGUAGE = "en_GB:en",
        # 	LC_ALL = "en_US.UTF-8",
        # 	LC_CTYPE = "en_US.UTF-8",
        # 	LANG = "en_US.UTF-8"
        #     are supported and installed on your system.
        # perl: warning: Falling back to the standard locale ("C").
        # 	(in cleanup) Error resolving realpath on '/tmp/e8hGdb9Sx5/blog/tmp/e8hGdb9Sx5/blog': No such file or directory at /home/cpan/pit/thr/conf/perl-5.30.2/.cpanplus/5.30.2/build/gBmyOK9ZW9/Statocles-0.097/blib/lib/Statocles/Store.pm line 54.
        # ERROR: Could not create site object "site" in config file "/tmp/e8hGdb9Sx5/site.yml": Error resolving realpath on '/tmp/e8hGdb9Sx5/blog/tmp/e8hGdb9Sx5/blog': No such file or directory at /home/cpan/pit/thr/conf/perl-5.30.2/.cpanplus/5.30.2/build/gBmyOK9ZW9/Statocles-0.097/blib/lib/Statocles/Store.pm line 54.
        # 
        # '
        #     doesn't match '(?^:New post at: \/tmp\/e8hGdb9Sx5\/blog\/2020\/12\/09\/test\-a\-a\-ay\/index\.markdown)'
        # Looks like you failed 1 test of 3.

    #   Failed test 'run the command'
    #   at t/statocles.t line 75.
        # No tests run!

    #   Failed test 'No tests run for subtest "check the generated document"'
    #   at t/statocles.t line 94.
    # Looks like you failed 2 tests of 2.

#   Failed test 'handle locales on ARGV and STDIN'
#   at t/statocles.t line 95.
Error open (<:unix:utf8_strict) on '/tmp/e8hGdb9Sx5/blog/2020/12/09/test-a-a-ay/index.markdown': No such file or directory at t/statocles.t line 79.
# Tests were run but no plan was declared and done_testing() was not seen.
# Looks like your test exited with 255 just after 2.
t/statocles.t ................. 
Dubious, test returned 255 (wstat 65280, 0xff00)
Failed 1/2 subtests 
t/store.t ..................... ok
t/template/basic.t ............ ok
t/template/content.t .......... ok
t/template/include.t .......... ok
t/template/markdown.t ......... ok
Odd number of elements in hash assignment at /home/cpan/pit/jail/2I7mkeiuFS/lib/perl5/Mojo/DOM/CSS.pm line 82.
Odd number of elements in hash assignment at /home/cpan/pit/jail/2I7mkeiuFS/lib/perl5/Mojo/DOM/CSS.pm line 82.
Odd number of elements in hash assignment at /home/cpan/pit/jail/2I7mkeiuFS/lib/perl5/Mojo/DOM/CSS.pm line 82.
Odd number of elements in hash assignment at /home/cpan/pit/jail/2I7mkeiuFS/lib/perl5/Mojo/DOM/CSS.pm line 82.
Odd number of elements in hash assignment at /home/cpan/pit/jail/2I7mkeiuFS/lib/perl5/Mojo/DOM/CSS.pm line 82.
Odd number of elements in hash assignment at /home/cpan/pit/jail/2I7mkeiuFS/lib/perl5/Mojo/DOM/CSS.pm line 82.
Odd number of elements in hash assignment at /home/cpan/pit/jail/2I7mkeiuFS/lib/perl5/Mojo/DOM/CSS.pm line 82.
Odd number of elements in hash assignment at /home/cpan/pit/jail/2I7mkeiuFS/lib/perl5/Mojo/DOM/CSS.pm line 82.
Odd number of elements in hash assignment at /home/cpan/pit/jail/2I7mkeiuFS/lib/perl5/Mojo/DOM/CSS.pm line 82.
Odd number of elements in hash assignment at /home/cpan/pit/jail/2I7mkeiuFS/lib/perl5/Mojo/DOM/CSS.pm line 82.
Odd number of elements in hash assignment at /home/cpan/pit/jail/2I7mkeiuFS/lib/perl5/Mojo/DOM/CSS.pm line 82.
Odd number of elements in hash assignment at /home/cpan/pit/jail/2I7mkeiuFS/lib/perl5/Mojo/DOM/CSS.pm line 82.
Odd number of elements in hash assignment at /home/cpan/pit/jail/2I7mkeiuFS/lib/perl5/Mojo/DOM/CSS.pm line 82.
Odd number of elements in hash assignment at /home/cpan/pit/jail/2I7mkeiuFS/lib/perl5/Mojo/DOM/CSS.pm line 82.
Odd number of elements in hash assignment at /home/cpan/pit/jail/2I7mkeiuFS/lib/perl5/Mojo/DOM/CSS.pm line 82.
Odd number of elements in hash assignment at /home/cpan/pit/jail/2I7mkeiuFS/lib/perl5/Mojo/DOM/CSS.pm line 82.
Odd number of elements in hash assignment at /home/cpan/pit/jail/2I7mkeiuFS/lib/perl5/Mojo/DOM/CSS.pm line 82.
Odd number of elements in hash assignment at /home/cpan/pit/jail/2I7mkeiuFS/lib/perl5/Mojo/DOM/CSS.pm line 82.
Odd number of elements in hash assignment at /home/cpan/pit/jail/2I7mkeiuFS/lib/perl5/Mojo/DOM/CSS.pm line 82.
Odd number of elements in hash assignment at /home/cpan/pit/jail/2I7mkeiuFS/lib/perl5/Mojo/DOM/CSS.pm line 82.
Odd number of elements in hash assignment at /home/cpan/pit/jail/2I7mkeiuFS/lib/perl5/Mojo/DOM/CSS.pm line 82.
Odd number of elements in hash assignment at /home/cpan/pit/jail/2I7mkeiuFS/lib/perl5/Mojo/DOM/CSS.pm line 82.
Odd number of elements in hash assignment at /home/cpan/pit/jail/2I7mkeiuFS/lib/perl5/Mojo/DOM/CSS.pm line 82.
Odd number of elements in hash assignment at /home/cpan/pit/jail/2I7mkeiuFS/lib/perl5/Mojo/DOM/CSS.pm line 82.
Odd number of elements in hash assignment at /home/cpan/pit/jail/2I7mkeiuFS/lib/perl5/Mojo/DOM/CSS.pm line 82.
Odd number of elements in hash assignment at /home/cpan/pit/jail/2I7mkeiuFS/lib/perl5/Mojo/DOM/CSS.pm line 82.
Odd number of elements in hash assignment at /home/cpan/pit/jail/2I7mkeiuFS/lib/perl5/Mojo/DOM/CSS.pm line 82.
Odd number of elements in hash assignment at /home/cpan/pit/jail/2I7mkeiuFS/lib/perl5/Mojo/DOM/CSS.pm line 82.
Odd number of elements in hash assignment at /home/cpan/pit/jail/2I7mkeiuFS/lib/perl5/Mojo/DOM/CSS.pm line 82.
Odd number of elements in hash assignment at /home/cpan/pit/jail/2I7mkeiuFS/lib/perl5/Mojo/DOM/CSS.pm line 82.
Odd number of elements in hash assignment at /home/cpan/pit/jail/2I7mkeiuFS/lib/perl5/Mojo/DOM/CSS.pm line 82.
Odd number of elements in hash assignment at /home/cpan/pit/jail/2I7mkeiuFS/lib/perl5/Mojo/DOM/CSS.pm line 82.
Odd number of elements in hash assignment at /home/cpan/pit/jail/2I7mkeiuFS/lib/perl5/Mojo/DOM/CSS.pm line 82.
Odd number of elements in hash assignment at /home/cpan/pit/jail/2I7mkeiuFS/lib/perl5/Mojo/DOM/CSS.pm line 82.
Odd number of elements in hash assignment at /home/cpan/pit/jail/2I7mkeiuFS/lib/perl5/Mojo/DOM/CSS.pm line 82.
Odd number of elements in hash assignment at /home/cpan/pit/jail/2I7mkeiuFS/lib/perl5/Mojo/DOM/CSS.pm line 82.
Odd number of elements in hash assignment at /home/cpan/pit/jail/2I7mkeiuFS/lib/perl5/Mojo/DOM/CSS.pm line 82.
Odd number of elements in hash assignment at /home/cpan/pit/jail/2I7mkeiuFS/lib/perl5/Mojo/DOM/CSS.pm line 82.
Odd number of elements in hash assignment at /home/cpan/pit/jail/2I7mkeiuFS/lib/perl5/Mojo/DOM/CSS.pm line 82.
Odd number of elements in hash assignment at /home/cpan/pit/jail/2I7mkeiuFS/lib/perl5/Mojo/DOM/CSS.pm line 82.
Odd number of elements in hash assignment at /home/cpan/pit/jail/2I7mkeiuFS/lib/perl5/Mojo/DOM/CSS.pm line 82.
Odd number of elements in hash assignment at /home/cpan/pit/jail/2I7mkeiuFS/lib/perl5/Mojo/DOM/CSS.pm line 82.
Odd number of elements in hash assignment at /home/cpan/pit/jail/2I7mkeiuFS/lib/perl5/Mojo/DOM/CSS.pm line 82.
Odd number of elements in hash assignment at /home/cpan/pit/jail/2I7mkeiuFS/lib/perl5/Mojo/DOM/CSS.pm line 82.
Odd number of elements in hash assignment at /home/cpan/pit/jail/2I7mkeiuFS/lib/perl5/Mojo/DOM/CSS.pm line 82.
Odd number of elements in hash assignment at /home/cpan/pit/jail/2I7mkeiuFS/lib/perl5/Mojo/DOM/CSS.pm line 82.
Odd number of elements in hash assignment at /home/cpan/pit/jail/2I7mkeiuFS/lib/perl5/Mojo/DOM/CSS.pm line 82.
Odd number of elements in hash assignment at /home/cpan/pit/jail/2I7mkeiuFS/lib/perl5/Mojo/DOM/CSS.pm line 82.
Odd number of elements in hash assignment at /home/cpan/pit/jail/2I7mkeiuFS/lib/perl5/Mojo/DOM/CSS.pm line 82.
Odd number of elements in hash assignment at /home/cpan/pit/jail/2I7mkeiuFS/lib/perl5/Mojo/DOM/CSS.pm line 82.
Odd number of elements in hash assignment at /home/cpan/pit/jail/2I7mkeiuFS/lib/perl5/Mojo/DOM/CSS.pm line 82.
Odd number of elements in hash assignment at /home/cpan/pit/jail/2I7mkeiuFS/lib/perl5/Mojo/DOM/CSS.pm line 82.
Odd number of elements in hash assignment at /home/cpan/pit/jail/2I7mkeiuFS/lib/perl5/Mojo/DOM/CSS.pm line 82.
Odd number of elements in hash assignment at /home/cpan/pit/jail/2I7mkeiuFS/lib/perl5/Mojo/DOM/CSS.pm line 82.
Odd number of elements in hash assignment at /home/cpan/pit/jail/2I7mkeiuFS/lib/perl5/Mojo/DOM/CSS.pm line 82.
Odd number of elements in hash assignment at /home/cpan/pit/jail/2I7mkeiuFS/lib/perl5/Mojo/DOM/CSS.pm line 82.
Odd number of elements in hash assignment at /home/cpan/pit/jail/2I7mkeiuFS/lib/perl5/Mojo/DOM/CSS.pm line 82.
Odd number of elements in hash assignment at /home/cpan/pit/jail/2I7mkeiuFS/lib/perl5/Mojo/DOM/CSS.pm line 82.
Odd number of elements in hash assignment at /home/cpan/pit/jail/2I7mkeiuFS/lib/perl5/Mojo/DOM/CSS.pm line 82.
Odd number of elements in hash assignment at /home/cpan/pit/jail/2I7mkeiuFS/lib/perl5/Mojo/DOM/CSS.pm line 82.
Odd number of elements in hash assignment at /home/cpan/pit/jail/2I7mkeiuFS/lib/perl5/Mojo/DOM/CSS.pm line 82.
Odd number of elements in hash assignment at /home/cpan/pit/jail/2I7mkeiuFS/lib/perl5/Mojo/DOM/CSS.pm line 82.
Odd number of elements in hash assignment at /home/cpan/pit/jail/2I7mkeiuFS/lib/perl5/Mojo/DOM/CSS.pm line 82.
Odd number of elements in hash assignment at /home/cpan/pit/jail/2I7mkeiuFS/lib/perl5/Mojo/DOM/CSS.pm line 82.
Odd number of elements in hash assignment at /home/cpan/pit/jail/2I7mkeiuFS/lib/perl5/Mojo/DOM/CSS.pm line 82.
Odd number of elements in hash assignment at /home/cpan/pit/jail/2I7mkeiuFS/lib/perl5/Mojo/DOM/CSS.pm line 82.
Odd number of elements in hash assignment at /home/cpan/pit/jail/2I7mkeiuFS/lib/perl5/Mojo/DOM/CSS.pm line 82.
Odd number of elements in hash assignment at /home/cpan/pit/jail/2I7mkeiuFS/lib/perl5/Mojo/DOM/CSS.pm line 82.
Odd number of elements in hash assignment at /home/cpan/pit/jail/2I7mkeiuFS/lib/perl5/Mojo/DOM/CSS.pm line 82.
Odd number of elements in hash assignment at /home/cpan/pit/jail/2I7mkeiuFS/lib/perl5/Mojo/DOM/CSS.pm line 82.
Odd number of elements in hash assignment at /home/cpan/pit/jail/2I7mkeiuFS/lib/perl5/Mojo/DOM/CSS.pm line 82.
Odd number of elements in hash assignment at /home/cpan/pit/jail/2I7mkeiuFS/lib/perl5/Mojo/DOM/CSS.pm line 82.
Odd number of elements in hash assignment at /home/cpan/pit/jail/2I7mkeiuFS/lib/perl5/Mojo/DOM/CSS.pm line 82.
Odd number of elements in hash assignment at /home/cpan/pit/jail/2I7mkeiuFS/lib/perl5/Mojo/DOM/CSS.pm line 82.
Odd number of elements in hash assignment at /home/cpan/pit/jail/2I7mkeiuFS/lib/perl5/Mojo/DOM/CSS.pm line 82.
Odd number of elements in hash assignment at /home/cpan/pit/jail/2I7mkeiuFS/lib/perl5/Mojo/DOM/CSS.pm line 82.
Odd number of elements in hash assignment at /home/cpan/pit/jail/2I7mkeiuFS/lib/perl5/Mojo/DOM/CSS.pm line 82.
Odd number of elements in hash assignment at /home/cpan/pit/jail/2I7mkeiuFS/lib/perl5/Mojo/DOM/CSS.pm line 82.
Odd number of elements in hash assignment at /home/cpan/pit/jail/2I7mkeiuFS/lib/perl5/Mojo/DOM/CSS.pm line 82.
Odd number of elements in hash assignment at /home/cpan/pit/jail/2I7mkeiuFS/lib/perl5/Mojo/DOM/CSS.pm line 82.
Odd number of elements in hash assignment at /home/cpan/pit/jail/2I7mkeiuFS/lib/perl5/Mojo/DOM/CSS.pm line 82.
Odd number of elements in hash assignment at /home/cpan/pit/jail/2I7mkeiuFS/lib/perl5/Mojo/DOM/CSS.pm line 82.
Odd number of elements in hash assignment at /home/cpan/pit/jail/2I7mkeiuFS/lib/perl5/Mojo/DOM/CSS.pm line 82.
Odd number of elements in hash assignment at /home/cpan/pit/jail/2I7mkeiuFS/lib/perl5/Mojo/DOM/CSS.pm line 82.
Odd number of elements in hash assignment at /home/cpan/pit/jail/2I7mkeiuFS/lib/perl5/Mojo/DOM/CSS.pm line 82.
Odd number of elements in hash assignment at /home/cpan/pit/jail/2I7mkeiuFS/lib/perl5/Mojo/DOM/CSS.pm line 82.
Odd number of elements in hash assignment at /home/cpan/pit/jail/2I7mkeiuFS/lib/perl5/Mojo/DOM/CSS.pm line 82.
Odd number of elements in hash assignment at /home/cpan/pit/jail/2I7mkeiuFS/lib/perl5/Mojo/DOM/CSS.pm line 82.
Odd number of elements in hash assignment at /home/cpan/pit/jail/2I7mkeiuFS/lib/perl5/Mojo/DOM/CSS.pm line 82.
Odd number of elements in hash assignment at /home/cpan/pit/jail/2I7mkeiuFS/lib/perl5/Mojo/DOM/CSS.pm line 82.
t/theme/check.t ............... ok
t/theme/helper.t .............. ok
t/theme/pages.t ............... ok
t/theme/template.t ............ ok
t/types.t ..................... ok
sh: 1: HOPEFULLY_DOES_NOT_EXIST: not found
Terminated
t/util.t ...................... ok

Test Summary Report
-------------------
t/command/apps.t            (Wstat: 768 Tests: 3 Failed: 3)
  Failed tests:  1-3
  Non-zero exit status: 3
t/command/bundle.t          (Wstat: 65280 Tests: 1 Failed: 1)
  Failed test:  1
  Non-zero exit status: 255
  Parse errors: No plan found in TAP output
t/command/error.t           (Wstat: 256 Tests: 5 Failed: 1)
  Failed test:  2
  Non-zero exit status: 1
t/command/help_and_version.t (Wstat: 256 Tests: 2 Failed: 1)
  Failed test:  2
  Non-zero exit status: 1
t/statocles.t               (Wstat: 65280 Tests: 2 Failed: 1)
  Failed test:  2
  Non-zero exit status: 255
  Parse errors: No plan found in TAP output
Files=63, Tests=314, 80 wallclock secs ( 0.39 usr  0.07 sys + 74.78 cusr  4.33 csys = 79.57 CPU)
Result: FAIL
Failed 5/63 test programs. 7/314 subtests failed.
make: *** [Makefile:1167: test_dynamic] Error 255


PREREQUISITES:

Here is a list of prerequisites you specified and versions we
managed to load:

	  Module Name                        Have     Want
	  Beam::Emitter                     1.007    0.007
	  Beam::Wire                        1.023    1.018
	  Capture::Tiny                      0.48        0
	  DateTime::Moonpig                  1.03        0
	  Dir::Self                          0.11        0
	  Encode                             3.01        0
	  Encode::Locale                     1.05        0
	  ExtUtils::MakeMaker                7.48        0
	  File::Share                        0.25        0
	  File::Spec                         3.78        0
	  Git::Repository                   1.324        0
	  I18N::Langinfo                     0.18        0
	  IO::Handle                         1.40        0
	  IPC::Open3                         1.20        0
	  Import::Base                      1.004    0.012
	  JSON::PP                           4.02        0
	  List::UtilsBy                      0.11     0.09
	  Mojolicious                        8.67     6.54
	  Moo                            2.004004 2.000001
	  Path::Tiny                        0.114    0.084
	  Pod::Simple                        3.35     3.31
	  Pod::Usage::Return                0.003        0
	  Role::Tiny                     2.001004 2.000008
	  Storable                           3.15        0
	  Test::Deep                        1.130        0
	  Test::Differences                  0.67     0.64
	  Test::Exception                    0.43     0.42
	  Test::Lib                         0.002        0
	  Test::More                     1.302181 1.001005
	  Text::Markdown                 1.000031        0
	  Text::Unidecode                    1.30        0
	  Type::Tiny                     1.012000        0
	  Types::Path::Tiny                 0.006        0
	  YAML                               1.30        0
	  strict                             1.11        0
	  warnings                           1.44        0

Perl module toolchain versions installed:
	Module Name                        Have
	CPANPLUS                         0.9908
	CPANPLUS::Dist::Build              0.90
	Cwd                                3.78
	ExtUtils::CBuilder             0.280234
	ExtUtils::Command                  7.48
	ExtUtils::Install                  2.18
	ExtUtils::MakeMaker                7.48
	ExtUtils::Manifest                 1.72
	ExtUtils::ParseXS                  3.40
	File::Spec                         3.78
	Module::Build                    0.4231
	Pod::Parser                        1.63
	Pod::Simple                        3.35
	Test2                          1.302181
	Test::Harness                      3.42
	Test::More                     1.302181
	version                          0.9928

******************************** NOTE ********************************
The comments above are created mechanically, possibly without manual
checking by the sender.  As there are many people performing automatic
tests on each upload to CPAN, it is likely that you will receive
identical messages about the same problem.

If you believe that the message is mistaken, please reply to the first
one with correction and/or additional informations, and do not take
it personally.  We appreciate your patience. :)
**********************************************************************

Additional comments:


This report was machine-generated by CPANPLUS::Dist::YACSmoke 1.08.
Powered by minismokebox version 0.68

CPANPLUS is prefering Build.PL

------------------------------
ENVIRONMENT AND OTHER CONTEXT
------------------------------

Environment variables:

    AUTOMATED_TESTING = 1
    LANG = en_GB.UTF-8
    LANGUAGE = en_GB:en
    NONINTERACTIVE_TESTING = 1
    PATH = /home/cpan/pit/thr/conf/perl-5.30.2/.cpanplus/5.30.2/build/gBmyOK9ZW9/Statocles-0.097/blib/script:/usr/local/bin:/usr/bin:/bin:/usr/local/games:/usr/games
    PERL5LIB = /home/cpan/pit/jail/2I7mkeiuFS/lib/perl5:/home/cpan/pit/thr/conf/perl-5.30.2/.cpanplus/5.30.2/build/gBmyOK9ZW9/Statocles-0.097/blib/lib:/home/cpan/pit/thr/conf/perl-5.30.2/.cpanplus/5.30.2/build/gBmyOK9ZW9/Statocles-0.097/blib/arch
    PERL5_CPANPLUS_IS_RUNNING = 994
    PERL5_CPANPLUS_IS_VERSION = 0.9908
    PERL5_MINISMOKEBOX = 0.68
    PERL5_YACSMOKE_BASE = /home/cpan/pit/thr/conf/perl-5.30.2
    PERL_EXTUTILS_AUTOINSTALL = --defaultdeps
    PERL_LOCAL_LIB_ROOT = /home/cpan/pit/jail/2I7mkeiuFS
    PERL_MB_OPT = --install_base "/home/cpan/pit/jail/2I7mkeiuFS"
    PERL_MM_OPT = INSTALL_BASE=/home/cpan/pit/jail/2I7mkeiuFS
    PERL_MM_USE_DEFAULT = 1
    PERL_USE_UNSAFE_INC = 1
    SHELL = /bin/bash
    TERM = screen

Perl special variables (and OS-specific diagnostics, for MSWin32):

    Perl: $^X = /home/cpan/pit/thr/perl-5.30.2/bin/perl
    UID:  $<  = 1001
    EUID: $>  = 1001
    GID:  $(  = 1001 1001
    EGID: $)  = 1001 1001


-------------------------------


--

Summary of my perl5 (revision 5 version 30 subversion 2) configuration:
   
  Platform:
    osname=linux
    osvers=4.19.0-8-686
    archname=i686-linux-thread-multi
    uname='linux dagobah 4.19.0-8-686 #1 smp debian 4.19.98-1 (2020-01-26) i686 gnulinux '
    config_args='-des -Dprefix=/home/cpan/pit/thr/perl-5.30.2 -Dusethreads'
    hint=recommended
    useposix=true
    d_sigaction=define
    useithreads=define
    usemultiplicity=define
    use64bitint=undef
    use64bitall=undef
    uselongdouble=undef
    usemymalloc=n
    default_inc_excludes_dot=define
    bincompat5005=undef
  Compiler:
    cc='cc'
    ccflags ='-D_REENTRANT -D_GNU_SOURCE -fwrapv -fno-strict-aliasing -pipe -fstack-protector-strong -I/usr/local/include -D_LARGEFILE_SOURCE -D_FILE_OFFSET_BITS=64 -D_FORTIFY_SOURCE=2'
    optimize='-O2'
    cppflags='-D_REENTRANT -D_GNU_SOURCE -fwrapv -fno-strict-aliasing -pipe -fstack-protector-strong -I/usr/local/include'
    ccversion=''
    gccversion='8.3.0'
    gccosandvers=''
    intsize=4
    longsize=4
    ptrsize=4
    doublesize=8
    byteorder=1234
    doublekind=3
    d_longlong=define
    longlongsize=8
    d_longdbl=define
    longdblsize=12
    longdblkind=3
    ivtype='long'
    ivsize=4
    nvtype='double'
    nvsize=8
    Off_t='off_t'
    lseeksize=8
    alignbytes=4
    prototype=define
  Linker and Libraries:
    ld='cc'
    ldflags =' -fstack-protector-strong -L/usr/local/lib'
    libpth=/usr/local/lib /usr/lib/gcc/i686-linux-gnu/8/include-fixed /usr/include/i386-linux-gnu /usr/lib /lib/i386-linux-gnu /lib/../lib /usr/lib/i386-linux-gnu /usr/lib/../lib /lib /lib64 /usr/lib64
    libs=-lpthread -lnsl -lgdbm -ldl -lm -lcrypt -lutil -lc
    perllibs=-lpthread -lnsl -ldl -lm -lcrypt -lutil -lc
    libc=libc-2.28.so
    so=so
    useshrplib=false
    libperl=libperl.a
    gnulibc_version='2.28'
  Dynamic Linking:
    dlsrc=dl_dlopen.xs
    dlext=so
    d_dlsymun=undef
    ccdlflags='-Wl,-E'
    cccdlflags='-fPIC'
    lddlflags='-shared -O2 -L/usr/local/lib -fstack-protector-strong'


Characteristics of this binary (from libperl): 
  Compile-time options:
    HAS_TIMES
    MULTIPLICITY
    PERLIO_LAYERS
    PERL_COPY_ON_WRITE
    PERL_DONT_CREATE_GVSV
    PERL_IMPLICIT_CONTEXT
    PERL_MALLOC_WRAP
    PERL_OP_PARENT
    PERL_PRESERVE_IVUV
    USE_ITHREADS
    USE_LARGE_FILES
    USE_LOCALE
    USE_LOCALE_COLLATE
    USE_LOCALE_CTYPE
    USE_LOCALE_NUMERIC
    USE_LOCALE_TIME
    USE_PERLIO
    USE_PERL_ATOF
    USE_REENTRANT_API
    USE_THREAD_SAFE_LOCALE
  Locally applied patches:
    Devel::PatchPerl 1.90
  Built under linux
  Compiled at Mar 15 2020 19:02:29
  %ENV:
    PERL5LIB="/home/cpan/pit/jail/2I7mkeiuFS/lib/perl5:/home/cpan/pit/thr/conf/perl-5.30.2/.cpanplus/5.30.2/build/gBmyOK9ZW9/Statocles-0.097/blib/lib:/home/cpan/pit/thr/conf/perl-5.30.2/.cpanplus/5.30.2/build/gBmyOK9ZW9/Statocles-0.097/blib/arch"
    PERL5_CPANPLUS_IS_RUNNING="994"
    PERL5_CPANPLUS_IS_VERSION="0.9908"
    PERL5_MINISMOKEBOX="0.68"
    PERL5_YACSMOKE_BASE="/home/cpan/pit/thr/conf/perl-5.30.2"
    PERL_EXTUTILS_AUTOINSTALL="--defaultdeps"
    PERL_LOCAL_LIB_ROOT="/home/cpan/pit/jail/2I7mkeiuFS"
    PERL_MB_OPT="--install_base "/home/cpan/pit/jail/2I7mkeiuFS""
    PERL_MM_OPT="INSTALL_BASE=/home/cpan/pit/jail/2I7mkeiuFS"
    PERL_MM_USE_DEFAULT="1"
    PERL_USE_UNSAFE_INC="1"
  @INC:
    /home/cpan/pit/jail/2I7mkeiuFS/lib/perl5/5.30.2/i686-linux-thread-multi
    /home/cpan/pit/jail/2I7mkeiuFS/lib/perl5/5.30.2
    /home/cpan/pit/jail/2I7mkeiuFS/lib/perl5/i686-linux-thread-multi
    /home/cpan/pit/jail/2I7mkeiuFS/lib/perl5
    /home/cpan/pit/thr/conf/perl-5.30.2/.cpanplus/5.30.2/build/gBmyOK9ZW9/Statocles-0.097/blib/lib
    /home/cpan/pit/thr/conf/perl-5.30.2/.cpanplus/5.30.2/build/gBmyOK9ZW9/Statocles-0.097/blib/arch
    /home/cpan/pit/thr/perl-5.30.2/lib/site_perl/5.30.2/i686-linux-thread-multi
    /home/cpan/pit/thr/perl-5.30.2/lib/site_perl/5.30.2
    /home/cpan/pit/thr/perl-5.30.2/lib/5.30.2/i686-linux-thread-multi
    /home/cpan/pit/thr/perl-5.30.2/lib/5.30.2
    .