App-perlimports v0.000002 Perl 5 v5.28.1 amd64-freebsd
- Status
- Fail
- From
- Slaven Rezić
- Dist
-
App-perlimports v0.000002
- Platform
- Perl 5 v5.28.1 amd64-freebsd
- Date
- 2021-04-25 06:00:28
- ID
- 890dc15c-a58b-11eb-aa45-49461f24ea8f
This distribution has been tested as part of the CPAN Testers
project, supporting the Perl programming language. See
http://wiki.cpantesters.org/ for more information or email
questions to cpan-testers-discuss@perl.org
--
Dear Olaf Alders,
This is a computer-generated report for App-perlimports-0.000002
on perl 5.28.1, created by CPAN-Reporter-1.2018.
Thank you for uploading your work to CPAN. However, there was a problem
testing your distribution.
If you think this report is invalid, please consult the CPAN Testers Wiki
for suggestions on how to avoid getting FAIL reports for missing library
or binary dependencies, unsupported operating systems, and so on:
http://wiki.cpantesters.org/wiki/CPANAuthorNotes
Sections of this report:
* Tester comments
* Program output
* Prerequisites
* Environment and other context
------------------------------
TESTER COMMENTS
------------------------------
Additional comments from tester:
none provided
------------------------------
PROGRAM OUTPUT
------------------------------
Output from '/usr/bin/make test':
PERL_DL_NONLAZY=1 "/usr/perl5.28.1p/bin/perl" "-MExtUtils::Command::MM" "-MTest::Harness" "-e" "undef *Test::Harness::Switches; test_harness(0, 'blib/lib', 'blib/arch')" t/*.t t/ExportInspector/*.t t/cpan-modules/*.t
#
# Versions for all modules listed in MYMETA.json (including optional ones):
#
# === Configure Requires ===
#
# Module Want Have
# ------------------- ---- ----
# ExtUtils::MakeMaker any 7.62
#
# === Build Requires ===
#
# Module Want Have
# ------------------- ---- ----
# ExtUtils::MakeMaker any 7.62
#
# === Test Requires ===
#
# Module Want Have
# ---------------------- ---- --------
# Cpanel::JSON::XS any 4.26
# Data::Printer any 1.000004
# ExtUtils::MakeMaker any 7.62
# File::Spec any 3.75
# Geo::IP any 1.51
# Getopt::Long 2.40 2.52
# LWP::UserAgent 6.49 6.52
# Sub::Exporter any 0.987
# Test::More any 1.302183
# Test::Most any 0.37
# Test::Needs any 0.002006
# Test::RequiresInternet any 0.05
# Test::Warnings any 0.030
#
# === Test Recommends ===
#
# Module Want Have
# ---------- -------- --------
# CPAN::Meta 2.120900 2.150010
#
# === Runtime Requires ===
#
# Module Want Have
# ----------------------------- -------- --------
# Capture::Tiny any 0.48
# Class::Inspector 1.36 1.36
# Class::Unload any 0.11
# Data::Dumper any 2.173
# Data::Printer any 1.000004
# File::Basename any 2.85
# FindBin any 1.51
# Getopt::Long::Descriptive any 0.106
# List::Util any 1.56
# Log::Dispatch any 2.70
# Log::Dispatch::Array any 1.003
# Module::Runtime any 0.016
# Moo any 2.005004
# Moo::Role any 2.005004
# MooX::StrictConstructor any 0.010
# PPI 1.270 1.270
# PPIx::QuoteLike any 0.015
# PPIx::Utils::Classification any 0.003
# Path::Tiny any 0.118
# Perl::Tidy 20210111 20210402
# Pod::Usage any 2.01
# Ref::Util any 0.204
# String::InterpolatedVariables any 1.1.0
# Sub::HandlesVia any 0.016
# Symbol::Get 0.10 0.10
# Text::SimpleTable::AutoWidth any 0.09
# Try::Tiny any 0.30
# Types::Standard any 1.012001
# lib any 0.64
# strict any 1.11
# utf8 any 1.21
# warnings any 1.42
#
t/00-report-prereqs.t ............ ok
t/after.t ........................ ok
t/args-in-import.t ............... ok
t/carp.t ......................... ok
t/cast.t ......................... ok
t/cli.t .......................... ok
t/cpan-modules/pithub.t .......... ok
t/cpan-modules/test2-v0.t ........ ok
t/do-block.t ..................... ok
t/Document.t ..................... ok
# Failed test 'no errors'
# at t/dump-perl-exports.t line 14.
# Can't locate Moo.pm in @INC (you may need to install the Moo module) (@INC contains: lib /home/cpansand/.cpan/build/2021042501/App-perlimports-0.000002-0/blib/lib /home/cpansand/.cpan/build/2021042501/App-perlimports-0.000002-0/blib/arch /usr/local/lib/perl5/site_perl/mach/5.24 /usr/local/lib/perl5/site_perl /usr/local/lib/perl5/5.24/mach /usr/local/lib/perl5/5.24 .) at lib/App/perlimports/ExportInspector.pm line 3.
# BEGIN failed--compilation aborted at lib/App/perlimports/ExportInspector.pm line 3.
# Compilation failed in require at script/dump-perl-exports line 6.
# BEGIN failed--compilation aborted at script/dump-perl-exports line 6.
# Looks like you failed 1 test of 1.
# Failed test 'Moose'
# at t/dump-perl-exports.t line 15.
# Failed test 'no errors'
# at t/dump-perl-exports.t line 21.
# Can't locate Moo.pm in @INC (you may need to install the Moo module) (@INC contains: lib /home/cpansand/.cpan/build/2021042501/App-perlimports-0.000002-0/blib/lib /home/cpansand/.cpan/build/2021042501/App-perlimports-0.000002-0/blib/arch /usr/local/lib/perl5/site_perl/mach/5.24 /usr/local/lib/perl5/site_perl /usr/local/lib/perl5/5.24/mach /usr/local/lib/perl5/5.24 .) at lib/App/perlimports/ExportInspector.pm line 3.
# BEGIN failed--compilation aborted at lib/App/perlimports/ExportInspector.pm line 3.
# Compilation failed in require at script/dump-perl-exports line 6.
# BEGIN failed--compilation aborted at script/dump-perl-exports line 6.
# Looks like you failed 1 test of 1.
# Failed test 'Moo'
# at t/dump-perl-exports.t line 22.
# Looks like you failed 2 tests of 3.
t/dump-perl-exports.t ............
Dubious, test returned 2 (wstat 512, 0x200)
Failed 2/3 subtests
t/dupes.t ........................ ok
t/english.t ...................... ok
t/exported-variables.t ........... ok
t/ExportInspector/DDP.t .......... ok
t/ExportInspector/load.t ......... ok
t/ExportInspector/SubExporter.t .. skipped: Need MetaCPAN::Moose
t/find-bin.t ..................... ok
t/fully-qualified.t .............. ok
t/func-in-use.t .................. ok
t/func-in-var.t .................. ok
t/geo-ip.t ....................... ok
t/hash-in-regex.t ................ ok
t/hash-key.t ..................... ok
t/heredoc.t ...................... ok
t/ignored-modules.t .............. ok
t/import-error.t ................. ok
t/inner-package.t ................ ok
t/interpolation.t ................ ok
t/is-ignored.t ................... ok
t/meta.t ......................... ok
t/method.t ....................... ok
t/moo.t .......................... ok
t/moose-types.t .................. ok
t/moose.t ........................ ok
t/moosex-types-moose.t ........... ok
t/never-exports.t ................ ok
t/padding.t ...................... ok
t/perl-imports.t ................. ok
t/perl.t ......................... ok
t/pragma.t ....................... ok
t/preserve-spaces.t .............. ok
t/quoted-var.t ................... ok
t/require.t ...................... ok
t/skip-all.t ..................... ok
t/socket.t ....................... ok
t/switches-in-import.t ........... ok
t/symbol-as-method-call.t ........ skipped: Need Object::Tap
t/symbol-in-export.t ............. ok
t/symbol-in-signature.t .......... ok
t/test-most.t .................... ok
t/typeglob.t ..................... ok
t/use-and-require.t .............. ok
t/var-in-regex.t ................. ok
t/variable.t ..................... ok
t/with-version.t ................. ok
Test Summary Report
-------------------
t/dump-perl-exports.t (Wstat: 512 Tests: 3 Failed: 2)
Failed tests: 1-2
Non-zero exit status: 2
Files=56, Tests=113, 52 wallclock secs ( 0.01 usr 0.30 sys + 9.01 cusr 18.72 csys = 28.04 CPU)
Result: FAIL
Failed 1/56 test programs. 2/113 subtests failed.
*** Error code 255
Stop.
make: stopped in /home/cpansand/.cpan/build/2021042501/App-perlimports-0.000002-0
------------------------------
PREREQUISITES
------------------------------
Prerequisite modules loaded:
requires:
Module Need Have
----------------------------- -------- --------
Capture::Tiny 0 0.48
Class::Inspector 1.36 1.36
Class::Unload 0 0.11
Data::Dumper 0 2.173
Data::Printer 0 1.000004
File::Basename 0 2.85
FindBin 0 1.51
Getopt::Long::Descriptive 0 0.106
lib 0 0.64
List::Util 0 1.56
Log::Dispatch 0 2.70
Log::Dispatch::Array 0 1.003
Module::Runtime 0 0.016
Moo 0 2.005004
Moo::Role 0 2.005004
MooX::StrictConstructor 0 0.010
Path::Tiny 0 0.118
perl 5.008 5.028001
Perl::Tidy 20210111 20210402
Pod::Usage 0 2.01
PPI 1.270 1.270
PPIx::QuoteLike 0 0.015
PPIx::Utils::Classification 0 0.003
Ref::Util 0 0.204
strict 0 1.11
String::InterpolatedVariables 0 1.1.0
Sub::HandlesVia 0 0.016
Symbol::Get 0.10 0.10
Text::SimpleTable::AutoWidth 0 0.09
Try::Tiny 0 0.30
Types::Standard 0 1.012001
utf8 0 1.21
warnings 0 1.42
build_requires:
Module Need Have
----------------------------- -------- --------
Cpanel::JSON::XS 0 4.26
Data::Printer 0 1.000004
ExtUtils::MakeMaker 0 7.62
File::Spec 0 3.75
Geo::IP 0 1.51
Getopt::Long 2.40 2.52
LWP::UserAgent 6.49 6.52
Sub::Exporter 0 0.987
Test::More 0 1.302183
Test::Most 0 0.37
Test::Needs 0 0.002006
Test::RequiresInternet 0 0.05
Test::Warnings 0 0.030
configure_requires:
Module Need Have
----------------------------- -------- --------
ExtUtils::MakeMaker 0 7.62
perl 5.008 5.028001
------------------------------
ENVIRONMENT AND OTHER CONTEXT
------------------------------
Environment variables:
LC_ALL = de_DE.ISO8859-1
PATH = /usr/local/bin:/usr/bin:/bin:/usr/local/sbin:/usr/sbin:/sbin:/home/cpansand/bin/freebsd10.3:/home/cpansand/bin/sh:/home/cpansand/bin:/usr/games:/home/cpansand/devel:/home/eserte/src/srezic-misc/scripts
PERL5LIB =
PERL5OPT =
PERL5_CPANPLUS_IS_RUNNING = 34897
PERL5_CPAN_IS_RUNNING = 34897
PERL5_CPAN_IS_RUNNING_IN_RECURSION = 8745,34897
PERLDOC = -MPod::Perldoc::ToTextOverstrike
PERL_BATCH = yes
PERL_CANARY_STABILITY_NOPROMPT = 1
PERL_CPAN_REPORTER_CONFIG = /var/tmp/cpansmoker-1023/2021042423/cpanreporter_000_config.ini
PERL_EXTUTILS_AUTOINSTALL = --defaultdeps
PERL_USE_UNSAFE_INC = 1
SHELL = /usr/local/bin/zsh
TERM = screen
TMPDIR = /var/tmp/cpansmoker-1023/2021042423
Perl special variables (and OS-specific diagnostics, for MSWin32):
$^X = /usr/perl5.28.1p/bin/perl
$UID/$EUID = 1023 / 1023
$GID = 1023 1023
$EGID = 1023 1023
Perl module toolchain versions installed:
Module Have
------------------- --------
CPAN 2.28
CPAN::Meta 2.150010
Cwd 3.75
ExtUtils::CBuilder 0.280235
ExtUtils::Command 7.62
ExtUtils::Install 2.20
ExtUtils::MakeMaker 7.62
ExtUtils::Manifest 1.70
ExtUtils::ParseXS 3.39
File::Spec 3.75
JSON 4.03
JSON::PP 4.05
Module::Build 0.4229
Module::Signature 0.87
Parse::CPAN::Meta 2.150010
Test::Harness 3.42
Test::More 1.302183
YAML 1.30
YAML::Syck 1.34
version 0.9928
--
Summary of my perl5 (revision 5 version 28 subversion 1) configuration:
Platform:
osname=freebsd
osvers=10.3-release-p24
archname=amd64-freebsd
uname='freebsd cvrsnica-freebsd-101.herceg.de 10.3-release-p24 freebsd 10.3-release-p24 #0: wed nov 15 04:57:40 utc 2017 root@amd64-builder.daemonology.net:usrobjusrsrcsysgeneric amd64 '
config_args='-ds -e -Dprefix=/usr/perl5.28.1p -Dcf_email=srezic@cpan.org -Doptimize=-O2 -pipe'
hint=recommended
useposix=true
d_sigaction=define
useithreads=undef
usemultiplicity=undef
use64bitint=define
use64bitall=define
uselongdouble=undef
usemymalloc=n
default_inc_excludes_dot=define
bincompat5005=undef
Compiler:
cc='cc'
ccflags ='-DHAS_FPSETMASK -DHAS_FLOATINGPOINT_H -fno-strict-aliasing -pipe -fstack-protector -I/usr/local/include -D_FORTIFY_SOURCE=2'
optimize='-O2 -pipe'
cppflags='-DHAS_FPSETMASK -DHAS_FLOATINGPOINT_H -fno-strict-aliasing -pipe -fstack-protector -I/usr/local/include'
ccversion=''
gccversion='4.2.1 Compatible FreeBSD Clang 3.4.1 (tags/RELEASE_34/dot1-final 208032)'
gccosandvers=''
intsize=4
longsize=8
ptrsize=8
doublesize=8
byteorder=12345678
doublekind=3
d_longlong=define
longlongsize=8
d_longdbl=define
longdblsize=16
longdblkind=3
ivtype='long'
ivsize=8
nvtype='double'
nvsize=8
Off_t='off_t'
lseeksize=8
alignbytes=8
prototype=define
Linker and Libraries:
ld='cc'
ldflags ='-pthread -Wl,-E -fstack-protector -L/usr/local/lib'
libpth=/usr/lib /usr/local/lib /usr/include/clang/3.4.1 /usr/lib
libs=-lpthread -lgdbm -lm -lcrypt -lutil -lc -lelf
perllibs=-lpthread -lm -lcrypt -lutil -lc -lelf
libc=
so=so
useshrplib=false
libperl=libperl.a
gnulibc_version=''
Dynamic Linking:
dlsrc=dl_dlopen.xs
dlext=so
d_dlsymun=undef
ccdlflags=' '
cccdlflags='-DPIC -fPIC'
lddlflags='-shared -L/usr/local/lib -fstack-protector'
Characteristics of this binary (from libperl):
Compile-time options:
HAS_TIMES
PERLIO_LAYERS
PERL_COPY_ON_WRITE
PERL_DONT_CREATE_GVSV
PERL_MALLOC_WRAP
PERL_OP_PARENT
PERL_PRESERVE_IVUV
USE_64_BIT_ALL
USE_64_BIT_INT
USE_LARGE_FILES
USE_LOCALE
USE_LOCALE_COLLATE
USE_LOCALE_CTYPE
USE_LOCALE_NUMERIC
USE_LOCALE_TIME
USE_PERLIO
USE_PERL_ATOF
Built under freebsd
Compiled at Dec 12 2018 23:03:41
%ENV:
PERL5LIB=""
PERL5OPT=""
PERL5_CPANPLUS_IS_RUNNING="34897"
PERL5_CPAN_IS_RUNNING="34897"
PERL5_CPAN_IS_RUNNING_IN_RECURSION="8745,34897"
PERLDOC="-MPod::Perldoc::ToTextOverstrike"
PERL_BATCH="yes"
PERL_CANARY_STABILITY_NOPROMPT="1"
PERL_CPAN_REPORTER_CONFIG="/var/tmp/cpansmoker-1023/2021042423/cpanreporter_000_config.ini"
PERL_EXTUTILS_AUTOINSTALL="--defaultdeps"
PERL_USE_UNSAFE_INC="1"
@INC:
/usr/perl5.28.1p/lib/site_perl/5.28.1/amd64-freebsd
/usr/perl5.28.1p/lib/site_perl/5.28.1
/usr/perl5.28.1p/lib/5.28.1/amd64-freebsd
/usr/perl5.28.1p/lib/5.28.1
.