FunctionalPerl v0.72.76 Perl 5 v5.41.9 x86_64-linux

Status
Fail
From
Andreas J. König (ANDK)
Dist
FunctionalPerl v0.72.76
Platform
Perl 5 v5.41.9 x86_64-linux
Date
2025-03-06 08:03:44
ID
868a11fe-fa61-11ef-a00b-bd17beab0b07
This distribution has been tested as part of the CPAN Testers
project, supporting the Perl programming language.  See
http://wiki.cpantesters.org/ for more information or email
questions to cpan-testers-discuss@perl.org


--
Dear Christian Jaeger,

This is a computer-generated report for FunctionalPerl-0.72.76
on perl 5.41.9, created by CPAN-Reporter-1.2020.

Thank you for uploading your work to CPAN.  However, there was a problem
testing your distribution.

If you think this report is invalid, please consult the CPAN Testers Wiki
for suggestions on how to avoid getting FAIL reports for missing library
or binary dependencies, unsupported operating systems, and so on:

http://wiki.cpantesters.org/wiki/CPANAuthorNotes

Sections of this report:

    * Tester comments
    * Program output
    * Prerequisites
    * Environment and other context

------------------------------
TESTER COMMENTS
------------------------------

Additional comments from tester:

this report is from an automated smoke testing program
and was not reviewed by a human for accuracy

------------------------------
PROGRAM OUTPUT
------------------------------

Output from '/usr/bin/make test':

PERL_DL_NONLAZY=1 "/tmp/basesmoker-reloperl-wELa/bin/perl" "-MExtUtils::Command::MM" "-MTest::Harness" "-e" "undef *Test::Harness::Switches; test_harness(0, 'blib/lib', 'blib/arch')" t/*.t
t/csv_to_xml.t ........................... ok
t/dbi.t .................................. ok
t/examples-csv-to-json.t ................. ok
times for fib: user = 0.13, system = 0, cuser = 0, csystem = 0
times for fibonacci: user = 0.12, system = 0, cuser = 0, csystem = 0
t/examples-fibs.t ........................ ok
t/examples-functional-classes.t .......... ok
not activating since running in test mode at examples//../lib/FP/Repl/Trap.pm line 47.
t/examples-hiring-without-whiteboards.t .. ok
not activating since running in test mode at examples//../lib/FP/Repl/Trap.pm line 47.
t/examples-logic.t ....................... ok
t/examples-perlweekly-111-1.t ............ ok
times: user = 0.02, system = 0.01, cuser = 0, csystem = 0
times: user = 0.04, system = 0, cuser = 0, csystem = 0
times: user = 0.04, system = 0, cuser = 0, csystem = 0
t/examples-perlweekly-113-1.t ............ ok
t/examples-perlweekly-113-2.t ............ ok
t/examples-primes.t ...................... ok
t/functional_XML-t-div.t ................. ok
t/functional_XML-test.t .................. ok
Use of @_ in list assignment with signatured subroutine is experimental at ../.htmlgen/FunctionalPerl/Htmlgen/PathTranslate.pm line 77.
Implicit use of @_ in goto with signatured subroutine is experimental at ../.htmlgen/FunctionalPerl/Htmlgen/PathTranslate.pm line 77.
Use of @_ in list assignment with signatured subroutine is experimental at ../.htmlgen/FunctionalPerl/Htmlgen/PathTranslate.pm line 81.
Implicit use of @_ in goto with signatured subroutine is experimental at ../.htmlgen/FunctionalPerl/Htmlgen/PathTranslate.pm line 81.
Use of @_ in list assignment with signatured subroutine is experimental at ../.htmlgen/FunctionalPerl/Htmlgen/PathTranslate.pm line 83.
Implicit use of @_ in goto with signatured subroutine is experimental at ../.htmlgen/FunctionalPerl/Htmlgen/PathTranslate.pm line 83.
t/htmlgen.t .............................. ok
not activating since running in test mode at intro//../lib/FP/Repl/AutoTrap.pm line 64.
t/intro-basics.t ......................... ok
t/perl-goto-leak.t ....................... ok
t/perl-weaken-coderef-correctness.t ...... ok
t/perl-weaken-coderef.t .................. ok
Exception: Label not found for "last T2_SUBTEST_WRAPPER" at /home/sand/src/perl/repoperls/installed-perls/host/k93focal/v5.41.9/b254/lib/5.41.9/Test2/Hub/Subtest.pm line 67.
 at /home/sand/src/perl/repoperls/installed-perls/host/k93focal/v5.41.9/b254/lib/5.41.9/Test2/Hub/Subtest.pm line 67.
	Test2::Hub::Subtest::terminate(Test2::Hub::Subtest=HASH(0x55c24877b120), 0, Test2::Event::Plan=HASH(0x55c248b01320), HASH(0x55c2489ab868)) called at /home/sand/src/perl/repoperls/installed-perls/host/k93focal/v5.41.9/b254/lib/5.41.9/Test2/Hub.pm line 386
	Test2::Hub::process(Test2::Hub::Subtest=HASH(0x55c24877b120), Test2::Event::Plan=HASH(0x55c248b01320)) called at /home/sand/src/perl/repoperls/installed-perls/host/k93focal/v5.41.9/b254/lib/5.41.9/Test2/Hub.pm line 306
	Test2::Hub::send(Test2::Hub::Subtest=HASH(0x55c24877b120), Test2::Event::Plan=HASH(0x55c248b01320)) called at /home/sand/src/perl/repoperls/installed-perls/host/k93focal/v5.41.9/b254/lib/5.41.9/Test2/Hub/Subtest.pm line 34
	Test2::Hub::Subtest::send(Test2::Hub::Subtest=HASH(0x55c24877b120), Test2::Event::Plan=HASH(0x55c248b01320)) called at /home/sand/src/perl/repoperls/installed-perls/host/k93focal/v5.41.9/b254/lib/5.41.9/Test2/API/Context.pm line 290
	Test2::API::Context::send_event(Test2::API::Context=HASH(0x55c248b01248), "Plan", "max", 0, "directive", "SKIP", "reason", "FunctionalPerl::Dependencies::ChjBin import: these programs a"...) called at /home/sand/src/perl/repoperls/installed-perls/host/k93focal/v5.41.9/b254/lib/5.41.9/Test2/API/Context.pm line 465
	Test2::API::Context::plan(Test2::API::Context=HASH(0x55c248b01248), 0, "SKIP", "FunctionalPerl::Dependencies::ChjBin import: these programs a"...) called at /home/sand/src/perl/repoperls/installed-perls/host/k93focal/v5.41.9/b254/lib/5.41.9/Test/Builder.pm line 654
	Test::Builder::skip_all(Test::Builder=HASH(0x55c243870240), "FunctionalPerl::Dependencies::ChjBin import: these programs a"...) called at /home/sand/src/perl/repoperls/installed-perls/host/k93focal/v5.41.9/b254/lib/site_perl/5.41.9/Test/Requires.pm line 44
	Test::Requires::__ANON__("FunctionalPerl::Dependencies::ChjBin import: these programs a"...) called at /home/sand/src/perl/repoperls/installed-perls/host/k93focal/v5.41.9/b254/lib/site_perl/5.41.9/Test/Requires.pm line 71
	Test::Requires::test_requires("FunctionalPerl::Dependencies::ChjBin", "\"trigger-listen\"", "t_pod_snippets_112") called at /home/sand/src/perl/repoperls/installed-perls/host/k93focal/v5.41.9/b254/lib/site_perl/5.41.9/Test/Requires.pm line 21
	Test::Requires::import("Test::Requires", HASH(0x55c248ad3710)) called at meta/FunctionalPerl/Dependencies/ChjBin.pm line 19
	t_pod_snippets_112::BEGIN() called at meta/FunctionalPerl/Dependencies/ChjBin.pm line 19
	eval {...} called at meta/FunctionalPerl/Dependencies/ChjBin.pm line 19
	eval 'package main; package t_pod_snippets_112; use Test::More ;
{
no warnings;
use strict;    # things are likely to be sloppy

ok 1 => \'the tests compile\';   


#line 16 meta/FunctionalPerl/Dependencies/ChjBin.pm
use Chj::TEST use => \'FunctionalPerl::Dependencies::ChjBin\';
# or
use Test::Requires +{
    \'FunctionalPerl::Dependencies::ChjBin\' => \'"trigger-listen"\' };
# or
#  list in FunctionalPerl::Dependencies\'s %dependencies

;


ok 1 => \'we reached the end!\';

}
; 
1' called at lib/FP/Repl/WithRepl.pm line 75
	FP::Repl::WithRepl::WithRepl_eval("package t_pod_snippets_112; use Test::More ;\x{a}{\x{a}no warnings;\x{a}u"...) called at t/pod_snippets.t line 37
	main::myeval("package t_pod_snippets_112; use Test::More ;\x{a}{\x{a}no warnings;\x{a}u"...) called at t/pod_snippets.t line 158
	main::__ANON__() called at /home/sand/src/perl/repoperls/installed-perls/host/k93focal/v5.41.9/b254/lib/5.41.9/Test/Builder.pm line 368
	eval {...} called at /home/sand/src/perl/repoperls/installed-perls/host/k93focal/v5.41.9/b254/lib/5.41.9/Test/Builder.pm line 368
	Test::Builder::subtest(Test::Builder=HASH(0x55c243870240), "pod snippets in FunctionalPerl::Dependencies::ChjBin", CODE(0x55c24305e330)) called at /home/sand/src/perl/repoperls/installed-perls/host/k93focal/v5.41.9/b254/lib/5.41.9/Test/More.pm line 831
	Test::More::subtest("pod snippets in FunctionalPerl::Dependencies::ChjBin", CODE(0x55c24305e330)) called at t/pod_snippets.t line 183
BEGIN failed--compilation aborted at meta/FunctionalPerl/Dependencies/ChjBin.pm line 19.
 at meta/FunctionalPerl/Dependencies/ChjBin.pm line 19.
	eval 'package main; package t_pod_snippets_112; use Test::More ;
{
no warnings;
use strict;    # things are likely to be sloppy

ok 1 => \'the tests compile\';   


#line 16 meta/FunctionalPerl/Dependencies/ChjBin.pm
use Chj::TEST use => \'FunctionalPerl::Dependencies::ChjBin\';
# or
use Test::Requires +{
    \'FunctionalPerl::Dependencies::ChjBin\' => \'"trigger-listen"\' };
# or
#  list in FunctionalPerl::Dependencies\'s %dependencies

;


ok 1 => \'we reached the end!\';

}
; 
1' called at lib/FP/Repl/WithRepl.pm line 75
	FP::Repl::WithRepl::WithRepl_eval("package t_pod_snippets_112; use Test::More ;\x{a}{\x{a}no warnings;\x{a}u"...) called at t/pod_snippets.t line 37
	main::myeval("package t_pod_snippets_112; use Test::More ;\x{a}{\x{a}no warnings;\x{a}u"...) called at t/pod_snippets.t line 158
	main::__ANON__() called at /home/sand/src/perl/repoperls/installed-perls/host/k93focal/v5.41.9/b254/lib/5.41.9/Test/Builder.pm line 368
	eval {...} called at /home/sand/src/perl/repoperls/installed-perls/host/k93focal/v5.41.9/b254/lib/5.41.9/Test/Builder.pm line 368
	Test::Builder::subtest(Test::Builder=HASH(0x55c243870240), "pod snippets in FunctionalPerl::Dependencies::ChjBin", CODE(0x55c24305e330)) called at /home/sand/src/perl/repoperls/installed-perls/host/k93focal/v5.41.9/b254/lib/5.41.9/Test/More.pm line 831
	Test::More::subtest("pod snippets in FunctionalPerl::Dependencies::ChjBin", CODE(0x55c24305e330)) called at t/pod_snippets.t line 183


    #   Failed test 'pod snippets in FunctionalPerl::Dependencies::ChjBin'
    #   at t/pod_snippets.t line 177.
    # Looks like you failed 1 test of 1.
t/pod_snippets.t ......................... ok
t/predicates.t ........................... ok

#   Failed test at t/repl.t line 192.
#          got: 'main> do {my $z=123; sub { my ($x)=@_; repl }}->(99)
# main 1> $FP::Repl::Repl::argsn
# $VAR1 = [bless(['<HOME>/.fp-repl_history', undef, 500, undef, undef, 1, 1, undef, 1, ['cat'], 'l', 's', 'a', 'X'], 'FP::Repl::Repl'), undef];
# main 1> $FP::Repl::Repl::args
# $VAR1 = [99];
# main 1> ,0
# FP::Repl::Repl::run(
#   bless(['<HOME>/.fp-repl_history', undef, 500, undef, undef, 1, 1, undef, 1, ['cat'], 'l', 's', 'a', 'X'], 'FP::Repl::Repl'),
#   undef
# ) called at (eval 0) line 1
# main 1> ,e
# $x = 99;
# $z = undef;
# main 1> $x
# $VAR1 = 99;
# main 1> 
# $VAR1 = !!0;
# '
#     expected: 'main> do {my $z=123; sub { my ($x)=@_; repl }}->(99)
# main 1> $FP::Repl::Repl::argsn
# $VAR1 = [bless(['<HOME>/.fp-repl_history', undef, 500, undef, undef, 1, 1, undef, 1, ['cat'], 'l', 's', 'a', 'X'], 'FP::Repl::Repl'), undef];
# main 1> $FP::Repl::Repl::args
# $VAR1 = [99];
# main 1> ,0
# FP::Repl::Repl::run(
#   bless(['<HOME>/.fp-repl_history', undef, 500, undef, undef, 1, 1, undef, 1, ['cat'], 'l', 's', 'a', 'X'], 'FP::Repl::Repl'),
#   undef
# ) called at (eval 0) line 1
# main 1> ,e
# $x = 99;
# $z = undef;
# main 1> $x
# $VAR1 = 99;
# main 1> 
# $VAR1 = '';
# '
# Looks like you failed 1 test of 7.
t/repl.t ................................. 
Dubious, test returned 1 (wstat 256, 0x100)
Failed 1/7 subtests 
Use of @_ in list assignment with signatured subroutine is experimental at .htmlgen/FunctionalPerl/Htmlgen/PathTranslate.pm line 77.
Implicit use of @_ in goto with signatured subroutine is experimental at .htmlgen/FunctionalPerl/Htmlgen/PathTranslate.pm line 77.
Use of @_ in list assignment with signatured subroutine is experimental at .htmlgen/FunctionalPerl/Htmlgen/PathTranslate.pm line 81.
Implicit use of @_ in goto with signatured subroutine is experimental at .htmlgen/FunctionalPerl/Htmlgen/PathTranslate.pm line 81.
Use of @_ in list assignment with signatured subroutine is experimental at .htmlgen/FunctionalPerl/Htmlgen/PathTranslate.pm line 83.
Implicit use of @_ in goto with signatured subroutine is experimental at .htmlgen/FunctionalPerl/Htmlgen/PathTranslate.pm line 83.
not activating since running in test mode at lib/FP/Repl/AutoTrap.pm line 64.
not activating since running in test mode at lib/FP/Repl/Trap.pm line 47.
Reference is already weak at lib/FP/Stream.pm line 770.
t/require_and_run_tests.t ................ ok
Possible precedence issue with control flow operator (exit) at examples/skip line 45.
t/skip-internal.t ........................ ok
Possible precedence issue with control flow operator (exit) at examples/skip line 45.
t/skip-leak.t ............................ ok
Possible precedence issue with control flow operator (exit) at examples/skip line 45.
Possible precedence issue with control flow operator (exit) at examples/skip line 45.
Possible precedence issue with control flow operator (exit) at examples/skip line 45.
Possible precedence issue with control flow operator (exit) at examples/skip line 45.
Possible precedence issue with control flow operator (exit) at examples/skip line 45.
Possible precedence issue with control flow operator (exit) at examples/skip line 45.

#   Failed test at t/skip.t line 29.
#          got: 'Possible precedence issue with control flow operator (exit) at examples/skip line 45.
# skip: only 1 byte(s) left after skipping 11 byte(s)
# '
#     expected: 'skip: only 1 byte(s) left after skipping 11 byte(s)
# '

#   Failed test at t/skip.t line 32.
#          got: 'Possible precedence issue with control flow operator (exit) at examples/skip line 45.
# skip: no remainder left after skipping 12 byte(s)
# '
#     expected: 'skip: no remainder left after skipping 12 byte(s)
# '
Possible precedence issue with control flow operator (exit) at examples/skip line 45.
Possible precedence issue with control flow operator (exit) at examples/skip line 45.
Possible precedence issue with control flow operator (exit) at examples/skip line 45.
Possible precedence issue with control flow operator (exit) at examples/skip line 45.
Possible precedence issue with control flow operator (exit) at examples/skip line 45.

#   Failed test at t/skip.t line 29.
#          got: 'Possible precedence issue with control flow operator (exit) at examples/skip line 45.
# skip: only 1 byte(s) left after skipping 11 byte(s)
# '
#     expected: 'skip: only 1 byte(s) left after skipping 11 byte(s)
# '

#   Failed test at t/skip.t line 32.
#          got: 'Possible precedence issue with control flow operator (exit) at examples/skip line 45.
# skip: no remainder left after skipping 12 byte(s)
# '
#     expected: 'skip: no remainder left after skipping 12 byte(s)
# '
Possible precedence issue with control flow operator (exit) at examples/skip line 45.
Possible precedence issue with control flow operator (exit) at examples/skip line 45.
Possible precedence issue with control flow operator (exit) at examples/skip line 45.
Possible precedence issue with control flow operator (exit) at examples/skip line 45.
Possible precedence issue with control flow operator (exit) at examples/skip line 45.

#   Failed test at t/skip.t line 29.
#          got: 'Possible precedence issue with control flow operator (exit) at examples/skip line 45.
# skip: only 1 byte(s) left after skipping 11 byte(s)
# '
#     expected: 'skip: only 1 byte(s) left after skipping 11 byte(s)
# '

#   Failed test at t/skip.t line 32.
#          got: 'Possible precedence issue with control flow operator (exit) at examples/skip line 45.
# skip: no remainder left after skipping 12 byte(s)
# '
#     expected: 'skip: no remainder left after skipping 12 byte(s)
# '
# Looks like you failed 6 tests of 22.
t/skip.t ................................. 
Dubious, test returned 6 (wstat 1536, 0x600)
Failed 6/22 subtests 
t/testlazy.t ............................. ok
t/testlazy10.t ........................... ok
times for T: user = 0.1, system = 0, cuser = 0, csystem = 0
times for TC: user = 0.0800000000000001, system = 0, cuser = 0, csystem = 0
t/trampoline-fix.t ....................... ok

Test Summary Report
-------------------
t/repl.t                               (Wstat: 256 (exited 1) Tests: 7 Failed: 1)
  Failed test:  6
  Non-zero exit status: 1
t/skip.t                               (Wstat: 1536 (exited 6) Tests: 22 Failed: 6)
  Failed tests:  7-8, 14-15, 21-22
  Non-zero exit status: 6
Files=28, Tests=184, 20 wallclock secs ( 0.23 usr  0.04 sys + 18.02 cusr  2.27 csys = 20.56 CPU)
Result: FAIL
Failed 2/28 test programs. 7/184 subtests failed.
make: *** [Makefile:1546: test_dynamic] Error 255

------------------------------
PREREQUISITES
------------------------------

Prerequisite modules loaded:

requires:

    Module              Need     Have    
    ------------------- -------- --------
    autobox             0        v3.0.2  
    base                0        2.27    
    Digest              0        1.20    
    File::Path          0        2.18    
    Getopt::Long        0        2.58    
    Import::Into        0        1.002005
    Math::BigInt        0        2.004001
    NEXT                0        0.69    
    perl                5.016004 5.041009
    PerlIO::utf8_strict 0        0.010   
    Safe::Isa           0        1.000010
    Scalar::Util        0        1.68_01 
    Symbol              0        1.09    
    Test::More          0.96     1.302209
    utf8                0        1.27    

build_requires:

    Module              Need     Have    
    ------------------- -------- --------
    BSD::Resource       0        1.2911  
    Capture::Tiny       0        0.50    
    DBD::CSV            0        0.62    
    DBI                 0        1.647   
    ExtUtils::MakeMaker 0        7.70    
    File::chdir         0        0.1011  
    Sub::Util           0        1.68_01 
    Test::Pod::Snippets 0        0.07    
    Test::Requires      0        0.11    
    Text::CSV           0        2.06    
    URI                 0        5.31    

configure_requires:

    Module              Need     Have    
    ------------------- -------- --------
    ExtUtils::MakeMaker 0        7.70    

opt_requires:

    Module              Need     Have    
    ------------------- -------- --------
    B::Deparse          0        1.83    
    Clone               0        0.47    
    Encode              0        3.21    
    Eval::WithLexicals  0        1.003006
    JSON                0        4.10    
    LWP::UserAgent      0        6.78    
    Method::Signatures  0        20170211
    PadWalker           0        2.5     
    Term::ReadLine::Gnu 0        1.46    
    Text::Markdown      0        1.000031


------------------------------
ENVIRONMENT AND OTHER CONTEXT
------------------------------

Environment variables:

    AUTOMATED_TESTING = 1
    LANG = en_US.UTF-8
    PATH = /home/sand/bin:/usr/local/bin:/usr/local/sbin:/usr/sbin:/usr/bin:/sbin:/bin:/usr/games:/usr/local/games:/snap/bin:/usr/local/perl/bin:/usr/X11/bin
    PERL = /tmp/basesmoker-reloperl-wELa/bin/perl
    PERL5LIB = /tmp/loop_over_bdir-287296-9l_app/Simulation-Automate-1.0.1-0/blib/arch:/tmp/loop_over_bdir-287296-9l_app/Simulation-Automate-1.0.1-0/blib/lib:/tmp/loop_over_bdir-287296-9l_app/Net-OpenVPN-DDNS-0.1-0/blib/arch:/tmp/loop_over_bdir-287296-9l_app/Net-OpenVPN-DDNS-0.1-0/blib/lib:/tmp/loop_over_bdir-287296-9l_app/dta-tokwrap-0.98-0/blib/arch:/tmp/loop_over_bdir-287296-9l_app/dta-tokwrap-0.98-0/blib/lib:/tmp/loop_over_bdir-287296-9l_app/MP3-PodcastFetch-1.05-0/blib/arch:/tmp/loop_over_bdir-287296-9l_app/MP3-PodcastFetch-1.05-0/blib/lib
    PERL5OPT = 
    PERL5_CPANPLUS_IS_RUNNING = 287309
    PERL5_CPAN_IS_RUNNING = 287309
    PERL_CANARY_STABILITY_NOPROMPT = 1
    PERL_MM_USE_DEFAULT = 1
    PERL_USE_UNSAFE_INC = 1
    SHELL = /usr/bin/zsh
    TERM = screen

Perl special variables (and OS-specific diagnostics, for MSWin32):

    $^X = /tmp/basesmoker-reloperl-wELa/bin/perl
    $UID/$EUID = 1005 / 1005
    $GID = 1005 1005
    $EGID = 1005 1005

Perl module toolchain versions installed:

    Module              Have    
    ------------------- --------
    CPAN                2.38    
    CPAN::Meta          2.150010
    Cwd                 3.92    
    ExtUtils::CBuilder  0.280240
    ExtUtils::Command   7.70    
    ExtUtils::Install   2.22    
    ExtUtils::MakeMaker 7.70    
    ExtUtils::Manifest  1.75    
    ExtUtils::ParseXS   3.57    
    File::Spec          3.93    
    JSON                4.10    
    JSON::PP            4.16    
    Module::Build       0.4234  
    Module::Signature   0.89    
    Parse::CPAN::Meta   2.150010
    Test2               1.302209
    Test::Harness       3.50    
    Test::More          1.302209
    YAML                1.31    
    YAML::Syck          1.34    
    version             0.9933  


--

Summary of my perl5 (revision 5 version 41 subversion 9) configuration:
  Commit id: b6969eb9f23724dcbb888d791d31c4708dabc85c
  Platform:
    osname=linux
    osvers=5.4.0-204-generic
    archname=x86_64-linux
    uname='linux k93focal 5.4.0-204-generic #224-ubuntu smp thu dec 5 13:38:28 utc 2024 x86_64 x86_64 x86_64 gnulinux '
    config_args='-Dprefix=/home/sand/src/perl/repoperls/installed-perls/host/k93focal/v5.41.9/b254 -Dmyhostname=k93focal -Dinstallusrbinperl=n -Uversiononly -Dusedevel -des -Ui_db -Dlibswanted=cl pthread socket inet nsl gdbm dbm malloc dl ld sun m crypt sec util c cposix posix ucb BSD gdbm_compat -Uuseithreads -Uuselongdouble -DEBUGGING=both'
    hint=recommended
    useposix=true
    d_sigaction=define
    useithreads=undef
    usemultiplicity=undef
    use64bitint=define
    use64bitall=define
    uselongdouble=undef
    usemymalloc=n
    default_inc_excludes_dot=define
  Compiler:
    cc='cc'
    ccflags ='-fwrapv -DDEBUGGING -fno-strict-aliasing -pipe -fstack-protector-strong -I/usr/local/include -D_LARGEFILE_SOURCE -D_FILE_OFFSET_BITS=64'
    optimize='-O2 -g'
    cppflags='-fwrapv -DDEBUGGING -fno-strict-aliasing -pipe -fstack-protector-strong -I/usr/local/include'
    ccversion=''
    gccversion='9.4.0'
    gccosandvers=''
    intsize=4
    longsize=8
    ptrsize=8
    doublesize=8
    byteorder=12345678
    doublekind=3
    d_longlong=define
    longlongsize=8
    d_longdbl=define
    longdblsize=16
    longdblkind=3
    ivtype='long'
    ivsize=8
    nvtype='double'
    nvsize=8
    Off_t='off_t'
    lseeksize=8
    alignbytes=8
    prototype=define
  Linker and Libraries:
    ld='cc'
    ldflags =' -fstack-protector-strong -L/usr/local/lib'
    libpth=/usr/local/lib /usr/lib/x86_64-linux-gnu /usr/lib /usr/lib64
    libs=-lpthread -lnsl -ldl -lm -lcrypt -lutil -lc
    perllibs=-lpthread -lnsl -ldl -lm -lcrypt -lutil -lc
    libc=libc-2.31.so
    so=so
    useshrplib=false
    libperl=libperl.a
    gnulibc_version='2.31'
  Dynamic Linking:
    dlsrc=dl_dlopen.xs
    dlext=so
    d_dlsymun=undef
    ccdlflags='-Wl,-E'
    cccdlflags='-fPIC'
    lddlflags='-shared -O2 -g -L/usr/local/lib -fstack-protector-strong'


Characteristics of this binary (from libperl): 
  Compile-time options:
    DEBUGGING
    HAS_LONG_DOUBLE
    HAS_STRTOLD
    HAS_TIMES
    PERLIO_LAYERS
    PERL_COPY_ON_WRITE
    PERL_DONT_CREATE_GVSV
    PERL_HASH_FUNC_SIPHASH13
    PERL_HASH_USE_SBOX32
    PERL_MALLOC_WRAP
    PERL_OP_PARENT
    PERL_PRESERVE_IVUV
    PERL_USE_DEVEL
    PERL_USE_SAFE_PUTENV
    USE_64_BIT_ALL
    USE_64_BIT_INT
    USE_LARGE_FILES
    USE_LOCALE
    USE_LOCALE_COLLATE
    USE_LOCALE_CTYPE
    USE_LOCALE_NUMERIC
    USE_LOCALE_TIME
    USE_PERLIO
    USE_PERL_ATOF
  Built under linux
  Compiled at Feb 24 2025 11:24:21
  %ENV:
    PERL="/tmp/basesmoker-reloperl-wELa/bin/perl"
    PERL5LIB="/tmp/loop_over_bdir-287296-9l_app/Simulation-Automate-1.0.1-0/blib/arch:/tmp/loop_over_bdir-287296-9l_app/Simulation-Automate-1.0.1-0/blib/lib:/tmp/loop_over_bdir-287296-9l_app/Net-OpenVPN-DDNS-0.1-0/blib/arch:/tmp/loop_over_bdir-287296-9l_app/Net-OpenVPN-DDNS-0.1-0/blib/lib:/tmp/loop_over_bdir-287296-9l_app/dta-tokwrap-0.98-0/blib/arch:/tmp/loop_over_bdir-287296-9l_app/dta-tokwrap-0.98-0/blib/lib:/tmp/loop_over_bdir-287296-9l_app/MP3-PodcastFetch-1.05-0/blib/arch:/tmp/loop_over_bdir-287296-9l_app/MP3-PodcastFetch-1.05-0/blib/lib"
    PERL5OPT=""
    PERL5_CPANPLUS_IS_RUNNING="287309"
    PERL5_CPAN_IS_RUNNING="287309"
    PERL_CANARY_STABILITY_NOPROMPT="1"
    PERL_MM_USE_DEFAULT="1"
    PERL_USE_UNSAFE_INC="1"
  @INC:
    /tmp/loop_over_bdir-287296-9l_app/Simulation-Automate-1.0.1-0/blib/arch
    /tmp/loop_over_bdir-287296-9l_app/Simulation-Automate-1.0.1-0/blib/lib
    /tmp/loop_over_bdir-287296-9l_app/Net-OpenVPN-DDNS-0.1-0/blib/arch
    /tmp/loop_over_bdir-287296-9l_app/Net-OpenVPN-DDNS-0.1-0/blib/lib
    /tmp/loop_over_bdir-287296-9l_app/dta-tokwrap-0.98-0/blib/arch
    /tmp/loop_over_bdir-287296-9l_app/dta-tokwrap-0.98-0/blib/lib
    /tmp/loop_over_bdir-287296-9l_app/MP3-PodcastFetch-1.05-0/blib/arch
    /tmp/loop_over_bdir-287296-9l_app/MP3-PodcastFetch-1.05-0/blib/lib
    /home/sand/src/perl/repoperls/installed-perls/host/k93focal/v5.41.9/b254/lib/site_perl/5.41.9/x86_64-linux
    /home/sand/src/perl/repoperls/installed-perls/host/k93focal/v5.41.9/b254/lib/site_perl/5.41.9
    /home/sand/src/perl/repoperls/installed-perls/host/k93focal/v5.41.9/b254/lib/5.41.9/x86_64-linux
    /home/sand/src/perl/repoperls/installed-perls/host/k93focal/v5.41.9/b254/lib/5.41.9
    .