FFI-Platypus v1.10 Perl 5 v5.18.4 darwin-thread-multi-2level

Status
Fail
From
Gintautas Grigelionis
Dist
FFI-Platypus v1.10
Platform
Perl 5 v5.18.4 darwin-thread-multi-2level
Date
2020-03-22 11:23:15
ID
85ed983a-6c2f-11ea-9918-6a8ac277bd47
This distribution has been tested as part of the CPAN Testers
project, supporting the Perl programming language.  See
http://wiki.cpantesters.org/ for more information or email
questions to cpan-testers-discuss@perl.org


--
Dear Graham Ollis,

This is a computer-generated report for FFI-Platypus-1.10
on perl 5.18.4, created by CPAN-Reporter-1.2018.

Thank you for uploading your work to CPAN.  However, there was a problem
testing your distribution.

If you think this report is invalid, please consult the CPAN Testers Wiki
for suggestions on how to avoid getting FAIL reports for missing library
or binary dependencies, unsupported operating systems, and so on:

http://wiki.cpantesters.org/wiki/CPANAuthorNotes

Sections of this report:

    * Tester comments
    * Program output
    * Prerequisites
    * Environment and other context

------------------------------
TESTER COMMENTS
------------------------------

Additional comments from tester:

none provided

------------------------------
PROGRAM OUTPUT
------------------------------

Output from '/usr/bin/make test':

"/usr/bin/perl" -MExtUtils::Command::MM -e 'cp_nonempty' -- lib/FFI/Platypus.bs blib/arch/auto/FFI/Platypus/Platypus.bs 644
CC t/ffi/align.c
CC t/ffi/align_array.c
CC t/ffi/align_fixed.c
CC t/ffi/align_string.c
CC t/ffi/basic.c
CC t/ffi/closure.c
CC t/ffi/color.c
CC t/ffi/complex_double.c
CC t/ffi/complex_float.c
CC t/ffi/double.c
CC t/ffi/float.c
CC t/ffi/gh117.c
CC t/ffi/gh174.c
CC t/ffi/longdouble.c
CC t/ffi/memcmp4.c
CC t/ffi/meta.c
CC t/ffi/pointer.c
CC t/ffi/record.c
CC t/ffi/sint16.c
CC t/ffi/sint32.c
CC t/ffi/sint64.c
CC t/ffi/sint8.c
CC t/ffi/string.c
CC t/ffi/string_array.c
CC t/ffi/uint16.c
CC t/ffi/uint32.c
CC t/ffi/uint64.c
CC t/ffi/uint8.c
CC t/ffi/variadic.c
LD t/ffi/libtest.dylib
PERL_DL_NONLAZY=1 "/usr/bin/perl" "-MExtUtils::Command::MM" "-MTest::Harness" "-e" "undef *Test::Harness::Switches; test_harness(0, 'blib/lib', 'blib/arch')" t/*.t
# 
# 
# 
# HARNESS_ACTIVE=1
# HARNESS_VERSION=3.42
# LC_CTYPE=UTF-8
# PERL5LIB=/Users/gintas/.cpan/build/FFI-Platypus-1.10-ersyMd/blib/lib:/Users/gintas/.cpan/build/FFI-Platypus-1.10-ersyMd/blib/arch:
# PERL5OPT=
# PERL5_CPANPLUS_IS_RUNNING=85737
# PERL5_CPAN_IS_RUNNING=85737
# PERL_DL_NONLAZY=1
# PERL_USE_UNSAFE_INC=1
# SHELL=/bin/bash
# VERSIONER_PERL_VERSION=5.18
# 
# 
# 
# PERL5LIB path
# /Users/gintas/.cpan/build/FFI-Platypus-1.10-ersyMd/blib/lib
# /Users/gintas/.cpan/build/FFI-Platypus-1.10-ersyMd/blib/arch
# 
# 
# 
# perl                5.018004
# Alien::Base         1.89
# Capture::Tiny       0.48
# Devel::Hide         0.0013
# ExtUtils::CBuilder  0.280234
# ExtUtils::MakeMaker 7.44
# ExtUtils::ParseXS   3.35
# FFI::CheckLib       0.26
# IPC::Cmd            1.04
# JSON::PP            4.04
# List::Util          1.54
# Math::LongDouble    0.22
# PkgConfig           0.23026
# Test::More          1.302172
# constant            1.33
# forks               -
# 
# 
# 
# mode : already-installed
# Alien::FFI->VERSION      = 0.23
# Alien::FFI->install_type = share
# Alien::FFI->cflags       = -I/Library/Perl/5.18/darwin-thread-multi-2level/auto/share/dist/Alien-FFI/lib/libffi-3.2.1/include 
# Alien::FFI->libs         = -L/Library/Perl/5.18/darwin-thread-multi-2level/auto/share/dist/Alien-FFI/lib -lffi 
# Alien::FFI->version      = 3.2.1
# my_configure             = %{configure} --disable-shared --enable-static --disable-builddir
# 
# 
# 
# ffi.platypus.memory.strdup_impl =libc
# ffi.platypus.memory.strndup_impl=libc
# 
# 
# 
# Types:
#   double   : double, float complex
#   float    : float
#   longdouble : double complex, long double, long double complex
#   sint16   : int16_t, short, signed short
#   sint32   : blksize_t, dev_t, int, int32_t, senum, signed int, wchar_t, wint_t
#   sint64   : blkcnt_t, int64_t, intptr_t, long, long long, off_t, ptrdiff_t, signed long, signed long long, ssize_t, time_t
#   sint8    : char, int8_t, signed char
#   uint16   : mode_t, nlink_t, uint16_t, unsigned short, ushort
#   uint32   : enum, gid_t, uid_t, uint, uint32_t, unsigned int
#   uint64   : ino_t, size_t, uint64_t, uintptr_t, ulong, unsigned long, unsigned long long
#   uint8    : bool, uchar, uint8_t, unsigned char
# 
# 
# 
# ABIs:
#   default_abi          2
#   fastcall             4
#   pascal               6
#   register             7
#   stdcall              5
#   sysv                 1
#   thiscall             3
#   unix64               2
# 
# 
# 
# Probes:
#   bigendian            0
#   abi                  1
#   alloca               1
#   bigendian64          0
#   variadic             1
#   longdouble           1
#   recordvalue          1
# 
# 
# 
# [PLATFORM]
# osname            : darwin
# cc                : cc
# cxx               : c++
# for               : gfortran
# ld                : cc
# ccflags           : -g -pipe -fno-common -DPERL_DARWIN -fno-strict-aliasing -fstack-protector -Os -I/Users/gintas/.cpan/build/FFI-Platypus-1.10-ersyMd/blib/lib/auto/share/dist/FFI-Platypus/include
# ldflags           : -shared -undefined dynamic_lookup -fstack-protector
# object suffix     : .o
# library prefix    : lib
# library suffix    : .dylib,.bundle
# cc mm works       : -MM
# 
# 
# 
t/00_diag.t .............................. ok
t/01_use.t ............................... ok
t/ffi_build.t ............................ ok
t/ffi_build_file_base.t .................. ok
t/ffi_build_file_c.t ..................... ok
t/ffi_build_file_cxx.t ................... ok
t/ffi_build_file_library.t ............... ok
t/ffi_build_file_object.t ................ ok
unable to find frooble_runtime at t/ffi_build_mm.t line 124.
# Tests were run but no plan was declared and done_testing() was not seen.
# Looks like your test exited with 255 just after 2.
t/ffi_build_mm.t ......................... 
Dubious, test returned 255 (wstat 65280, 0xff00)
All 2 subtests passed 
t/ffi_build_platform.t ................... ok
Use of uninitialized value in subroutine entry at /Library/Perl/5.18/FFI/CheckLib.pm line 240.
Use of uninitialized value in subroutine entry at /Library/Perl/5.18/FFI/CheckLib.pm line 245.
Use of uninitialized value in subroutine entry at /Library/Perl/5.18/FFI/CheckLib.pm line 240.
Use of uninitialized value in subroutine entry at /Library/Perl/5.18/FFI/CheckLib.pm line 245.
Use of uninitialized value $address in concatenation (.) or string at t/ffi_platypus.t line 173.

        #   Failed test 'found f0 = '
        #   at t/ffi_platypus.t line 173.
        # Looks like you failed 1 test of 1.

    #   Failed test 'find_lib'
    #   at t/ffi_platypus.t line 174.
Use of uninitialized value $good in concatenation (.) or string at t/ffi_platypus.t line 181.

        #   Failed test 'ffi.find_symbol(f0) = '
        #   at t/ffi_platypus.t line 181.
        # Looks like you failed 1 test of 2.

    #   Failed test 'external'
    #   at t/ffi_platypus.t line 185.
    # Looks like you failed 2 tests of 3.

#   Failed test 'find lib'
#   at t/ffi_platypus.t line 197.
Use of uninitialized value in subroutine entry at /Library/Perl/5.18/FFI/CheckLib.pm line 240.
Use of uninitialized value in subroutine entry at /Library/Perl/5.18/FFI/CheckLib.pm line 245.
Use of uninitialized value $good in concatenation (.) or string at t/ffi_platypus.t line 205.

        #   Failed test 'ffi.find_symbol(f0) = '
        #   at t/ffi_platypus.t line 205.
        # Looks like you failed 1 test of 2.

    #   Failed test 'external'
    #   at t/ffi_platypus.t line 209.
    # Looks like you failed 1 test of 2.

#   Failed test 'find symbol'
#   at t/ffi_platypus.t line 221.
Use of uninitialized value in subroutine entry at /Library/Perl/5.18/FFI/CheckLib.pm line 240.
Use of uninitialized value in subroutine entry at /Library/Perl/5.18/FFI/CheckLib.pm line 245.
Use of uninitialized value $lib in -e at t/ffi_platypus.t line 229.
Use of uninitialized value $lib in concatenation (.) or string at t/ffi_platypus.t line 229.

        #   Failed test 'exists '
        #   at t/ffi_platypus.t line 229.
        # Looks like you failed 1 test of 3.

    #   Failed test 'basic'
    #   at t/ffi_platypus.t line 236.
Use of uninitialized value in subroutine entry at /Library/Perl/5.18/FFI/CheckLib.pm line 240.
Use of uninitialized value in subroutine entry at /Library/Perl/5.18/FFI/CheckLib.pm line 245.
Use of uninitialized value $lib in -e at t/ffi_platypus.t line 262.
Use of uninitialized value $lib in concatenation (.) or string at t/ffi_platypus.t line 262.

        #   Failed test 'exists '
        #   at t/ffi_platypus.t line 262.
        # Looks like you failed 1 test of 3.

    #   Failed test 'coderef'
    #   at t/ffi_platypus.t line 269.
    # Looks like you failed 2 tests of 3.

#   Failed test 'lib'
#   at t/ffi_platypus.t line 270.
Use of uninitialized value in subroutine entry at /Library/Perl/5.18/FFI/CheckLib.pm line 240.
Use of uninitialized value in subroutine entry at /Library/Perl/5.18/FFI/CheckLib.pm line 245.
        # No tests run!

    #   Failed test 'No tests run for subtest "cast from string to pointer"'
    #   at t/ffi_platypus.t line 580.
    # Looks like you failed 1 test of 1.

#   Failed test 'cast'
#   at t/ffi_platypus.t line 617.
unable to find string_matches_foobarbaz at t/ffi_platypus.t line 573.
# Tests were run but no plan was declared and done_testing() was not seen.
# Looks like your test exited with 255 just after 11.
t/ffi_platypus.t ......................... 
Dubious, test returned 255 (wstat 65280, 0xff00)
Failed 4/11 subtests 
t/ffi_platypus_api.t ..................... ok
t/ffi_platypus_buffer.t .................. ok
t/ffi_platypus_bundle.t .................. ok
Use of uninitialized value in subroutine entry at /Library/Perl/5.18/FFI/CheckLib.pm line 240.
Use of uninitialized value in subroutine entry at /Library/Perl/5.18/FFI/CheckLib.pm line 245.
    # No tests run!

#   Failed test 'No tests run for subtest "die"'
#   at t/ffi_platypus_closure.t line 89.
unable to find pointer_set_closure at t/ffi_platypus_closure.t line 75.
# Tests were run but no plan was declared and done_testing() was not seen.
# Looks like your test exited with 255 just after 5.
t/ffi_platypus_closure.t ................. 
Dubious, test returned 255 (wstat 65280, 0xff00)
Failed 1/5 subtests 
t/ffi_platypus_constant.t ................ ok
Use of uninitialized value in subroutine entry at /Library/Perl/5.18/FFI/CheckLib.pm line 240.
Use of uninitialized value in subroutine entry at /Library/Perl/5.18/FFI/CheckLib.pm line 245.
    # No tests run!

#   Failed test 'No tests run for subtest "normal"'
#   at t/ffi_platypus_declare.t line 34.
unable to find f0 at t/ffi_platypus_declare.t line 16.
# Tests were run but no plan was declared and done_testing() was not seen.
# Looks like your test exited with 255 just after 1.
t/ffi_platypus_declare.t ................. 
Dubious, test returned 255 (wstat 65280, 0xff00)
Failed 1/1 subtests 
Use of uninitialized value in subroutine entry at /Library/Perl/5.18/FFI/CheckLib.pm line 240.
Use of uninitialized value in subroutine entry at /Library/Perl/5.18/FFI/CheckLib.pm line 245.

        #   Failed test 'returns an address'
        #   at t/ffi_platypus_dl.t line 39.
Use of uninitialized value $address in concatenation (.) or string at t/ffi_platypus_dl.t line 40.
        # Looks like you failed 1 test of 1.

    #   Failed test 'good symbol'
    #   at t/ffi_platypus_dl.t line 41.
    # Looks like you failed 1 test of 2.

#   Failed test 'dlsym'
#   at t/ffi_platypus_dl.t line 51.
# Looks like you failed 1 test of 3.
t/ffi_platypus_dl.t ...................... 
Dubious, test returned 1 (wstat 256, 0x100)
Failed 1/3 subtests 
Use of uninitialized value in subroutine entry at /Library/Perl/5.18/FFI/CheckLib.pm line 240.
Use of uninitialized value in subroutine entry at /Library/Perl/5.18/FFI/CheckLib.pm line 245.

    #   Failed test 'ffi.function(f0, [uint8] => uint8)'
    #   at t/ffi_platypus_function.t line 15.
    #          got: 'unable to find f0 at t/ffi_platypus_function.t line 14.
    # '
    #     expected: ''

    #   Failed test 'undef isa 'FFI::Platypus::Function''
    #   at t/ffi_platypus_function.t line 16.
    #     undef isn't defined

    #   Failed test 'undef isa 'FFI::Platypus::Function::Function''
    #   at t/ffi_platypus_function.t line 17.
    #     undef isn't defined
    # Looks like you failed 3 tests of 3.

#   Failed test 'built in type'
#   at t/ffi_platypus_function.t line 20.
Can't call method "call" on an undefined value at t/ffi_platypus_function.t line 18.
# Tests were run but no plan was declared and done_testing() was not seen.
# Looks like your test exited with 255 just after 1.
t/ffi_platypus_function.t ................ 
Dubious, test returned 255 (wstat 65280, 0xff00)
Failed 1/1 subtests 
Use of uninitialized value in subroutine entry at /Library/Perl/5.18/FFI/CheckLib.pm line 240.
Use of uninitialized value in subroutine entry at /Library/Perl/5.18/FFI/CheckLib.pm line 245.

    #   Failed test 'ffi.function(f0, [uint8] => uint8)'
    #   at t/ffi_platypus_function_wrapper.t line 18.
    #          got: 'unable to find f0 at t/ffi_platypus_function_wrapper.t line 17.
    # '
    #     expected: ''

    #   Failed test 'undef isa 'FFI::Platypus::Function''
    #   at t/ffi_platypus_function_wrapper.t line 19.
    #     undef isn't defined

    #   Failed test 'undef isa 'FFI::Platypus::Function::Wrapper''
    #   at t/ffi_platypus_function_wrapper.t line 20.
    #     undef isn't defined
    # Looks like you failed 3 tests of 3.

#   Failed test 'built in type'
#   at t/ffi_platypus_function_wrapper.t line 26.
Can't call method "call" on an undefined value at t/ffi_platypus_function_wrapper.t line 21.
# Tests were run but no plan was declared and done_testing() was not seen.
# Looks like your test exited with 255 just after 1.
t/ffi_platypus_function_wrapper.t ........ 
Dubious, test returned 255 (wstat 65280, 0xff00)
Failed 1/1 subtests 
t/ffi_platypus_internal.t ................ ok
Use of uninitialized value in subroutine entry at /Library/Perl/5.18/FFI/CheckLib.pm line 240.
Use of uninitialized value in subroutine entry at /Library/Perl/5.18/FFI/CheckLib.pm line 245.
Use of uninitialized value $_[1] in string eq at t/ffi_platypus_lang.t line 89.
Use of uninitialized value $libtest in string eq at t/ffi_platypus_lang.t line 89.
unable to find UnMangled::Name(int i) at t/ffi_platypus_lang.t line 25.
# Tests were run but no plan was declared and done_testing() was not seen.
# Looks like your test exited with 255 just after 1.
t/ffi_platypus_lang.t .................... 
Dubious, test returned 255 (wstat 65280, 0xff00)
All 1 subtests passed 
Use of uninitialized value in subroutine entry at /Library/Perl/5.18/FFI/CheckLib.pm line 240.
Use of uninitialized value in subroutine entry at /Library/Perl/5.18/FFI/CheckLib.pm line 245.
t/ffi_platypus_lang_asm.t ................ ok
Use of uninitialized value in subroutine entry at /Library/Perl/5.18/FFI/CheckLib.pm line 240.
Use of uninitialized value in subroutine entry at /Library/Perl/5.18/FFI/CheckLib.pm line 245.
t/ffi_platypus_lang_c.t .................. ok
t/ffi_platypus_lang_win32.t .............. ok
t/ffi_platypus_legacy.t .................. ok
t/ffi_platypus_memory.t .................. ok
Use of uninitialized value in subroutine entry at /Library/Perl/5.18/FFI/CheckLib.pm line 240.
Use of uninitialized value in subroutine entry at /Library/Perl/5.18/FFI/CheckLib.pm line 245.
unable to find color_get_red at t/ffi_platypus_record.t line 72.
# Tests were run but no plan was declared and done_testing() was not seen.
# Looks like your test exited with 255 just after 1.
t/ffi_platypus_record.t .................. 
Dubious, test returned 255 (wstat 65280, 0xff00)
All 1 subtests passed 
t/ffi_platypus_record_meta.t ............. ok
t/ffi_platypus_record_tiearray.t ......... ok
t/ffi_platypus_shareconfig.t ............. ok
t/ffi_platypus_type.t .................... ok
Use of uninitialized value in subroutine entry at /Library/Perl/5.18/FFI/CheckLib.pm line 240.
Use of uninitialized value in subroutine entry at /Library/Perl/5.18/FFI/CheckLib.pm line 245.
unable to find memcmp4 at t/ffi_platypus_type_pointersizebuffer.t line 36.
# Tests were run but no plan was declared and done_testing() was not seen.
# Looks like your test exited with 255 just after 3.
t/ffi_platypus_type_pointersizebuffer.t .. 
Dubious, test returned 255 (wstat 65280, 0xff00)
All 3 subtests passed 
    # No tests run!

#   Failed test 'No tests run for subtest "fixed length input"'
#   at t/ffi_platypus_type_stringarray.t line 40.
unable to find get_string_from_array at t/ffi_platypus_type_stringarray.t line 17.
# Tests were run but no plan was declared and done_testing() was not seen.
# Looks like your test exited with 255 just after 1.
t/ffi_platypus_type_stringarray.t ........ 
Dubious, test returned 255 (wstat 65280, 0xff00)
Failed 1/1 subtests 
Use of uninitialized value in subroutine entry at /Library/Perl/5.18/FFI/CheckLib.pm line 240.
Use of uninitialized value in subroutine entry at /Library/Perl/5.18/FFI/CheckLib.pm line 245.
unable to find string_pointer_pointer_get at t/ffi_platypus_type_stringpointer.t line 11.
t/ffi_platypus_type_stringpointer.t ...... 
Dubious, test returned 255 (wstat 65280, 0xff00)
No subtests run 
t/ffi_platypus_typeparser.t .............. ok
t/ffi_platypus_typeparser_version0.t ..... ok
t/ffi_platypus_typeparser_version1.t ..... ok
t/ffi_probe.t ............................ ok
t/ffi_probe_runner.t ..................... ok
t/ffi_probe_runner_builder.t ............. ok
t/ffi_probe_runner_result.t .............. ok
t/ffi_temp.t ............................. ok
t/forks.t ................................ skipped: Test requires forks
Use of uninitialized value in subroutine entry at /Library/Perl/5.18/FFI/CheckLib.pm line 240.
Use of uninitialized value in subroutine entry at /Library/Perl/5.18/FFI/CheckLib.pm line 245.
unable to find gh117 at t/gh117.t line 11.
t/gh117.t ................................ 
Dubious, test returned 255 (wstat 65280, 0xff00)
No subtests run 
Use of uninitialized value in subroutine entry at /Library/Perl/5.18/FFI/CheckLib.pm line 240.
Use of uninitialized value in subroutine entry at /Library/Perl/5.18/FFI/CheckLib.pm line 245.
    # No tests run!

#   Failed test 'No tests run for subtest "attached function"'
#   at t/gh129.t line 24.
unable to find f0 at t/gh129.t line 18.
# Tests were run but no plan was declared and done_testing() was not seen.
# Looks like your test exited with 255 just after 1.
t/gh129.t ................................ 
Dubious, test returned 255 (wstat 65280, 0xff00)
Failed 1/1 subtests 
t/memory.t ............................... skipped: tested only in CI
Use of uninitialized value in subroutine entry at /Library/Perl/5.18/FFI/CheckLib.pm line 240.
Use of uninitialized value in subroutine entry at /Library/Perl/5.18/FFI/CheckLib.pm line 245.
Odd number of elements in hash assignment at /Users/gintas/.cpan/build/FFI-Platypus-1.10-ersyMd/blib/lib/FFI/Platypus.pm line 34.
Thread 1 terminated abnormally: unable to find f0 at t/threads.t line 28 thread 1.

#   Failed test 'works in a thread'
#   at t/threads.t line 38.
#          got: undef
#     expected: '22'
unable to find f0 at t/threads.t line 28.
# Tests were run but no plan was declared and done_testing() was not seen.
# Looks like your test exited with 25 just after 1.
t/threads.t .............................. 
Dubious, test returned 25 (wstat 6400, 0x1900)
Failed 1/1 subtests 
t/type_complex_double.t .................. skipped: Test requires support for double complex
t/type_complex_float.t ................... skipped: Test requires support for float complex
t/type_custom.t .......................... ok
Use of uninitialized value in subroutine entry at /Library/Perl/5.18/FFI/CheckLib.pm line 240.
Use of uninitialized value in subroutine entry at /Library/Perl/5.18/FFI/CheckLib.pm line 245.
    # No tests run!

#   Failed test 'No tests run for subtest "api = 0"'
#   at t/type_double.t line 94.
unable to find double_add at t/type_double.t line 30.
# Tests were run but no plan was declared and done_testing() was not seen.
# Looks like your test exited with 255 just after 1.
t/type_double.t .......................... 
Dubious, test returned 255 (wstat 65280, 0xff00)
Failed 1/1 subtests 
Use of uninitialized value in subroutine entry at /Library/Perl/5.18/FFI/CheckLib.pm line 240.
Use of uninitialized value in subroutine entry at /Library/Perl/5.18/FFI/CheckLib.pm line 245.
    # No tests run!

#   Failed test 'No tests run for subtest "api = 0"'
#   at t/type_float.t line 89.
unable to find float_add at t/type_float.t line 25.
# Tests were run but no plan was declared and done_testing() was not seen.
# Looks like your test exited with 255 just after 1.
t/type_float.t ........................... 
Dubious, test returned 255 (wstat 65280, 0xff00)
Failed 1/1 subtests 
warning: error loading t/ffi/libtest.dylib: dlopen(t/ffi/libtest.dylib, 1): no suitable image found.  Did find:
	file system relative paths not allowed in hardened programs at /Users/gintas/.cpan/build/FFI-Platypus-1.10-ersyMd/blib/lib/FFI/Platypus.pm line 435.
unable to find longdouble_add at t/type_longdouble.t line 18.
# Tests were run but no plan was declared and done_testing() was not seen.
# Looks like your test exited with 255 just after 1.
t/type_longdouble.t ...................... 
Dubious, test returned 255 (wstat 65280, 0xff00)
All 1 subtests passed 
t/type_longdouble__array.t ............... ok
unable to find longdouble_add at t/type_longdouble__hide.t line 26.
# Tests were run but no plan was declared and done_testing() was not seen.
# Looks like your test exited with 255 just after 1.
t/type_longdouble__hide.t ................ 
Dubious, test returned 255 (wstat 65280, 0xff00)
All 1 subtests passed 
t/type_longdouble__ptr.t ................. ok
Use of uninitialized value in subroutine entry at /Library/Perl/5.18/FFI/CheckLib.pm line 240.
Use of uninitialized value in subroutine entry at /Library/Perl/5.18/FFI/CheckLib.pm line 245.
    # No tests run!

#   Failed test 'No tests run for subtest "api = 0"'
#   at t/type_opaque.t line 161.
unable to find pointer_null at t/type_opaque.t line 22.
# Tests were run but no plan was declared and done_testing() was not seen.
# Looks like your test exited with 255 just after 1.
t/type_opaque.t .......................... 
Dubious, test returned 255 (wstat 65280, 0xff00)
Failed 1/1 subtests 
Use of uninitialized value in subroutine entry at /Library/Perl/5.18/FFI/CheckLib.pm line 240.
Use of uninitialized value in subroutine entry at /Library/Perl/5.18/FFI/CheckLib.pm line 245.
    # No tests run!

#   Failed test 'No tests run for subtest "not a reference"'
#   at t/type_record.t line 41.
unable to find foo_get_name at t/type_record.t line 17.
# Tests were run but no plan was declared and done_testing() was not seen.
# Looks like your test exited with 255 just after 1.
t/type_record.t .......................... 
Dubious, test returned 255 (wstat 65280, 0xff00)
Failed 1/1 subtests 
Use of uninitialized value in subroutine entry at /Library/Perl/5.18/FFI/CheckLib.pm line 240.
Use of uninitialized value in subroutine entry at /Library/Perl/5.18/FFI/CheckLib.pm line 245.
    # No tests run!

#   Failed test 'No tests run for subtest "is a reference"'
#   at t/type_record_value.t line 98.
unable to find foo_value_get_name at t/type_record_value.t line 28.
# Tests were run but no plan was declared and done_testing() was not seen.
# Looks like your test exited with 25 just after 1.
t/type_record_value.t .................... 
Dubious, test returned 25 (wstat 6400, 0x1900)
Failed 1/1 subtests 
Use of uninitialized value in subroutine entry at /Library/Perl/5.18/FFI/CheckLib.pm line 240.
Use of uninitialized value in subroutine entry at /Library/Perl/5.18/FFI/CheckLib.pm line 245.
    # No tests run!

#   Failed test 'No tests run for subtest "api = 0"'
#   at t/type_sint16.t line 94.
unable to find sint16_add at t/type_sint16.t line 30.
# Tests were run but no plan was declared and done_testing() was not seen.
# Looks like your test exited with 255 just after 1.
t/type_sint16.t .......................... 
Dubious, test returned 255 (wstat 65280, 0xff00)
Failed 1/1 subtests 
Use of uninitialized value in subroutine entry at /Library/Perl/5.18/FFI/CheckLib.pm line 240.
Use of uninitialized value in subroutine entry at /Library/Perl/5.18/FFI/CheckLib.pm line 245.
    # No tests run!

#   Failed test 'No tests run for subtest "api = 0"'
#   at t/type_sint32.t line 94.
unable to find sint32_add at t/type_sint32.t line 30.
# Tests were run but no plan was declared and done_testing() was not seen.
# Looks like your test exited with 255 just after 1.
t/type_sint32.t .......................... 
Dubious, test returned 255 (wstat 65280, 0xff00)
Failed 1/1 subtests 
Use of uninitialized value in subroutine entry at /Library/Perl/5.18/FFI/CheckLib.pm line 240.
Use of uninitialized value in subroutine entry at /Library/Perl/5.18/FFI/CheckLib.pm line 245.
    # No tests run!

#   Failed test 'No tests run for subtest "api = 0"'
#   at t/type_sint64.t line 94.
unable to find sint64_add at t/type_sint64.t line 30.
# Tests were run but no plan was declared and done_testing() was not seen.
# Looks like your test exited with 255 just after 1.
t/type_sint64.t .......................... 
Dubious, test returned 255 (wstat 65280, 0xff00)
Failed 1/1 subtests 
Use of uninitialized value in subroutine entry at /Library/Perl/5.18/FFI/CheckLib.pm line 240.
Use of uninitialized value in subroutine entry at /Library/Perl/5.18/FFI/CheckLib.pm line 245.
    # No tests run!

#   Failed test 'No tests run for subtest "api = 0"'
#   at t/type_sint8.t line 89.
unable to find sint8_add at t/type_sint8.t line 25.
# Tests were run but no plan was declared and done_testing() was not seen.
# Looks like your test exited with 255 just after 1.
t/type_sint8.t ........................... 
Dubious, test returned 255 (wstat 65280, 0xff00)
Failed 1/1 subtests 
Use of uninitialized value in subroutine entry at /Library/Perl/5.18/FFI/CheckLib.pm line 240.
Use of uninitialized value in subroutine entry at /Library/Perl/5.18/FFI/CheckLib.pm line 245.
    # No tests run!

#   Failed test 'No tests run for subtest "api = 0"'
#   at t/type_string.t line 205.
unable to find string_matches_foobarbaz at t/type_string.t line 25.
# Tests were run but no plan was declared and done_testing() was not seen.
# Looks like your test exited with 255 just after 1.
t/type_string.t .......................... 
Dubious, test returned 255 (wstat 65280, 0xff00)
Failed 1/1 subtests 
Use of uninitialized value in subroutine entry at /Library/Perl/5.18/FFI/CheckLib.pm line 240.
Use of uninitialized value in subroutine entry at /Library/Perl/5.18/FFI/CheckLib.pm line 245.
    # No tests run!

#   Failed test 'No tests run for subtest "api = 0"'
#   at t/type_uint16.t line 101.
unable to find uint16_add at t/type_uint16.t line 30.
# Tests were run but no plan was declared and done_testing() was not seen.
# Looks like your test exited with 255 just after 1.
t/type_uint16.t .......................... 
Dubious, test returned 255 (wstat 65280, 0xff00)
Failed 1/1 subtests 
Use of uninitialized value in subroutine entry at /Library/Perl/5.18/FFI/CheckLib.pm line 240.
Use of uninitialized value in subroutine entry at /Library/Perl/5.18/FFI/CheckLib.pm line 245.
    # No tests run!

#   Failed test 'No tests run for subtest "api = 0"'
#   at t/type_uint32.t line 101.
unable to find uint32_add at t/type_uint32.t line 30.
# Tests were run but no plan was declared and done_testing() was not seen.
# Looks like your test exited with 255 just after 1.
t/type_uint32.t .......................... 
Dubious, test returned 255 (wstat 65280, 0xff00)
Failed 1/1 subtests 
Use of uninitialized value in subroutine entry at /Library/Perl/5.18/FFI/CheckLib.pm line 240.
Use of uninitialized value in subroutine entry at /Library/Perl/5.18/FFI/CheckLib.pm line 245.
    # No tests run!

#   Failed test 'No tests run for subtest "api = 0"'
#   at t/type_uint64.t line 101.
unable to find uint64_add at t/type_uint64.t line 30.
# Tests were run but no plan was declared and done_testing() was not seen.
# Looks like your test exited with 255 just after 1.
t/type_uint64.t .......................... 
Dubious, test returned 255 (wstat 65280, 0xff00)
Failed 1/1 subtests 
Use of uninitialized value in subroutine entry at /Library/Perl/5.18/FFI/CheckLib.pm line 240.
Use of uninitialized value in subroutine entry at /Library/Perl/5.18/FFI/CheckLib.pm line 245.
    # No tests run!

#   Failed test 'No tests run for subtest "api = 0"'
#   at t/type_uint8.t line 96.
unable to find uint8_add at t/type_uint8.t line 25.
# Tests were run but no plan was declared and done_testing() was not seen.
# Looks like your test exited with 255 just after 1.
t/type_uint8.t ........................... 
Dubious, test returned 255 (wstat 65280, 0xff00)
Failed 1/1 subtests 

Test Summary Report
-------------------
t/ffi_build_mm.t                       (Wstat: 65280 Tests: 2 Failed: 0)
  Non-zero exit status: 255
  Parse errors: No plan found in TAP output
t/ffi_platypus.t                       (Wstat: 65280 Tests: 11 Failed: 4)
  Failed tests:  5-7, 11
  Non-zero exit status: 255
  Parse errors: No plan found in TAP output
t/ffi_platypus_closure.t               (Wstat: 65280 Tests: 5 Failed: 1)
  Failed test:  5
  Non-zero exit status: 255
  Parse errors: No plan found in TAP output
t/ffi_platypus_declare.t               (Wstat: 65280 Tests: 1 Failed: 1)
  Failed test:  1
  Non-zero exit status: 255
  Parse errors: No plan found in TAP output
t/ffi_platypus_dl.t                    (Wstat: 256 Tests: 3 Failed: 1)
  Failed test:  3
  Non-zero exit status: 1
t/ffi_platypus_function.t              (Wstat: 65280 Tests: 1 Failed: 1)
  Failed test:  1
  Non-zero exit status: 255
  Parse errors: No plan found in TAP output
t/ffi_platypus_function_wrapper.t      (Wstat: 65280 Tests: 1 Failed: 1)
  Failed test:  1
  Non-zero exit status: 255
  Parse errors: No plan found in TAP output
t/ffi_platypus_lang.t                  (Wstat: 65280 Tests: 1 Failed: 0)
  Non-zero exit status: 255
  Parse errors: No plan found in TAP output
t/ffi_platypus_record.t                (Wstat: 65280 Tests: 1 Failed: 0)
  Non-zero exit status: 255
  Parse errors: No plan found in TAP output
t/ffi_platypus_type_pointersizebuffer.t (Wstat: 65280 Tests: 3 Failed: 0)
  Non-zero exit status: 255
  Parse errors: No plan found in TAP output
t/ffi_platypus_type_stringarray.t      (Wstat: 65280 Tests: 1 Failed: 1)
  Failed test:  1
  Non-zero exit status: 255
  Parse errors: No plan found in TAP output
t/ffi_platypus_type_stringpointer.t    (Wstat: 65280 Tests: 0 Failed: 0)
  Non-zero exit status: 255
  Parse errors: No plan found in TAP output
t/gh117.t                              (Wstat: 65280 Tests: 0 Failed: 0)
  Non-zero exit status: 255
  Parse errors: No plan found in TAP output
t/gh129.t                              (Wstat: 65280 Tests: 1 Failed: 1)
  Failed test:  1
  Non-zero exit status: 255
  Parse errors: No plan found in TAP output
t/threads.t                            (Wstat: 6400 Tests: 1 Failed: 1)
  Failed test:  1
  Non-zero exit status: 25
  Parse errors: No plan found in TAP output
t/type_double.t                        (Wstat: 65280 Tests: 1 Failed: 1)
  Failed test:  1
  Non-zero exit status: 255
  Parse errors: No plan found in TAP output
t/type_float.t                         (Wstat: 65280 Tests: 1 Failed: 1)
  Failed test:  1
  Non-zero exit status: 255
  Parse errors: No plan found in TAP output
t/type_longdouble.t                    (Wstat: 65280 Tests: 1 Failed: 0)
  Non-zero exit status: 255
  Parse errors: No plan found in TAP output
t/type_longdouble__hide.t              (Wstat: 65280 Tests: 1 Failed: 0)
  Non-zero exit status: 255
  Parse errors: No plan found in TAP output
t/type_opaque.t                        (Wstat: 65280 Tests: 1 Failed: 1)
  Failed test:  1
  Non-zero exit status: 255
  Parse errors: No plan found in TAP output
t/type_record.t                        (Wstat: 65280 Tests: 1 Failed: 1)
  Failed test:  1
  Non-zero exit status: 255
  Parse errors: No plan found in TAP output
t/type_record_value.t                  (Wstat: 6400 Tests: 1 Failed: 1)
  Failed test:  1
  Non-zero exit status: 25
  Parse errors: No plan found in TAP output
t/type_sint16.t                        (Wstat: 65280 Tests: 1 Failed: 1)
  Failed test:  1
  Non-zero exit status: 255
  Parse errors: No plan found in TAP output
t/type_sint32.t                        (Wstat: 65280 Tests: 1 Failed: 1)
  Failed test:  1
  Non-zero exit status: 255
  Parse errors: No plan found in TAP output
t/type_sint64.t                        (Wstat: 65280 Tests: 1 Failed: 1)
  Failed test:  1
  Non-zero exit status: 255
  Parse errors: No plan found in TAP output
t/type_sint8.t                         (Wstat: 65280 Tests: 1 Failed: 1)
  Failed test:  1
  Non-zero exit status: 255
  Parse errors: No plan found in TAP output
t/type_string.t                        (Wstat: 65280 Tests: 1 Failed: 1)
  Failed test:  1
  Non-zero exit status: 255
  Parse errors: No plan found in TAP output
t/type_uint16.t                        (Wstat: 65280 Tests: 1 Failed: 1)
  Failed test:  1
  Non-zero exit status: 255
  Parse errors: No plan found in TAP output
t/type_uint32.t                        (Wstat: 65280 Tests: 1 Failed: 1)
  Failed test:  1
  Non-zero exit status: 255
  Parse errors: No plan found in TAP output
t/type_uint64.t                        (Wstat: 65280 Tests: 1 Failed: 1)
  Failed test:  1
  Non-zero exit status: 255
  Parse errors: No plan found in TAP output
t/type_uint8.t                         (Wstat: 65280 Tests: 1 Failed: 1)
  Failed test:  1
  Non-zero exit status: 255
  Parse errors: No plan found in TAP output
Files=69, Tests=260, 19 wallclock secs ( 0.48 usr  0.19 sys + 10.33 cusr  3.40 csys = 14.40 CPU)
Result: FAIL
Failed 31/69 test programs. 26/260 subtests failed.
make: *** [test_dynamic] Error 255

------------------------------
PREREQUISITES
------------------------------

Prerequisite modules loaded:

requires:

    Module              Need     Have    
    ------------------- -------- --------
    Capture::Tiny       0        0.48    
    constant            1.32     1.33    
    ExtUtils::MakeMaker 7.12     7.44    
    FFI::CheckLib       0.05     0.26    
    IPC::Cmd            0        1.04    
    JSON::PP            0        4.04    
    List::Util          1.45     1.54    
    perl                5.008001 5.018004

build_requires:

    Module              Need     Have    
    ------------------- -------- --------
    Capture::Tiny       0        0.48    
    ExtUtils::CBuilder  0        0.280234
    Test::More          0.98     1.302172

configure_requires:

    Module              Need     Have    
    ------------------- -------- --------
    Capture::Tiny       0        0.48    
    ExtUtils::MakeMaker 7.12     7.44    
    ExtUtils::ParseXS   3.30     3.35    
    IPC::Cmd            0        1.04    
    perl                5.006    5.018004


------------------------------
ENVIRONMENT AND OTHER CONTEXT
------------------------------

Environment variables:

    LC_CTYPE = UTF-8
    PATH = /usr/local/bin:/usr/bin:/bin:/usr/sbin:/sbin:/usr/local/MacGPG2/bin:/opt/X11/bin
    PERL5LIB = 
    PERL5OPT = 
    PERL5_CPANPLUS_IS_RUNNING = 85737
    PERL5_CPAN_IS_RUNNING = 85737
    SHELL = /bin/bash
    TERM = xterm-256color
    TMPDIR = /var/folders/7j/gsygg6dj3yg5vj5ph2nk1x880000gn/T/
    VERSIONER_PERL_VERSION = 5.18

Perl special variables (and OS-specific diagnostics, for MSWin32):

    $^X = /usr/bin/perl
    $UID/$EUID = 501 / 501
    $GID = 20 20 701 12 61 79 80 81 98 703 702 33 100 204 250 395 398 399 400
    $EGID = 20 20 701 12 61 79 80 81 98 703 702 33 100 204 250 395 398 399 400

Perl module toolchain versions installed:

    Module              Have    
    ------------------- --------
    CPAN                2.00    
    CPAN::Meta          2.150010
    Cwd                 3.75    
    ExtUtils::CBuilder  0.280234
    ExtUtils::Command   7.44    
    ExtUtils::Install   2.14    
    ExtUtils::MakeMaker 7.44    
    ExtUtils::Manifest  1.72    
    ExtUtils::ParseXS   3.35    
    File::Spec          3.75    
    JSON                4.02    
    JSON::PP            4.04    
    Module::Build       0.4229  
    Module::Signature   0.83    
    Parse::CPAN::Meta   2.150010
    Test::Harness       3.42    
    Test::More          1.302172
    YAML                1.30    
    YAML::Syck          1.31    
    version             0.9924  


--

Summary of my perl5 (revision 5 version 18 subversion 4) configuration:
   
  Platform:
    osname=darwin, osvers=19.0, archname=darwin-thread-multi-2level
    uname='darwin osx374.sd.apple.com 19.0 darwin kernel version 18.0.0: tue jul 9 11:12:08 pdt 2019; root:xnu-4903.201.2.100.7~1release_x86_64 x86_64 '
    config_args='-ds -e -Dprefix=/usr -Dccflags=-g  -pipe  -Dldflags= -Dman3ext=3pm -Duseithreads -Duseshrplib -Dinc_version_list=none -Dcc=cc'
    hint=recommended, useposix=true, d_sigaction=define
    useithreads=define, usemultiplicity=define
    useperlio=define, d_sfio=undef, uselargefiles=define, usesocks=undef
    use64bitint=define, use64bitall=define, uselongdouble=undef
    usemymalloc=n, bincompat5005=undef
  Compiler:
    cc='cc', ccflags =' -g -pipe -fno-common -DPERL_DARWIN -fno-strict-aliasing -fstack-protector',
    optimize='-Os',
    cppflags='-g -pipe -fno-common -DPERL_DARWIN -fno-strict-aliasing -fstack-protector'
    ccversion='', gccversion='4.2.1 Compatible Apple LLVM 11.0.0 (clang-1100.0.32.4) (-macos10.15-objc-selector-opts)', gccosandvers=''
    intsize=4, longsize=8, ptrsize=8, doublesize=8, byteorder=12345678
    d_longlong=define, longlongsize=8, d_longdbl=define, longdblsize=16
    ivtype='long', ivsize=8, nvtype='double', nvsize=8, Off_t='off_t', lseeksize=8
    alignbytes=8, prototype=define
  Linker and Libraries:
    ld='cc', ldflags =' -fstack-protector'
    libpth=/usr/lib /usr/local/lib
    libs= 
    perllibs=
    libc=, so=dylib, useshrplib=true, libperl=libperl.dylib
    gnulibc_version=''
  Dynamic Linking:
    dlsrc=dl_dlopen.xs, dlext=bundle, d_dlsymun=undef, ccdlflags=' '
    cccdlflags=' ', lddlflags=' -bundle -undefined dynamic_lookup -fstack-protector'


Characteristics of this binary (from libperl): 
  Compile-time options: HAS_TIMES MULTIPLICITY PERLIO_LAYERS
                        PERL_DONT_CREATE_GVSV
                        PERL_HASH_FUNC_ONE_AT_A_TIME_HARD
                        PERL_IMPLICIT_CONTEXT PERL_MALLOC_WRAP
                        PERL_PRESERVE_IVUV PERL_SAWAMPERSAND USE_64_BIT_ALL
                        USE_64_BIT_INT USE_ITHREADS USE_LARGE_FILES
                        USE_LOCALE USE_LOCALE_COLLATE USE_LOCALE_CTYPE
                        USE_LOCALE_NUMERIC USE_PERLIO USE_PERL_ATOF
                        USE_REENTRANT_API
  Locally applied patches:
	/Library/Perl/Updates/<version> comes before system perl directories
	installprivlib and installarchlib points to the Updates directory
  Built under darwin
  Compiled at Dec 13 2019 14:54:45
  %ENV:
    PERL5LIB=""
    PERL5OPT=""
    PERL5_CPANPLUS_IS_RUNNING="85737"
    PERL5_CPAN_IS_RUNNING="85737"
  @INC:
    /Library/Perl/5.18/darwin-thread-multi-2level
    /Library/Perl/5.18
    /Network/Library/Perl/5.18/darwin-thread-multi-2level
    /Network/Library/Perl/5.18
    /Library/Perl/Updates/5.18.4/darwin-thread-multi-2level
    /Library/Perl/Updates/5.18.4
    /System/Library/Perl/5.18/darwin-thread-multi-2level
    /System/Library/Perl/5.18
    /System/Library/Perl/Extras/5.18/darwin-thread-multi-2level
    /System/Library/Perl/Extras/5.18
    .