FFI-Platypus v2.08 Perl 5 v5.26.0 x86_64-cygwin-thread-ld

Status
Fail
From
Peter John Acklam (PJACKLAM)
Dist
FFI-Platypus v2.08
Platform
Perl 5 v5.26.0 x86_64-cygwin-thread-ld
Date
2024-06-07 07:00:01
ID
7baad4db-6c71-1014-9b33-d11b5972d493
This distribution has been tested as part of the CPAN Testers
project, supporting the Perl programming language.  See
http://wiki.cpantesters.org/ for more information or email
questions to cpan-testers-discuss@perl.org


--
Dear Graham Ollis,

This is a computer-generated report for FFI-Platypus-2.08
on perl 5.26.0, created by CPAN-Reporter-1.2019.

Thank you for uploading your work to CPAN.  However, there was a problem
testing your distribution.

If you think this report is invalid, please consult the CPAN Testers Wiki
for suggestions on how to avoid getting FAIL reports for missing library
or binary dependencies, unsupported operating systems, and so on:

http://wiki.cpantesters.org/wiki/CPANAuthorNotes

Sections of this report:

    * Tester comments
    * Program output
    * Prerequisites
    * Environment and other context

------------------------------
TESTER COMMENTS
------------------------------

Additional comments from tester:

this report is from an automated smoke testing program
and was not reviewed by a human for accuracy

------------------------------
PROGRAM OUTPUT
------------------------------

Output from '/usr/bin/make test':

"/cygdrive/d/opt/perl5/cygwin_nt-10.0/3.4.5/x86_64/perl/5.26.0/x86_64-cygwin-thread-ld/bin/perl5.26.0.exe" -MExtUtils::Command::MM -e 'cp_nonempty' -- lib/FFI/Platypus.bs blib/arch/auto/FFI/Platypus/Platypus.bs 644
CC t/ffi/align.c
CC t/ffi/align_array.c
CC t/ffi/align_fixed.c
CC t/ffi/align_string.c
CC t/ffi/basic.c
CC t/ffi/closure.c
CC t/ffi/color.c
CC t/ffi/complex_double.c
CC t/ffi/complex_float.c
CC t/ffi/double.c
CC t/ffi/float.c
CC t/ffi/gh117.c
CC t/ffi/gh174.c
CC t/ffi/longdouble.c
CC t/ffi/memcmp4.c
CC t/ffi/meta.c
CC t/ffi/pointer.c
CC t/ffi/record.c
CC t/ffi/sint16.c
CC t/ffi/sint32.c
CC t/ffi/sint64.c
CC t/ffi/sint8.c
CC t/ffi/string.c
CC t/ffi/string_array.c
CC t/ffi/uint16.c
CC t/ffi/uint32.c
CC t/ffi/uint64.c
CC t/ffi/uint8.c
CC t/ffi/variadic.c
LD t/ffi/cygtest.dll
PERL_DL_NONLAZY=1 "/cygdrive/d/opt/perl5/cygwin_nt-10.0/3.4.5/x86_64/perl/5.26.0/x86_64-cygwin-thread-ld/bin/perl5.26.0.exe" "-MExtUtils::Command::MM" "-MTest::Harness" "-e" "undef *Test::Harness::Switches; test_harness(0, 'blib/lib', 'blib/arch')" t/*.t
# 
# 
# 
# HARNESS_ACTIVE=1
# HARNESS_VERSION=3.38
# PERL5LIB=/cygdrive/d/opt/perl5/cygwin_nt-10.0/3.4.5/x86_64/cpan/5.26.0/x86_64-cygwin-thread-ld/build/FFI-Platypus-2.08-0/blib/lib:/cygdrive/d/opt/perl5/cygwin_nt-10.0/3.4.5/x86_64/cpan/5.26.0/x86_64-cygwin-thread-ld/build/FFI-Platypus-2.08-0/blib/arch:/opt/perl5/cygwin_nt-10.0/3.4.5/x86_64/perl/5.26.0/x86_64-cygwin-thread-ld/local/lib/perl5/x86_64-cygwin-thread-ld:/opt/perl5/cygwin_nt-10.0/3.4.5/x86_64/perl/5.26.0/x86_64-cygwin-thread-ld/local/lib/perl5:/opt/perl5/cygwin_nt-10.0/3.4.5/x86_64/perl/5.26.0/x86_64-cygwin-thread-ld/local/lib/site_perl:/opt/perl5/cygwin_nt-10.0/3.4.5/x86_64/perl/5.26.0/x86_64-cygwin-thread-ld/local/lib:/opt/perl5/cygwin_nt-10.0/3.4.5/x86_64/perl/5.26.0/x86_64-cygwin-thread-ld/local/lib/perl5:/opt/perl5/cygwin_nt-10.0/3.4.5/x86_64/perl/5.26.0/x86_64-cygwin-thread-ld/local/lib/site_perl:/opt/perl5/cygwin_nt-10.0/3.4.5/x86_64/perl/5.26.0/x86_64-cygwin-thread-ld/local/lib
# PERL5OPT=
# PERL5_CPANPLUS_IS_RUNNING=44803
# PERL5_CPAN_IS_RUNNING=44803
# PERL_CANARY_STABILITY_NOPROMPT=1
# PERL_CPAN_REPORTER_CONFIG=/cygdrive/d/home/peter/.cpanreporter/config-cygwin-rigel.ini
# PERL_DL_NONLAZY=1
# PERL_EXTUTILS_AUTOINSTALL=1
# PERL_MB_OPT=--install_base /opt/perl5/cygwin_nt-10.0/3.4.5/x86_64/perl/5.26.0/x86_64-cygwin-thread-ld/local
# PERL_MM_OPT=INSTALL_BASE=/opt/perl5/cygwin_nt-10.0/3.4.5/x86_64/perl/5.26.0/x86_64-cygwin-thread-ld/local
# PERL_MM_USE_DEFAULT=1
# PERL_TEST_CRITIC=1
# PERL_TEST_POD=1
# PERL_USE_UNSAFE_INC=1
# SHELL=/bin/bash
# 
# 
# 
# PERL5LIB path
# /cygdrive/d/opt/perl5/cygwin_nt-10.0/3.4.5/x86_64/cpan/5.26.0/x86_64-cygwin-thread-ld/build/FFI-Platypus-2.08-0/blib/lib
# /cygdrive/d/opt/perl5/cygwin_nt-10.0/3.4.5/x86_64/cpan/5.26.0/x86_64-cygwin-thread-ld/build/FFI-Platypus-2.08-0/blib/arch
# /opt/perl5/cygwin_nt-10.0/3.4.5/x86_64/perl/5.26.0/x86_64-cygwin-thread-ld/local/lib/perl5/x86_64-cygwin-thread-ld
# /opt/perl5/cygwin_nt-10.0/3.4.5/x86_64/perl/5.26.0/x86_64-cygwin-thread-ld/local/lib/perl5
# /opt/perl5/cygwin_nt-10.0/3.4.5/x86_64/perl/5.26.0/x86_64-cygwin-thread-ld/local/lib/site_perl
# /opt/perl5/cygwin_nt-10.0/3.4.5/x86_64/perl/5.26.0/x86_64-cygwin-thread-ld/local/lib
# /opt/perl5/cygwin_nt-10.0/3.4.5/x86_64/perl/5.26.0/x86_64-cygwin-thread-ld/local/lib/perl5
# /opt/perl5/cygwin_nt-10.0/3.4.5/x86_64/perl/5.26.0/x86_64-cygwin-thread-ld/local/lib/site_perl
# /opt/perl5/cygwin_nt-10.0/3.4.5/x86_64/perl/5.26.0/x86_64-cygwin-thread-ld/local/lib
# 
# 
# 
# perl                  5.026000 cygwin x86_64-cygwin-thread-ld
# Alien::Base           2.80
# Alien::FFI            -
# Capture::Tiny         0.48
# Devel::Hide           0.0015
# ExtUtils::CBuilder    0.280225
# ExtUtils::MakeMaker   7.24
# ExtUtils::ParseXS     3.34
# FFI::CheckLib         0.31
# File::Spec::Functions 3.67
# IPC::Cmd              0.96
# JSON::PP              2.27400_02
# List::Util            1.4602
# Math::LongDouble      -
# PkgConfig             -
# Test2::API            1.302199
# Test2::V0             0.000162
# autodie               2.29
# constant              1.33
# forks                 -
# parent                0.236
# 
# 
# 
# mode : system
# Alien::FFI::pkgconfig->VERSION      = 
# Alien::FFI::pkgconfig->install_type = system
# Alien::FFI::pkgconfig->cflags       = 
# Alien::FFI::pkgconfig->libs         = -L/usr/lib/../lib -lffi 
# Alien::FFI::pkgconfig->version      = 3.4.3
# 
# 
# 
# ffi.platypus.memory.strdup_impl =libc
# ffi.platypus.memory.strndup_impl=libc
# 
# 
# 
# Types:
#   double   : double, float complex
#   float    : float
#   longdouble : double complex, long double, long double complex
#   sint16   : int16_t, short, signed short
#   sint32   : blksize_t, int, int32_t, senum, signed int
#   sint64   : blkcnt_t, int64_t, intmax_t, intptr_t, long, long long, off_t, ptrdiff_t, signed long, signed long long, ssize_t, time_t
#   sint8    : char, int8_t, signed char
#   uint16   : nlink_t, uint16_t, unsigned short, ushort, wchar_t
#   uint32   : dev_t, enum, gid_t, mode_t, uid_t, uint, uint32_t, unsigned int, wint_t
#   uint64   : ino_t, size_t, uint64_t, uintmax_t, uintptr_t, ulong, unsigned long, unsigned long long
#   uint8    : bool, uchar, uint8_t, unsigned char
# 
# 
# 
# ABIs:
#   default_abi          2
#   gnuw64               2
#   win64                1
# 
# 
# 
# Probes:
#   alloca               1
#   bigendian64          0
#   longdouble           1
#   recordvalue          1
#   strnlen              1
#   abi                  1
#   bigendian            0
#   variadic             1
#   complex              1
# 
# 
# 
# CPU Info:
#   model name	: Intel(R) Core(TM) i7-2600K CPU @ 3.40GHz
#   flags		: fpu vme de pse tsc msr pae mce cx8 apic sep mtrr pge mca cmov pat pse36 clflush dts acpi mmx fxsr sse sse2 ss ht tm pbe constant_tsc arch_perfmon rep_good nopl xtopology cpuid aperfmperf pni pclmuldq dtes64 monitor ds_cpl vmx est tm2 ssse3 cx16 xtpr pdcm pcid sse4_1 sse4_2 popcnt tsc_deadline_timer aes xsave avx lahf_lm epb xsaveopt dtherm ida arat pln pts md_clear flush_l1d
#   address sizes	: 36 bits physical, 48 bits virtual
# 
# 
# 
# [PLATFORM]
# osname            : cygwin
# cc                : gcc
# cxx               : g++
# cxxld             : g++
# for               : gfortran
# ld                : g++
# ccflags           : -U__STRICT_ANSI__ -D_GNU_SOURCE -fwrapv -fpcc-struct-return -pipe -fstack-protector-strong -O3 -I/cygdrive/d/opt/perl5/cygwin_nt-10.0/3.4.5/x86_64/cpan/5.26.0/x86_64-cygwin-thread-ld/build/FFI-Platypus-2.08-0/blib/lib/auto/share/dist/FFI-Platypus/include
# ldflags           : --shared -Wl,--enable-auto-import -Wl,--export-all-symbols -Wl,--enable-auto-image-base -L/usr/local/lib -fstack-protector-strong
# object suffix     : .o
# library prefix    : cyg
# library suffix    : .dll
# cc mm works       : -MM
# 
# 
# 
t/00_diag.t .............................. ok
t/ffi_build.t ............................ ok
t/ffi_build_file_base.t .................. ok
t/ffi_build_file_c.t ..................... ok
t/ffi_build_file_cxx.t ................... ok
t/ffi_build_file_library.t ............... ok
t/ffi_build_file_object.t ................ ok
t/ffi_build_mm.t ......................... ok
t/ffi_build_platform.t ................... ok
t/ffi_build_plugin.t ..................... ok
t/ffi_build_plugindata.t ................. ok
t/ffi_platypus.t ......................... ok
t/ffi_platypus_api.t ..................... ok
t/ffi_platypus_buffer.t .................. ok
t/ffi_platypus_bundle.t .................. ok
t/ffi_platypus_closure.t ................. ok
t/ffi_platypus_constant.t ................ ok
t/ffi_platypus_dl.t ...................... ok
t/ffi_platypus_function.t ................ ok
t/ffi_platypus_function_wrapper.t ........ ok
t/ffi_platypus_internal.t ................ ok
t/ffi_platypus_lang.t .................... ok
t/ffi_platypus_lang_asm.t ................ ok
t/ffi_platypus_lang_c.t .................. ok
t/ffi_platypus_lang_win32.t .............. ok
t/ffi_platypus_legacy.t .................. ok
t/ffi_platypus_memory.t .................. ok
t/ffi_platypus_record.t .................. ok
t/ffi_platypus_record_meta.t ............. ok
t/ffi_platypus_record_tiearray.t ......... ok
t/ffi_platypus_shareconfig.t ............. ok
t/ffi_platypus_type.t .................... ok
t/ffi_platypus_type_pointersizebuffer.t .. ok
t/ffi_platypus_type_stringarray.t ........ ok
t/ffi_platypus_type_stringpointer.t ...... ok
t/ffi_platypus_type_widestring.t ......... ok
t/ffi_platypus_typeparser.t .............. ok
t/ffi_platypus_typeparser_version0.t ..... ok
t/ffi_platypus_typeparser_version1.t ..... ok
t/ffi_platypus_typeparser_version2.t ..... ok
t/ffi_probe.t ............................ ok
t/ffi_probe_runner.t ..................... ok
t/ffi_probe_runner_builder.t ............. ok
t/ffi_probe_runner_result.t .............. ok
t/ffi_temp.t ............................. ok
t/forks.t ................................ skipped: Test requires forks
t/gh117.t ................................ ok
t/gh129.t ................................ ok
t/gh323.t ................................ ok
t/memory.t ............................... skipped: tested only in CI
t/threads.t .............................. ok
t/type_complex_double.t .................. ok
t/type_complex_float.t ................... ok
t/type_custom.t .......................... ok
t/type_double.t .......................... ok
t/type_float.t ........................... ok
t/type_longdouble.t ...................... ok
t/type_longdouble__array.t ............... ok
t/type_longdouble__hide.t ................ ok
t/type_longdouble__ptr.t ................. ok
t/type_opaque.t .......................... ok
t/type_record.t .......................... ok
        # Failed test at t/type_record_value.t line 271.
        # +-----+----+-------+
        # | GOT | OP | CHECK |
        # +-----+----+-------+
        # | -25 | eq | 1     |
        # +-----+----+-------+
        # Failed test at t/type_record_value.t line 272.
        # +--------+----+-------+
        # | GOT    | OP | CHECK |
        # +--------+----+-------+
        # | -13765 | eq | 2     |
        # +--------+----+-------+
    # Failed test 'good'
    # at t/type_record_value.t line 274.
        # Failed test at t/type_record_value.t line 289.
        # +-----+----+-------+
        # | GOT | OP | CHECK |
        # +-----+----+-------+
        # | -25 | eq | 0     |
        # +-----+----+-------+
        # Failed test at t/type_record_value.t line 290.
        # +--------+----+-------+
        # | GOT    | OP | CHECK |
        # +--------+----+-------+
        # | -13765 | eq | 0     |
        # +--------+----+-------+
        # Failed test at t/type_record_value.t line 291.
        # +-----+----+-------+
        # | GOT | OP | CHECK |
        # +-----+----+-------+
        # | 3   | eq | 0     |
        # +-----+----+-------+
    # Failed test 'bad'
    # at t/type_record_value.t line 293.
        # Failed test at t/type_record_value.t line 310.
        # +-----+----+-------+
        # | GOT | OP | CHECK |
        # +-----+----+-------+
        # | -25 | eq | 0     |
        # +-----+----+-------+
        # Failed test at t/type_record_value.t line 311.
        # +--------+----+-------+
        # | GOT    | OP | CHECK |
        # +--------+----+-------+
        # | -13765 | eq | 0     |
        # +--------+----+-------+
        # Failed test at t/type_record_value.t line 312.
        # +-----+----+-------+
        # | GOT | OP | CHECK |
        # +-----+----+-------+
        # | 3   | eq | 0     |
        # +-----+----+-------+
    # Failed test 'short'
    # at t/type_record_value.t line 314.

# Failed test 'closure ret'
# at t/type_record_value.t line 316.
t/type_record_value.t .................... 
Dubious, test returned 1 (wstat 256, 0x100)
Failed 1/3 subtests 
t/type_sint16.t .......................... ok
t/type_sint32.t .......................... ok
t/type_sint64.t .......................... ok
t/type_sint8.t ........................... ok
t/type_string.t .......................... ok
t/type_uint16.t .......................... ok
t/type_uint32.t .......................... ok
t/type_uint64.t .......................... ok
t/type_uint8.t ........................... ok

Test Summary Report
-------------------
t/type_record_value.t                  (Wstat: 256 Tests: 3 Failed: 1)
  Failed test:  3
  Non-zero exit status: 1
Files=72, Tests=322, 318 wallclock secs ( 0.78 usr  1.27 sys + 66.83 cusr 236.01 csys = 304.89 CPU)
Result: FAIL
Failed 1/72 test programs. 1/322 subtests failed.
make: *** [Makefile:1265: test_dynamic] Error 255

------------------------------
PREREQUISITES
------------------------------

Prerequisite modules loaded:

requires:

    Module                Need     Have      
    --------------------- -------- ----------
    autodie               0        2.29      
    Capture::Tiny         0        0.48      
    constant              1.32     1.33      
    ExtUtils::MakeMaker   7.12     7.24      
    FFI::CheckLib         0.05     0.31      
    File::Spec::Functions 0        3.67      
    IPC::Cmd              0        0.96      
    JSON::PP              0        2.27400_02
    List::Util            1.45     1.46_02   
    parent                0        0.236     
    perl                  5.008004 5.026000  

build_requires:

    Module                Need     Have      
    --------------------- -------- ----------
    Capture::Tiny         0        0.48      
    ExtUtils::CBuilder    0        0.280225  
    Test2::API            1.302015 1.302199  
    Test2::V0             0.000121 0.000162  

configure_requires:

    Module                Need     Have      
    --------------------- -------- ----------
    Capture::Tiny         0        0.48      
    ExtUtils::MakeMaker   7.12     7.24      
    ExtUtils::ParseXS     3.30     3.34      
    IPC::Cmd              0        0.96      
    JSON::PP              0        2.27400_02
    parent                0        0.236     
    perl                  5.006    5.026000  


------------------------------
ENVIRONMENT AND OTHER CONTEXT
------------------------------

Environment variables:

    AUTOMATED_TESTING = 1
    COMSPEC = C:\WINDOWS\system32\cmd.exe
    NUMBER_OF_PROCESSORS = 8
    PATH = /opt/perl5/cygwin_nt-10.0/3.4.5/x86_64/perl/5.26.0/x86_64-cygwin-thread-ld/bin:/opt/perl5/cygwin_nt-10.0/3.4.5/x86_64/perl/5.26.0/x86_64-cygwin-thread-ld/local/bin:/usr/lib/lapack:/usr/local/bin:/usr/bin:/bin
    PERL5LIB = /opt/perl5/cygwin_nt-10.0/3.4.5/x86_64/perl/5.26.0/x86_64-cygwin-thread-ld/local/lib/perl5:/opt/perl5/cygwin_nt-10.0/3.4.5/x86_64/perl/5.26.0/x86_64-cygwin-thread-ld/local/lib/site_perl:/opt/perl5/cygwin_nt-10.0/3.4.5/x86_64/perl/5.26.0/x86_64-cygwin-thread-ld/local/lib
    PERL5OPT = 
    PERL5_CPANPLUS_IS_RUNNING = 44803
    PERL5_CPAN_IS_RUNNING = 44803
    PERL_CANARY_STABILITY_NOPROMPT = 1
    PERL_CPAN_REPORTER_CONFIG = /cygdrive/d/home/peter/.cpanreporter/config-cygwin-rigel.ini
    PERL_EXTUTILS_AUTOINSTALL = 1
    PERL_MB_OPT = --install_base /opt/perl5/cygwin_nt-10.0/3.4.5/x86_64/perl/5.26.0/x86_64-cygwin-thread-ld/local
    PERL_MM_OPT = INSTALL_BASE=/opt/perl5/cygwin_nt-10.0/3.4.5/x86_64/perl/5.26.0/x86_64-cygwin-thread-ld/local
    PERL_MM_USE_DEFAULT = 1
    PERL_TEST_CRITIC = 1
    PERL_TEST_CRITIC = 1
    PERL_TEST_POD = 1
    PERL_TEST_POD = 1
    PERL_USE_UNSAFE_INC = 1
    POD_TESTING = 1
    POD_TESTS = 1
    PROCESSOR_IDENTIFIER = Intel64 Family 6 Model 42 Stepping 7, GenuineIntel
    SHELL = /bin/bash
    TEMP = /tmp
    TERM = xterm

Perl special variables (and OS-specific diagnostics, for MSWin32):

    $^X = /cygdrive/d/opt/perl5/cygwin_nt-10.0/3.4.5/x86_64/perl/5.26.0/x86_64-cygwin-thread-ld/bin/perl5.26.0
    $UID/$EUID = 197609 / 197609
    $GID = 197609 401408 545 4 66049 11 15 68380 113 4095 66048 262180
    $EGID = 197609 401408 545 4 66049 11 15 68380 113 4095 66048 262180

Perl module toolchain versions installed:

    Module              Have      
    ------------------- ----------
    CPAN                2.36      
    CPAN::Meta          2.150010  
    Cwd                 3.67      
    ExtUtils::CBuilder  0.280225  
    ExtUtils::Command   7.24      
    ExtUtils::Install   2.04      
    ExtUtils::MakeMaker 7.24      
    ExtUtils::Manifest  1.70      
    ExtUtils::ParseXS   3.34      
    File::Spec          3.67      
    JSON                n/a       
    JSON::PP            2.27400_02
    Module::Build       0.4234    
    Module::Signature   n/a       
    Parse::CPAN::Meta   2.150010  
    Test2               1.302199  
    Test::Harness       3.38      
    Test::More          1.302199  
    YAML                1.31      
    YAML::Syck          n/a       
    version             0.9917    


--

Summary of my perl5 (revision 5 version 26 subversion 0) configuration:
   
  Platform:
    osname=cygwin
    osvers=3.4.5-1.x86_64
    archname=x86_64-cygwin-thread-ld
    uname='cygwin_nt-10.0-19045 rigel 3.4.5-1.x86_64 2023-01-19 19:09 utc x86_64 cygwin '
    config_args='-de -Dmksymlinks -Uinc_version_list -Uinstallusrbinperl -Dusethreads -Uusemultiplicity -Duselongdouble -Dprefix=/opt/perl5/cygwin_nt-10.0/3.4.5/x86_64/perl/5.26.0/x86_64-cygwin-thread-ld -Darchname=x86_64-cygwin-thread-ld'
    hint=recommended
    useposix=true
    d_sigaction=define
    useithreads=define
    usemultiplicity=undef
    use64bitint=define
    use64bitall=define
    uselongdouble=define
    usemymalloc=n
    default_inc_excludes_dot=define
    bincompat5005=undef
  Compiler:
    cc='gcc'
    ccflags ='-U__STRICT_ANSI__ -D_GNU_SOURCE -fwrapv -fpcc-struct-return -pipe -fstack-protector-strong'
    optimize='-O3'
    cppflags='-U__STRICT_ANSI__ -D_GNU_SOURCE -fwrapv -fpcc-struct-return -pipe -fstack-protector-strong -D__GNUC__'
    ccversion=''
    gccversion='11.3.0'
    gccosandvers=''
    intsize=4
    longsize=8
    ptrsize=8
    doublesize=8
    byteorder=12345678
    doublekind=3
    d_longlong=define
    longlongsize=8
    d_longdbl=define
    longdblsize=16
    longdblkind=3
    ivtype='long'
    ivsize=8
    nvtype='long double'
    nvsize=16
    Off_t='off_t'
    lseeksize=8
    alignbytes=16
    prototype=define
  Linker and Libraries:
    ld='g++'
    ldflags =' -Wl,--enable-auto-import -Wl,--export-all-symbols -Wl,--enable-auto-image-base -fstack-protector-strong -L/usr/local/lib'
    libpth=/usr/lib /usr/lib/gcc/x86_64-pc-cygwin/11/../../../../lib/../include/w32api /usr/local/lib /lib
    libs=-lpthread -ldl
    perllibs=-lpthread -ldl
    libc=/usr/lib/libcygwin.a
    so=dll
    useshrplib=true
    libperl=cygperl5_26_0.dll
    gnulibc_version=''
  Dynamic Linking:
    dlsrc=dl_dlopen.xs
    dlext=dll
    d_dlsymun=undef
    ccdlflags=' '
    cccdlflags=' '
    lddlflags=' --shared  -Wl,--enable-auto-import -Wl,--export-all-symbols -Wl,--enable-auto-image-base -L/usr/local/lib -fstack-protector-strong'


Characteristics of this binary (from libperl): 
  Compile-time options:
    HAS_TIMES
    MULTIPLICITY
    PERLIO_LAYERS
    PERL_COPY_ON_WRITE
    PERL_DONT_CREATE_GVSV
    PERL_IMPLICIT_CONTEXT
    PERL_OP_PARENT
    PERL_PRESERVE_IVUV
    USE_64_BIT_ALL
    USE_64_BIT_INT
    USE_ITHREADS
    USE_LARGE_FILES
    USE_LOCALE
    USE_LOCALE_COLLATE
    USE_LOCALE_CTYPE
    USE_LOCALE_NUMERIC
    USE_LOCALE_TIME
    USE_LONG_DOUBLE
    USE_PERLIO
    USE_PERL_ATOF
    USE_REENTRANT_API
  Built under cygwin
  Compiled at May 19 2024 12:16:32
  %ENV:
    PERL5LIB="/opt/perl5/cygwin_nt-10.0/3.4.5/x86_64/perl/5.26.0/x86_64-cygwin-thread-ld/local/lib/perl5:/opt/perl5/cygwin_nt-10.0/3.4.5/x86_64/perl/5.26.0/x86_64-cygwin-thread-ld/local/lib/site_perl:/opt/perl5/cygwin_nt-10.0/3.4.5/x86_64/perl/5.26.0/x86_64-cygwin-thread-ld/local/lib"
    PERL5OPT=""
    PERL5_CPANPLUS_IS_RUNNING="44803"
    PERL5_CPAN_IS_RUNNING="44803"
    PERL_CANARY_STABILITY_NOPROMPT="1"
    PERL_CPAN_REPORTER_CONFIG="/cygdrive/d/home/peter/.cpanreporter/config-cygwin-rigel.ini"
    PERL_EXTUTILS_AUTOINSTALL="1"
    PERL_MB_OPT="--install_base /opt/perl5/cygwin_nt-10.0/3.4.5/x86_64/perl/5.26.0/x86_64-cygwin-thread-ld/local"
    PERL_MM_OPT="INSTALL_BASE=/opt/perl5/cygwin_nt-10.0/3.4.5/x86_64/perl/5.26.0/x86_64-cygwin-thread-ld/local"
    PERL_MM_USE_DEFAULT="1"
    PERL_TEST_CRITIC="1"
    PERL_TEST_POD="1"
    PERL_USE_UNSAFE_INC="1"
  @INC:
    /opt/perl5/cygwin_nt-10.0/3.4.5/x86_64/perl/5.26.0/x86_64-cygwin-thread-ld/local/lib/perl5/x86_64-cygwin-thread-ld
    /opt/perl5/cygwin_nt-10.0/3.4.5/x86_64/perl/5.26.0/x86_64-cygwin-thread-ld/local/lib/perl5
    /opt/perl5/cygwin_nt-10.0/3.4.5/x86_64/perl/5.26.0/x86_64-cygwin-thread-ld/local/lib/site_perl
    /opt/perl5/cygwin_nt-10.0/3.4.5/x86_64/perl/5.26.0/x86_64-cygwin-thread-ld/local/lib
    /opt/perl5/cygwin_nt-10.0/3.4.5/x86_64/perl/5.26.0/x86_64-cygwin-thread-ld/lib/site_perl/5.26.0/x86_64-cygwin-thread-ld
    /opt/perl5/cygwin_nt-10.0/3.4.5/x86_64/perl/5.26.0/x86_64-cygwin-thread-ld/lib/site_perl/5.26.0
    /opt/perl5/cygwin_nt-10.0/3.4.5/x86_64/perl/5.26.0/x86_64-cygwin-thread-ld/lib/5.26.0/x86_64-cygwin-thread-ld
    /opt/perl5/cygwin_nt-10.0/3.4.5/x86_64/perl/5.26.0/x86_64-cygwin-thread-ld/lib/5.26.0
    .