Statocles v0.089 Perl 5 v5.22.4 amd64-freebsd
- Status
- Fail
- From
- Slaven Rezić (SREZIC)
- Dist
-
Statocles v0.089
- Platform
- Perl 5 v5.22.4 amd64-freebsd
- Date
- 2018-03-27 06:31:20
- ID
- 764d80ea-3188-11e8-baff-b12d47fca8e6
This distribution has been tested as part of the CPAN Testers
project, supporting the Perl programming language. See
http://wiki.cpantesters.org/ for more information or email
questions to cpan-testers-discuss@perl.org
--
Dear Doug Bell,
This is a computer-generated report for Statocles-0.089
on perl 5.22.4, created by CPAN-Reporter-1.2018.
Thank you for uploading your work to CPAN. However, there was a problem
testing your distribution.
If you think this report is invalid, please consult the CPAN Testers Wiki
for suggestions on how to avoid getting FAIL reports for missing library
or binary dependencies, unsupported operating systems, and so on:
http://wiki.cpantesters.org/wiki/CPANAuthorNotes
Sections of this report:
* Tester comments
* Program output
* Prerequisites
* Environment and other context
------------------------------
TESTER COMMENTS
------------------------------
Additional comments from tester:
none provided
------------------------------
PROGRAM OUTPUT
------------------------------
Output from '/usr/bin/make test':
Skip blib/lib/auto/share/dist/Statocles/theme/default/layout/blank.html.ep (unchanged)
Skip blib/lib/auto/share/dist/Statocles/theme/bootstrap/plugin/highlight/solarized-dark.css (unchanged)
Skip blib/lib/auto/share/dist/Statocles/theme/bootstrap/blog/post.html.ep (unchanged)
Skip blib/lib/auto/share/dist/Statocles/theme/bootstrap/site/header_after.html.ep (unchanged)
Skip blib/lib/auto/share/dist/Statocles/theme/bootstrap/site/navbar_extra.html.ep (unchanged)
Skip blib/lib/auto/share/dist/Statocles/theme/default/layout/default.html.ep (unchanged)
Skip blib/lib/auto/share/dist/Statocles/theme/default/plugin/highlight/solarized-dark.css (unchanged)
Skip blib/lib/auto/share/dist/Statocles/theme/default/site/footer.html.ep (unchanged)
Skip blib/lib/auto/share/dist/Statocles/theme/default/site/robots.txt.ep (unchanged)
Skip blib/lib/auto/share/dist/Statocles/theme/bootstrap/css/statocles-bootstrap.css (unchanged)
Skip blib/lib/auto/share/dist/Statocles/theme/default/css/normalize.css (unchanged)
Skip blib/lib/auto/share/dist/Statocles/theme/bootstrap/site/sidebar_before.html.ep (unchanged)
Skip blib/lib/auto/share/dist/Statocles/theme/bootstrap/plugin/highlight/default.css (unchanged)
Skip blib/lib/auto/share/dist/Statocles/theme/default/blog/index.rss.ep (unchanged)
Skip blib/lib/auto/share/dist/Statocles/theme/bootstrap/layout/blank.html.ep (unchanged)
Skip blib/lib/auto/share/dist/Statocles/theme/default/css/skeleton.css (unchanged)
Skip blib/lib/auto/share/dist/Statocles/create/script.yml (unchanged)
Skip blib/lib/auto/share/dist/Statocles/theme/bootstrap/blog/index.html.ep (unchanged)
Skip blib/lib/auto/share/dist/Statocles/theme/default/site/sitemap.xml.ep (unchanged)
Skip blib/lib/auto/share/dist/Statocles/theme/bootstrap/blog/index.rss.ep (unchanged)
Skip blib/lib/auto/share/dist/Statocles/theme/default/blog/index.atom.ep (unchanged)
Skip blib/lib/auto/share/dist/Statocles/theme/bootstrap/perldoc/source.html.ep (unchanged)
Skip blib/lib/auto/share/dist/Statocles/create/site.yml (unchanged)
Skip blib/lib/auto/share/dist/Statocles/theme/default/perldoc/pod.html.ep (unchanged)
Skip blib/lib/auto/share/dist/Statocles/theme/bootstrap/site/head_after.html.ep (unchanged)
Skip blib/lib/auto/share/dist/Statocles/theme/bootstrap/plugin/highlight/solarized-light.css (unchanged)
Skip blib/lib/auto/share/dist/Statocles/create/page/index.markdown (unchanged)
Skip blib/lib/auto/share/dist/Statocles/theme/default/site/style.html (unchanged)
Skip blib/lib/auto/share/dist/Statocles/theme/bootstrap/site/sitemap.xml.ep (unchanged)
Skip blib/lib/auto/share/dist/Statocles/theme/default/site/sidebar_before.html.ep (unchanged)
Skip blib/lib/auto/share/dist/Statocles/theme/bootstrap/layout/full-width.html.ep (unchanged)
Skip blib/lib/auto/share/dist/Statocles/theme/default/plugin/highlight/default.css (unchanged)
Skip blib/lib/auto/share/dist/Statocles/theme/default/layout/full-width.html.ep (unchanged)
Skip blib/lib/auto/share/dist/Statocles/theme/default/blog/post.html.ep (unchanged)
Skip blib/lib/auto/share/dist/Statocles/theme/bootstrap/perldoc/pod.html.ep (unchanged)
Skip blib/lib/auto/share/dist/Statocles/theme/bootstrap/layout/default.html.ep (unchanged)
Skip blib/lib/auto/share/dist/Statocles/theme/default/site/head_after.html.ep (unchanged)
Skip blib/lib/auto/share/dist/Statocles/theme/default/css/statocles-default.css (unchanged)
Skip blib/lib/auto/share/dist/Statocles/theme/bootstrap/site/robots.txt.ep (unchanged)
Skip blib/lib/auto/share/dist/Statocles/theme/default/blog/index.html.ep (unchanged)
Skip blib/lib/auto/share/dist/Statocles/theme/default/plugin/highlight/solarized-light.css (unchanged)
Skip blib/lib/auto/share/dist/Statocles/theme/default/perldoc/source.html.ep (unchanged)
Skip blib/lib/auto/share/dist/Statocles/theme/bootstrap/site/style.html (unchanged)
Skip blib/lib/auto/share/dist/Statocles/zsh/_statocles (unchanged)
Skip blib/lib/auto/share/dist/Statocles/create/blog/post.markdown (unchanged)
Skip blib/lib/auto/share/dist/Statocles/theme/default/site/header_after.html.ep (unchanged)
Skip blib/lib/auto/share/dist/Statocles/theme/bootstrap/blog/index.atom.ep (unchanged)
Skip blib/lib/auto/share/dist/Statocles/theme/default/site/navbar_extra.html.ep (unchanged)
Skip blib/lib/auto/share/dist/Statocles/theme/bootstrap/site/footer.html.ep (unchanged)
PERL_DL_NONLAZY=1 "/usr/perl5.22.4p/bin/perl5.22.4" "-MExtUtils::Command::MM" "-MTest::Harness" "-e" "undef *Test::Harness::Switches; test_harness(0, 'blib/lib', 'blib/arch')" t/*.t t/app/*.t t/app/basic/*.t t/app/blog/*.t t/app/perldoc/*.t t/app/role/*.t t/bin/*.t t/command/*.t t/deploy/*.t t/link/*.t t/page/*.t t/plugin/*.t t/site/*.t t/template/*.t t/theme/*.t
t/00-compile.t ................ ok
#
# Versions for all modules listed in MYMETA.json (including optional ones):
#
# === Configure Requires ===
#
# Module Want Have
# ----------------------- ---- ----
# ExtUtils::MakeMaker any 7.30
# File::ShareDir::Install 0.06 0.11
#
# === Build Requires ===
#
# Module Want Have
# ------------------- ---- ----
# ExtUtils::MakeMaker any 7.30
#
# === Test Requires ===
#
# Module Want Have
# ------------------- -------- --------
# Capture::Tiny any 0.46
# Dir::Self any 0.11
# ExtUtils::MakeMaker any 7.30
# File::Spec any 3.56_02
# IO::Handle any 1.35
# IPC::Open3 any 1.18
# Storable any 2.53_02
# Test::Deep any 1.127
# Test::Differences 0.64 0.64
# Test::Exception any 0.43
# Test::Lib any 0.002
# Test::More 1.001005 1.302128
#
# === Test Recommends ===
#
# Module Want Have
# ---------- -------- --------
# CPAN::Meta 2.120900 2.150010
#
# === Runtime Requires ===
#
# Module Want Have
# ------------------ -------- --------
# Beam::Emitter 0.007 1.007
# Beam::Wire 1.018 1.021
# DateTime::Moonpig any 1.03
# Encode any 2.96
# File::Share any 0.25
# Git::Repository any 1.321
# Import::Base 0.012 1.004
# JSON::PP any 2.97001
# List::UtilsBy 0.09 0.10
# Mojolicious 6.54 7.64
# Moo 2.000001 2.003004
# Path::Tiny 0.084 0.104
# Pod::Simple 3.31 3.35
# Pod::Usage::Return any 0.003
# Text::Markdown any 1.000031
# Text::Unidecode any 1.30
# Type::Tiny any 1.002001
# Types::Path::Tiny any 0.005
# YAML any 1.24
# strict any 1.09
# warnings any 1.34
#
# === Runtime Recommends ===
#
# Module Want Have
# ------------------------------- ----- --------
# HTML::Lint::Pluggable 0.06 missing
# PPI any 1.236
# Pod::Elemental any 0.103004
# Pod::Weaver 4.015 4.015
# Syntax::Highlight::Engine::Kate any missing
#
t/00-report-prereqs.t ......... ok
# Before test: STDIN is interactive
# After test: STDIN is interactive
# Before test: STDIN is interactive
# After test: STDIN is interactive
t/app/basic/command.t ......... ok
t/app/basic/constructor.t ..... ok
t/app/basic/pages.t ........... ok
# Before test: STDIN is interactive
# After test: STDIN is interactive
# Before test: STDIN is interactive
# After test: STDIN is interactive
# Before test: STDIN is interactive
# After test: STDIN is interactive
t/app/blog/command.t .......... ok
t/app/blog/constructor.t ...... ok
# Current LC_TIME locale: C
# Could not set locale to ru_RU. Still
t/app/blog/pages.t ............ ok
t/app/blog/post_date.t ........ ok
t/app/blog/recent_posts.t ..... ok
t/app/blog/slugs.t ............ ok
t/app/events.t ................ ok
t/app/perldoc/constructor.t ... ok
t/app/perldoc/highlight.t ..... skipped: Syntax::Highlight::Engine::Kate needed
t/app/perldoc/pages.t ......... ok
Can't locate TestSTore.pm in @INC (you may need to install the TestSTore module) (@INC contains: /home/cpansand/.cpan/build/2018032606/Statocles-0.089-Y9Iyi2/t/app/role/../../lib /home/cpansand/.cpan/build/2018032606/Statocles-0.089-Y9Iyi2/blib/lib /home/cpansand/.cpan/build/2018032606/Statocles-0.089-Y9Iyi2/blib/arch /home/cpansand/.cpan/build/2018032606/Import-Base-1.004-GGFYwK/blib/arch /home/cpansand/.cpan/build/2018032606/Import-Base-1.004-GGFYwK/blib/lib /home/cpansand/.cpan/build/2018032606/Beam-Wire-1.021-R2mAEJ/blib/arch /home/cpansand/.cpan/build/2018032606/Beam-Wire-1.021-R2mAEJ/blib/lib /home/cpansand/.cpan/build/2018032606/Beam-Emitter-1.007-sjbgZy/blib/arch /home/cpansand/.cpan/build/2018032606/Beam-Emitter-1.007-sjbgZy/blib/lib /home/cpansand/.cpan/build/2018032606/Beam-Service-0.001-2jBenv/blib/arch /home/cpansand/.cpan/build/2018032606/Beam-Service-0.001-2jBenv/blib/lib /home/cpansand/.cpan/build/2018032606/Pod-Usage-Return-0.003-8Jsl0y/blib/arch /home/cpansand/.cpan/build/2018032606/Pod-Usage-Return-0.003-8Jsl0y/blib/lib /home/cpansand/.cpan/build/2018032606/Pod-Simple-3.35-MbydPT/blib/arch /home/cpansand/.cpan/build/2018032606/Pod-Simple-3.35-MbydPT/blib/lib /usr/perl5.22.4p/lib/site_perl/5.22.4/amd64-freebsd /usr/perl5.22.4p/lib/site_perl/5.22.4 /usr/perl5.22.4p/lib/5.22.4/amd64-freebsd /usr/perl5.22.4p/lib/5.22.4 .) at t/app/role/store.t line 4.
BEGIN failed--compilation aborted at t/app/role/store.t line 4.
t/app/role/store.t ............
Dubious, test returned 2 (wstat 512, 0x200)
No subtests run
t/app/template.t .............. ok
t/app/url.t ................... ok
t/bin/statocles.t ............. ok
t/command/apps.t .............. ok
# Git version: 2.016002
t/command/build_and_deploy.t .. ok
t/command/bundle.t ............ ok
# Git version: 2.016002
t/command/create.t ............ ok
t/command/daemon.t ............ ok
t/command/error.t ............. ok
t/command/help_and_version.t .. ok
t/command/mojo_app.t .......... ok
t/deploy/file.t ............... ok
# Git version: 2.016002
[Mon Mar 26 08:14:00 2018] [warn] No files changed
[Mon Mar 26 08:14:01 2018] [warn] No files changed
[Mon Mar 26 08:14:05 2018] [warn] Git remote "origin" does not exist. Not pushing.
[Mon Mar 26 08:14:06 2018] [warn] Git remote "nondefault" does not exist. Not pushing.
t/deploy/git.t ................ ok
t/deprecated.t ................ ok
t/document.t .................. ok
t/image.t ..................... ok
t/link.t ...................... ok
t/link/tree.t ................. ok
t/page/basename.t ............. ok
t/page/content_sections.t ..... ok
Invalid data attribute in document "/required.markdown". Data attributes that are not hashes are deprecated and will be removed in v2.0. Please use a hash instead. See Statocles::Help::Upgrading
Invalid data attribute in document "/links/alternate_single.markdown". Data attributes that are not hashes are deprecated and will be removed in v2.0. Please use a hash instead. See Statocles::Help::Upgrading
t/page/document.t ............. ok
t/page/file.t ................. ok
t/page/images.t ............... ok
t/page/links.t ................ ok
t/page/list.t ................. ok
t/page/list_item.t ............ ok
[Mon Mar 26 08:14:26 2018] [debug] Render page: /path/to/page.html
t/page/plain.t ................ ok
t/page/type.t ................. ok
t/person.t .................... ok
t/plugin/highlight.t .......... skipped: Syntax::Highlight::Engine::Kate needed
t/plugin/html_lint.t .......... skipped: HTML::Lint::Pluggable v0.06 or higher needed
t/plugin/link_check.t ......... ok
t/plugin/mermaid.t ............ ok
t/site/build_and_deploy.t ..... ok
t/site/constructor.t .......... ok
t/site/data.t ................. ok
t/site/events.t ............... ok
t/site/index.t ................ ok
t/site/nav.t .................. ok
t/site/plugin.t ............... ok
t/site/sitemap_and_robots.t ... ok
t/site/template.t ............. ok
t/site/url.t .................. ok
t/site/warnings.t ............. ok
[Mon Mar 26 08:14:58 2018] [warn] Store path "/home/cpansand/.cpan/build/2018032606/Statocles-0.089-Y9Iyi2/t/share/DOES_NOT_EXIST" does not exist
t/store.t ..................... ok
t/template/basic.t ............ ok
t/template/content.t .......... ok
t/template/include.t .......... ok
t/template/markdown.t ......... ok
t/theme/check.t ............... ok
t/theme/helper.t .............. ok
t/theme/pages.t ............... ok
t/theme/template.t ............ ok
t/types.t ..................... ok
sh: HOPEFULLY_DOES_NOT_EXIST: not found
t/util.t ...................... ok
Test Summary Report
-------------------
t/app/role/store.t (Wstat: 512 Tests: 0 Failed: 0)
Non-zero exit status: 2
Parse errors: No plan found in TAP output
Files=71, Tests=304, 160 wallclock secs ( 0.79 usr 0.23 sys + 136.83 cusr 20.94 csys = 158.79 CPU)
Result: FAIL
Failed 1/71 test programs. 0/304 subtests failed.
*** Error code 255
Stop.
make: stopped in /home/cpansand/.cpan/build/2018032606/Statocles-0.089-Y9Iyi2
------------------------------
PREREQUISITES
------------------------------
Prerequisite modules loaded:
requires:
Module Need Have
----------------------- -------- --------
Beam::Emitter 0.007 1.007
Beam::Wire 1.018 1.021
DateTime::Moonpig 0 1.03
Encode 0 2.96
File::Share 0 0.25
Git::Repository 0 1.321
Import::Base 0.012 1.004
JSON::PP 0 2.97001
List::UtilsBy 0.09 0.10
Mojolicious 6.54 7.64
Moo 2.000001 2.003004
Path::Tiny 0.084 0.104
perl 5.010 5.022004
Pod::Simple 3.31 3.35
Pod::Usage::Return 0 0.003
strict 0 1.09
Text::Markdown 0 1.000031
Text::Unidecode 0 1.30
Type::Tiny 0 1.002001
Types::Path::Tiny 0 0.005
warnings 0 1.34
YAML 0 1.24
build_requires:
Module Need Have
----------------------- -------- --------
Capture::Tiny 0 0.46
Dir::Self 0 0.11
ExtUtils::MakeMaker 0 7.30
File::Spec 0 3.56_02
IO::Handle 0 1.35
IPC::Open3 0 1.18
Storable 0 2.53_02
Test::Deep 0 1.127
Test::Differences 0.64 0.64
Test::Exception 0 0.43
Test::Lib 0 0.002
Test::More 1.001005 1.302128
configure_requires:
Module Need Have
----------------------- -------- --------
ExtUtils::MakeMaker 0 7.30
File::ShareDir::Install 0.06 0.11
------------------------------
ENVIRONMENT AND OTHER CONTEXT
------------------------------
Environment variables:
PATH = /usr/local/bin:/usr/bin:/bin:/usr/local/sbin:/usr/sbin:/sbin:/home/cpansand/bin/sh:/home/cpansand/bin:/usr/games:/home/cpansand/devel:/home/eserte/src/srezic-misc/scripts
PERL5LIB = /home/cpansand/.cpan/build/2018032606/Import-Base-1.004-GGFYwK/blib/arch:/home/cpansand/.cpan/build/2018032606/Import-Base-1.004-GGFYwK/blib/lib:/home/cpansand/.cpan/build/2018032606/Beam-Wire-1.021-R2mAEJ/blib/arch:/home/cpansand/.cpan/build/2018032606/Beam-Wire-1.021-R2mAEJ/blib/lib:/home/cpansand/.cpan/build/2018032606/Beam-Emitter-1.007-sjbgZy/blib/arch:/home/cpansand/.cpan/build/2018032606/Beam-Emitter-1.007-sjbgZy/blib/lib:/home/cpansand/.cpan/build/2018032606/Beam-Service-0.001-2jBenv/blib/arch:/home/cpansand/.cpan/build/2018032606/Beam-Service-0.001-2jBenv/blib/lib:/home/cpansand/.cpan/build/2018032606/Pod-Usage-Return-0.003-8Jsl0y/blib/arch:/home/cpansand/.cpan/build/2018032606/Pod-Usage-Return-0.003-8Jsl0y/blib/lib:/home/cpansand/.cpan/build/2018032606/Pod-Simple-3.35-MbydPT/blib/arch:/home/cpansand/.cpan/build/2018032606/Pod-Simple-3.35-MbydPT/blib/lib
PERL5OPT =
PERL5_CPANPLUS_IS_RUNNING = 32239
PERL5_CPAN_IS_RUNNING = 32239
PERL5_CPAN_IS_RUNNING_IN_RECURSION = 27725,32239
PERL_BATCH = yes
PERL_CANARY_STABILITY_NOPROMPT = 1
PERL_CPAN_REPORTER_CONFIG = /var/tmp/cpansmoker-1023/2018032606/cpanreporter_000_config.ini
PERL_EXTUTILS_AUTOINSTALL = --defaultdeps
SHELL = /bin/sh
TMPDIR = /var/tmp/cpansmoker-1023/2018032606
Perl special variables (and OS-specific diagnostics, for MSWin32):
$^X = /usr/perl5.22.4p/bin/perl5.22.4
$UID/$EUID = 1023 / 1023
$GID = 1023 1023
$EGID = 1023 1023
Perl module toolchain versions installed:
Module Have
------------------- --------
CPAN 2.11_01
CPAN::Meta 2.150010
Cwd 3.56_02
ExtUtils::CBuilder 0.280230
ExtUtils::Command 7.30
ExtUtils::Install 2.06
ExtUtils::MakeMaker 7.30
ExtUtils::Manifest 1.70
ExtUtils::ParseXS 3.35
File::Spec 3.56_02
JSON 2.97001
JSON::PP 2.97001
Module::Build 0.4224
Module::Signature 0.81
Parse::CPAN::Meta 2.150010
Test::Harness 3.35_01
Test::More 1.302128
YAML 1.24
YAML::Syck 1.30
version 0.9918
--
Summary of my perl5 (revision 5 version 22 subversion 4) configuration:
Platform:
osname=freebsd, osvers=12.0-current, archname=amd64-freebsd
uname='freebsd ali1.bbbike.org 12.0-current freebsd 12.0-current #0 bd8385a990e(master)-dirty: fri nov 17 03:13:11 utc 2017 root@ali1.bbbike.org:usrobjhomeprojectsfreebsdamd64.amd64sysgeneric-nodebug amd64 '
config_args='-ds -e -Dprefix=/usr/perl5.22.4p -Dcf_email=srezic@cpan.org -Doptimize=-O2 -pipe'
hint=recommended, useposix=true, d_sigaction=define
useithreads=undef, usemultiplicity=undef
use64bitint=define, use64bitall=define, uselongdouble=undef
usemymalloc=n, bincompat5005=undef
Compiler:
cc='cc', ccflags ='-DHAS_FPSETMASK -DHAS_FLOATINGPOINT_H -fno-strict-aliasing -pipe -fstack-protector-strong -I/usr/local/include -D_FORTIFY_SOURCE=2',
optimize='-O2 -pipe',
cppflags='-DHAS_FPSETMASK -DHAS_FLOATINGPOINT_H -fno-strict-aliasing -pipe -fstack-protector-strong -I/usr/local/include'
ccversion='', gccversion='4.2.1 Compatible FreeBSD Clang 5.0.0 (tags/RELEASE_500/final 312559)', gccosandvers=''
intsize=4, longsize=8, ptrsize=8, doublesize=8, byteorder=12345678, doublekind=3
d_longlong=define, longlongsize=8, d_longdbl=define, longdblsize=16, longdblkind=3
ivtype='long', ivsize=8, nvtype='double', nvsize=8, Off_t='off_t', lseeksize=8
alignbytes=8, prototype=define
Linker and Libraries:
ld='cc', ldflags ='-pthread -Wl,-E -fstack-protector-strong -L/usr/local/lib'
libpth=/usr/lib /usr/local/lib /usr/lib/clang/5.0.0/lib /usr/lib
libs=-lpthread -lgdbm -lm -lcrypt -lutil -lc
perllibs=-lpthread -lm -lcrypt -lutil -lc
libc=, so=so, useshrplib=false, libperl=libperl.a
gnulibc_version=''
Dynamic Linking:
dlsrc=dl_dlopen.xs, dlext=so, d_dlsymun=undef, ccdlflags=' '
cccdlflags='-DPIC -fPIC', lddlflags='-shared -L/usr/local/lib -fstack-protector-strong'
Characteristics of this binary (from libperl):
Compile-time options: HAS_TIMES PERLIO_LAYERS PERL_DONT_CREATE_GVSV
PERL_HASH_FUNC_ONE_AT_A_TIME_HARD PERL_MALLOC_WRAP
PERL_NEW_COPY_ON_WRITE PERL_PRESERVE_IVUV
USE_64_BIT_ALL USE_64_BIT_INT USE_LARGE_FILES
USE_LOCALE USE_LOCALE_COLLATE USE_LOCALE_CTYPE
USE_LOCALE_NUMERIC USE_LOCALE_TIME USE_PERLIO
USE_PERL_ATOF
Built under freebsd
Compiled at Nov 17 2017 05:53:55
%ENV:
PERL5LIB="/home/cpansand/.cpan/build/2018032606/Import-Base-1.004-GGFYwK/blib/arch:/home/cpansand/.cpan/build/2018032606/Import-Base-1.004-GGFYwK/blib/lib:/home/cpansand/.cpan/build/2018032606/Beam-Wire-1.021-R2mAEJ/blib/arch:/home/cpansand/.cpan/build/2018032606/Beam-Wire-1.021-R2mAEJ/blib/lib:/home/cpansand/.cpan/build/2018032606/Beam-Emitter-1.007-sjbgZy/blib/arch:/home/cpansand/.cpan/build/2018032606/Beam-Emitter-1.007-sjbgZy/blib/lib:/home/cpansand/.cpan/build/2018032606/Beam-Service-0.001-2jBenv/blib/arch:/home/cpansand/.cpan/build/2018032606/Beam-Service-0.001-2jBenv/blib/lib:/home/cpansand/.cpan/build/2018032606/Pod-Usage-Return-0.003-8Jsl0y/blib/arch:/home/cpansand/.cpan/build/2018032606/Pod-Usage-Return-0.003-8Jsl0y/blib/lib:/home/cpansand/.cpan/build/2018032606/Pod-Simple-3.35-MbydPT/blib/arch:/home/cpansand/.cpan/build/2018032606/Pod-Simple-3.35-MbydPT/blib/lib"
PERL5OPT=""
PERL5_CPANPLUS_IS_RUNNING="32239"
PERL5_CPAN_IS_RUNNING="32239"
PERL5_CPAN_IS_RUNNING_IN_RECURSION="27725,32239"
PERL_BATCH="yes"
PERL_CANARY_STABILITY_NOPROMPT="1"
PERL_CPAN_REPORTER_CONFIG="/var/tmp/cpansmoker-1023/2018032606/cpanreporter_000_config.ini"
PERL_EXTUTILS_AUTOINSTALL="--defaultdeps"
@INC:
/home/cpansand/.cpan/build/2018032606/Import-Base-1.004-GGFYwK/blib/arch
/home/cpansand/.cpan/build/2018032606/Import-Base-1.004-GGFYwK/blib/lib
/home/cpansand/.cpan/build/2018032606/Beam-Wire-1.021-R2mAEJ/blib/arch
/home/cpansand/.cpan/build/2018032606/Beam-Wire-1.021-R2mAEJ/blib/lib
/home/cpansand/.cpan/build/2018032606/Beam-Emitter-1.007-sjbgZy/blib/arch
/home/cpansand/.cpan/build/2018032606/Beam-Emitter-1.007-sjbgZy/blib/lib
/home/cpansand/.cpan/build/2018032606/Beam-Service-0.001-2jBenv/blib/arch
/home/cpansand/.cpan/build/2018032606/Beam-Service-0.001-2jBenv/blib/lib
/home/cpansand/.cpan/build/2018032606/Pod-Usage-Return-0.003-8Jsl0y/blib/arch
/home/cpansand/.cpan/build/2018032606/Pod-Usage-Return-0.003-8Jsl0y/blib/lib
/home/cpansand/.cpan/build/2018032606/Pod-Simple-3.35-MbydPT/blib/arch
/home/cpansand/.cpan/build/2018032606/Pod-Simple-3.35-MbydPT/blib/lib
/usr/perl5.22.4p/lib/site_perl/5.22.4/amd64-freebsd
/usr/perl5.22.4p/lib/site_perl/5.22.4
/usr/perl5.22.4p/lib/5.22.4/amd64-freebsd
/usr/perl5.22.4p/lib/5.22.4
.