Net-Stomp v0.61 Perl 5 v5.8.9 x86_64-linux-thread-multi

Status
Fail
From
David Cantrell (DCANTRELL)
Dist
Net-Stomp v0.61
Platform
Perl 5 v5.8.9 x86_64-linux-thread-multi
Date
2021-04-14 09:26:15
ID
764050de-9d03-11eb-8ef3-9460a6020917
This distribution has been tested as part of the CPAN Testers
project, supporting the Perl programming language.  See
http://wiki.cpantesters.org/ for more information or email
questions to cpan-testers-discuss@perl.org


--
Dear Gianni Ceccarelli,

This is a computer-generated report for Net-Stomp-0.61
on perl 5.8.9, created by CPAN-Reporter-1.2018.

Thank you for uploading your work to CPAN.  However, there was a problem
testing your distribution.

If you think this report is invalid, please consult the CPAN Testers Wiki
for suggestions on how to avoid getting FAIL reports for missing library
or binary dependencies, unsupported operating systems, and so on:

http://wiki.cpantesters.org/wiki/CPANAuthorNotes

Sections of this report:

    * Tester comments
    * Program output
    * Prerequisites
    * Environment and other context

------------------------------
TESTER COMMENTS
------------------------------

Additional comments from tester:

this report is from an automated smoke testing program
and was not reviewed by a human for accuracy

------------------------------
PROGRAM OUTPUT
------------------------------

Output from './Build test':

Global symbol "$sub" requires explicit package name at /home/david/cpantesting/perl-5.8.9/.cpan/build/Net-Stomp-0.61-0/blib/lib/Net/Stomp.pm line 196.
Global symbol "$sub" requires explicit package name at /home/david/cpantesting/perl-5.8.9/.cpan/build/Net-Stomp-0.61-0/blib/lib/Net/Stomp.pm line 196.
Global symbol "$timeout" requires explicit package name at /home/david/cpantesting/perl-5.8.9/.cpan/build/Net-Stomp-0.61-0/blib/lib/Net/Stomp.pm line 196.
Global symbol "$timeout" requires explicit package name at /home/david/cpantesting/perl-5.8.9/.cpan/build/Net-Stomp-0.61-0/blib/lib/Net/Stomp.pm line 196.
Global symbol "$body" requires explicit package name at /home/david/cpantesting/perl-5.8.9/.cpan/build/Net-Stomp-0.61-0/blib/lib/Net/Stomp.pm line 196.
Global symbol "$body" requires explicit package name at /home/david/cpantesting/perl-5.8.9/.cpan/build/Net-Stomp-0.61-0/blib/lib/Net/Stomp.pm line 196.
Global symbol "$receipt_id" requires explicit package name at /home/david/cpantesting/perl-5.8.9/.cpan/build/Net-Stomp-0.61-0/blib/lib/Net/Stomp.pm line 196.
Global symbol "$receipt_id" requires explicit package name at /home/david/cpantesting/perl-5.8.9/.cpan/build/Net-Stomp-0.61-0/blib/lib/Net/Stomp.pm line 196.
Global symbol "$receipt_id" requires explicit package name at /home/david/cpantesting/perl-5.8.9/.cpan/build/Net-Stomp-0.61-0/blib/lib/Net/Stomp.pm line 196.
Global symbol "$receipt_timeout" requires explicit package name at /home/david/cpantesting/perl-5.8.9/.cpan/build/Net-Stomp-0.61-0/blib/lib/Net/Stomp.pm line 196.
Global symbol "$receipt_frame" requires explicit package name at /home/david/cpantesting/perl-5.8.9/.cpan/build/Net-Stomp-0.61-0/blib/lib/Net/Stomp.pm line 196.
Global symbol "$receipt_timeout" requires explicit package name at /home/david/cpantesting/perl-5.8.9/.cpan/build/Net-Stomp-0.61-0/blib/lib/Net/Stomp.pm line 196.
Global symbol "$receipt_timeout" requires explicit package name at /home/david/cpantesting/perl-5.8.9/.cpan/build/Net-Stomp-0.61-0/blib/lib/Net/Stomp.pm line 196.
Global symbol "$receipt_frame" requires explicit package name at /home/david/cpantesting/perl-5.8.9/.cpan/build/Net-Stomp-0.61-0/blib/lib/Net/Stomp.pm line 196.
Global symbol "$receipt_frame" requires explicit package name at /home/david/cpantesting/perl-5.8.9/.cpan/build/Net-Stomp-0.61-0/blib/lib/Net/Stomp.pm line 196.
Global symbol "$receipt_frame" requires explicit package name at /home/david/cpantesting/perl-5.8.9/.cpan/build/Net-Stomp-0.61-0/blib/lib/Net/Stomp.pm line 196.
Global symbol "$receipt_frame" requires explicit package name at /home/david/cpantesting/perl-5.8.9/.cpan/build/Net-Stomp-0.61-0/blib/lib/Net/Stomp.pm line 196.
Global symbol "$receipt_id" requires explicit package name at /home/david/cpantesting/perl-5.8.9/.cpan/build/Net-Stomp-0.61-0/blib/lib/Net/Stomp.pm line 196.
Global symbol "$receipt_frame" requires explicit package name at /home/david/cpantesting/perl-5.8.9/.cpan/build/Net-Stomp-0.61-0/blib/lib/Net/Stomp.pm line 196.
Global symbol "$receipt_frame" requires explicit package name at /home/david/cpantesting/perl-5.8.9/.cpan/build/Net-Stomp-0.61-0/blib/lib/Net/Stomp.pm line 196.
Global symbol "$transaction_id" requires explicit package name at /home/david/cpantesting/perl-5.8.9/.cpan/build/Net-Stomp-0.61-0/blib/lib/Net/Stomp.pm line 196.
Global symbol "$transaction_id" requires explicit package name at /home/david/cpantesting/perl-5.8.9/.cpan/build/Net-Stomp-0.61-0/blib/lib/Net/Stomp.pm line 196.
Global symbol "$begin_frame" requires explicit package name at /home/david/cpantesting/perl-5.8.9/.cpan/build/Net-Stomp-0.61-0/blib/lib/Net/Stomp.pm line 196.
Global symbol "$transaction_id" requires explicit package name at /home/david/cpantesting/perl-5.8.9/.cpan/build/Net-Stomp-0.61-0/blib/lib/Net/Stomp.pm line 196.
Global symbol "$begin_frame" requires explicit package name at /home/david/cpantesting/perl-5.8.9/.cpan/build/Net-Stomp-0.61-0/blib/lib/Net/Stomp.pm line 196.
Global symbol "$transaction_id" requires explicit package name at /home/david/cpantesting/perl-5.8.9/.cpan/build/Net-Stomp-0.61-0/blib/lib/Net/Stomp.pm line 196.
Global symbol "$receipt_frame" requires explicit package name at /home/david/cpantesting/perl-5.8.9/.cpan/build/Net-Stomp-0.61-0/blib/lib/Net/Stomp.pm line 196.
Global symbol "$ret" requires explicit package name at /home/david/cpantesting/perl-5.8.9/.cpan/build/Net-Stomp-0.61-0/blib/lib/Net/Stomp.pm line 196.
Global symbol "$receipt_frame" requires explicit package name at /home/david/cpantesting/perl-5.8.9/.cpan/build/Net-Stomp-0.61-0/blib/lib/Net/Stomp.pm line 196.
Global symbol "$receipt_frame" requires explicit package name at /home/david/cpantesting/perl-5.8.9/.cpan/build/Net-Stomp-0.61-0/blib/lib/Net/Stomp.pm line 196.
Global symbol "$ret" requires explicit package name at /home/david/cpantesting/perl-5.8.9/.cpan/build/Net-Stomp-0.61-0/blib/lib/Net/Stomp.pm line 196.
Global symbol "$transaction_id" requires explicit package name at /home/david/cpantesting/perl-5.8.9/.cpan/build/Net-Stomp-0.61-0/blib/lib/Net/Stomp.pm line 196.
Global symbol "$frame_commit" requires explicit package name at /home/david/cpantesting/perl-5.8.9/.cpan/build/Net-Stomp-0.61-0/blib/lib/Net/Stomp.pm line 196.
Global symbol "$transaction_id" requires explicit package name at /home/david/cpantesting/perl-5.8.9/.cpan/build/Net-Stomp-0.61-0/blib/lib/Net/Stomp.pm line 196.
Global symbol "$frame_commit" requires explicit package name at /home/david/cpantesting/perl-5.8.9/.cpan/build/Net-Stomp-0.61-0/blib/lib/Net/Stomp.pm line 196.
Global symbol "$transaction_id" requires explicit package name at /home/david/cpantesting/perl-5.8.9/.cpan/build/Net-Stomp-0.61-0/blib/lib/Net/Stomp.pm line 196.
Global symbol "$frame_abort" requires explicit package name at /home/david/cpantesting/perl-5.8.9/.cpan/build/Net-Stomp-0.61-0/blib/lib/Net/Stomp.pm line 196.
Global symbol "$transaction_id" requires explicit package name at /home/david/cpantesting/perl-5.8.9/.cpan/build/Net-Stomp-0.61-0/blib/lib/Net/Stomp.pm line 196.
Global symbol "$frame_abort" requires explicit package name at /home/david/cpantesting/perl-5.8.9/.cpan/build/Net-Stomp-0.61-0/blib/lib/Net/Stomp.pm line 196.
Global symbol "$ret" requires explicit package name at /home/david/cpantesting/perl-5.8.9/.cpan/build/Net-Stomp-0.61-0/blib/lib/Net/Stomp.pm line 196.
Global symbol "$subs" requires explicit package name at /home/david/cpantesting/perl-5.8.9/.cpan/build/Net-Stomp-0.61-0/blib/lib/Net/Stomp.pm line 196.
Global symbol "$subs" requires explicit package name at /home/david/cpantesting/perl-5.8.9/.cpan/build/Net-Stomp-0.61-0/blib/lib/Net/Stomp.pm line 196.
Global symbol "$subs" requires explicit package name at /home/david/cpantesting/perl-5.8.9/.cpan/build/Net-Stomp-0.61-0/blib/lib/Net/Stomp.pm line 196.
Global symbol "$subs" requires explicit package name at /home/david/cpantesting/perl-5.8.9/.cpan/build/Net-Stomp-0.61-0/blib/lib/Net/Stomp.pm line 196.
Global symbol "$id" requires explicit package name at /home/david/cpantesting/perl-5.8.9/.cpan/build/Net-Stomp-0.61-0/blib/lib/Net/Stomp.pm line 196.
Global symbol "$id" requires explicit package name at /home/david/cpantesting/perl-5.8.9/.cpan/build/Net-Stomp-0.61-0/blib/lib/Net/Stomp.pm line 196.
Global symbol "$id" requires explicit package name at /home/david/cpantesting/perl-5.8.9/.cpan/build/Net-Stomp-0.61-0/blib/lib/Net/Stomp.pm line 196.
Global symbol "$id" requires explicit package name at /home/david/cpantesting/perl-5.8.9/.cpan/build/Net-Stomp-0.61-0/blib/lib/Net/Stomp.pm line 196.
Global symbol "$id" requires explicit package name at /home/david/cpantesting/perl-5.8.9/.cpan/build/Net-Stomp-0.61-0/blib/lib/Net/Stomp.pm line 196.
Global symbol "$id" requires explicit package name at /home/david/cpantesting/perl-5.8.9/.cpan/build/Net-Stomp-0.61-0/blib/lib/Net/Stomp.pm line 196.
Global symbol "$to_write" requires explicit package name at /home/david/cpantesting/perl-5.8.9/.cpan/build/Net-Stomp-0.61-0/blib/lib/Net/Stomp.pm line 196.
Global symbol "$frame_string" requires explicit package name at /home/david/cpantesting/perl-5.8.9/.cpan/build/Net-Stomp-0.61-0/blib/lib/Net/Stomp.pm line 196.
Global symbol "$written" requires explicit package name at /home/david/cpantesting/perl-5.8.9/.cpan/build/Net-Stomp-0.61-0/blib/lib/Net/Stomp.pm line 196.
Global symbol "$to_write" requires explicit package name at /home/david/cpantesting/perl-5.8.9/.cpan/build/Net-Stomp-0.61-0/blib/lib/Net/Stomp.pm line 196.
Global symbol "$written" requires explicit package name at /home/david/cpantesting/perl-5.8.9/.cpan/build/Net-Stomp-0.61-0/blib/lib/Net/Stomp.pm line 196.
Global symbol "$to_write" requires explicit package name at /home/david/cpantesting/perl-5.8.9/.cpan/build/Net-Stomp-0.61-0/blib/lib/Net/Stomp.pm line 196.
Global symbol "$written" requires explicit package name at /home/david/cpantesting/perl-5.8.9/.cpan/build/Net-Stomp-0.61-0/blib/lib/Net/Stomp.pm line 196.
Global symbol "$to_write" requires explicit package name at /home/david/cpantesting/perl-5.8.9/.cpan/build/Net-Stomp-0.61-0/blib/lib/Net/Stomp.pm line 196.
Global symbol "$written" requires explicit package name at /home/david/cpantesting/perl-5.8.9/.cpan/build/Net-Stomp-0.61-0/blib/lib/Net/Stomp.pm line 196.
Global symbol "$written" requires explicit package name at /home/david/cpantesting/perl-5.8.9/.cpan/build/Net-Stomp-0.61-0/blib/lib/Net/Stomp.pm line 196.
Global symbol "$frame_string" requires explicit package name at /home/david/cpantesting/perl-5.8.9/.cpan/build/Net-Stomp-0.61-0/blib/lib/Net/Stomp.pm line 196.
Global symbol "$written" requires explicit package name at /home/david/cpantesting/perl-5.8.9/.cpan/build/Net-Stomp-0.61-0/blib/lib/Net/Stomp.pm line 196.
Global symbol "$timeout" requires explicit package name at /home/david/cpantesting/perl-5.8.9/.cpan/build/Net-Stomp-0.61-0/blib/lib/Net/Stomp.pm line 196.
Global symbol "$timeout" requires explicit package name at /home/david/cpantesting/perl-5.8.9/.cpan/build/Net-Stomp-0.61-0/blib/lib/Net/Stomp.pm line 196.
Global symbol "$len" requires explicit package name at /home/david/cpantesting/perl-5.8.9/.cpan/build/Net-Stomp-0.61-0/blib/lib/Net/Stomp.pm line 196.
Global symbol "$len" requires explicit package name at /home/david/cpantesting/perl-5.8.9/.cpan/build/Net-Stomp-0.61-0/blib/lib/Net/Stomp.pm line 196.
Global symbol "$len" requires explicit package name at /home/david/cpantesting/perl-5.8.9/.cpan/build/Net-Stomp-0.61-0/blib/lib/Net/Stomp.pm line 196.
Global symbol "$len" requires explicit package name at /home/david/cpantesting/perl-5.8.9/.cpan/build/Net-Stomp-0.61-0/blib/lib/Net/Stomp.pm line 196.
Global symbol "$len" requires explicit package name at /home/david/cpantesting/perl-5.8.9/.cpan/build/Net-Stomp-0.61-0/blib/lib/Net/Stomp.pm line 196.
syntax error at /home/david/cpantesting/perl-5.8.9/.cpan/build/Net-Stomp-0.61-0/blib/lib/Net/Stomp.pm line 453, near "[^"
  (Might be a runaway multi-line // string starting on line 196)
/home/david/cpantesting/perl-5.8.9/.cpan/build/Net-Stomp-0.61-0/blib/lib/Net/Stomp.pm has too many errors.
Compilation failed in require at t/lib/TestHelp.pm line 10.
BEGIN failed--compilation aborted at t/lib/TestHelp.pm line 10.
Compilation failed in require at t/connect-disconnect.t line 2.
BEGIN failed--compilation aborted at t/connect-disconnect.t line 2.
t/connect-disconnect.t .. 
Dubious, test returned 9 (wstat 2304, 0x900)
No subtests run 
Global symbol "$sub" requires explicit package name at /home/david/cpantesting/perl-5.8.9/.cpan/build/Net-Stomp-0.61-0/blib/lib/Net/Stomp.pm line 196.
Global symbol "$sub" requires explicit package name at /home/david/cpantesting/perl-5.8.9/.cpan/build/Net-Stomp-0.61-0/blib/lib/Net/Stomp.pm line 196.
Global symbol "$timeout" requires explicit package name at /home/david/cpantesting/perl-5.8.9/.cpan/build/Net-Stomp-0.61-0/blib/lib/Net/Stomp.pm line 196.
Global symbol "$timeout" requires explicit package name at /home/david/cpantesting/perl-5.8.9/.cpan/build/Net-Stomp-0.61-0/blib/lib/Net/Stomp.pm line 196.
Global symbol "$body" requires explicit package name at /home/david/cpantesting/perl-5.8.9/.cpan/build/Net-Stomp-0.61-0/blib/lib/Net/Stomp.pm line 196.
Global symbol "$body" requires explicit package name at /home/david/cpantesting/perl-5.8.9/.cpan/build/Net-Stomp-0.61-0/blib/lib/Net/Stomp.pm line 196.
Global symbol "$receipt_id" requires explicit package name at /home/david/cpantesting/perl-5.8.9/.cpan/build/Net-Stomp-0.61-0/blib/lib/Net/Stomp.pm line 196.
Global symbol "$receipt_id" requires explicit package name at /home/david/cpantesting/perl-5.8.9/.cpan/build/Net-Stomp-0.61-0/blib/lib/Net/Stomp.pm line 196.
Global symbol "$receipt_id" requires explicit package name at /home/david/cpantesting/perl-5.8.9/.cpan/build/Net-Stomp-0.61-0/blib/lib/Net/Stomp.pm line 196.
Global symbol "$receipt_timeout" requires explicit package name at /home/david/cpantesting/perl-5.8.9/.cpan/build/Net-Stomp-0.61-0/blib/lib/Net/Stomp.pm line 196.
Global symbol "$receipt_frame" requires explicit package name at /home/david/cpantesting/perl-5.8.9/.cpan/build/Net-Stomp-0.61-0/blib/lib/Net/Stomp.pm line 196.
Global symbol "$receipt_timeout" requires explicit package name at /home/david/cpantesting/perl-5.8.9/.cpan/build/Net-Stomp-0.61-0/blib/lib/Net/Stomp.pm line 196.
Global symbol "$receipt_timeout" requires explicit package name at /home/david/cpantesting/perl-5.8.9/.cpan/build/Net-Stomp-0.61-0/blib/lib/Net/Stomp.pm line 196.
Global symbol "$receipt_frame" requires explicit package name at /home/david/cpantesting/perl-5.8.9/.cpan/build/Net-Stomp-0.61-0/blib/lib/Net/Stomp.pm line 196.
Global symbol "$receipt_frame" requires explicit package name at /home/david/cpantesting/perl-5.8.9/.cpan/build/Net-Stomp-0.61-0/blib/lib/Net/Stomp.pm line 196.
Global symbol "$receipt_frame" requires explicit package name at /home/david/cpantesting/perl-5.8.9/.cpan/build/Net-Stomp-0.61-0/blib/lib/Net/Stomp.pm line 196.
Global symbol "$receipt_frame" requires explicit package name at /home/david/cpantesting/perl-5.8.9/.cpan/build/Net-Stomp-0.61-0/blib/lib/Net/Stomp.pm line 196.
Global symbol "$receipt_id" requires explicit package name at /home/david/cpantesting/perl-5.8.9/.cpan/build/Net-Stomp-0.61-0/blib/lib/Net/Stomp.pm line 196.
Global symbol "$receipt_frame" requires explicit package name at /home/david/cpantesting/perl-5.8.9/.cpan/build/Net-Stomp-0.61-0/blib/lib/Net/Stomp.pm line 196.
Global symbol "$receipt_frame" requires explicit package name at /home/david/cpantesting/perl-5.8.9/.cpan/build/Net-Stomp-0.61-0/blib/lib/Net/Stomp.pm line 196.
Global symbol "$transaction_id" requires explicit package name at /home/david/cpantesting/perl-5.8.9/.cpan/build/Net-Stomp-0.61-0/blib/lib/Net/Stomp.pm line 196.
Global symbol "$transaction_id" requires explicit package name at /home/david/cpantesting/perl-5.8.9/.cpan/build/Net-Stomp-0.61-0/blib/lib/Net/Stomp.pm line 196.
Global symbol "$begin_frame" requires explicit package name at /home/david/cpantesting/perl-5.8.9/.cpan/build/Net-Stomp-0.61-0/blib/lib/Net/Stomp.pm line 196.
Global symbol "$transaction_id" requires explicit package name at /home/david/cpantesting/perl-5.8.9/.cpan/build/Net-Stomp-0.61-0/blib/lib/Net/Stomp.pm line 196.
Global symbol "$begin_frame" requires explicit package name at /home/david/cpantesting/perl-5.8.9/.cpan/build/Net-Stomp-0.61-0/blib/lib/Net/Stomp.pm line 196.
Global symbol "$transaction_id" requires explicit package name at /home/david/cpantesting/perl-5.8.9/.cpan/build/Net-Stomp-0.61-0/blib/lib/Net/Stomp.pm line 196.
Global symbol "$receipt_frame" requires explicit package name at /home/david/cpantesting/perl-5.8.9/.cpan/build/Net-Stomp-0.61-0/blib/lib/Net/Stomp.pm line 196.
Global symbol "$ret" requires explicit package name at /home/david/cpantesting/perl-5.8.9/.cpan/build/Net-Stomp-0.61-0/blib/lib/Net/Stomp.pm line 196.
Global symbol "$receipt_frame" requires explicit package name at /home/david/cpantesting/perl-5.8.9/.cpan/build/Net-Stomp-0.61-0/blib/lib/Net/Stomp.pm line 196.
Global symbol "$receipt_frame" requires explicit package name at /home/david/cpantesting/perl-5.8.9/.cpan/build/Net-Stomp-0.61-0/blib/lib/Net/Stomp.pm line 196.
Global symbol "$ret" requires explicit package name at /home/david/cpantesting/perl-5.8.9/.cpan/build/Net-Stomp-0.61-0/blib/lib/Net/Stomp.pm line 196.
Global symbol "$transaction_id" requires explicit package name at /home/david/cpantesting/perl-5.8.9/.cpan/build/Net-Stomp-0.61-0/blib/lib/Net/Stomp.pm line 196.
Global symbol "$frame_commit" requires explicit package name at /home/david/cpantesting/perl-5.8.9/.cpan/build/Net-Stomp-0.61-0/blib/lib/Net/Stomp.pm line 196.
Global symbol "$transaction_id" requires explicit package name at /home/david/cpantesting/perl-5.8.9/.cpan/build/Net-Stomp-0.61-0/blib/lib/Net/Stomp.pm line 196.
Global symbol "$frame_commit" requires explicit package name at /home/david/cpantesting/perl-5.8.9/.cpan/build/Net-Stomp-0.61-0/blib/lib/Net/Stomp.pm line 196.
Global symbol "$transaction_id" requires explicit package name at /home/david/cpantesting/perl-5.8.9/.cpan/build/Net-Stomp-0.61-0/blib/lib/Net/Stomp.pm line 196.
Global symbol "$frame_abort" requires explicit package name at /home/david/cpantesting/perl-5.8.9/.cpan/build/Net-Stomp-0.61-0/blib/lib/Net/Stomp.pm line 196.
Global symbol "$transaction_id" requires explicit package name at /home/david/cpantesting/perl-5.8.9/.cpan/build/Net-Stomp-0.61-0/blib/lib/Net/Stomp.pm line 196.
Global symbol "$frame_abort" requires explicit package name at /home/david/cpantesting/perl-5.8.9/.cpan/build/Net-Stomp-0.61-0/blib/lib/Net/Stomp.pm line 196.
Global symbol "$ret" requires explicit package name at /home/david/cpantesting/perl-5.8.9/.cpan/build/Net-Stomp-0.61-0/blib/lib/Net/Stomp.pm line 196.
Global symbol "$subs" requires explicit package name at /home/david/cpantesting/perl-5.8.9/.cpan/build/Net-Stomp-0.61-0/blib/lib/Net/Stomp.pm line 196.
Global symbol "$subs" requires explicit package name at /home/david/cpantesting/perl-5.8.9/.cpan/build/Net-Stomp-0.61-0/blib/lib/Net/Stomp.pm line 196.
Global symbol "$subs" requires explicit package name at /home/david/cpantesting/perl-5.8.9/.cpan/build/Net-Stomp-0.61-0/blib/lib/Net/Stomp.pm line 196.
Global symbol "$subs" requires explicit package name at /home/david/cpantesting/perl-5.8.9/.cpan/build/Net-Stomp-0.61-0/blib/lib/Net/Stomp.pm line 196.
Global symbol "$id" requires explicit package name at /home/david/cpantesting/perl-5.8.9/.cpan/build/Net-Stomp-0.61-0/blib/lib/Net/Stomp.pm line 196.
Global symbol "$id" requires explicit package name at /home/david/cpantesting/perl-5.8.9/.cpan/build/Net-Stomp-0.61-0/blib/lib/Net/Stomp.pm line 196.
Global symbol "$id" requires explicit package name at /home/david/cpantesting/perl-5.8.9/.cpan/build/Net-Stomp-0.61-0/blib/lib/Net/Stomp.pm line 196.
Global symbol "$id" requires explicit package name at /home/david/cpantesting/perl-5.8.9/.cpan/build/Net-Stomp-0.61-0/blib/lib/Net/Stomp.pm line 196.
Global symbol "$id" requires explicit package name at /home/david/cpantesting/perl-5.8.9/.cpan/build/Net-Stomp-0.61-0/blib/lib/Net/Stomp.pm line 196.
Global symbol "$id" requires explicit package name at /home/david/cpantesting/perl-5.8.9/.cpan/build/Net-Stomp-0.61-0/blib/lib/Net/Stomp.pm line 196.
Global symbol "$to_write" requires explicit package name at /home/david/cpantesting/perl-5.8.9/.cpan/build/Net-Stomp-0.61-0/blib/lib/Net/Stomp.pm line 196.
Global symbol "$frame_string" requires explicit package name at /home/david/cpantesting/perl-5.8.9/.cpan/build/Net-Stomp-0.61-0/blib/lib/Net/Stomp.pm line 196.
Global symbol "$written" requires explicit package name at /home/david/cpantesting/perl-5.8.9/.cpan/build/Net-Stomp-0.61-0/blib/lib/Net/Stomp.pm line 196.
Global symbol "$to_write" requires explicit package name at /home/david/cpantesting/perl-5.8.9/.cpan/build/Net-Stomp-0.61-0/blib/lib/Net/Stomp.pm line 196.
Global symbol "$written" requires explicit package name at /home/david/cpantesting/perl-5.8.9/.cpan/build/Net-Stomp-0.61-0/blib/lib/Net/Stomp.pm line 196.
Global symbol "$to_write" requires explicit package name at /home/david/cpantesting/perl-5.8.9/.cpan/build/Net-Stomp-0.61-0/blib/lib/Net/Stomp.pm line 196.
Global symbol "$written" requires explicit package name at /home/david/cpantesting/perl-5.8.9/.cpan/build/Net-Stomp-0.61-0/blib/lib/Net/Stomp.pm line 196.
Global symbol "$to_write" requires explicit package name at /home/david/cpantesting/perl-5.8.9/.cpan/build/Net-Stomp-0.61-0/blib/lib/Net/Stomp.pm line 196.
Global symbol "$written" requires explicit package name at /home/david/cpantesting/perl-5.8.9/.cpan/build/Net-Stomp-0.61-0/blib/lib/Net/Stomp.pm line 196.
Global symbol "$written" requires explicit package name at /home/david/cpantesting/perl-5.8.9/.cpan/build/Net-Stomp-0.61-0/blib/lib/Net/Stomp.pm line 196.
Global symbol "$frame_string" requires explicit package name at /home/david/cpantesting/perl-5.8.9/.cpan/build/Net-Stomp-0.61-0/blib/lib/Net/Stomp.pm line 196.
Global symbol "$written" requires explicit package name at /home/david/cpantesting/perl-5.8.9/.cpan/build/Net-Stomp-0.61-0/blib/lib/Net/Stomp.pm line 196.
Global symbol "$timeout" requires explicit package name at /home/david/cpantesting/perl-5.8.9/.cpan/build/Net-Stomp-0.61-0/blib/lib/Net/Stomp.pm line 196.
Global symbol "$timeout" requires explicit package name at /home/david/cpantesting/perl-5.8.9/.cpan/build/Net-Stomp-0.61-0/blib/lib/Net/Stomp.pm line 196.
Global symbol "$len" requires explicit package name at /home/david/cpantesting/perl-5.8.9/.cpan/build/Net-Stomp-0.61-0/blib/lib/Net/Stomp.pm line 196.
Global symbol "$len" requires explicit package name at /home/david/cpantesting/perl-5.8.9/.cpan/build/Net-Stomp-0.61-0/blib/lib/Net/Stomp.pm line 196.
Global symbol "$len" requires explicit package name at /home/david/cpantesting/perl-5.8.9/.cpan/build/Net-Stomp-0.61-0/blib/lib/Net/Stomp.pm line 196.
Global symbol "$len" requires explicit package name at /home/david/cpantesting/perl-5.8.9/.cpan/build/Net-Stomp-0.61-0/blib/lib/Net/Stomp.pm line 196.
Global symbol "$len" requires explicit package name at /home/david/cpantesting/perl-5.8.9/.cpan/build/Net-Stomp-0.61-0/blib/lib/Net/Stomp.pm line 196.
syntax error at /home/david/cpantesting/perl-5.8.9/.cpan/build/Net-Stomp-0.61-0/blib/lib/Net/Stomp.pm line 453, near "[^"
  (Might be a runaway multi-line // string starting on line 196)
/home/david/cpantesting/perl-5.8.9/.cpan/build/Net-Stomp-0.61-0/blib/lib/Net/Stomp.pm has too many errors.
Compilation failed in require at t/lib/TestHelp.pm line 10.
BEGIN failed--compilation aborted at t/lib/TestHelp.pm line 10.
Compilation failed in require at t/constructor.t line 3.
BEGIN failed--compilation aborted at t/constructor.t line 3.
t/constructor.t ......... 
Dubious, test returned 9 (wstat 2304, 0x900)
No subtests run 
Global symbol "$sub" requires explicit package name at /home/david/cpantesting/perl-5.8.9/.cpan/build/Net-Stomp-0.61-0/blib/lib/Net/Stomp.pm line 196.
Global symbol "$sub" requires explicit package name at /home/david/cpantesting/perl-5.8.9/.cpan/build/Net-Stomp-0.61-0/blib/lib/Net/Stomp.pm line 196.
Global symbol "$timeout" requires explicit package name at /home/david/cpantesting/perl-5.8.9/.cpan/build/Net-Stomp-0.61-0/blib/lib/Net/Stomp.pm line 196.
Global symbol "$timeout" requires explicit package name at /home/david/cpantesting/perl-5.8.9/.cpan/build/Net-Stomp-0.61-0/blib/lib/Net/Stomp.pm line 196.
Global symbol "$body" requires explicit package name at /home/david/cpantesting/perl-5.8.9/.cpan/build/Net-Stomp-0.61-0/blib/lib/Net/Stomp.pm line 196.
Global symbol "$body" requires explicit package name at /home/david/cpantesting/perl-5.8.9/.cpan/build/Net-Stomp-0.61-0/blib/lib/Net/Stomp.pm line 196.
Global symbol "$receipt_id" requires explicit package name at /home/david/cpantesting/perl-5.8.9/.cpan/build/Net-Stomp-0.61-0/blib/lib/Net/Stomp.pm line 196.
Global symbol "$receipt_id" requires explicit package name at /home/david/cpantesting/perl-5.8.9/.cpan/build/Net-Stomp-0.61-0/blib/lib/Net/Stomp.pm line 196.
Global symbol "$receipt_id" requires explicit package name at /home/david/cpantesting/perl-5.8.9/.cpan/build/Net-Stomp-0.61-0/blib/lib/Net/Stomp.pm line 196.
Global symbol "$receipt_timeout" requires explicit package name at /home/david/cpantesting/perl-5.8.9/.cpan/build/Net-Stomp-0.61-0/blib/lib/Net/Stomp.pm line 196.
Global symbol "$receipt_frame" requires explicit package name at /home/david/cpantesting/perl-5.8.9/.cpan/build/Net-Stomp-0.61-0/blib/lib/Net/Stomp.pm line 196.
Global symbol "$receipt_timeout" requires explicit package name at /home/david/cpantesting/perl-5.8.9/.cpan/build/Net-Stomp-0.61-0/blib/lib/Net/Stomp.pm line 196.
Global symbol "$receipt_timeout" requires explicit package name at /home/david/cpantesting/perl-5.8.9/.cpan/build/Net-Stomp-0.61-0/blib/lib/Net/Stomp.pm line 196.
Global symbol "$receipt_frame" requires explicit package name at /home/david/cpantesting/perl-5.8.9/.cpan/build/Net-Stomp-0.61-0/blib/lib/Net/Stomp.pm line 196.
Global symbol "$receipt_frame" requires explicit package name at /home/david/cpantesting/perl-5.8.9/.cpan/build/Net-Stomp-0.61-0/blib/lib/Net/Stomp.pm line 196.
Global symbol "$receipt_frame" requires explicit package name at /home/david/cpantesting/perl-5.8.9/.cpan/build/Net-Stomp-0.61-0/blib/lib/Net/Stomp.pm line 196.
Global symbol "$receipt_frame" requires explicit package name at /home/david/cpantesting/perl-5.8.9/.cpan/build/Net-Stomp-0.61-0/blib/lib/Net/Stomp.pm line 196.
Global symbol "$receipt_id" requires explicit package name at /home/david/cpantesting/perl-5.8.9/.cpan/build/Net-Stomp-0.61-0/blib/lib/Net/Stomp.pm line 196.
Global symbol "$receipt_frame" requires explicit package name at /home/david/cpantesting/perl-5.8.9/.cpan/build/Net-Stomp-0.61-0/blib/lib/Net/Stomp.pm line 196.
Global symbol "$receipt_frame" requires explicit package name at /home/david/cpantesting/perl-5.8.9/.cpan/build/Net-Stomp-0.61-0/blib/lib/Net/Stomp.pm line 196.
Global symbol "$transaction_id" requires explicit package name at /home/david/cpantesting/perl-5.8.9/.cpan/build/Net-Stomp-0.61-0/blib/lib/Net/Stomp.pm line 196.
Global symbol "$transaction_id" requires explicit package name at /home/david/cpantesting/perl-5.8.9/.cpan/build/Net-Stomp-0.61-0/blib/lib/Net/Stomp.pm line 196.
Global symbol "$begin_frame" requires explicit package name at /home/david/cpantesting/perl-5.8.9/.cpan/build/Net-Stomp-0.61-0/blib/lib/Net/Stomp.pm line 196.
Global symbol "$transaction_id" requires explicit package name at /home/david/cpantesting/perl-5.8.9/.cpan/build/Net-Stomp-0.61-0/blib/lib/Net/Stomp.pm line 196.
Global symbol "$begin_frame" requires explicit package name at /home/david/cpantesting/perl-5.8.9/.cpan/build/Net-Stomp-0.61-0/blib/lib/Net/Stomp.pm line 196.
Global symbol "$transaction_id" requires explicit package name at /home/david/cpantesting/perl-5.8.9/.cpan/build/Net-Stomp-0.61-0/blib/lib/Net/Stomp.pm line 196.
Global symbol "$receipt_frame" requires explicit package name at /home/david/cpantesting/perl-5.8.9/.cpan/build/Net-Stomp-0.61-0/blib/lib/Net/Stomp.pm line 196.
Global symbol "$ret" requires explicit package name at /home/david/cpantesting/perl-5.8.9/.cpan/build/Net-Stomp-0.61-0/blib/lib/Net/Stomp.pm line 196.
Global symbol "$receipt_frame" requires explicit package name at /home/david/cpantesting/perl-5.8.9/.cpan/build/Net-Stomp-0.61-0/blib/lib/Net/Stomp.pm line 196.
Global symbol "$receipt_frame" requires explicit package name at /home/david/cpantesting/perl-5.8.9/.cpan/build/Net-Stomp-0.61-0/blib/lib/Net/Stomp.pm line 196.
Global symbol "$ret" requires explicit package name at /home/david/cpantesting/perl-5.8.9/.cpan/build/Net-Stomp-0.61-0/blib/lib/Net/Stomp.pm line 196.
Global symbol "$transaction_id" requires explicit package name at /home/david/cpantesting/perl-5.8.9/.cpan/build/Net-Stomp-0.61-0/blib/lib/Net/Stomp.pm line 196.
Global symbol "$frame_commit" requires explicit package name at /home/david/cpantesting/perl-5.8.9/.cpan/build/Net-Stomp-0.61-0/blib/lib/Net/Stomp.pm line 196.
Global symbol "$transaction_id" requires explicit package name at /home/david/cpantesting/perl-5.8.9/.cpan/build/Net-Stomp-0.61-0/blib/lib/Net/Stomp.pm line 196.
Global symbol "$frame_commit" requires explicit package name at /home/david/cpantesting/perl-5.8.9/.cpan/build/Net-Stomp-0.61-0/blib/lib/Net/Stomp.pm line 196.
Global symbol "$transaction_id" requires explicit package name at /home/david/cpantesting/perl-5.8.9/.cpan/build/Net-Stomp-0.61-0/blib/lib/Net/Stomp.pm line 196.
Global symbol "$frame_abort" requires explicit package name at /home/david/cpantesting/perl-5.8.9/.cpan/build/Net-Stomp-0.61-0/blib/lib/Net/Stomp.pm line 196.
Global symbol "$transaction_id" requires explicit package name at /home/david/cpantesting/perl-5.8.9/.cpan/build/Net-Stomp-0.61-0/blib/lib/Net/Stomp.pm line 196.
Global symbol "$frame_abort" requires explicit package name at /home/david/cpantesting/perl-5.8.9/.cpan/build/Net-Stomp-0.61-0/blib/lib/Net/Stomp.pm line 196.
Global symbol "$ret" requires explicit package name at /home/david/cpantesting/perl-5.8.9/.cpan/build/Net-Stomp-0.61-0/blib/lib/Net/Stomp.pm line 196.
Global symbol "$subs" requires explicit package name at /home/david/cpantesting/perl-5.8.9/.cpan/build/Net-Stomp-0.61-0/blib/lib/Net/Stomp.pm line 196.
Global symbol "$subs" requires explicit package name at /home/david/cpantesting/perl-5.8.9/.cpan/build/Net-Stomp-0.61-0/blib/lib/Net/Stomp.pm line 196.
Global symbol "$subs" requires explicit package name at /home/david/cpantesting/perl-5.8.9/.cpan/build/Net-Stomp-0.61-0/blib/lib/Net/Stomp.pm line 196.
Global symbol "$subs" requires explicit package name at /home/david/cpantesting/perl-5.8.9/.cpan/build/Net-Stomp-0.61-0/blib/lib/Net/Stomp.pm line 196.
Global symbol "$id" requires explicit package name at /home/david/cpantesting/perl-5.8.9/.cpan/build/Net-Stomp-0.61-0/blib/lib/Net/Stomp.pm line 196.
Global symbol "$id" requires explicit package name at /home/david/cpantesting/perl-5.8.9/.cpan/build/Net-Stomp-0.61-0/blib/lib/Net/Stomp.pm line 196.
Global symbol "$id" requires explicit package name at /home/david/cpantesting/perl-5.8.9/.cpan/build/Net-Stomp-0.61-0/blib/lib/Net/Stomp.pm line 196.
Global symbol "$id" requires explicit package name at /home/david/cpantesting/perl-5.8.9/.cpan/build/Net-Stomp-0.61-0/blib/lib/Net/Stomp.pm line 196.
Global symbol "$id" requires explicit package name at /home/david/cpantesting/perl-5.8.9/.cpan/build/Net-Stomp-0.61-0/blib/lib/Net/Stomp.pm line 196.
Global symbol "$id" requires explicit package name at /home/david/cpantesting/perl-5.8.9/.cpan/build/Net-Stomp-0.61-0/blib/lib/Net/Stomp.pm line 196.
Global symbol "$to_write" requires explicit package name at /home/david/cpantesting/perl-5.8.9/.cpan/build/Net-Stomp-0.61-0/blib/lib/Net/Stomp.pm line 196.
Global symbol "$frame_string" requires explicit package name at /home/david/cpantesting/perl-5.8.9/.cpan/build/Net-Stomp-0.61-0/blib/lib/Net/Stomp.pm line 196.
Global symbol "$written" requires explicit package name at /home/david/cpantesting/perl-5.8.9/.cpan/build/Net-Stomp-0.61-0/blib/lib/Net/Stomp.pm line 196.
Global symbol "$to_write" requires explicit package name at /home/david/cpantesting/perl-5.8.9/.cpan/build/Net-Stomp-0.61-0/blib/lib/Net/Stomp.pm line 196.
Global symbol "$written" requires explicit package name at /home/david/cpantesting/perl-5.8.9/.cpan/build/Net-Stomp-0.61-0/blib/lib/Net/Stomp.pm line 196.
Global symbol "$to_write" requires explicit package name at /home/david/cpantesting/perl-5.8.9/.cpan/build/Net-Stomp-0.61-0/blib/lib/Net/Stomp.pm line 196.
Global symbol "$written" requires explicit package name at /home/david/cpantesting/perl-5.8.9/.cpan/build/Net-Stomp-0.61-0/blib/lib/Net/Stomp.pm line 196.
Global symbol "$to_write" requires explicit package name at /home/david/cpantesting/perl-5.8.9/.cpan/build/Net-Stomp-0.61-0/blib/lib/Net/Stomp.pm line 196.
Global symbol "$written" requires explicit package name at /home/david/cpantesting/perl-5.8.9/.cpan/build/Net-Stomp-0.61-0/blib/lib/Net/Stomp.pm line 196.
Global symbol "$written" requires explicit package name at /home/david/cpantesting/perl-5.8.9/.cpan/build/Net-Stomp-0.61-0/blib/lib/Net/Stomp.pm line 196.
Global symbol "$frame_string" requires explicit package name at /home/david/cpantesting/perl-5.8.9/.cpan/build/Net-Stomp-0.61-0/blib/lib/Net/Stomp.pm line 196.
Global symbol "$written" requires explicit package name at /home/david/cpantesting/perl-5.8.9/.cpan/build/Net-Stomp-0.61-0/blib/lib/Net/Stomp.pm line 196.
Global symbol "$timeout" requires explicit package name at /home/david/cpantesting/perl-5.8.9/.cpan/build/Net-Stomp-0.61-0/blib/lib/Net/Stomp.pm line 196.
Global symbol "$timeout" requires explicit package name at /home/david/cpantesting/perl-5.8.9/.cpan/build/Net-Stomp-0.61-0/blib/lib/Net/Stomp.pm line 196.
Global symbol "$len" requires explicit package name at /home/david/cpantesting/perl-5.8.9/.cpan/build/Net-Stomp-0.61-0/blib/lib/Net/Stomp.pm line 196.
Global symbol "$len" requires explicit package name at /home/david/cpantesting/perl-5.8.9/.cpan/build/Net-Stomp-0.61-0/blib/lib/Net/Stomp.pm line 196.
Global symbol "$len" requires explicit package name at /home/david/cpantesting/perl-5.8.9/.cpan/build/Net-Stomp-0.61-0/blib/lib/Net/Stomp.pm line 196.
Global symbol "$len" requires explicit package name at /home/david/cpantesting/perl-5.8.9/.cpan/build/Net-Stomp-0.61-0/blib/lib/Net/Stomp.pm line 196.
Global symbol "$len" requires explicit package name at /home/david/cpantesting/perl-5.8.9/.cpan/build/Net-Stomp-0.61-0/blib/lib/Net/Stomp.pm line 196.
syntax error at /home/david/cpantesting/perl-5.8.9/.cpan/build/Net-Stomp-0.61-0/blib/lib/Net/Stomp.pm line 453, near "[^"
  (Might be a runaway multi-line // string starting on line 196)
/home/david/cpantesting/perl-5.8.9/.cpan/build/Net-Stomp-0.61-0/blib/lib/Net/Stomp.pm has too many errors.
Compilation failed in require at t/lib/TestHelp.pm line 10.
BEGIN failed--compilation aborted at t/lib/TestHelp.pm line 10.
Compilation failed in require at t/failover.t line 3.
BEGIN failed--compilation aborted at t/failover.t line 3.
t/failover.t ............ 
Dubious, test returned 9 (wstat 2304, 0x900)
No subtests run 
Global symbol "$sub" requires explicit package name at /home/david/cpantesting/perl-5.8.9/.cpan/build/Net-Stomp-0.61-0/blib/lib/Net/Stomp.pm line 196.
Global symbol "$sub" requires explicit package name at /home/david/cpantesting/perl-5.8.9/.cpan/build/Net-Stomp-0.61-0/blib/lib/Net/Stomp.pm line 196.
Global symbol "$timeout" requires explicit package name at /home/david/cpantesting/perl-5.8.9/.cpan/build/Net-Stomp-0.61-0/blib/lib/Net/Stomp.pm line 196.
Global symbol "$timeout" requires explicit package name at /home/david/cpantesting/perl-5.8.9/.cpan/build/Net-Stomp-0.61-0/blib/lib/Net/Stomp.pm line 196.
Global symbol "$body" requires explicit package name at /home/david/cpantesting/perl-5.8.9/.cpan/build/Net-Stomp-0.61-0/blib/lib/Net/Stomp.pm line 196.
Global symbol "$body" requires explicit package name at /home/david/cpantesting/perl-5.8.9/.cpan/build/Net-Stomp-0.61-0/blib/lib/Net/Stomp.pm line 196.
Global symbol "$receipt_id" requires explicit package name at /home/david/cpantesting/perl-5.8.9/.cpan/build/Net-Stomp-0.61-0/blib/lib/Net/Stomp.pm line 196.
Global symbol "$receipt_id" requires explicit package name at /home/david/cpantesting/perl-5.8.9/.cpan/build/Net-Stomp-0.61-0/blib/lib/Net/Stomp.pm line 196.
Global symbol "$receipt_id" requires explicit package name at /home/david/cpantesting/perl-5.8.9/.cpan/build/Net-Stomp-0.61-0/blib/lib/Net/Stomp.pm line 196.
Global symbol "$receipt_timeout" requires explicit package name at /home/david/cpantesting/perl-5.8.9/.cpan/build/Net-Stomp-0.61-0/blib/lib/Net/Stomp.pm line 196.
Global symbol "$receipt_frame" requires explicit package name at /home/david/cpantesting/perl-5.8.9/.cpan/build/Net-Stomp-0.61-0/blib/lib/Net/Stomp.pm line 196.
Global symbol "$receipt_timeout" requires explicit package name at /home/david/cpantesting/perl-5.8.9/.cpan/build/Net-Stomp-0.61-0/blib/lib/Net/Stomp.pm line 196.
Global symbol "$receipt_timeout" requires explicit package name at /home/david/cpantesting/perl-5.8.9/.cpan/build/Net-Stomp-0.61-0/blib/lib/Net/Stomp.pm line 196.
Global symbol "$receipt_frame" requires explicit package name at /home/david/cpantesting/perl-5.8.9/.cpan/build/Net-Stomp-0.61-0/blib/lib/Net/Stomp.pm line 196.
Global symbol "$receipt_frame" requires explicit package name at /home/david/cpantesting/perl-5.8.9/.cpan/build/Net-Stomp-0.61-0/blib/lib/Net/Stomp.pm line 196.
Global symbol "$receipt_frame" requires explicit package name at /home/david/cpantesting/perl-5.8.9/.cpan/build/Net-Stomp-0.61-0/blib/lib/Net/Stomp.pm line 196.
Global symbol "$receipt_frame" requires explicit package name at /home/david/cpantesting/perl-5.8.9/.cpan/build/Net-Stomp-0.61-0/blib/lib/Net/Stomp.pm line 196.
Global symbol "$receipt_id" requires explicit package name at /home/david/cpantesting/perl-5.8.9/.cpan/build/Net-Stomp-0.61-0/blib/lib/Net/Stomp.pm line 196.
Global symbol "$receipt_frame" requires explicit package name at /home/david/cpantesting/perl-5.8.9/.cpan/build/Net-Stomp-0.61-0/blib/lib/Net/Stomp.pm line 196.
Global symbol "$receipt_frame" requires explicit package name at /home/david/cpantesting/perl-5.8.9/.cpan/build/Net-Stomp-0.61-0/blib/lib/Net/Stomp.pm line 196.
Global symbol "$transaction_id" requires explicit package name at /home/david/cpantesting/perl-5.8.9/.cpan/build/Net-Stomp-0.61-0/blib/lib/Net/Stomp.pm line 196.
Global symbol "$transaction_id" requires explicit package name at /home/david/cpantesting/perl-5.8.9/.cpan/build/Net-Stomp-0.61-0/blib/lib/Net/Stomp.pm line 196.
Global symbol "$begin_frame" requires explicit package name at /home/david/cpantesting/perl-5.8.9/.cpan/build/Net-Stomp-0.61-0/blib/lib/Net/Stomp.pm line 196.
Global symbol "$transaction_id" requires explicit package name at /home/david/cpantesting/perl-5.8.9/.cpan/build/Net-Stomp-0.61-0/blib/lib/Net/Stomp.pm line 196.
Global symbol "$begin_frame" requires explicit package name at /home/david/cpantesting/perl-5.8.9/.cpan/build/Net-Stomp-0.61-0/blib/lib/Net/Stomp.pm line 196.
Global symbol "$transaction_id" requires explicit package name at /home/david/cpantesting/perl-5.8.9/.cpan/build/Net-Stomp-0.61-0/blib/lib/Net/Stomp.pm line 196.
Global symbol "$receipt_frame" requires explicit package name at /home/david/cpantesting/perl-5.8.9/.cpan/build/Net-Stomp-0.61-0/blib/lib/Net/Stomp.pm line 196.
Global symbol "$ret" requires explicit package name at /home/david/cpantesting/perl-5.8.9/.cpan/build/Net-Stomp-0.61-0/blib/lib/Net/Stomp.pm line 196.
Global symbol "$receipt_frame" requires explicit package name at /home/david/cpantesting/perl-5.8.9/.cpan/build/Net-Stomp-0.61-0/blib/lib/Net/Stomp.pm line 196.
Global symbol "$receipt_frame" requires explicit package name at /home/david/cpantesting/perl-5.8.9/.cpan/build/Net-Stomp-0.61-0/blib/lib/Net/Stomp.pm line 196.
Global symbol "$ret" requires explicit package name at /home/david/cpantesting/perl-5.8.9/.cpan/build/Net-Stomp-0.61-0/blib/lib/Net/Stomp.pm line 196.
Global symbol "$transaction_id" requires explicit package name at /home/david/cpantesting/perl-5.8.9/.cpan/build/Net-Stomp-0.61-0/blib/lib/Net/Stomp.pm line 196.
Global symbol "$frame_commit" requires explicit package name at /home/david/cpantesting/perl-5.8.9/.cpan/build/Net-Stomp-0.61-0/blib/lib/Net/Stomp.pm line 196.
Global symbol "$transaction_id" requires explicit package name at /home/david/cpantesting/perl-5.8.9/.cpan/build/Net-Stomp-0.61-0/blib/lib/Net/Stomp.pm line 196.
Global symbol "$frame_commit" requires explicit package name at /home/david/cpantesting/perl-5.8.9/.cpan/build/Net-Stomp-0.61-0/blib/lib/Net/Stomp.pm line 196.
Global symbol "$transaction_id" requires explicit package name at /home/david/cpantesting/perl-5.8.9/.cpan/build/Net-Stomp-0.61-0/blib/lib/Net/Stomp.pm line 196.
Global symbol "$frame_abort" requires explicit package name at /home/david/cpantesting/perl-5.8.9/.cpan/build/Net-Stomp-0.61-0/blib/lib/Net/Stomp.pm line 196.
Global symbol "$transaction_id" requires explicit package name at /home/david/cpantesting/perl-5.8.9/.cpan/build/Net-Stomp-0.61-0/blib/lib/Net/Stomp.pm line 196.
Global symbol "$frame_abort" requires explicit package name at /home/david/cpantesting/perl-5.8.9/.cpan/build/Net-Stomp-0.61-0/blib/lib/Net/Stomp.pm line 196.
Global symbol "$ret" requires explicit package name at /home/david/cpantesting/perl-5.8.9/.cpan/build/Net-Stomp-0.61-0/blib/lib/Net/Stomp.pm line 196.
Global symbol "$subs" requires explicit package name at /home/david/cpantesting/perl-5.8.9/.cpan/build/Net-Stomp-0.61-0/blib/lib/Net/Stomp.pm line 196.
Global symbol "$subs" requires explicit package name at /home/david/cpantesting/perl-5.8.9/.cpan/build/Net-Stomp-0.61-0/blib/lib/Net/Stomp.pm line 196.
Global symbol "$subs" requires explicit package name at /home/david/cpantesting/perl-5.8.9/.cpan/build/Net-Stomp-0.61-0/blib/lib/Net/Stomp.pm line 196.
Global symbol "$subs" requires explicit package name at /home/david/cpantesting/perl-5.8.9/.cpan/build/Net-Stomp-0.61-0/blib/lib/Net/Stomp.pm line 196.
Global symbol "$id" requires explicit package name at /home/david/cpantesting/perl-5.8.9/.cpan/build/Net-Stomp-0.61-0/blib/lib/Net/Stomp.pm line 196.
Global symbol "$id" requires explicit package name at /home/david/cpantesting/perl-5.8.9/.cpan/build/Net-Stomp-0.61-0/blib/lib/Net/Stomp.pm line 196.
Global symbol "$id" requires explicit package name at /home/david/cpantesting/perl-5.8.9/.cpan/build/Net-Stomp-0.61-0/blib/lib/Net/Stomp.pm line 196.
Global symbol "$id" requires explicit package name at /home/david/cpantesting/perl-5.8.9/.cpan/build/Net-Stomp-0.61-0/blib/lib/Net/Stomp.pm line 196.
Global symbol "$id" requires explicit package name at /home/david/cpantesting/perl-5.8.9/.cpan/build/Net-Stomp-0.61-0/blib/lib/Net/Stomp.pm line 196.
Global symbol "$id" requires explicit package name at /home/david/cpantesting/perl-5.8.9/.cpan/build/Net-Stomp-0.61-0/blib/lib/Net/Stomp.pm line 196.
Global symbol "$to_write" requires explicit package name at /home/david/cpantesting/perl-5.8.9/.cpan/build/Net-Stomp-0.61-0/blib/lib/Net/Stomp.pm line 196.
Global symbol "$frame_string" requires explicit package name at /home/david/cpantesting/perl-5.8.9/.cpan/build/Net-Stomp-0.61-0/blib/lib/Net/Stomp.pm line 196.
Global symbol "$written" requires explicit package name at /home/david/cpantesting/perl-5.8.9/.cpan/build/Net-Stomp-0.61-0/blib/lib/Net/Stomp.pm line 196.
Global symbol "$to_write" requires explicit package name at /home/david/cpantesting/perl-5.8.9/.cpan/build/Net-Stomp-0.61-0/blib/lib/Net/Stomp.pm line 196.
Global symbol "$written" requires explicit package name at /home/david/cpantesting/perl-5.8.9/.cpan/build/Net-Stomp-0.61-0/blib/lib/Net/Stomp.pm line 196.
Global symbol "$to_write" requires explicit package name at /home/david/cpantesting/perl-5.8.9/.cpan/build/Net-Stomp-0.61-0/blib/lib/Net/Stomp.pm line 196.
Global symbol "$written" requires explicit package name at /home/david/cpantesting/perl-5.8.9/.cpan/build/Net-Stomp-0.61-0/blib/lib/Net/Stomp.pm line 196.
Global symbol "$to_write" requires explicit package name at /home/david/cpantesting/perl-5.8.9/.cpan/build/Net-Stomp-0.61-0/blib/lib/Net/Stomp.pm line 196.
Global symbol "$written" requires explicit package name at /home/david/cpantesting/perl-5.8.9/.cpan/build/Net-Stomp-0.61-0/blib/lib/Net/Stomp.pm line 196.
Global symbol "$written" requires explicit package name at /home/david/cpantesting/perl-5.8.9/.cpan/build/Net-Stomp-0.61-0/blib/lib/Net/Stomp.pm line 196.
Global symbol "$frame_string" requires explicit package name at /home/david/cpantesting/perl-5.8.9/.cpan/build/Net-Stomp-0.61-0/blib/lib/Net/Stomp.pm line 196.
Global symbol "$written" requires explicit package name at /home/david/cpantesting/perl-5.8.9/.cpan/build/Net-Stomp-0.61-0/blib/lib/Net/Stomp.pm line 196.
Global symbol "$timeout" requires explicit package name at /home/david/cpantesting/perl-5.8.9/.cpan/build/Net-Stomp-0.61-0/blib/lib/Net/Stomp.pm line 196.
Global symbol "$timeout" requires explicit package name at /home/david/cpantesting/perl-5.8.9/.cpan/build/Net-Stomp-0.61-0/blib/lib/Net/Stomp.pm line 196.
Global symbol "$len" requires explicit package name at /home/david/cpantesting/perl-5.8.9/.cpan/build/Net-Stomp-0.61-0/blib/lib/Net/Stomp.pm line 196.
Global symbol "$len" requires explicit package name at /home/david/cpantesting/perl-5.8.9/.cpan/build/Net-Stomp-0.61-0/blib/lib/Net/Stomp.pm line 196.
Global symbol "$len" requires explicit package name at /home/david/cpantesting/perl-5.8.9/.cpan/build/Net-Stomp-0.61-0/blib/lib/Net/Stomp.pm line 196.
Global symbol "$len" requires explicit package name at /home/david/cpantesting/perl-5.8.9/.cpan/build/Net-Stomp-0.61-0/blib/lib/Net/Stomp.pm line 196.
Global symbol "$len" requires explicit package name at /home/david/cpantesting/perl-5.8.9/.cpan/build/Net-Stomp-0.61-0/blib/lib/Net/Stomp.pm line 196.
syntax error at /home/david/cpantesting/perl-5.8.9/.cpan/build/Net-Stomp-0.61-0/blib/lib/Net/Stomp.pm line 453, near "[^"
  (Might be a runaway multi-line // string starting on line 196)
/home/david/cpantesting/perl-5.8.9/.cpan/build/Net-Stomp-0.61-0/blib/lib/Net/Stomp.pm has too many errors.
Compilation failed in require at t/lib/TestHelp.pm line 10.
BEGIN failed--compilation aborted at t/lib/TestHelp.pm line 10.
Compilation failed in require at t/frame-accessors.t line 3.
BEGIN failed--compilation aborted at t/frame-accessors.t line 3.
t/frame-accessors.t ..... 
Dubious, test returned 9 (wstat 2304, 0x900)
No subtests run 
Global symbol "$sub" requires explicit package name at /home/david/cpantesting/perl-5.8.9/.cpan/build/Net-Stomp-0.61-0/blib/lib/Net/Stomp.pm line 196.
Global symbol "$sub" requires explicit package name at /home/david/cpantesting/perl-5.8.9/.cpan/build/Net-Stomp-0.61-0/blib/lib/Net/Stomp.pm line 196.
Global symbol "$timeout" requires explicit package name at /home/david/cpantesting/perl-5.8.9/.cpan/build/Net-Stomp-0.61-0/blib/lib/Net/Stomp.pm line 196.
Global symbol "$timeout" requires explicit package name at /home/david/cpantesting/perl-5.8.9/.cpan/build/Net-Stomp-0.61-0/blib/lib/Net/Stomp.pm line 196.
Global symbol "$body" requires explicit package name at /home/david/cpantesting/perl-5.8.9/.cpan/build/Net-Stomp-0.61-0/blib/lib/Net/Stomp.pm line 196.
Global symbol "$body" requires explicit package name at /home/david/cpantesting/perl-5.8.9/.cpan/build/Net-Stomp-0.61-0/blib/lib/Net/Stomp.pm line 196.
Global symbol "$receipt_id" requires explicit package name at /home/david/cpantesting/perl-5.8.9/.cpan/build/Net-Stomp-0.61-0/blib/lib/Net/Stomp.pm line 196.
Global symbol "$receipt_id" requires explicit package name at /home/david/cpantesting/perl-5.8.9/.cpan/build/Net-Stomp-0.61-0/blib/lib/Net/Stomp.pm line 196.
Global symbol "$receipt_id" requires explicit package name at /home/david/cpantesting/perl-5.8.9/.cpan/build/Net-Stomp-0.61-0/blib/lib/Net/Stomp.pm line 196.
Global symbol "$receipt_timeout" requires explicit package name at /home/david/cpantesting/perl-5.8.9/.cpan/build/Net-Stomp-0.61-0/blib/lib/Net/Stomp.pm line 196.
Global symbol "$receipt_frame" requires explicit package name at /home/david/cpantesting/perl-5.8.9/.cpan/build/Net-Stomp-0.61-0/blib/lib/Net/Stomp.pm line 196.
Global symbol "$receipt_timeout" requires explicit package name at /home/david/cpantesting/perl-5.8.9/.cpan/build/Net-Stomp-0.61-0/blib/lib/Net/Stomp.pm line 196.
Global symbol "$receipt_timeout" requires explicit package name at /home/david/cpantesting/perl-5.8.9/.cpan/build/Net-Stomp-0.61-0/blib/lib/Net/Stomp.pm line 196.
Global symbol "$receipt_frame" requires explicit package name at /home/david/cpantesting/perl-5.8.9/.cpan/build/Net-Stomp-0.61-0/blib/lib/Net/Stomp.pm line 196.
Global symbol "$receipt_frame" requires explicit package name at /home/david/cpantesting/perl-5.8.9/.cpan/build/Net-Stomp-0.61-0/blib/lib/Net/Stomp.pm line 196.
Global symbol "$receipt_frame" requires explicit package name at /home/david/cpantesting/perl-5.8.9/.cpan/build/Net-Stomp-0.61-0/blib/lib/Net/Stomp.pm line 196.
Global symbol "$receipt_frame" requires explicit package name at /home/david/cpantesting/perl-5.8.9/.cpan/build/Net-Stomp-0.61-0/blib/lib/Net/Stomp.pm line 196.
Global symbol "$receipt_id" requires explicit package name at /home/david/cpantesting/perl-5.8.9/.cpan/build/Net-Stomp-0.61-0/blib/lib/Net/Stomp.pm line 196.
Global symbol "$receipt_frame" requires explicit package name at /home/david/cpantesting/perl-5.8.9/.cpan/build/Net-Stomp-0.61-0/blib/lib/Net/Stomp.pm line 196.
Global symbol "$receipt_frame" requires explicit package name at /home/david/cpantesting/perl-5.8.9/.cpan/build/Net-Stomp-0.61-0/blib/lib/Net/Stomp.pm line 196.
Global symbol "$transaction_id" requires explicit package name at /home/david/cpantesting/perl-5.8.9/.cpan/build/Net-Stomp-0.61-0/blib/lib/Net/Stomp.pm line 196.
Global symbol "$transaction_id" requires explicit package name at /home/david/cpantesting/perl-5.8.9/.cpan/build/Net-Stomp-0.61-0/blib/lib/Net/Stomp.pm line 196.
Global symbol "$begin_frame" requires explicit package name at /home/david/cpantesting/perl-5.8.9/.cpan/build/Net-Stomp-0.61-0/blib/lib/Net/Stomp.pm line 196.
Global symbol "$transaction_id" requires explicit package name at /home/david/cpantesting/perl-5.8.9/.cpan/build/Net-Stomp-0.61-0/blib/lib/Net/Stomp.pm line 196.
Global symbol "$begin_frame" requires explicit package name at /home/david/cpantesting/perl-5.8.9/.cpan/build/Net-Stomp-0.61-0/blib/lib/Net/Stomp.pm line 196.
Global symbol "$transaction_id" requires explicit package name at /home/david/cpantesting/perl-5.8.9/.cpan/build/Net-Stomp-0.61-0/blib/lib/Net/Stomp.pm line 196.
Global symbol "$receipt_frame" requires explicit package name at /home/david/cpantesting/perl-5.8.9/.cpan/build/Net-Stomp-0.61-0/blib/lib/Net/Stomp.pm line 196.
Global symbol "$ret" requires explicit package name at /home/david/cpantesting/perl-5.8.9/.cpan/build/Net-Stomp-0.61-0/blib/lib/Net/Stomp.pm line 196.
Global symbol "$receipt_frame" requires explicit package name at /home/david/cpantesting/perl-5.8.9/.cpan/build/Net-Stomp-0.61-0/blib/lib/Net/Stomp.pm line 196.
Global symbol "$receipt_frame" requires explicit package name at /home/david/cpantesting/perl-5.8.9/.cpan/build/Net-Stomp-0.61-0/blib/lib/Net/Stomp.pm line 196.
Global symbol "$ret" requires explicit package name at /home/david/cpantesting/perl-5.8.9/.cpan/build/Net-Stomp-0.61-0/blib/lib/Net/Stomp.pm line 196.
Global symbol "$transaction_id" requires explicit package name at /home/david/cpantesting/perl-5.8.9/.cpan/build/Net-Stomp-0.61-0/blib/lib/Net/Stomp.pm line 196.
Global symbol "$frame_commit" requires explicit package name at /home/david/cpantesting/perl-5.8.9/.cpan/build/Net-Stomp-0.61-0/blib/lib/Net/Stomp.pm line 196.
Global symbol "$transaction_id" requires explicit package name at /home/david/cpantesting/perl-5.8.9/.cpan/build/Net-Stomp-0.61-0/blib/lib/Net/Stomp.pm line 196.
Global symbol "$frame_commit" requires explicit package name at /home/david/cpantesting/perl-5.8.9/.cpan/build/Net-Stomp-0.61-0/blib/lib/Net/Stomp.pm line 196.
Global symbol "$transaction_id" requires explicit package name at /home/david/cpantesting/perl-5.8.9/.cpan/build/Net-Stomp-0.61-0/blib/lib/Net/Stomp.pm line 196.
Global symbol "$frame_abort" requires explicit package name at /home/david/cpantesting/perl-5.8.9/.cpan/build/Net-Stomp-0.61-0/blib/lib/Net/Stomp.pm line 196.
Global symbol "$transaction_id" requires explicit package name at /home/david/cpantesting/perl-5.8.9/.cpan/build/Net-Stomp-0.61-0/blib/lib/Net/Stomp.pm line 196.
Global symbol "$frame_abort" requires explicit package name at /home/david/cpantesting/perl-5.8.9/.cpan/build/Net-Stomp-0.61-0/blib/lib/Net/Stomp.pm line 196.
Global symbol "$ret" requires explicit package name at /home/david/cpantesting/perl-5.8.9/.cpan/build/Net-Stomp-0.61-0/blib/lib/Net/Stomp.pm line 196.
Global symbol "$subs" requires explicit package name at /home/david/cpantesting/perl-5.8.9/.cpan/build/Net-Stomp-0.61-0/blib/lib/Net/Stomp.pm line 196.
Global symbol "$subs" requires explicit package name at /home/david/cpantesting/perl-5.8.9/.cpan/build/Net-Stomp-0.61-0/blib/lib/Net/Stomp.pm line 196.
Global symbol "$subs" requires explicit package name at /home/david/cpantesting/perl-5.8.9/.cpan/build/Net-Stomp-0.61-0/blib/lib/Net/Stomp.pm line 196.
Global symbol "$subs" requires explicit package name at /home/david/cpantesting/perl-5.8.9/.cpan/build/Net-Stomp-0.61-0/blib/lib/Net/Stomp.pm line 196.
Global symbol "$id" requires explicit package name at /home/david/cpantesting/perl-5.8.9/.cpan/build/Net-Stomp-0.61-0/blib/lib/Net/Stomp.pm line 196.
Global symbol "$id" requires explicit package name at /home/david/cpantesting/perl-5.8.9/.cpan/build/Net-Stomp-0.61-0/blib/lib/Net/Stomp.pm line 196.
Global symbol "$id" requires explicit package name at /home/david/cpantesting/perl-5.8.9/.cpan/build/Net-Stomp-0.61-0/blib/lib/Net/Stomp.pm line 196.
Global symbol "$id" requires explicit package name at /home/david/cpantesting/perl-5.8.9/.cpan/build/Net-Stomp-0.61-0/blib/lib/Net/Stomp.pm line 196.
Global symbol "$id" requires explicit package name at /home/david/cpantesting/perl-5.8.9/.cpan/build/Net-Stomp-0.61-0/blib/lib/Net/Stomp.pm line 196.
Global symbol "$id" requires explicit package name at /home/david/cpantesting/perl-5.8.9/.cpan/build/Net-Stomp-0.61-0/blib/lib/Net/Stomp.pm line 196.
Global symbol "$to_write" requires explicit package name at /home/david/cpantesting/perl-5.8.9/.cpan/build/Net-Stomp-0.61-0/blib/lib/Net/Stomp.pm line 196.
Global symbol "$frame_string" requires explicit package name at /home/david/cpantesting/perl-5.8.9/.cpan/build/Net-Stomp-0.61-0/blib/lib/Net/Stomp.pm line 196.
Global symbol "$written" requires explicit package name at /home/david/cpantesting/perl-5.8.9/.cpan/build/Net-Stomp-0.61-0/blib/lib/Net/Stomp.pm line 196.
Global symbol "$to_write" requires explicit package name at /home/david/cpantesting/perl-5.8.9/.cpan/build/Net-Stomp-0.61-0/blib/lib/Net/Stomp.pm line 196.
Global symbol "$written" requires explicit package name at /home/david/cpantesting/perl-5.8.9/.cpan/build/Net-Stomp-0.61-0/blib/lib/Net/Stomp.pm line 196.
Global symbol "$to_write" requires explicit package name at /home/david/cpantesting/perl-5.8.9/.cpan/build/Net-Stomp-0.61-0/blib/lib/Net/Stomp.pm line 196.
Global symbol "$written" requires explicit package name at /home/david/cpantesting/perl-5.8.9/.cpan/build/Net-Stomp-0.61-0/blib/lib/Net/Stomp.pm line 196.
Global symbol "$to_write" requires explicit package name at /home/david/cpantesting/perl-5.8.9/.cpan/build/Net-Stomp-0.61-0/blib/lib/Net/Stomp.pm line 196.
Global symbol "$written" requires explicit package name at /home/david/cpantesting/perl-5.8.9/.cpan/build/Net-Stomp-0.61-0/blib/lib/Net/Stomp.pm line 196.
Global symbol "$written" requires explicit package name at /home/david/cpantesting/perl-5.8.9/.cpan/build/Net-Stomp-0.61-0/blib/lib/Net/Stomp.pm line 196.
Global symbol "$frame_string" requires explicit package name at /home/david/cpantesting/perl-5.8.9/.cpan/build/Net-Stomp-0.61-0/blib/lib/Net/Stomp.pm line 196.
Global symbol "$written" requires explicit package name at /home/david/cpantesting/perl-5.8.9/.cpan/build/Net-Stomp-0.61-0/blib/lib/Net/Stomp.pm line 196.
Global symbol "$timeout" requires explicit package name at /home/david/cpantesting/perl-5.8.9/.cpan/build/Net-Stomp-0.61-0/blib/lib/Net/Stomp.pm line 196.
Global symbol "$timeout" requires explicit package name at /home/david/cpantesting/perl-5.8.9/.cpan/build/Net-Stomp-0.61-0/blib/lib/Net/Stomp.pm line 196.
Global symbol "$len" requires explicit package name at /home/david/cpantesting/perl-5.8.9/.cpan/build/Net-Stomp-0.61-0/blib/lib/Net/Stomp.pm line 196.
Global symbol "$len" requires explicit package name at /home/david/cpantesting/perl-5.8.9/.cpan/build/Net-Stomp-0.61-0/blib/lib/Net/Stomp.pm line 196.
Global symbol "$len" requires explicit package name at /home/david/cpantesting/perl-5.8.9/.cpan/build/Net-Stomp-0.61-0/blib/lib/Net/Stomp.pm line 196.
Global symbol "$len" requires explicit package name at /home/david/cpantesting/perl-5.8.9/.cpan/build/Net-Stomp-0.61-0/blib/lib/Net/Stomp.pm line 196.
Global symbol "$len" requires explicit package name at /home/david/cpantesting/perl-5.8.9/.cpan/build/Net-Stomp-0.61-0/blib/lib/Net/Stomp.pm line 196.
syntax error at /home/david/cpantesting/perl-5.8.9/.cpan/build/Net-Stomp-0.61-0/blib/lib/Net/Stomp.pm line 453, near "[^"
  (Might be a runaway multi-line // string starting on line 196)
/home/david/cpantesting/perl-5.8.9/.cpan/build/Net-Stomp-0.61-0/blib/lib/Net/Stomp.pm has too many errors.
Compilation failed in require at t/lib/TestHelp.pm line 10.
BEGIN failed--compilation aborted at t/lib/TestHelp.pm line 10.
Compilation failed in require at t/initial-connect.t line 3.
BEGIN failed--compilation aborted at t/initial-connect.t line 3.
t/initial-connect.t ..... 
Dubious, test returned 9 (wstat 2304, 0x900)
No subtests run 
t/pod.t ................. skipped: Test::Pod 1.14 required for testing POD
t/pod_coverage.t ........ skipped: Test::Pod::Coverage 1.04 required for testing POD coverage
Global symbol "$sub" requires explicit package name at /home/david/cpantesting/perl-5.8.9/.cpan/build/Net-Stomp-0.61-0/blib/lib/Net/Stomp.pm line 196.
Global symbol "$sub" requires explicit package name at /home/david/cpantesting/perl-5.8.9/.cpan/build/Net-Stomp-0.61-0/blib/lib/Net/Stomp.pm line 196.
Global symbol "$timeout" requires explicit package name at /home/david/cpantesting/perl-5.8.9/.cpan/build/Net-Stomp-0.61-0/blib/lib/Net/Stomp.pm line 196.
Global symbol "$timeout" requires explicit package name at /home/david/cpantesting/perl-5.8.9/.cpan/build/Net-Stomp-0.61-0/blib/lib/Net/Stomp.pm line 196.
Global symbol "$body" requires explicit package name at /home/david/cpantesting/perl-5.8.9/.cpan/build/Net-Stomp-0.61-0/blib/lib/Net/Stomp.pm line 196.
Global symbol "$body" requires explicit package name at /home/david/cpantesting/perl-5.8.9/.cpan/build/Net-Stomp-0.61-0/blib/lib/Net/Stomp.pm line 196.
Global symbol "$receipt_id" requires explicit package name at /home/david/cpantesting/perl-5.8.9/.cpan/build/Net-Stomp-0.61-0/blib/lib/Net/Stomp.pm line 196.
Global symbol "$receipt_id" requires explicit package name at /home/david/cpantesting/perl-5.8.9/.cpan/build/Net-Stomp-0.61-0/blib/lib/Net/Stomp.pm line 196.
Global symbol "$receipt_id" requires explicit package name at /home/david/cpantesting/perl-5.8.9/.cpan/build/Net-Stomp-0.61-0/blib/lib/Net/Stomp.pm line 196.
Global symbol "$receipt_timeout" requires explicit package name at /home/david/cpantesting/perl-5.8.9/.cpan/build/Net-Stomp-0.61-0/blib/lib/Net/Stomp.pm line 196.
Global symbol "$receipt_frame" requires explicit package name at /home/david/cpantesting/perl-5.8.9/.cpan/build/Net-Stomp-0.61-0/blib/lib/Net/Stomp.pm line 196.
Global symbol "$receipt_timeout" requires explicit package name at /home/david/cpantesting/perl-5.8.9/.cpan/build/Net-Stomp-0.61-0/blib/lib/Net/Stomp.pm line 196.
Global symbol "$receipt_timeout" requires explicit package name at /home/david/cpantesting/perl-5.8.9/.cpan/build/Net-Stomp-0.61-0/blib/lib/Net/Stomp.pm line 196.
Global symbol "$receipt_frame" requires explicit package name at /home/david/cpantesting/perl-5.8.9/.cpan/build/Net-Stomp-0.61-0/blib/lib/Net/Stomp.pm line 196.
Global symbol "$receipt_frame" requires explicit package name at /home/david/cpantesting/perl-5.8.9/.cpan/build/Net-Stomp-0.61-0/blib/lib/Net/Stomp.pm line 196.
Global symbol "$receipt_frame" requires explicit package name at /home/david/cpantesting/perl-5.8.9/.cpan/build/Net-Stomp-0.61-0/blib/lib/Net/Stomp.pm line 196.
Global symbol "$receipt_frame" requires explicit package name at /home/david/cpantesting/perl-5.8.9/.cpan/build/Net-Stomp-0.61-0/blib/lib/Net/Stomp.pm line 196.
Global symbol "$receipt_id" requires explicit package name at /home/david/cpantesting/perl-5.8.9/.cpan/build/Net-Stomp-0.61-0/blib/lib/Net/Stomp.pm line 196.
Global symbol "$receipt_frame" requires explicit package name at /home/david/cpantesting/perl-5.8.9/.cpan/build/Net-Stomp-0.61-0/blib/lib/Net/Stomp.pm line 196.
Global symbol "$receipt_frame" requires explicit package name at /home/david/cpantesting/perl-5.8.9/.cpan/build/Net-Stomp-0.61-0/blib/lib/Net/Stomp.pm line 196.
Global symbol "$transaction_id" requires explicit package name at /home/david/cpantesting/perl-5.8.9/.cpan/build/Net-Stomp-0.61-0/blib/lib/Net/Stomp.pm line 196.
Global symbol "$transaction_id" requires explicit package name at /home/david/cpantesting/perl-5.8.9/.cpan/build/Net-Stomp-0.61-0/blib/lib/Net/Stomp.pm line 196.
Global symbol "$begin_frame" requires explicit package name at /home/david/cpantesting/perl-5.8.9/.cpan/build/Net-Stomp-0.61-0/blib/lib/Net/Stomp.pm line 196.
Global symbol "$transaction_id" requires explicit package name at /home/david/cpantesting/perl-5.8.9/.cpan/build/Net-Stomp-0.61-0/blib/lib/Net/Stomp.pm line 196.
Global symbol "$begin_frame" requires explicit package name at /home/david/cpantesting/perl-5.8.9/.cpan/build/Net-Stomp-0.61-0/blib/lib/Net/Stomp.pm line 196.
Global symbol "$transaction_id" requires explicit package name at /home/david/cpantesting/perl-5.8.9/.cpan/build/Net-Stomp-0.61-0/blib/lib/Net/Stomp.pm line 196.
Global symbol "$receipt_frame" requires explicit package name at /home/david/cpantesting/perl-5.8.9/.cpan/build/Net-Stomp-0.61-0/blib/lib/Net/Stomp.pm line 196.
Global symbol "$ret" requires explicit package name at /home/david/cpantesting/perl-5.8.9/.cpan/build/Net-Stomp-0.61-0/blib/lib/Net/Stomp.pm line 196.
Global symbol "$receipt_frame" requires explicit package name at /home/david/cpantesting/perl-5.8.9/.cpan/build/Net-Stomp-0.61-0/blib/lib/Net/Stomp.pm line 196.
Global symbol "$receipt_frame" requires explicit package name at /home/david/cpantesting/perl-5.8.9/.cpan/build/Net-Stomp-0.61-0/blib/lib/Net/Stomp.pm line 196.
Global symbol "$ret" requires explicit package name at /home/david/cpantesting/perl-5.8.9/.cpan/build/Net-Stomp-0.61-0/blib/lib/Net/Stomp.pm line 196.
Global symbol "$transaction_id" requires explicit package name at /home/david/cpantesting/perl-5.8.9/.cpan/build/Net-Stomp-0.61-0/blib/lib/Net/Stomp.pm line 196.
Global symbol "$frame_commit" requires explicit package name at /home/david/cpantesting/perl-5.8.9/.cpan/build/Net-Stomp-0.61-0/blib/lib/Net/Stomp.pm line 196.
Global symbol "$transaction_id" requires explicit package name at /home/david/cpantesting/perl-5.8.9/.cpan/build/Net-Stomp-0.61-0/blib/lib/Net/Stomp.pm line 196.
Global symbol "$frame_commit" requires explicit package name at /home/david/cpantesting/perl-5.8.9/.cpan/build/Net-Stomp-0.61-0/blib/lib/Net/Stomp.pm line 196.
Global symbol "$transaction_id" requires explicit package name at /home/david/cpantesting/perl-5.8.9/.cpan/build/Net-Stomp-0.61-0/blib/lib/Net/Stomp.pm line 196.
Global symbol "$frame_abort" requires explicit package name at /home/david/cpantesting/perl-5.8.9/.cpan/build/Net-Stomp-0.61-0/blib/lib/Net/Stomp.pm line 196.
Global symbol "$transaction_id" requires explicit package name at /home/david/cpantesting/perl-5.8.9/.cpan/build/Net-Stomp-0.61-0/blib/lib/Net/Stomp.pm line 196.
Global symbol "$frame_abort" requires explicit package name at /home/david/cpantesting/perl-5.8.9/.cpan/build/Net-Stomp-0.61-0/blib/lib/Net/Stomp.pm line 196.
Global symbol "$ret" requires explicit package name at /home/david/cpantesting/perl-5.8.9/.cpan/build/Net-Stomp-0.61-0/blib/lib/Net/Stomp.pm line 196.
Global symbol "$subs" requires explicit package name at /home/david/cpantesting/perl-5.8.9/.cpan/build/Net-Stomp-0.61-0/blib/lib/Net/Stomp.pm line 196.
Global symbol "$subs" requires explicit package name at /home/david/cpantesting/perl-5.8.9/.cpan/build/Net-Stomp-0.61-0/blib/lib/Net/Stomp.pm line 196.
Global symbol "$subs" requires explicit package name at /home/david/cpantesting/perl-5.8.9/.cpan/build/Net-Stomp-0.61-0/blib/lib/Net/Stomp.pm line 196.
Global symbol "$subs" requires explicit package name at /home/david/cpantesting/perl-5.8.9/.cpan/build/Net-Stomp-0.61-0/blib/lib/Net/Stomp.pm line 196.
Global symbol "$id" requires explicit package name at /home/david/cpantesting/perl-5.8.9/.cpan/build/Net-Stomp-0.61-0/blib/lib/Net/Stomp.pm line 196.
Global symbol "$id" requires explicit package name at /home/david/cpantesting/perl-5.8.9/.cpan/build/Net-Stomp-0.61-0/blib/lib/Net/Stomp.pm line 196.
Global symbol "$id" requires explicit package name at /home/david/cpantesting/perl-5.8.9/.cpan/build/Net-Stomp-0.61-0/blib/lib/Net/Stomp.pm line 196.
Global symbol "$id" requires explicit package name at /home/david/cpantesting/perl-5.8.9/.cpan/build/Net-Stomp-0.61-0/blib/lib/Net/Stomp.pm line 196.
Global symbol "$id" requires explicit package name at /home/david/cpantesting/perl-5.8.9/.cpan/build/Net-Stomp-0.61-0/blib/lib/Net/Stomp.pm line 196.
Global symbol "$id" requires explicit package name at /home/david/cpantesting/perl-5.8.9/.cpan/build/Net-Stomp-0.61-0/blib/lib/Net/Stomp.pm line 196.
Global symbol "$to_write" requires explicit package name at /home/david/cpantesting/perl-5.8.9/.cpan/build/Net-Stomp-0.61-0/blib/lib/Net/Stomp.pm line 196.
Global symbol "$frame_string" requires explicit package name at /home/david/cpantesting/perl-5.8.9/.cpan/build/Net-Stomp-0.61-0/blib/lib/Net/Stomp.pm line 196.
Global symbol "$written" requires explicit package name at /home/david/cpantesting/perl-5.8.9/.cpan/build/Net-Stomp-0.61-0/blib/lib/Net/Stomp.pm line 196.
Global symbol "$to_write" requires explicit package name at /home/david/cpantesting/perl-5.8.9/.cpan/build/Net-Stomp-0.61-0/blib/lib/Net/Stomp.pm line 196.
Global symbol "$written" requires explicit package name at /home/david/cpantesting/perl-5.8.9/.cpan/build/Net-Stomp-0.61-0/blib/lib/Net/Stomp.pm line 196.
Global symbol "$to_write" requires explicit package name at /home/david/cpantesting/perl-5.8.9/.cpan/build/Net-Stomp-0.61-0/blib/lib/Net/Stomp.pm line 196.
Global symbol "$written" requires explicit package name at /home/david/cpantesting/perl-5.8.9/.cpan/build/Net-Stomp-0.61-0/blib/lib/Net/Stomp.pm line 196.
Global symbol "$to_write" requires explicit package name at /home/david/cpantesting/perl-5.8.9/.cpan/build/Net-Stomp-0.61-0/blib/lib/Net/Stomp.pm line 196.
Global symbol "$written" requires explicit package name at /home/david/cpantesting/perl-5.8.9/.cpan/build/Net-Stomp-0.61-0/blib/lib/Net/Stomp.pm line 196.
Global symbol "$written" requires explicit package name at /home/david/cpantesting/perl-5.8.9/.cpan/build/Net-Stomp-0.61-0/blib/lib/Net/Stomp.pm line 196.
Global symbol "$frame_string" requires explicit package name at /home/david/cpantesting/perl-5.8.9/.cpan/build/Net-Stomp-0.61-0/blib/lib/Net/Stomp.pm line 196.
Global symbol "$written" requires explicit package name at /home/david/cpantesting/perl-5.8.9/.cpan/build/Net-Stomp-0.61-0/blib/lib/Net/Stomp.pm line 196.
Global symbol "$timeout" requires explicit package name at /home/david/cpantesting/perl-5.8.9/.cpan/build/Net-Stomp-0.61-0/blib/lib/Net/Stomp.pm line 196.
Global symbol "$timeout" requires explicit package name at /home/david/cpantesting/perl-5.8.9/.cpan/build/Net-Stomp-0.61-0/blib/lib/Net/Stomp.pm line 196.
Global symbol "$len" requires explicit package name at /home/david/cpantesting/perl-5.8.9/.cpan/build/Net-Stomp-0.61-0/blib/lib/Net/Stomp.pm line 196.
Global symbol "$len" requires explicit package name at /home/david/cpantesting/perl-5.8.9/.cpan/build/Net-Stomp-0.61-0/blib/lib/Net/Stomp.pm line 196.
Global symbol "$len" requires explicit package name at /home/david/cpantesting/perl-5.8.9/.cpan/build/Net-Stomp-0.61-0/blib/lib/Net/Stomp.pm line 196.
Global symbol "$len" requires explicit package name at /home/david/cpantesting/perl-5.8.9/.cpan/build/Net-Stomp-0.61-0/blib/lib/Net/Stomp.pm line 196.
Global symbol "$len" requires explicit package name at /home/david/cpantesting/perl-5.8.9/.cpan/build/Net-Stomp-0.61-0/blib/lib/Net/Stomp.pm line 196.
syntax error at /home/david/cpantesting/perl-5.8.9/.cpan/build/Net-Stomp-0.61-0/blib/lib/Net/Stomp.pm line 453, near "[^"
  (Might be a runaway multi-line // string starting on line 196)
/home/david/cpantesting/perl-5.8.9/.cpan/build/Net-Stomp-0.61-0/blib/lib/Net/Stomp.pm has too many errors.
Compilation failed in require at t/lib/TestHelp.pm line 10.
BEGIN failed--compilation aborted at t/lib/TestHelp.pm line 10.
Compilation failed in require at t/read-timeout.t line 2.
BEGIN failed--compilation aborted at t/read-timeout.t line 2.
t/read-timeout.t ........ 
Dubious, test returned 9 (wstat 2304, 0x900)
No subtests run 
Global symbol "$sub" requires explicit package name at /home/david/cpantesting/perl-5.8.9/.cpan/build/Net-Stomp-0.61-0/blib/lib/Net/Stomp.pm line 196.
Global symbol "$sub" requires explicit package name at /home/david/cpantesting/perl-5.8.9/.cpan/build/Net-Stomp-0.61-0/blib/lib/Net/Stomp.pm line 196.
Global symbol "$timeout" requires explicit package name at /home/david/cpantesting/perl-5.8.9/.cpan/build/Net-Stomp-0.61-0/blib/lib/Net/Stomp.pm line 196.
Global symbol "$timeout" requires explicit package name at /home/david/cpantesting/perl-5.8.9/.cpan/build/Net-Stomp-0.61-0/blib/lib/Net/Stomp.pm line 196.
Global symbol "$body" requires explicit package name at /home/david/cpantesting/perl-5.8.9/.cpan/build/Net-Stomp-0.61-0/blib/lib/Net/Stomp.pm line 196.
Global symbol "$body" requires explicit package name at /home/david/cpantesting/perl-5.8.9/.cpan/build/Net-Stomp-0.61-0/blib/lib/Net/Stomp.pm line 196.
Global symbol "$receipt_id" requires explicit package name at /home/david/cpantesting/perl-5.8.9/.cpan/build/Net-Stomp-0.61-0/blib/lib/Net/Stomp.pm line 196.
Global symbol "$receipt_id" requires explicit package name at /home/david/cpantesting/perl-5.8.9/.cpan/build/Net-Stomp-0.61-0/blib/lib/Net/Stomp.pm line 196.
Global symbol "$receipt_id" requires explicit package name at /home/david/cpantesting/perl-5.8.9/.cpan/build/Net-Stomp-0.61-0/blib/lib/Net/Stomp.pm line 196.
Global symbol "$receipt_timeout" requires explicit package name at /home/david/cpantesting/perl-5.8.9/.cpan/build/Net-Stomp-0.61-0/blib/lib/Net/Stomp.pm line 196.
Global symbol "$receipt_frame" requires explicit package name at /home/david/cpantesting/perl-5.8.9/.cpan/build/Net-Stomp-0.61-0/blib/lib/Net/Stomp.pm line 196.
Global symbol "$receipt_timeout" requires explicit package name at /home/david/cpantesting/perl-5.8.9/.cpan/build/Net-Stomp-0.61-0/blib/lib/Net/Stomp.pm line 196.
Global symbol "$receipt_timeout" requires explicit package name at /home/david/cpantesting/perl-5.8.9/.cpan/build/Net-Stomp-0.61-0/blib/lib/Net/Stomp.pm line 196.
Global symbol "$receipt_frame" requires explicit package name at /home/david/cpantesting/perl-5.8.9/.cpan/build/Net-Stomp-0.61-0/blib/lib/Net/Stomp.pm line 196.
Global symbol "$receipt_frame" requires explicit package name at /home/david/cpantesting/perl-5.8.9/.cpan/build/Net-Stomp-0.61-0/blib/lib/Net/Stomp.pm line 196.
Global symbol "$receipt_frame" requires explicit package name at /home/david/cpantesting/perl-5.8.9/.cpan/build/Net-Stomp-0.61-0/blib/lib/Net/Stomp.pm line 196.
Global symbol "$receipt_frame" requires explicit package name at /home/david/cpantesting/perl-5.8.9/.cpan/build/Net-Stomp-0.61-0/blib/lib/Net/Stomp.pm line 196.
Global symbol "$receipt_id" requires explicit package name at /home/david/cpantesting/perl-5.8.9/.cpan/build/Net-Stomp-0.61-0/blib/lib/Net/Stomp.pm line 196.
Global symbol "$receipt_frame" requires explicit package name at /home/david/cpantesting/perl-5.8.9/.cpan/build/Net-Stomp-0.61-0/blib/lib/Net/Stomp.pm line 196.
Global symbol "$receipt_frame" requires explicit package name at /home/david/cpantesting/perl-5.8.9/.cpan/build/Net-Stomp-0.61-0/blib/lib/Net/Stomp.pm line 196.
Global symbol "$transaction_id" requires explicit package name at /home/david/cpantesting/perl-5.8.9/.cpan/build/Net-Stomp-0.61-0/blib/lib/Net/Stomp.pm line 196.
Global symbol "$transaction_id" requires explicit package name at /home/david/cpantesting/perl-5.8.9/.cpan/build/Net-Stomp-0.61-0/blib/lib/Net/Stomp.pm line 196.
Global symbol "$begin_frame" requires explicit package name at /home/david/cpantesting/perl-5.8.9/.cpan/build/Net-Stomp-0.61-0/blib/lib/Net/Stomp.pm line 196.
Global symbol "$transaction_id" requires explicit package name at /home/david/cpantesting/perl-5.8.9/.cpan/build/Net-Stomp-0.61-0/blib/lib/Net/Stomp.pm line 196.
Global symbol "$begin_frame" requires explicit package name at /home/david/cpantesting/perl-5.8.9/.cpan/build/Net-Stomp-0.61-0/blib/lib/Net/Stomp.pm line 196.
Global symbol "$transaction_id" requires explicit package name at /home/david/cpantesting/perl-5.8.9/.cpan/build/Net-Stomp-0.61-0/blib/lib/Net/Stomp.pm line 196.
Global symbol "$receipt_frame" requires explicit package name at /home/david/cpantesting/perl-5.8.9/.cpan/build/Net-Stomp-0.61-0/blib/lib/Net/Stomp.pm line 196.
Global symbol "$ret" requires explicit package name at /home/david/cpantesting/perl-5.8.9/.cpan/build/Net-Stomp-0.61-0/blib/lib/Net/Stomp.pm line 196.
Global symbol "$receipt_frame" requires explicit package name at /home/david/cpantesting/perl-5.8.9/.cpan/build/Net-Stomp-0.61-0/blib/lib/Net/Stomp.pm line 196.
Global symbol "$receipt_frame" requires explicit package name at /home/david/cpantesting/perl-5.8.9/.cpan/build/Net-Stomp-0.61-0/blib/lib/Net/Stomp.pm line 196.
Global symbol "$ret" requires explicit package name at /home/david/cpantesting/perl-5.8.9/.cpan/build/Net-Stomp-0.61-0/blib/lib/Net/Stomp.pm line 196.
Global symbol "$transaction_id" requires explicit package name at /home/david/cpantesting/perl-5.8.9/.cpan/build/Net-Stomp-0.61-0/blib/lib/Net/Stomp.pm line 196.
Global symbol "$frame_commit" requires explicit package name at /home/david/cpantesting/perl-5.8.9/.cpan/build/Net-Stomp-0.61-0/blib/lib/Net/Stomp.pm line 196.
Global symbol "$transaction_id" requires explicit package name at /home/david/cpantesting/perl-5.8.9/.cpan/build/Net-Stomp-0.61-0/blib/lib/Net/Stomp.pm line 196.
Global symbol "$frame_commit" requires explicit package name at /home/david/cpantesting/perl-5.8.9/.cpan/build/Net-Stomp-0.61-0/blib/lib/Net/Stomp.pm line 196.
Global symbol "$transaction_id" requires explicit package name at /home/david/cpantesting/perl-5.8.9/.cpan/build/Net-Stomp-0.61-0/blib/lib/Net/Stomp.pm line 196.
Global symbol "$frame_abort" requires explicit package name at /home/david/cpantesting/perl-5.8.9/.cpan/build/Net-Stomp-0.61-0/blib/lib/Net/Stomp.pm line 196.
Global symbol "$transaction_id" requires explicit package name at /home/david/cpantesting/perl-5.8.9/.cpan/build/Net-Stomp-0.61-0/blib/lib/Net/Stomp.pm line 196.
Global symbol "$frame_abort" requires explicit package name at /home/david/cpantesting/perl-5.8.9/.cpan/build/Net-Stomp-0.61-0/blib/lib/Net/Stomp.pm line 196.
Global symbol "$ret" requires explicit package name at /home/david/cpantesting/perl-5.8.9/.cpan/build/Net-Stomp-0.61-0/blib/lib/Net/Stomp.pm line 196.
Global symbol "$subs" requires explicit package name at /home/david/cpantesting/perl-5.8.9/.cpan/build/Net-Stomp-0.61-0/blib/lib/Net/Stomp.pm line 196.
Global symbol "$subs" requires explicit package name at /home/david/cpantesting/perl-5.8.9/.cpan/build/Net-Stomp-0.61-0/blib/lib/Net/Stomp.pm line 196.
Global symbol "$subs" requires explicit package name at /home/david/cpantesting/perl-5.8.9/.cpan/build/Net-Stomp-0.61-0/blib/lib/Net/Stomp.pm line 196.
Global symbol "$subs" requires explicit package name at /home/david/cpantesting/perl-5.8.9/.cpan/build/Net-Stomp-0.61-0/blib/lib/Net/Stomp.pm line 196.
Global symbol "$id" requires explicit package name at /home/david/cpantesting/perl-5.8.9/.cpan/build/Net-Stomp-0.61-0/blib/lib/Net/Stomp.pm line 196.
Global symbol "$id" requires explicit package name at /home/david/cpantesting/perl-5.8.9/.cpan/build/Net-Stomp-0.61-0/blib/lib/Net/Stomp.pm line 196.
Global symbol "$id" requires explicit package name at /home/david/cpantesting/perl-5.8.9/.cpan/build/Net-Stomp-0.61-0/blib/lib/Net/Stomp.pm line 196.
Global symbol "$id" requires explicit package name at /home/david/cpantesting/perl-5.8.9/.cpan/build/Net-Stomp-0.61-0/blib/lib/Net/Stomp.pm line 196.
Global symbol "$id" requires explicit package name at /home/david/cpantesting/perl-5.8.9/.cpan/build/Net-Stomp-0.61-0/blib/lib/Net/Stomp.pm line 196.
Global symbol "$id" requires explicit package name at /home/david/cpantesting/perl-5.8.9/.cpan/build/Net-Stomp-0.61-0/blib/lib/Net/Stomp.pm line 196.
Global symbol "$to_write" requires explicit package name at /home/david/cpantesting/perl-5.8.9/.cpan/build/Net-Stomp-0.61-0/blib/lib/Net/Stomp.pm line 196.
Global symbol "$frame_string" requires explicit package name at /home/david/cpantesting/perl-5.8.9/.cpan/build/Net-Stomp-0.61-0/blib/lib/Net/Stomp.pm line 196.
Global symbol "$written" requires explicit package name at /home/david/cpantesting/perl-5.8.9/.cpan/build/Net-Stomp-0.61-0/blib/lib/Net/Stomp.pm line 196.
Global symbol "$to_write" requires explicit package name at /home/david/cpantesting/perl-5.8.9/.cpan/build/Net-Stomp-0.61-0/blib/lib/Net/Stomp.pm line 196.
Global symbol "$written" requires explicit package name at /home/david/cpantesting/perl-5.8.9/.cpan/build/Net-Stomp-0.61-0/blib/lib/Net/Stomp.pm line 196.
Global symbol "$to_write" requires explicit package name at /home/david/cpantesting/perl-5.8.9/.cpan/build/Net-Stomp-0.61-0/blib/lib/Net/Stomp.pm line 196.
Global symbol "$written" requires explicit package name at /home/david/cpantesting/perl-5.8.9/.cpan/build/Net-Stomp-0.61-0/blib/lib/Net/Stomp.pm line 196.
Global symbol "$to_write" requires explicit package name at /home/david/cpantesting/perl-5.8.9/.cpan/build/Net-Stomp-0.61-0/blib/lib/Net/Stomp.pm line 196.
Global symbol "$written" requires explicit package name at /home/david/cpantesting/perl-5.8.9/.cpan/build/Net-Stomp-0.61-0/blib/lib/Net/Stomp.pm line 196.
Global symbol "$written" requires explicit package name at /home/david/cpantesting/perl-5.8.9/.cpan/build/Net-Stomp-0.61-0/blib/lib/Net/Stomp.pm line 196.
Global symbol "$frame_string" requires explicit package name at /home/david/cpantesting/perl-5.8.9/.cpan/build/Net-Stomp-0.61-0/blib/lib/Net/Stomp.pm line 196.
Global symbol "$written" requires explicit package name at /home/david/cpantesting/perl-5.8.9/.cpan/build/Net-Stomp-0.61-0/blib/lib/Net/Stomp.pm line 196.
Global symbol "$timeout" requires explicit package name at /home/david/cpantesting/perl-5.8.9/.cpan/build/Net-Stomp-0.61-0/blib/lib/Net/Stomp.pm line 196.
Global symbol "$timeout" requires explicit package name at /home/david/cpantesting/perl-5.8.9/.cpan/build/Net-Stomp-0.61-0/blib/lib/Net/Stomp.pm line 196.
Global symbol "$len" requires explicit package name at /home/david/cpantesting/perl-5.8.9/.cpan/build/Net-Stomp-0.61-0/blib/lib/Net/Stomp.pm line 196.
Global symbol "$len" requires explicit package name at /home/david/cpantesting/perl-5.8.9/.cpan/build/Net-Stomp-0.61-0/blib/lib/Net/Stomp.pm line 196.
Global symbol "$len" requires explicit package name at /home/david/cpantesting/perl-5.8.9/.cpan/build/Net-Stomp-0.61-0/blib/lib/Net/Stomp.pm line 196.
Global symbol "$len" requires explicit package name at /home/david/cpantesting/perl-5.8.9/.cpan/build/Net-Stomp-0.61-0/blib/lib/Net/Stomp.pm line 196.
Global symbol "$len" requires explicit package name at /home/david/cpantesting/perl-5.8.9/.cpan/build/Net-Stomp-0.61-0/blib/lib/Net/Stomp.pm line 196.
syntax error at /home/david/cpantesting/perl-5.8.9/.cpan/build/Net-Stomp-0.61-0/blib/lib/Net/Stomp.pm line 453, near "[^"
  (Might be a runaway multi-line // string starting on line 196)
/home/david/cpantesting/perl-5.8.9/.cpan/build/Net-Stomp-0.61-0/blib/lib/Net/Stomp.pm has too many errors.
Compilation failed in require at t/lib/TestHelp.pm line 10.
BEGIN failed--compilation aborted at t/lib/TestHelp.pm line 10.
Compilation failed in require at t/receiving-frames.t line 2.
BEGIN failed--compilation aborted at t/receiving-frames.t line 2.
t/receiving-frames.t .... 
Dubious, test returned 9 (wstat 2304, 0x900)
No subtests run 
Global symbol "$sub" requires explicit package name at /home/david/cpantesting/perl-5.8.9/.cpan/build/Net-Stomp-0.61-0/blib/lib/Net/Stomp.pm line 196.
Global symbol "$sub" requires explicit package name at /home/david/cpantesting/perl-5.8.9/.cpan/build/Net-Stomp-0.61-0/blib/lib/Net/Stomp.pm line 196.
Global symbol "$timeout" requires explicit package name at /home/david/cpantesting/perl-5.8.9/.cpan/build/Net-Stomp-0.61-0/blib/lib/Net/Stomp.pm line 196.
Global symbol "$timeout" requires explicit package name at /home/david/cpantesting/perl-5.8.9/.cpan/build/Net-Stomp-0.61-0/blib/lib/Net/Stomp.pm line 196.
Global symbol "$body" requires explicit package name at /home/david/cpantesting/perl-5.8.9/.cpan/build/Net-Stomp-0.61-0/blib/lib/Net/Stomp.pm line 196.
Global symbol "$body" requires explicit package name at /home/david/cpantesting/perl-5.8.9/.cpan/build/Net-Stomp-0.61-0/blib/lib/Net/Stomp.pm line 196.
Global symbol "$receipt_id" requires explicit package name at /home/david/cpantesting/perl-5.8.9/.cpan/build/Net-Stomp-0.61-0/blib/lib/Net/Stomp.pm line 196.
Global symbol "$receipt_id" requires explicit package name at /home/david/cpantesting/perl-5.8.9/.cpan/build/Net-Stomp-0.61-0/blib/lib/Net/Stomp.pm line 196.
Global symbol "$receipt_id" requires explicit package name at /home/david/cpantesting/perl-5.8.9/.cpan/build/Net-Stomp-0.61-0/blib/lib/Net/Stomp.pm line 196.
Global symbol "$receipt_timeout" requires explicit package name at /home/david/cpantesting/perl-5.8.9/.cpan/build/Net-Stomp-0.61-0/blib/lib/Net/Stomp.pm line 196.
Global symbol "$receipt_frame" requires explicit package name at /home/david/cpantesting/perl-5.8.9/.cpan/build/Net-Stomp-0.61-0/blib/lib/Net/Stomp.pm line 196.
Global symbol "$receipt_timeout" requires explicit package name at /home/david/cpantesting/perl-5.8.9/.cpan/build/Net-Stomp-0.61-0/blib/lib/Net/Stomp.pm line 196.
Global symbol "$receipt_timeout" requires explicit package name at /home/david/cpantesting/perl-5.8.9/.cpan/build/Net-Stomp-0.61-0/blib/lib/Net/Stomp.pm line 196.
Global symbol "$receipt_frame" requires explicit package name at /home/david/cpantesting/perl-5.8.9/.cpan/build/Net-Stomp-0.61-0/blib/lib/Net/Stomp.pm line 196.
Global symbol "$receipt_frame" requires explicit package name at /home/david/cpantesting/perl-5.8.9/.cpan/build/Net-Stomp-0.61-0/blib/lib/Net/Stomp.pm line 196.
Global symbol "$receipt_frame" requires explicit package name at /home/david/cpantesting/perl-5.8.9/.cpan/build/Net-Stomp-0.61-0/blib/lib/Net/Stomp.pm line 196.
Global symbol "$receipt_frame" requires explicit package name at /home/david/cpantesting/perl-5.8.9/.cpan/build/Net-Stomp-0.61-0/blib/lib/Net/Stomp.pm line 196.
Global symbol "$receipt_id" requires explicit package name at /home/david/cpantesting/perl-5.8.9/.cpan/build/Net-Stomp-0.61-0/blib/lib/Net/Stomp.pm line 196.
Global symbol "$receipt_frame" requires explicit package name at /home/david/cpantesting/perl-5.8.9/.cpan/build/Net-Stomp-0.61-0/blib/lib/Net/Stomp.pm line 196.
Global symbol "$receipt_frame" requires explicit package name at /home/david/cpantesting/perl-5.8.9/.cpan/build/Net-Stomp-0.61-0/blib/lib/Net/Stomp.pm line 196.
Global symbol "$transaction_id" requires explicit package name at /home/david/cpantesting/perl-5.8.9/.cpan/build/Net-Stomp-0.61-0/blib/lib/Net/Stomp.pm line 196.
Global symbol "$transaction_id" requires explicit package name at /home/david/cpantesting/perl-5.8.9/.cpan/build/Net-Stomp-0.61-0/blib/lib/Net/Stomp.pm line 196.
Global symbol "$begin_frame" requires explicit package name at /home/david/cpantesting/perl-5.8.9/.cpan/build/Net-Stomp-0.61-0/blib/lib/Net/Stomp.pm line 196.
Global symbol "$transaction_id" requires explicit package name at /home/david/cpantesting/perl-5.8.9/.cpan/build/Net-Stomp-0.61-0/blib/lib/Net/Stomp.pm line 196.
Global symbol "$begin_frame" requires explicit package name at /home/david/cpantesting/perl-5.8.9/.cpan/build/Net-Stomp-0.61-0/blib/lib/Net/Stomp.pm line 196.
Global symbol "$transaction_id" requires explicit package name at /home/david/cpantesting/perl-5.8.9/.cpan/build/Net-Stomp-0.61-0/blib/lib/Net/Stomp.pm line 196.
Global symbol "$receipt_frame" requires explicit package name at /home/david/cpantesting/perl-5.8.9/.cpan/build/Net-Stomp-0.61-0/blib/lib/Net/Stomp.pm line 196.
Global symbol "$ret" requires explicit package name at /home/david/cpantesting/perl-5.8.9/.cpan/build/Net-Stomp-0.61-0/blib/lib/Net/Stomp.pm line 196.
Global symbol "$receipt_frame" requires explicit package name at /home/david/cpantesting/perl-5.8.9/.cpan/build/Net-Stomp-0.61-0/blib/lib/Net/Stomp.pm line 196.
Global symbol "$receipt_frame" requires explicit package name at /home/david/cpantesting/perl-5.8.9/.cpan/build/Net-Stomp-0.61-0/blib/lib/Net/Stomp.pm line 196.
Global symbol "$ret" requires explicit package name at /home/david/cpantesting/perl-5.8.9/.cpan/build/Net-Stomp-0.61-0/blib/lib/Net/Stomp.pm line 196.
Global symbol "$transaction_id" requires explicit package name at /home/david/cpantesting/perl-5.8.9/.cpan/build/Net-Stomp-0.61-0/blib/lib/Net/Stomp.pm line 196.
Global symbol "$frame_commit" requires explicit package name at /home/david/cpantesting/perl-5.8.9/.cpan/build/Net-Stomp-0.61-0/blib/lib/Net/Stomp.pm line 196.
Global symbol "$transaction_id" requires explicit package name at /home/david/cpantesting/perl-5.8.9/.cpan/build/Net-Stomp-0.61-0/blib/lib/Net/Stomp.pm line 196.
Global symbol "$frame_commit" requires explicit package name at /home/david/cpantesting/perl-5.8.9/.cpan/build/Net-Stomp-0.61-0/blib/lib/Net/Stomp.pm line 196.
Global symbol "$transaction_id" requires explicit package name at /home/david/cpantesting/perl-5.8.9/.cpan/build/Net-Stomp-0.61-0/blib/lib/Net/Stomp.pm line 196.
Global symbol "$frame_abort" requires explicit package name at /home/david/cpantesting/perl-5.8.9/.cpan/build/Net-Stomp-0.61-0/blib/lib/Net/Stomp.pm line 196.
Global symbol "$transaction_id" requires explicit package name at /home/david/cpantesting/perl-5.8.9/.cpan/build/Net-Stomp-0.61-0/blib/lib/Net/Stomp.pm line 196.
Global symbol "$frame_abort" requires explicit package name at /home/david/cpantesting/perl-5.8.9/.cpan/build/Net-Stomp-0.61-0/blib/lib/Net/Stomp.pm line 196.
Global symbol "$ret" requires explicit package name at /home/david/cpantesting/perl-5.8.9/.cpan/build/Net-Stomp-0.61-0/blib/lib/Net/Stomp.pm line 196.
Global symbol "$subs" requires explicit package name at /home/david/cpantesting/perl-5.8.9/.cpan/build/Net-Stomp-0.61-0/blib/lib/Net/Stomp.pm line 196.
Global symbol "$subs" requires explicit package name at /home/david/cpantesting/perl-5.8.9/.cpan/build/Net-Stomp-0.61-0/blib/lib/Net/Stomp.pm line 196.
Global symbol "$subs" requires explicit package name at /home/david/cpantesting/perl-5.8.9/.cpan/build/Net-Stomp-0.61-0/blib/lib/Net/Stomp.pm line 196.
Global symbol "$subs" requires explicit package name at /home/david/cpantesting/perl-5.8.9/.cpan/build/Net-Stomp-0.61-0/blib/lib/Net/Stomp.pm line 196.
Global symbol "$id" requires explicit package name at /home/david/cpantesting/perl-5.8.9/.cpan/build/Net-Stomp-0.61-0/blib/lib/Net/Stomp.pm line 196.
Global symbol "$id" requires explicit package name at /home/david/cpantesting/perl-5.8.9/.cpan/build/Net-Stomp-0.61-0/blib/lib/Net/Stomp.pm line 196.
Global symbol "$id" requires explicit package name at /home/david/cpantesting/perl-5.8.9/.cpan/build/Net-Stomp-0.61-0/blib/lib/Net/Stomp.pm line 196.
Global symbol "$id" requires explicit package name at /home/david/cpantesting/perl-5.8.9/.cpan/build/Net-Stomp-0.61-0/blib/lib/Net/Stomp.pm line 196.
Global symbol "$id" requires explicit package name at /home/david/cpantesting/perl-5.8.9/.cpan/build/Net-Stomp-0.61-0/blib/lib/Net/Stomp.pm line 196.
Global symbol "$id" requires explicit package name at /home/david/cpantesting/perl-5.8.9/.cpan/build/Net-Stomp-0.61-0/blib/lib/Net/Stomp.pm line 196.
Global symbol "$to_write" requires explicit package name at /home/david/cpantesting/perl-5.8.9/.cpan/build/Net-Stomp-0.61-0/blib/lib/Net/Stomp.pm line 196.
Global symbol "$frame_string" requires explicit package name at /home/david/cpantesting/perl-5.8.9/.cpan/build/Net-Stomp-0.61-0/blib/lib/Net/Stomp.pm line 196.
Global symbol "$written" requires explicit package name at /home/david/cpantesting/perl-5.8.9/.cpan/build/Net-Stomp-0.61-0/blib/lib/Net/Stomp.pm line 196.
Global symbol "$to_write" requires explicit package name at /home/david/cpantesting/perl-5.8.9/.cpan/build/Net-Stomp-0.61-0/blib/lib/Net/Stomp.pm line 196.
Global symbol "$written" requires explicit package name at /home/david/cpantesting/perl-5.8.9/.cpan/build/Net-Stomp-0.61-0/blib/lib/Net/Stomp.pm line 196.
Global symbol "$to_write" requires explicit package name at /home/david/cpantesting/perl-5.8.9/.cpan/build/Net-Stomp-0.61-0/blib/lib/Net/Stomp.pm line 196.
Global symbol "$written" requires explicit package name at /home/david/cpantesting/perl-5.8.9/.cpan/build/Net-Stomp-0.61-0/blib/lib/Net/Stomp.pm line 196.
Global symbol "$to_write" requires explicit package name at /home/david/cpantesting/perl-5.8.9/.cpan/build/Net-Stomp-0.61-0/blib/lib/Net/Stomp.pm line 196.
Global symbol "$written" requires explicit package name at /home/david/cpantesting/perl-5.8.9/.cpan/build/Net-Stomp-0.61-0/blib/lib/Net/Stomp.pm line 196.
Global symbol "$written" requires explicit package name at /home/david/cpantesting/perl-5.8.9/.cpan/build/Net-Stomp-0.61-0/blib/lib/Net/Stomp.pm line 196.
Global symbol "$frame_string" requires explicit package name at /home/david/cpantesting/perl-5.8.9/.cpan/build/Net-Stomp-0.61-0/blib/lib/Net/Stomp.pm line 196.
Global symbol "$written" requires explicit package name at /home/david/cpantesting/perl-5.8.9/.cpan/build/Net-Stomp-0.61-0/blib/lib/Net/Stomp.pm line 196.
Global symbol "$timeout" requires explicit package name at /home/david/cpantesting/perl-5.8.9/.cpan/build/Net-Stomp-0.61-0/blib/lib/Net/Stomp.pm line 196.
Global symbol "$timeout" requires explicit package name at /home/david/cpantesting/perl-5.8.9/.cpan/build/Net-Stomp-0.61-0/blib/lib/Net/Stomp.pm line 196.
Global symbol "$len" requires explicit package name at /home/david/cpantesting/perl-5.8.9/.cpan/build/Net-Stomp-0.61-0/blib/lib/Net/Stomp.pm line 196.
Global symbol "$len" requires explicit package name at /home/david/cpantesting/perl-5.8.9/.cpan/build/Net-Stomp-0.61-0/blib/lib/Net/Stomp.pm line 196.
Global symbol "$len" requires explicit package name at /home/david/cpantesting/perl-5.8.9/.cpan/build/Net-Stomp-0.61-0/blib/lib/Net/Stomp.pm line 196.
Global symbol "$len" requires explicit package name at /home/david/cpantesting/perl-5.8.9/.cpan/build/Net-Stomp-0.61-0/blib/lib/Net/Stomp.pm line 196.
Global symbol "$len" requires explicit package name at /home/david/cpantesting/perl-5.8.9/.cpan/build/Net-Stomp-0.61-0/blib/lib/Net/Stomp.pm line 196.
syntax error at /home/david/cpantesting/perl-5.8.9/.cpan/build/Net-Stomp-0.61-0/blib/lib/Net/Stomp.pm line 453, near "[^"
  (Might be a runaway multi-line // string starting on line 196)
/home/david/cpantesting/perl-5.8.9/.cpan/build/Net-Stomp-0.61-0/blib/lib/Net/Stomp.pm has too many errors.
Compilation failed in require at t/lib/TestHelp.pm line 10.
BEGIN failed--compilation aborted at t/lib/TestHelp.pm line 10.
Compilation failed in require at t/reconnect.t line 3.
BEGIN failed--compilation aborted at t/reconnect.t line 3.
t/reconnect.t ........... 
Dubious, test returned 9 (wstat 2304, 0x900)
No subtests run 
Global symbol "$sub" requires explicit package name at /home/david/cpantesting/perl-5.8.9/.cpan/build/Net-Stomp-0.61-0/blib/lib/Net/Stomp.pm line 196.
Global symbol "$sub" requires explicit package name at /home/david/cpantesting/perl-5.8.9/.cpan/build/Net-Stomp-0.61-0/blib/lib/Net/Stomp.pm line 196.
Global symbol "$timeout" requires explicit package name at /home/david/cpantesting/perl-5.8.9/.cpan/build/Net-Stomp-0.61-0/blib/lib/Net/Stomp.pm line 196.
Global symbol "$timeout" requires explicit package name at /home/david/cpantesting/perl-5.8.9/.cpan/build/Net-Stomp-0.61-0/blib/lib/Net/Stomp.pm line 196.
Global symbol "$body" requires explicit package name at /home/david/cpantesting/perl-5.8.9/.cpan/build/Net-Stomp-0.61-0/blib/lib/Net/Stomp.pm line 196.
Global symbol "$body" requires explicit package name at /home/david/cpantesting/perl-5.8.9/.cpan/build/Net-Stomp-0.61-0/blib/lib/Net/Stomp.pm line 196.
Global symbol "$receipt_id" requires explicit package name at /home/david/cpantesting/perl-5.8.9/.cpan/build/Net-Stomp-0.61-0/blib/lib/Net/Stomp.pm line 196.
Global symbol "$receipt_id" requires explicit package name at /home/david/cpantesting/perl-5.8.9/.cpan/build/Net-Stomp-0.61-0/blib/lib/Net/Stomp.pm line 196.
Global symbol "$receipt_id" requires explicit package name at /home/david/cpantesting/perl-5.8.9/.cpan/build/Net-Stomp-0.61-0/blib/lib/Net/Stomp.pm line 196.
Global symbol "$receipt_timeout" requires explicit package name at /home/david/cpantesting/perl-5.8.9/.cpan/build/Net-Stomp-0.61-0/blib/lib/Net/Stomp.pm line 196.
Global symbol "$receipt_frame" requires explicit package name at /home/david/cpantesting/perl-5.8.9/.cpan/build/Net-Stomp-0.61-0/blib/lib/Net/Stomp.pm line 196.
Global symbol "$receipt_timeout" requires explicit package name at /home/david/cpantesting/perl-5.8.9/.cpan/build/Net-Stomp-0.61-0/blib/lib/Net/Stomp.pm line 196.
Global symbol "$receipt_timeout" requires explicit package name at /home/david/cpantesting/perl-5.8.9/.cpan/build/Net-Stomp-0.61-0/blib/lib/Net/Stomp.pm line 196.
Global symbol "$receipt_frame" requires explicit package name at /home/david/cpantesting/perl-5.8.9/.cpan/build/Net-Stomp-0.61-0/blib/lib/Net/Stomp.pm line 196.
Global symbol "$receipt_frame" requires explicit package name at /home/david/cpantesting/perl-5.8.9/.cpan/build/Net-Stomp-0.61-0/blib/lib/Net/Stomp.pm line 196.
Global symbol "$receipt_frame" requires explicit package name at /home/david/cpantesting/perl-5.8.9/.cpan/build/Net-Stomp-0.61-0/blib/lib/Net/Stomp.pm line 196.
Global symbol "$receipt_frame" requires explicit package name at /home/david/cpantesting/perl-5.8.9/.cpan/build/Net-Stomp-0.61-0/blib/lib/Net/Stomp.pm line 196.
Global symbol "$receipt_id" requires explicit package name at /home/david/cpantesting/perl-5.8.9/.cpan/build/Net-Stomp-0.61-0/blib/lib/Net/Stomp.pm line 196.
Global symbol "$receipt_frame" requires explicit package name at /home/david/cpantesting/perl-5.8.9/.cpan/build/Net-Stomp-0.61-0/blib/lib/Net/Stomp.pm line 196.
Global symbol "$receipt_frame" requires explicit package name at /home/david/cpantesting/perl-5.8.9/.cpan/build/Net-Stomp-0.61-0/blib/lib/Net/Stomp.pm line 196.
Global symbol "$transaction_id" requires explicit package name at /home/david/cpantesting/perl-5.8.9/.cpan/build/Net-Stomp-0.61-0/blib/lib/Net/Stomp.pm line 196.
Global symbol "$transaction_id" requires explicit package name at /home/david/cpantesting/perl-5.8.9/.cpan/build/Net-Stomp-0.61-0/blib/lib/Net/Stomp.pm line 196.
Global symbol "$begin_frame" requires explicit package name at /home/david/cpantesting/perl-5.8.9/.cpan/build/Net-Stomp-0.61-0/blib/lib/Net/Stomp.pm line 196.
Global symbol "$transaction_id" requires explicit package name at /home/david/cpantesting/perl-5.8.9/.cpan/build/Net-Stomp-0.61-0/blib/lib/Net/Stomp.pm line 196.
Global symbol "$begin_frame" requires explicit package name at /home/david/cpantesting/perl-5.8.9/.cpan/build/Net-Stomp-0.61-0/blib/lib/Net/Stomp.pm line 196.
Global symbol "$transaction_id" requires explicit package name at /home/david/cpantesting/perl-5.8.9/.cpan/build/Net-Stomp-0.61-0/blib/lib/Net/Stomp.pm line 196.
Global symbol "$receipt_frame" requires explicit package name at /home/david/cpantesting/perl-5.8.9/.cpan/build/Net-Stomp-0.61-0/blib/lib/Net/Stomp.pm line 196.
Global symbol "$ret" requires explicit package name at /home/david/cpantesting/perl-5.8.9/.cpan/build/Net-Stomp-0.61-0/blib/lib/Net/Stomp.pm line 196.
Global symbol "$receipt_frame" requires explicit package name at /home/david/cpantesting/perl-5.8.9/.cpan/build/Net-Stomp-0.61-0/blib/lib/Net/Stomp.pm line 196.
Global symbol "$receipt_frame" requires explicit package name at /home/david/cpantesting/perl-5.8.9/.cpan/build/Net-Stomp-0.61-0/blib/lib/Net/Stomp.pm line 196.
Global symbol "$ret" requires explicit package name at /home/david/cpantesting/perl-5.8.9/.cpan/build/Net-Stomp-0.61-0/blib/lib/Net/Stomp.pm line 196.
Global symbol "$transaction_id" requires explicit package name at /home/david/cpantesting/perl-5.8.9/.cpan/build/Net-Stomp-0.61-0/blib/lib/Net/Stomp.pm line 196.
Global symbol "$frame_commit" requires explicit package name at /home/david/cpantesting/perl-5.8.9/.cpan/build/Net-Stomp-0.61-0/blib/lib/Net/Stomp.pm line 196.
Global symbol "$transaction_id" requires explicit package name at /home/david/cpantesting/perl-5.8.9/.cpan/build/Net-Stomp-0.61-0/blib/lib/Net/Stomp.pm line 196.
Global symbol "$frame_commit" requires explicit package name at /home/david/cpantesting/perl-5.8.9/.cpan/build/Net-Stomp-0.61-0/blib/lib/Net/Stomp.pm line 196.
Global symbol "$transaction_id" requires explicit package name at /home/david/cpantesting/perl-5.8.9/.cpan/build/Net-Stomp-0.61-0/blib/lib/Net/Stomp.pm line 196.
Global symbol "$frame_abort" requires explicit package name at /home/david/cpantesting/perl-5.8.9/.cpan/build/Net-Stomp-0.61-0/blib/lib/Net/Stomp.pm line 196.
Global symbol "$transaction_id" requires explicit package name at /home/david/cpantesting/perl-5.8.9/.cpan/build/Net-Stomp-0.61-0/blib/lib/Net/Stomp.pm line 196.
Global symbol "$frame_abort" requires explicit package name at /home/david/cpantesting/perl-5.8.9/.cpan/build/Net-Stomp-0.61-0/blib/lib/Net/Stomp.pm line 196.
Global symbol "$ret" requires explicit package name at /home/david/cpantesting/perl-5.8.9/.cpan/build/Net-Stomp-0.61-0/blib/lib/Net/Stomp.pm line 196.
Global symbol "$subs" requires explicit package name at /home/david/cpantesting/perl-5.8.9/.cpan/build/Net-Stomp-0.61-0/blib/lib/Net/Stomp.pm line 196.
Global symbol "$subs" requires explicit package name at /home/david/cpantesting/perl-5.8.9/.cpan/build/Net-Stomp-0.61-0/blib/lib/Net/Stomp.pm line 196.
Global symbol "$subs" requires explicit package name at /home/david/cpantesting/perl-5.8.9/.cpan/build/Net-Stomp-0.61-0/blib/lib/Net/Stomp.pm line 196.
Global symbol "$subs" requires explicit package name at /home/david/cpantesting/perl-5.8.9/.cpan/build/Net-Stomp-0.61-0/blib/lib/Net/Stomp.pm line 196.
Global symbol "$id" requires explicit package name at /home/david/cpantesting/perl-5.8.9/.cpan/build/Net-Stomp-0.61-0/blib/lib/Net/Stomp.pm line 196.
Global symbol "$id" requires explicit package name at /home/david/cpantesting/perl-5.8.9/.cpan/build/Net-Stomp-0.61-0/blib/lib/Net/Stomp.pm line 196.
Global symbol "$id" requires explicit package name at /home/david/cpantesting/perl-5.8.9/.cpan/build/Net-Stomp-0.61-0/blib/lib/Net/Stomp.pm line 196.
Global symbol "$id" requires explicit package name at /home/david/cpantesting/perl-5.8.9/.cpan/build/Net-Stomp-0.61-0/blib/lib/Net/Stomp.pm line 196.
Global symbol "$id" requires explicit package name at /home/david/cpantesting/perl-5.8.9/.cpan/build/Net-Stomp-0.61-0/blib/lib/Net/Stomp.pm line 196.
Global symbol "$id" requires explicit package name at /home/david/cpantesting/perl-5.8.9/.cpan/build/Net-Stomp-0.61-0/blib/lib/Net/Stomp.pm line 196.
Global symbol "$to_write" requires explicit package name at /home/david/cpantesting/perl-5.8.9/.cpan/build/Net-Stomp-0.61-0/blib/lib/Net/Stomp.pm line 196.
Global symbol "$frame_string" requires explicit package name at /home/david/cpantesting/perl-5.8.9/.cpan/build/Net-Stomp-0.61-0/blib/lib/Net/Stomp.pm line 196.
Global symbol "$written" requires explicit package name at /home/david/cpantesting/perl-5.8.9/.cpan/build/Net-Stomp-0.61-0/blib/lib/Net/Stomp.pm line 196.
Global symbol "$to_write" requires explicit package name at /home/david/cpantesting/perl-5.8.9/.cpan/build/Net-Stomp-0.61-0/blib/lib/Net/Stomp.pm line 196.
Global symbol "$written" requires explicit package name at /home/david/cpantesting/perl-5.8.9/.cpan/build/Net-Stomp-0.61-0/blib/lib/Net/Stomp.pm line 196.
Global symbol "$to_write" requires explicit package name at /home/david/cpantesting/perl-5.8.9/.cpan/build/Net-Stomp-0.61-0/blib/lib/Net/Stomp.pm line 196.
Global symbol "$written" requires explicit package name at /home/david/cpantesting/perl-5.8.9/.cpan/build/Net-Stomp-0.61-0/blib/lib/Net/Stomp.pm line 196.
Global symbol "$to_write" requires explicit package name at /home/david/cpantesting/perl-5.8.9/.cpan/build/Net-Stomp-0.61-0/blib/lib/Net/Stomp.pm line 196.
Global symbol "$written" requires explicit package name at /home/david/cpantesting/perl-5.8.9/.cpan/build/Net-Stomp-0.61-0/blib/lib/Net/Stomp.pm line 196.
Global symbol "$written" requires explicit package name at /home/david/cpantesting/perl-5.8.9/.cpan/build/Net-Stomp-0.61-0/blib/lib/Net/Stomp.pm line 196.
Global symbol "$frame_string" requires explicit package name at /home/david/cpantesting/perl-5.8.9/.cpan/build/Net-Stomp-0.61-0/blib/lib/Net/Stomp.pm line 196.
Global symbol "$written" requires explicit package name at /home/david/cpantesting/perl-5.8.9/.cpan/build/Net-Stomp-0.61-0/blib/lib/Net/Stomp.pm line 196.
Global symbol "$timeout" requires explicit package name at /home/david/cpantesting/perl-5.8.9/.cpan/build/Net-Stomp-0.61-0/blib/lib/Net/Stomp.pm line 196.
Global symbol "$timeout" requires explicit package name at /home/david/cpantesting/perl-5.8.9/.cpan/build/Net-Stomp-0.61-0/blib/lib/Net/Stomp.pm line 196.
Global symbol "$len" requires explicit package name at /home/david/cpantesting/perl-5.8.9/.cpan/build/Net-Stomp-0.61-0/blib/lib/Net/Stomp.pm line 196.
Global symbol "$len" requires explicit package name at /home/david/cpantesting/perl-5.8.9/.cpan/build/Net-Stomp-0.61-0/blib/lib/Net/Stomp.pm line 196.
Global symbol "$len" requires explicit package name at /home/david/cpantesting/perl-5.8.9/.cpan/build/Net-Stomp-0.61-0/blib/lib/Net/Stomp.pm line 196.
Global symbol "$len" requires explicit package name at /home/david/cpantesting/perl-5.8.9/.cpan/build/Net-Stomp-0.61-0/blib/lib/Net/Stomp.pm line 196.
Global symbol "$len" requires explicit package name at /home/david/cpantesting/perl-5.8.9/.cpan/build/Net-Stomp-0.61-0/blib/lib/Net/Stomp.pm line 196.
syntax error at /home/david/cpantesting/perl-5.8.9/.cpan/build/Net-Stomp-0.61-0/blib/lib/Net/Stomp.pm line 453, near "[^"
  (Might be a runaway multi-line // string starting on line 196)
/home/david/cpantesting/perl-5.8.9/.cpan/build/Net-Stomp-0.61-0/blib/lib/Net/Stomp.pm has too many errors.
Compilation failed in require at t/lib/TestHelp.pm line 10.
BEGIN failed--compilation aborted at t/lib/TestHelp.pm line 10.
Compilation failed in require at t/send-transactional.t line 2.
BEGIN failed--compilation aborted at t/send-transactional.t line 2.
t/send-transactional.t .. 
Dubious, test returned 9 (wstat 2304, 0x900)
No subtests run 
Global symbol "$sub" requires explicit package name at /home/david/cpantesting/perl-5.8.9/.cpan/build/Net-Stomp-0.61-0/blib/lib/Net/Stomp.pm line 196.
Global symbol "$sub" requires explicit package name at /home/david/cpantesting/perl-5.8.9/.cpan/build/Net-Stomp-0.61-0/blib/lib/Net/Stomp.pm line 196.
Global symbol "$timeout" requires explicit package name at /home/david/cpantesting/perl-5.8.9/.cpan/build/Net-Stomp-0.61-0/blib/lib/Net/Stomp.pm line 196.
Global symbol "$timeout" requires explicit package name at /home/david/cpantesting/perl-5.8.9/.cpan/build/Net-Stomp-0.61-0/blib/lib/Net/Stomp.pm line 196.
Global symbol "$body" requires explicit package name at /home/david/cpantesting/perl-5.8.9/.cpan/build/Net-Stomp-0.61-0/blib/lib/Net/Stomp.pm line 196.
Global symbol "$body" requires explicit package name at /home/david/cpantesting/perl-5.8.9/.cpan/build/Net-Stomp-0.61-0/blib/lib/Net/Stomp.pm line 196.
Global symbol "$receipt_id" requires explicit package name at /home/david/cpantesting/perl-5.8.9/.cpan/build/Net-Stomp-0.61-0/blib/lib/Net/Stomp.pm line 196.
Global symbol "$receipt_id" requires explicit package name at /home/david/cpantesting/perl-5.8.9/.cpan/build/Net-Stomp-0.61-0/blib/lib/Net/Stomp.pm line 196.
Global symbol "$receipt_id" requires explicit package name at /home/david/cpantesting/perl-5.8.9/.cpan/build/Net-Stomp-0.61-0/blib/lib/Net/Stomp.pm line 196.
Global symbol "$receipt_timeout" requires explicit package name at /home/david/cpantesting/perl-5.8.9/.cpan/build/Net-Stomp-0.61-0/blib/lib/Net/Stomp.pm line 196.
Global symbol "$receipt_frame" requires explicit package name at /home/david/cpantesting/perl-5.8.9/.cpan/build/Net-Stomp-0.61-0/blib/lib/Net/Stomp.pm line 196.
Global symbol "$receipt_timeout" requires explicit package name at /home/david/cpantesting/perl-5.8.9/.cpan/build/Net-Stomp-0.61-0/blib/lib/Net/Stomp.pm line 196.
Global symbol "$receipt_timeout" requires explicit package name at /home/david/cpantesting/perl-5.8.9/.cpan/build/Net-Stomp-0.61-0/blib/lib/Net/Stomp.pm line 196.
Global symbol "$receipt_frame" requires explicit package name at /home/david/cpantesting/perl-5.8.9/.cpan/build/Net-Stomp-0.61-0/blib/lib/Net/Stomp.pm line 196.
Global symbol "$receipt_frame" requires explicit package name at /home/david/cpantesting/perl-5.8.9/.cpan/build/Net-Stomp-0.61-0/blib/lib/Net/Stomp.pm line 196.
Global symbol "$receipt_frame" requires explicit package name at /home/david/cpantesting/perl-5.8.9/.cpan/build/Net-Stomp-0.61-0/blib/lib/Net/Stomp.pm line 196.
Global symbol "$receipt_frame" requires explicit package name at /home/david/cpantesting/perl-5.8.9/.cpan/build/Net-Stomp-0.61-0/blib/lib/Net/Stomp.pm line 196.
Global symbol "$receipt_id" requires explicit package name at /home/david/cpantesting/perl-5.8.9/.cpan/build/Net-Stomp-0.61-0/blib/lib/Net/Stomp.pm line 196.
Global symbol "$receipt_frame" requires explicit package name at /home/david/cpantesting/perl-5.8.9/.cpan/build/Net-Stomp-0.61-0/blib/lib/Net/Stomp.pm line 196.
Global symbol "$receipt_frame" requires explicit package name at /home/david/cpantesting/perl-5.8.9/.cpan/build/Net-Stomp-0.61-0/blib/lib/Net/Stomp.pm line 196.
Global symbol "$transaction_id" requires explicit package name at /home/david/cpantesting/perl-5.8.9/.cpan/build/Net-Stomp-0.61-0/blib/lib/Net/Stomp.pm line 196.
Global symbol "$transaction_id" requires explicit package name at /home/david/cpantesting/perl-5.8.9/.cpan/build/Net-Stomp-0.61-0/blib/lib/Net/Stomp.pm line 196.
Global symbol "$begin_frame" requires explicit package name at /home/david/cpantesting/perl-5.8.9/.cpan/build/Net-Stomp-0.61-0/blib/lib/Net/Stomp.pm line 196.
Global symbol "$transaction_id" requires explicit package name at /home/david/cpantesting/perl-5.8.9/.cpan/build/Net-Stomp-0.61-0/blib/lib/Net/Stomp.pm line 196.
Global symbol "$begin_frame" requires explicit package name at /home/david/cpantesting/perl-5.8.9/.cpan/build/Net-Stomp-0.61-0/blib/lib/Net/Stomp.pm line 196.
Global symbol "$transaction_id" requires explicit package name at /home/david/cpantesting/perl-5.8.9/.cpan/build/Net-Stomp-0.61-0/blib/lib/Net/Stomp.pm line 196.
Global symbol "$receipt_frame" requires explicit package name at /home/david/cpantesting/perl-5.8.9/.cpan/build/Net-Stomp-0.61-0/blib/lib/Net/Stomp.pm line 196.
Global symbol "$ret" requires explicit package name at /home/david/cpantesting/perl-5.8.9/.cpan/build/Net-Stomp-0.61-0/blib/lib/Net/Stomp.pm line 196.
Global symbol "$receipt_frame" requires explicit package name at /home/david/cpantesting/perl-5.8.9/.cpan/build/Net-Stomp-0.61-0/blib/lib/Net/Stomp.pm line 196.
Global symbol "$receipt_frame" requires explicit package name at /home/david/cpantesting/perl-5.8.9/.cpan/build/Net-Stomp-0.61-0/blib/lib/Net/Stomp.pm line 196.
Global symbol "$ret" requires explicit package name at /home/david/cpantesting/perl-5.8.9/.cpan/build/Net-Stomp-0.61-0/blib/lib/Net/Stomp.pm line 196.
Global symbol "$transaction_id" requires explicit package name at /home/david/cpantesting/perl-5.8.9/.cpan/build/Net-Stomp-0.61-0/blib/lib/Net/Stomp.pm line 196.
Global symbol "$frame_commit" requires explicit package name at /home/david/cpantesting/perl-5.8.9/.cpan/build/Net-Stomp-0.61-0/blib/lib/Net/Stomp.pm line 196.
Global symbol "$transaction_id" requires explicit package name at /home/david/cpantesting/perl-5.8.9/.cpan/build/Net-Stomp-0.61-0/blib/lib/Net/Stomp.pm line 196.
Global symbol "$frame_commit" requires explicit package name at /home/david/cpantesting/perl-5.8.9/.cpan/build/Net-Stomp-0.61-0/blib/lib/Net/Stomp.pm line 196.
Global symbol "$transaction_id" requires explicit package name at /home/david/cpantesting/perl-5.8.9/.cpan/build/Net-Stomp-0.61-0/blib/lib/Net/Stomp.pm line 196.
Global symbol "$frame_abort" requires explicit package name at /home/david/cpantesting/perl-5.8.9/.cpan/build/Net-Stomp-0.61-0/blib/lib/Net/Stomp.pm line 196.
Global symbol "$transaction_id" requires explicit package name at /home/david/cpantesting/perl-5.8.9/.cpan/build/Net-Stomp-0.61-0/blib/lib/Net/Stomp.pm line 196.
Global symbol "$frame_abort" requires explicit package name at /home/david/cpantesting/perl-5.8.9/.cpan/build/Net-Stomp-0.61-0/blib/lib/Net/Stomp.pm line 196.
Global symbol "$ret" requires explicit package name at /home/david/cpantesting/perl-5.8.9/.cpan/build/Net-Stomp-0.61-0/blib/lib/Net/Stomp.pm line 196.
Global symbol "$subs" requires explicit package name at /home/david/cpantesting/perl-5.8.9/.cpan/build/Net-Stomp-0.61-0/blib/lib/Net/Stomp.pm line 196.
Global symbol "$subs" requires explicit package name at /home/david/cpantesting/perl-5.8.9/.cpan/build/Net-Stomp-0.61-0/blib/lib/Net/Stomp.pm line 196.
Global symbol "$subs" requires explicit package name at /home/david/cpantesting/perl-5.8.9/.cpan/build/Net-Stomp-0.61-0/blib/lib/Net/Stomp.pm line 196.
Global symbol "$subs" requires explicit package name at /home/david/cpantesting/perl-5.8.9/.cpan/build/Net-Stomp-0.61-0/blib/lib/Net/Stomp.pm line 196.
Global symbol "$id" requires explicit package name at /home/david/cpantesting/perl-5.8.9/.cpan/build/Net-Stomp-0.61-0/blib/lib/Net/Stomp.pm line 196.
Global symbol "$id" requires explicit package name at /home/david/cpantesting/perl-5.8.9/.cpan/build/Net-Stomp-0.61-0/blib/lib/Net/Stomp.pm line 196.
Global symbol "$id" requires explicit package name at /home/david/cpantesting/perl-5.8.9/.cpan/build/Net-Stomp-0.61-0/blib/lib/Net/Stomp.pm line 196.
Global symbol "$id" requires explicit package name at /home/david/cpantesting/perl-5.8.9/.cpan/build/Net-Stomp-0.61-0/blib/lib/Net/Stomp.pm line 196.
Global symbol "$id" requires explicit package name at /home/david/cpantesting/perl-5.8.9/.cpan/build/Net-Stomp-0.61-0/blib/lib/Net/Stomp.pm line 196.
Global symbol "$id" requires explicit package name at /home/david/cpantesting/perl-5.8.9/.cpan/build/Net-Stomp-0.61-0/blib/lib/Net/Stomp.pm line 196.
Global symbol "$to_write" requires explicit package name at /home/david/cpantesting/perl-5.8.9/.cpan/build/Net-Stomp-0.61-0/blib/lib/Net/Stomp.pm line 196.
Global symbol "$frame_string" requires explicit package name at /home/david/cpantesting/perl-5.8.9/.cpan/build/Net-Stomp-0.61-0/blib/lib/Net/Stomp.pm line 196.
Global symbol "$written" requires explicit package name at /home/david/cpantesting/perl-5.8.9/.cpan/build/Net-Stomp-0.61-0/blib/lib/Net/Stomp.pm line 196.
Global symbol "$to_write" requires explicit package name at /home/david/cpantesting/perl-5.8.9/.cpan/build/Net-Stomp-0.61-0/blib/lib/Net/Stomp.pm line 196.
Global symbol "$written" requires explicit package name at /home/david/cpantesting/perl-5.8.9/.cpan/build/Net-Stomp-0.61-0/blib/lib/Net/Stomp.pm line 196.
Global symbol "$to_write" requires explicit package name at /home/david/cpantesting/perl-5.8.9/.cpan/build/Net-Stomp-0.61-0/blib/lib/Net/Stomp.pm line 196.
Global symbol "$written" requires explicit package name at /home/david/cpantesting/perl-5.8.9/.cpan/build/Net-Stomp-0.61-0/blib/lib/Net/Stomp.pm line 196.
Global symbol "$to_write" requires explicit package name at /home/david/cpantesting/perl-5.8.9/.cpan/build/Net-Stomp-0.61-0/blib/lib/Net/Stomp.pm line 196.
Global symbol "$written" requires explicit package name at /home/david/cpantesting/perl-5.8.9/.cpan/build/Net-Stomp-0.61-0/blib/lib/Net/Stomp.pm line 196.
Global symbol "$written" requires explicit package name at /home/david/cpantesting/perl-5.8.9/.cpan/build/Net-Stomp-0.61-0/blib/lib/Net/Stomp.pm line 196.
Global symbol "$frame_string" requires explicit package name at /home/david/cpantesting/perl-5.8.9/.cpan/build/Net-Stomp-0.61-0/blib/lib/Net/Stomp.pm line 196.
Global symbol "$written" requires explicit package name at /home/david/cpantesting/perl-5.8.9/.cpan/build/Net-Stomp-0.61-0/blib/lib/Net/Stomp.pm line 196.
Global symbol "$timeout" requires explicit package name at /home/david/cpantesting/perl-5.8.9/.cpan/build/Net-Stomp-0.61-0/blib/lib/Net/Stomp.pm line 196.
Global symbol "$timeout" requires explicit package name at /home/david/cpantesting/perl-5.8.9/.cpan/build/Net-Stomp-0.61-0/blib/lib/Net/Stomp.pm line 196.
Global symbol "$len" requires explicit package name at /home/david/cpantesting/perl-5.8.9/.cpan/build/Net-Stomp-0.61-0/blib/lib/Net/Stomp.pm line 196.
Global symbol "$len" requires explicit package name at /home/david/cpantesting/perl-5.8.9/.cpan/build/Net-Stomp-0.61-0/blib/lib/Net/Stomp.pm line 196.
Global symbol "$len" requires explicit package name at /home/david/cpantesting/perl-5.8.9/.cpan/build/Net-Stomp-0.61-0/blib/lib/Net/Stomp.pm line 196.
Global symbol "$len" requires explicit package name at /home/david/cpantesting/perl-5.8.9/.cpan/build/Net-Stomp-0.61-0/blib/lib/Net/Stomp.pm line 196.
Global symbol "$len" requires explicit package name at /home/david/cpantesting/perl-5.8.9/.cpan/build/Net-Stomp-0.61-0/blib/lib/Net/Stomp.pm line 196.
syntax error at /home/david/cpantesting/perl-5.8.9/.cpan/build/Net-Stomp-0.61-0/blib/lib/Net/Stomp.pm line 453, near "[^"
  (Might be a runaway multi-line // string starting on line 196)
/home/david/cpantesting/perl-5.8.9/.cpan/build/Net-Stomp-0.61-0/blib/lib/Net/Stomp.pm has too many errors.
Compilation failed in require at t/lib/TestHelp.pm line 10.
BEGIN failed--compilation aborted at t/lib/TestHelp.pm line 10.
Compilation failed in require at t/send-with-receipt.t line 2.
BEGIN failed--compilation aborted at t/send-with-receipt.t line 2.
t/send-with-receipt.t ... 
Dubious, test returned 9 (wstat 2304, 0x900)
No subtests run 
Global symbol "$sub" requires explicit package name at /home/david/cpantesting/perl-5.8.9/.cpan/build/Net-Stomp-0.61-0/blib/lib/Net/Stomp.pm line 196.
Global symbol "$sub" requires explicit package name at /home/david/cpantesting/perl-5.8.9/.cpan/build/Net-Stomp-0.61-0/blib/lib/Net/Stomp.pm line 196.
Global symbol "$timeout" requires explicit package name at /home/david/cpantesting/perl-5.8.9/.cpan/build/Net-Stomp-0.61-0/blib/lib/Net/Stomp.pm line 196.
Global symbol "$timeout" requires explicit package name at /home/david/cpantesting/perl-5.8.9/.cpan/build/Net-Stomp-0.61-0/blib/lib/Net/Stomp.pm line 196.
Global symbol "$body" requires explicit package name at /home/david/cpantesting/perl-5.8.9/.cpan/build/Net-Stomp-0.61-0/blib/lib/Net/Stomp.pm line 196.
Global symbol "$body" requires explicit package name at /home/david/cpantesting/perl-5.8.9/.cpan/build/Net-Stomp-0.61-0/blib/lib/Net/Stomp.pm line 196.
Global symbol "$receipt_id" requires explicit package name at /home/david/cpantesting/perl-5.8.9/.cpan/build/Net-Stomp-0.61-0/blib/lib/Net/Stomp.pm line 196.
Global symbol "$receipt_id" requires explicit package name at /home/david/cpantesting/perl-5.8.9/.cpan/build/Net-Stomp-0.61-0/blib/lib/Net/Stomp.pm line 196.
Global symbol "$receipt_id" requires explicit package name at /home/david/cpantesting/perl-5.8.9/.cpan/build/Net-Stomp-0.61-0/blib/lib/Net/Stomp.pm line 196.
Global symbol "$receipt_timeout" requires explicit package name at /home/david/cpantesting/perl-5.8.9/.cpan/build/Net-Stomp-0.61-0/blib/lib/Net/Stomp.pm line 196.
Global symbol "$receipt_frame" requires explicit package name at /home/david/cpantesting/perl-5.8.9/.cpan/build/Net-Stomp-0.61-0/blib/lib/Net/Stomp.pm line 196.
Global symbol "$receipt_timeout" requires explicit package name at /home/david/cpantesting/perl-5.8.9/.cpan/build/Net-Stomp-0.61-0/blib/lib/Net/Stomp.pm line 196.
Global symbol "$receipt_timeout" requires explicit package name at /home/david/cpantesting/perl-5.8.9/.cpan/build/Net-Stomp-0.61-0/blib/lib/Net/Stomp.pm line 196.
Global symbol "$receipt_frame" requires explicit package name at /home/david/cpantesting/perl-5.8.9/.cpan/build/Net-Stomp-0.61-0/blib/lib/Net/Stomp.pm line 196.
Global symbol "$receipt_frame" requires explicit package name at /home/david/cpantesting/perl-5.8.9/.cpan/build/Net-Stomp-0.61-0/blib/lib/Net/Stomp.pm line 196.
Global symbol "$receipt_frame" requires explicit package name at /home/david/cpantesting/perl-5.8.9/.cpan/build/Net-Stomp-0.61-0/blib/lib/Net/Stomp.pm line 196.
Global symbol "$receipt_frame" requires explicit package name at /home/david/cpantesting/perl-5.8.9/.cpan/build/Net-Stomp-0.61-0/blib/lib/Net/Stomp.pm line 196.
Global symbol "$receipt_id" requires explicit package name at /home/david/cpantesting/perl-5.8.9/.cpan/build/Net-Stomp-0.61-0/blib/lib/Net/Stomp.pm line 196.
Global symbol "$receipt_frame" requires explicit package name at /home/david/cpantesting/perl-5.8.9/.cpan/build/Net-Stomp-0.61-0/blib/lib/Net/Stomp.pm line 196.
Global symbol "$receipt_frame" requires explicit package name at /home/david/cpantesting/perl-5.8.9/.cpan/build/Net-Stomp-0.61-0/blib/lib/Net/Stomp.pm line 196.
Global symbol "$transaction_id" requires explicit package name at /home/david/cpantesting/perl-5.8.9/.cpan/build/Net-Stomp-0.61-0/blib/lib/Net/Stomp.pm line 196.
Global symbol "$transaction_id" requires explicit package name at /home/david/cpantesting/perl-5.8.9/.cpan/build/Net-Stomp-0.61-0/blib/lib/Net/Stomp.pm line 196.
Global symbol "$begin_frame" requires explicit package name at /home/david/cpantesting/perl-5.8.9/.cpan/build/Net-Stomp-0.61-0/blib/lib/Net/Stomp.pm line 196.
Global symbol "$transaction_id" requires explicit package name at /home/david/cpantesting/perl-5.8.9/.cpan/build/Net-Stomp-0.61-0/blib/lib/Net/Stomp.pm line 196.
Global symbol "$begin_frame" requires explicit package name at /home/david/cpantesting/perl-5.8.9/.cpan/build/Net-Stomp-0.61-0/blib/lib/Net/Stomp.pm line 196.
Global symbol "$transaction_id" requires explicit package name at /home/david/cpantesting/perl-5.8.9/.cpan/build/Net-Stomp-0.61-0/blib/lib/Net/Stomp.pm line 196.
Global symbol "$receipt_frame" requires explicit package name at /home/david/cpantesting/perl-5.8.9/.cpan/build/Net-Stomp-0.61-0/blib/lib/Net/Stomp.pm line 196.
Global symbol "$ret" requires explicit package name at /home/david/cpantesting/perl-5.8.9/.cpan/build/Net-Stomp-0.61-0/blib/lib/Net/Stomp.pm line 196.
Global symbol "$receipt_frame" requires explicit package name at /home/david/cpantesting/perl-5.8.9/.cpan/build/Net-Stomp-0.61-0/blib/lib/Net/Stomp.pm line 196.
Global symbol "$receipt_frame" requires explicit package name at /home/david/cpantesting/perl-5.8.9/.cpan/build/Net-Stomp-0.61-0/blib/lib/Net/Stomp.pm line 196.
Global symbol "$ret" requires explicit package name at /home/david/cpantesting/perl-5.8.9/.cpan/build/Net-Stomp-0.61-0/blib/lib/Net/Stomp.pm line 196.
Global symbol "$transaction_id" requires explicit package name at /home/david/cpantesting/perl-5.8.9/.cpan/build/Net-Stomp-0.61-0/blib/lib/Net/Stomp.pm line 196.
Global symbol "$frame_commit" requires explicit package name at /home/david/cpantesting/perl-5.8.9/.cpan/build/Net-Stomp-0.61-0/blib/lib/Net/Stomp.pm line 196.
Global symbol "$transaction_id" requires explicit package name at /home/david/cpantesting/perl-5.8.9/.cpan/build/Net-Stomp-0.61-0/blib/lib/Net/Stomp.pm line 196.
Global symbol "$frame_commit" requires explicit package name at /home/david/cpantesting/perl-5.8.9/.cpan/build/Net-Stomp-0.61-0/blib/lib/Net/Stomp.pm line 196.
Global symbol "$transaction_id" requires explicit package name at /home/david/cpantesting/perl-5.8.9/.cpan/build/Net-Stomp-0.61-0/blib/lib/Net/Stomp.pm line 196.
Global symbol "$frame_abort" requires explicit package name at /home/david/cpantesting/perl-5.8.9/.cpan/build/Net-Stomp-0.61-0/blib/lib/Net/Stomp.pm line 196.
Global symbol "$transaction_id" requires explicit package name at /home/david/cpantesting/perl-5.8.9/.cpan/build/Net-Stomp-0.61-0/blib/lib/Net/Stomp.pm line 196.
Global symbol "$frame_abort" requires explicit package name at /home/david/cpantesting/perl-5.8.9/.cpan/build/Net-Stomp-0.61-0/blib/lib/Net/Stomp.pm line 196.
Global symbol "$ret" requires explicit package name at /home/david/cpantesting/perl-5.8.9/.cpan/build/Net-Stomp-0.61-0/blib/lib/Net/Stomp.pm line 196.
Global symbol "$subs" requires explicit package name at /home/david/cpantesting/perl-5.8.9/.cpan/build/Net-Stomp-0.61-0/blib/lib/Net/Stomp.pm line 196.
Global symbol "$subs" requires explicit package name at /home/david/cpantesting/perl-5.8.9/.cpan/build/Net-Stomp-0.61-0/blib/lib/Net/Stomp.pm line 196.
Global symbol "$subs" requires explicit package name at /home/david/cpantesting/perl-5.8.9/.cpan/build/Net-Stomp-0.61-0/blib/lib/Net/Stomp.pm line 196.
Global symbol "$subs" requires explicit package name at /home/david/cpantesting/perl-5.8.9/.cpan/build/Net-Stomp-0.61-0/blib/lib/Net/Stomp.pm line 196.
Global symbol "$id" requires explicit package name at /home/david/cpantesting/perl-5.8.9/.cpan/build/Net-Stomp-0.61-0/blib/lib/Net/Stomp.pm line 196.
Global symbol "$id" requires explicit package name at /home/david/cpantesting/perl-5.8.9/.cpan/build/Net-Stomp-0.61-0/blib/lib/Net/Stomp.pm line 196.
Global symbol "$id" requires explicit package name at /home/david/cpantesting/perl-5.8.9/.cpan/build/Net-Stomp-0.61-0/blib/lib/Net/Stomp.pm line 196.
Global symbol "$id" requires explicit package name at /home/david/cpantesting/perl-5.8.9/.cpan/build/Net-Stomp-0.61-0/blib/lib/Net/Stomp.pm line 196.
Global symbol "$id" requires explicit package name at /home/david/cpantesting/perl-5.8.9/.cpan/build/Net-Stomp-0.61-0/blib/lib/Net/Stomp.pm line 196.
Global symbol "$id" requires explicit package name at /home/david/cpantesting/perl-5.8.9/.cpan/build/Net-Stomp-0.61-0/blib/lib/Net/Stomp.pm line 196.
Global symbol "$to_write" requires explicit package name at /home/david/cpantesting/perl-5.8.9/.cpan/build/Net-Stomp-0.61-0/blib/lib/Net/Stomp.pm line 196.
Global symbol "$frame_string" requires explicit package name at /home/david/cpantesting/perl-5.8.9/.cpan/build/Net-Stomp-0.61-0/blib/lib/Net/Stomp.pm line 196.
Global symbol "$written" requires explicit package name at /home/david/cpantesting/perl-5.8.9/.cpan/build/Net-Stomp-0.61-0/blib/lib/Net/Stomp.pm line 196.
Global symbol "$to_write" requires explicit package name at /home/david/cpantesting/perl-5.8.9/.cpan/build/Net-Stomp-0.61-0/blib/lib/Net/Stomp.pm line 196.
Global symbol "$written" requires explicit package name at /home/david/cpantesting/perl-5.8.9/.cpan/build/Net-Stomp-0.61-0/blib/lib/Net/Stomp.pm line 196.
Global symbol "$to_write" requires explicit package name at /home/david/cpantesting/perl-5.8.9/.cpan/build/Net-Stomp-0.61-0/blib/lib/Net/Stomp.pm line 196.
Global symbol "$written" requires explicit package name at /home/david/cpantesting/perl-5.8.9/.cpan/build/Net-Stomp-0.61-0/blib/lib/Net/Stomp.pm line 196.
Global symbol "$to_write" requires explicit package name at /home/david/cpantesting/perl-5.8.9/.cpan/build/Net-Stomp-0.61-0/blib/lib/Net/Stomp.pm line 196.
Global symbol "$written" requires explicit package name at /home/david/cpantesting/perl-5.8.9/.cpan/build/Net-Stomp-0.61-0/blib/lib/Net/Stomp.pm line 196.
Global symbol "$written" requires explicit package name at /home/david/cpantesting/perl-5.8.9/.cpan/build/Net-Stomp-0.61-0/blib/lib/Net/Stomp.pm line 196.
Global symbol "$frame_string" requires explicit package name at /home/david/cpantesting/perl-5.8.9/.cpan/build/Net-Stomp-0.61-0/blib/lib/Net/Stomp.pm line 196.
Global symbol "$written" requires explicit package name at /home/david/cpantesting/perl-5.8.9/.cpan/build/Net-Stomp-0.61-0/blib/lib/Net/Stomp.pm line 196.
Global symbol "$timeout" requires explicit package name at /home/david/cpantesting/perl-5.8.9/.cpan/build/Net-Stomp-0.61-0/blib/lib/Net/Stomp.pm line 196.
Global symbol "$timeout" requires explicit package name at /home/david/cpantesting/perl-5.8.9/.cpan/build/Net-Stomp-0.61-0/blib/lib/Net/Stomp.pm line 196.
Global symbol "$len" requires explicit package name at /home/david/cpantesting/perl-5.8.9/.cpan/build/Net-Stomp-0.61-0/blib/lib/Net/Stomp.pm line 196.
Global symbol "$len" requires explicit package name at /home/david/cpantesting/perl-5.8.9/.cpan/build/Net-Stomp-0.61-0/blib/lib/Net/Stomp.pm line 196.
Global symbol "$len" requires explicit package name at /home/david/cpantesting/perl-5.8.9/.cpan/build/Net-Stomp-0.61-0/blib/lib/Net/Stomp.pm line 196.
Global symbol "$len" requires explicit package name at /home/david/cpantesting/perl-5.8.9/.cpan/build/Net-Stomp-0.61-0/blib/lib/Net/Stomp.pm line 196.
Global symbol "$len" requires explicit package name at /home/david/cpantesting/perl-5.8.9/.cpan/build/Net-Stomp-0.61-0/blib/lib/Net/Stomp.pm line 196.
syntax error at /home/david/cpantesting/perl-5.8.9/.cpan/build/Net-Stomp-0.61-0/blib/lib/Net/Stomp.pm line 453, near "[^"
  (Might be a runaway multi-line // string starting on line 196)
/home/david/cpantesting/perl-5.8.9/.cpan/build/Net-Stomp-0.61-0/blib/lib/Net/Stomp.pm has too many errors.
Compilation failed in require at t/lib/TestHelp.pm line 10.
BEGIN failed--compilation aborted at t/lib/TestHelp.pm line 10.
Compilation failed in require at t/sending-frames.t line 2.
BEGIN failed--compilation aborted at t/sending-frames.t line 2.
t/sending-frames.t ...... 
Dubious, test returned 9 (wstat 2304, 0x900)
No subtests run 

Test Summary Report
-------------------
t/connect-disconnect.t (Wstat: 2304 Tests: 0 Failed: 0)
  Non-zero exit status: 9
  Parse errors: No plan found in TAP output
t/constructor.t       (Wstat: 2304 Tests: 0 Failed: 0)
  Non-zero exit status: 9
  Parse errors: No plan found in TAP output
t/failover.t          (Wstat: 2304 Tests: 0 Failed: 0)
  Non-zero exit status: 9
  Parse errors: No plan found in TAP output
t/frame-accessors.t   (Wstat: 2304 Tests: 0 Failed: 0)
  Non-zero exit status: 9
  Parse errors: No plan found in TAP output
t/initial-connect.t   (Wstat: 2304 Tests: 0 Failed: 0)
  Non-zero exit status: 9
  Parse errors: No plan found in TAP output
t/read-timeout.t      (Wstat: 2304 Tests: 0 Failed: 0)
  Non-zero exit status: 9
  Parse errors: No plan found in TAP output
t/receiving-frames.t  (Wstat: 2304 Tests: 0 Failed: 0)
  Non-zero exit status: 9
  Parse errors: No plan found in TAP output
t/reconnect.t         (Wstat: 2304 Tests: 0 Failed: 0)
  Non-zero exit status: 9
  Parse errors: No plan found in TAP output
t/send-transactional.t (Wstat: 2304 Tests: 0 Failed: 0)
  Non-zero exit status: 9
  Parse errors: No plan found in TAP output
t/send-with-receipt.t (Wstat: 2304 Tests: 0 Failed: 0)
  Non-zero exit status: 9
  Parse errors: No plan found in TAP output
t/sending-frames.t    (Wstat: 2304 Tests: 0 Failed: 0)
  Non-zero exit status: 9
  Parse errors: No plan found in TAP output
Files=13, Tests=0,  4 wallclock secs ( 0.14 usr  0.08 sys +  0.91 cusr  0.22 csys =  1.35 CPU)
Result: FAIL
Failed 11/13 test programs. 0/0 subtests failed.

------------------------------
PREREQUISITES
------------------------------

Prerequisite modules loaded:

requires:

    Module                 Need     Have    
    ---------------------- -------- --------
    Class::Accessor::Fast  0        0.51    
    IO::Select             0        1.17    
    IO::Socket::INET       0        1.31    
    Log::Any               1.707    1.709   

build_requires:

    Module                 Need     Have    
    ---------------------- -------- --------
    Log::Any::Adapter::TAP 0.003003 0.003003
    Test::Deep             0        1.128   
    Test::Fatal            0        0.014   
    Test::More             0        1.302162
    Test::NiceDump         v1.0.0   1.0.1   

configure_requires:

    Module                 Need     Have    
    ---------------------- -------- --------
    Module::Build          0.42     0.4231  


------------------------------
ENVIRONMENT AND OTHER CONTEXT
------------------------------

Environment variables:

    AUTOMATED_TESTING = 1
    LANG = en_GB.UTF-8
    LANGUAGE = en_GB:en
    LC_TERMINAL = iTerm2
    LC_TERMINAL_VERSION = 3.4.4
    NONINTERACTIVE_TESTING = 1
    PATH = /home/david/perl5/perlbrew/bin:/home/david/perl5/perlbrew/perls/perl-5.30.2/bin:/usr/local/bin:/usr/bin:/bin:/usr/local/games:/usr/games
    PERL = 5.8.9
    PERL5LIB = 
    PERL5OPT = 
    PERL5_CPANPLUS_IS_RUNNING = 29117
    PERL5_CPAN_IS_RUNNING = 29117
    PERLBREW_HOME = /home/david/.perlbrew
    PERLBREW_MANPATH = /home/david/perl5/perlbrew/perls/perl-5.30.2/man
    PERLBREW_PATH = /home/david/perl5/perlbrew/bin:/home/david/perl5/perlbrew/perls/perl-5.30.2/bin
    PERLBREW_PERL = perl-5.30.2
    PERLBREW_ROOT = /home/david/perl5/perlbrew
    PERLBREW_SHELLRC_VERSION = 0.89
    PERLBREW_VERSION = 0.89
    PERLVER = 5.8.9
    PERL_INLINE_DIRECTORY = /home/david/.Inline-5.8.9
    PERL_MM_USE_DEFAULT = 1
    PERL_USE_UNSAFE_INC = 0
    SHELL = /bin/bash
    TERM = screen

Perl special variables (and OS-specific diagnostics, for MSWin32):

    $^X = /home/david/cpantesting/perl-5.8.9/bin/perl
    $UID/$EUID = 1000 / 1000
    $GID = 1000 24 25 27 29 30 44 46 109 1000
    $EGID = 1000 24 25 27 29 30 44 46 109 1000

Perl module toolchain versions installed:

    Module              Have    
    ------------------- --------
    CPAN                2.26    
    CPAN::Meta          2.143240
    Cwd                 3.75    
    ExtUtils::CBuilder  0.280236
    ExtUtils::Command   7.62    
    ExtUtils::Install   2.06    
    ExtUtils::MakeMaker 7.62    
    ExtUtils::Manifest  1.70    
    ExtUtils::ParseXS   3.35    
    File::Spec          3.75    
    JSON                n/a     
    JSON::PP            4.02    
    Module::Build       0.4231  
    Module::Signature   n/a     
    Parse::CPAN::Meta   1.4414  
    Test::Harness       3.42    
    Test::More          1.302162
    YAML                n/a     
    YAML::Syck          n/a     
    version             0.9924  


--

Summary of my perl5 (revision 5 version 8 subversion 9) configuration:
  Platform:
    osname=linux, osvers=4.9.0-8-amd64, archname=x86_64-linux-thread-multi
    uname='linux pigsty 4.9.0-8-amd64 #1 smp debian 4.9.144-3 (2019-02-02) x86_64 gnulinux '
    config_args='-de -Duse64bitall -Dusethreads -Dprefix=/home/david/cpantesting/perl-5.8.9 -A ccflags=-fwrapv'
    hint=previous, useposix=true, d_sigaction=define
    usethreads=define use5005threads=undef useithreads=define usemultiplicity=define
    useperlio=define d_sfio=undef uselargefiles=define usesocks=undef
    use64bitint=define use64bitall=define uselongdouble=undef
    usemymalloc=n, bincompat5005=undef
  Compiler:
    cc='cc', ccflags ='-D_REENTRANT -D_GNU_SOURCE -fwrapv -fno-strict-aliasing -pipe -I/usr/local/include -D_LARGEFILE_SOURCE -D_FILE_OFFSET_BITS=64 -fwrapv',
    optimize='-O2',
    cppflags='-D_REENTRANT -D_GNU_SOURCE -fwrapv -fno-strict-aliasing -pipe -I/usr/local/include -D_REENTRANT -D_GNU_SOURCE -fwrapv -fno-strict-aliasing -pipe -I/usr/local/include -D_LARGEFILE_SOURCE -D_FILE_OFFSET_BITS=64 -fwrapv'
    ccversion='', gccversion='6.3.0 20170516', gccosandvers=''
    intsize=4, longsize=8, ptrsize=8, doublesize=8, byteorder=12345678
    d_longlong=define, longlongsize=8, d_longdbl=define, longdblsize=16
    ivtype='long', ivsize=8, nvtype='double', nvsize=8, Off_t='off_t', lseeksize=8
    alignbytes=8, prototype=define
  Linker and Libraries:
    ld='cc', ldflags =' -L/usr/local/lib'
    libpth=/usr/local/lib /lib/x86_64-linux-gnu /lib/../lib /usr/lib/x86_64-linux-gnu /usr/lib/../lib /lib /usr/lib
    libs=-lnsl -ldb -ldl -lm -lcrypt -lutil -lpthread -lc
    perllibs=-lnsl -ldl -lm -lcrypt -lutil -lpthread -lc
    libc=libc-2.24.so, so=so, useshrplib=false, libperl=libperl.a
    gnulibc_version='2.24'
  Dynamic Linking:
    dlsrc=dl_dlopen.xs, dlext=so, d_dlsymun=undef, ccdlflags='-Wl,-E'
    cccdlflags='-fPIC', lddlflags='-shared -O2 -L/usr/local/lib'


Characteristics of this binary (from libperl): 
  Compile-time options: MULTIPLICITY PERL_IMPLICIT_CONTEXT PERL_MALLOC_WRAP
                        USE_64_BIT_ALL USE_64_BIT_INT USE_FAST_STDIO
                        USE_ITHREADS USE_LARGE_FILES USE_PERLIO
                        USE_REENTRANT_API
  Locally applied patches:
	Devel::PatchPerl 1.56
  Built under linux
  Compiled at Apr 25 2019 16:01:13
  %ENV:
    PERL="5.8.9"
    PERL5LIB=""
    PERL5OPT=""
    PERL5_CPANPLUS_IS_RUNNING="29117"
    PERL5_CPAN_IS_RUNNING="29117"
    PERLBREW_HOME="/home/david/.perlbrew"
    PERLBREW_MANPATH="/home/david/perl5/perlbrew/perls/perl-5.30.2/man"
    PERLBREW_PATH="/home/david/perl5/perlbrew/bin:/home/david/perl5/perlbrew/perls/perl-5.30.2/bin"
    PERLBREW_PERL="perl-5.30.2"
    PERLBREW_ROOT="/home/david/perl5/perlbrew"
    PERLBREW_SHELLRC_VERSION="0.89"
    PERLBREW_VERSION="0.89"
    PERLVER="5.8.9"
    PERL_INLINE_DIRECTORY="/home/david/.Inline-5.8.9"
    PERL_MM_USE_DEFAULT="1"
    PERL_USE_UNSAFE_INC="0"
  @INC:
    /home/david/cpantesting/perl-5.8.9/lib/5.8.9/x86_64-linux-thread-multi
    /home/david/cpantesting/perl-5.8.9/lib/5.8.9
    /home/david/cpantesting/perl-5.8.9/lib/site_perl/5.8.9/x86_64-linux-thread-multi
    /home/david/cpantesting/perl-5.8.9/lib/site_perl/5.8.9
    .