Geo-LibProj-FFI v0.05 Perl 5 v5.18.4 x86_64-linux-thread-multi

Status
Fail
From
David Cantrell (DCANTRELL)
Dist
Geo-LibProj-FFI v0.05
Platform
Perl 5 v5.18.4 x86_64-linux-thread-multi
Date
2023-12-02 02:28:21
ID
76029570-90ba-11ee-a114-0f157d87312f
This distribution has been tested as part of the CPAN Testers
project, supporting the Perl programming language.  See
http://wiki.cpantesters.org/ for more information or email
questions to cpan-testers-discuss@perl.org


--
Dear Arne Johannessen,

This is a computer-generated report for Geo-LibProj-FFI-0.05
on perl 5.18.4, created by CPAN-Reporter-1.2018.

Thank you for uploading your work to CPAN.  However, there was a problem
testing your distribution.

If you think this report is invalid, please consult the CPAN Testers Wiki
for suggestions on how to avoid getting FAIL reports for missing library
or binary dependencies, unsupported operating systems, and so on:

http://wiki.cpantesters.org/wiki/CPANAuthorNotes

Sections of this report:

    * Tester comments
    * Program output
    * Prerequisites
    * Environment and other context

------------------------------
TESTER COMMENTS
------------------------------

Additional comments from tester:

this report is from an automated smoke testing program
and was not reviewed by a human for accuracy

------------------------------
PROGRAM OUTPUT
------------------------------

Output from '/usr/bin/make test':

PERL_DL_NONLAZY=1 "/home/david/cpantesting/perl-5.18.4/bin/perl" "-MExtUtils::Command::MM" "-MTest::Harness" "-e" "undef *Test::Harness::Switches; test_harness(0, 'blib/lib', 'blib/arch')" t/*.t
# 
# Versions for all modules listed in MYMETA.json (including optional ones):
# 
# === Configure Requires ===
# 
#     Module              Want Have
#     ------------------- ---- ----
#     ExtUtils::MakeMaker  any 7.70
# 
# === Build Requires ===
# 
#     Module              Want Have
#     ------------------- ---- ----
#     ExtUtils::MakeMaker  any 7.70
# 
# === Test Requires ===
# 
#     Module               Want     Have
#     ------------------- ----- --------
#     ExtUtils::MakeMaker   any     7.70
#     File::Spec            any     3.75
#     Test::Exception       any     0.43
#     Test::More            any 1.302195
#     Test::Warnings      0.010    0.031
# 
# === Test Recommends ===
# 
#     Module         Want     Have
#     ---------- -------- --------
#     CPAN::Meta 2.120900 2.150010
# 
# === Runtime Requires ===
# 
#     Module                 Want     Have
#     ------------------ -------- --------
#     Alien::proj            1.07     1.26
#     Convert::Binary::C     0.04     0.84
#     Exporter::Easy          any     0.18
#     FFI::C                 0.08     0.15
#     FFI::Platypus          1.50     2.08
#     perl               5.014000 5.018004
# 
t/00-report-prereqs.t .. ok
# Alien::proj 1.26 with share PROJ 9.3.1
t/00-version.t ......... ok
String found where operator expected at lib/Geo/LibProj/FFI.pm line 317, near "warnings::warnif_at_level 'deprecated'"
	(Do you need to predeclare warnings::warnif_at_level?)
String found where operator expected at lib/Geo/LibProj/FFI.pm line 324, near "warnings::warnif_at_level 'deprecated'"
	(Do you need to predeclare warnings::warnif_at_level?)
syntax error at lib/Geo/LibProj/FFI.pm line 317, near "warnings::warnif_at_level 'deprecated'"
syntax error at lib/Geo/LibProj/FFI.pm line 324, near "warnings::warnif_at_level 'deprecated'"
BEGIN not safe after errors--compilation aborted at lib/Geo/LibProj/FFI.pm line 384.
Compilation failed in require at t/constants.t line 15.
BEGIN failed--compilation aborted at t/constants.t line 15.
t/constants.t .......... 
Dubious, test returned 255 (wstat 65280, 0xff00)
No subtests run 
String found where operator expected at lib/Geo/LibProj/FFI.pm line 317, near "warnings::warnif_at_level 'deprecated'"
	(Do you need to predeclare warnings::warnif_at_level?)
String found where operator expected at lib/Geo/LibProj/FFI.pm line 324, near "warnings::warnif_at_level 'deprecated'"
	(Do you need to predeclare warnings::warnif_at_level?)
syntax error at lib/Geo/LibProj/FFI.pm line 317, near "warnings::warnif_at_level 'deprecated'"
syntax error at lib/Geo/LibProj/FFI.pm line 324, near "warnings::warnif_at_level 'deprecated'"
BEGIN not safe after errors--compilation aborted at lib/Geo/LibProj/FFI.pm line 384.
Compilation failed in require at t/context.t line 16.
BEGIN failed--compilation aborted at t/context.t line 16.
t/context.t ............ 
Dubious, test returned 255 (wstat 65280, 0xff00)
No subtests run 
String found where operator expected at lib/Geo/LibProj/FFI.pm line 317, near "warnings::warnif_at_level 'deprecated'"
	(Do you need to predeclare warnings::warnif_at_level?)
String found where operator expected at lib/Geo/LibProj/FFI.pm line 324, near "warnings::warnif_at_level 'deprecated'"
	(Do you need to predeclare warnings::warnif_at_level?)
syntax error at lib/Geo/LibProj/FFI.pm line 317, near "warnings::warnif_at_level 'deprecated'"
syntax error at lib/Geo/LibProj/FFI.pm line 324, near "warnings::warnif_at_level 'deprecated'"
BEGIN not safe after errors--compilation aborted at lib/Geo/LibProj/FFI.pm line 384.
Compilation failed in require at t/distance.t line 16.
BEGIN failed--compilation aborted at t/distance.t line 16.
t/distance.t ........... 
Dubious, test returned 255 (wstat 65280, 0xff00)
No subtests run 
String found where operator expected at lib/Geo/LibProj/FFI.pm line 317, near "warnings::warnif_at_level 'deprecated'"
	(Do you need to predeclare warnings::warnif_at_level?)
String found where operator expected at lib/Geo/LibProj/FFI.pm line 324, near "warnings::warnif_at_level 'deprecated'"
	(Do you need to predeclare warnings::warnif_at_level?)
syntax error at lib/Geo/LibProj/FFI.pm line 317, near "warnings::warnif_at_level 'deprecated'"
syntax error at lib/Geo/LibProj/FFI.pm line 324, near "warnings::warnif_at_level 'deprecated'"
BEGIN not safe after errors--compilation aborted at lib/Geo/LibProj/FFI.pm line 384.
Compilation failed in require at t/error.t line 17.
BEGIN failed--compilation aborted at t/error.t line 17.
t/error.t .............. 
Dubious, test returned 255 (wstat 65280, 0xff00)
No subtests run 
String found where operator expected at lib/Geo/LibProj/FFI.pm line 317, near "warnings::warnif_at_level 'deprecated'"
	(Do you need to predeclare warnings::warnif_at_level?)
String found where operator expected at lib/Geo/LibProj/FFI.pm line 324, near "warnings::warnif_at_level 'deprecated'"
	(Do you need to predeclare warnings::warnif_at_level?)
syntax error at lib/Geo/LibProj/FFI.pm line 317, near "warnings::warnif_at_level 'deprecated'"
syntax error at lib/Geo/LibProj/FFI.pm line 324, near "warnings::warnif_at_level 'deprecated'"
BEGIN not safe after errors--compilation aborted at lib/Geo/LibProj/FFI.pm line 384.
Compilation failed in require at t/info.t line 16.
BEGIN failed--compilation aborted at t/info.t line 16.
t/info.t ............... 
Dubious, test returned 255 (wstat 65280, 0xff00)
No subtests run 
String found where operator expected at lib/Geo/LibProj/FFI.pm line 317, near "warnings::warnif_at_level 'deprecated'"
	(Do you need to predeclare warnings::warnif_at_level?)
String found where operator expected at lib/Geo/LibProj/FFI.pm line 324, near "warnings::warnif_at_level 'deprecated'"
	(Do you need to predeclare warnings::warnif_at_level?)
syntax error at lib/Geo/LibProj/FFI.pm line 317, near "warnings::warnif_at_level 'deprecated'"
syntax error at lib/Geo/LibProj/FFI.pm line 324, near "warnings::warnif_at_level 'deprecated'"
BEGIN not safe after errors--compilation aborted at lib/Geo/LibProj/FFI.pm line 384.
Compilation failed in require at t/lists.t line 16.
BEGIN failed--compilation aborted at t/lists.t line 16.
t/lists.t .............. 
Dubious, test returned 255 (wstat 65280, 0xff00)
No subtests run 
String found where operator expected at lib/Geo/LibProj/FFI.pm line 317, near "warnings::warnif_at_level 'deprecated'"
	(Do you need to predeclare warnings::warnif_at_level?)
String found where operator expected at lib/Geo/LibProj/FFI.pm line 324, near "warnings::warnif_at_level 'deprecated'"
	(Do you need to predeclare warnings::warnif_at_level?)
syntax error at lib/Geo/LibProj/FFI.pm line 317, near "warnings::warnif_at_level 'deprecated'"
syntax error at lib/Geo/LibProj/FFI.pm line 324, near "warnings::warnif_at_level 'deprecated'"
BEGIN not safe after errors--compilation aborted at lib/Geo/LibProj/FFI.pm line 384.
Compilation failed in require at t/misc.t line 16.
BEGIN failed--compilation aborted at t/misc.t line 16.
t/misc.t ............... 
Dubious, test returned 255 (wstat 65280, 0xff00)
No subtests run 
String found where operator expected at lib/Geo/LibProj/FFI.pm line 317, near "warnings::warnif_at_level 'deprecated'"
	(Do you need to predeclare warnings::warnif_at_level?)
String found where operator expected at lib/Geo/LibProj/FFI.pm line 324, near "warnings::warnif_at_level 'deprecated'"
	(Do you need to predeclare warnings::warnif_at_level?)
syntax error at lib/Geo/LibProj/FFI.pm line 317, near "warnings::warnif_at_level 'deprecated'"
syntax error at lib/Geo/LibProj/FFI.pm line 324, near "warnings::warnif_at_level 'deprecated'"
BEGIN not safe after errors--compilation aborted at lib/Geo/LibProj/FFI.pm line 384.
Compilation failed in require at t/private.t line 16.
BEGIN failed--compilation aborted at t/private.t line 16.
t/private.t ............ 
Dubious, test returned 255 (wstat 65280, 0xff00)
No subtests run 
String found where operator expected at lib/Geo/LibProj/FFI.pm line 317, near "warnings::warnif_at_level 'deprecated'"
	(Do you need to predeclare warnings::warnif_at_level?)
String found where operator expected at lib/Geo/LibProj/FFI.pm line 324, near "warnings::warnif_at_level 'deprecated'"
	(Do you need to predeclare warnings::warnif_at_level?)
syntax error at lib/Geo/LibProj/FFI.pm line 317, near "warnings::warnif_at_level 'deprecated'"
syntax error at lib/Geo/LibProj/FFI.pm line 324, near "warnings::warnif_at_level 'deprecated'"
BEGIN not safe after errors--compilation aborted at lib/Geo/LibProj/FFI.pm line 384.
Compilation failed in require at t/setup.t line 16.
BEGIN failed--compilation aborted at t/setup.t line 16.
t/setup.t .............. 
Dubious, test returned 255 (wstat 65280, 0xff00)
No subtests run 
String found where operator expected at lib/Geo/LibProj/FFI.pm line 317, near "warnings::warnif_at_level 'deprecated'"
	(Do you need to predeclare warnings::warnif_at_level?)
String found where operator expected at lib/Geo/LibProj/FFI.pm line 324, near "warnings::warnif_at_level 'deprecated'"
	(Do you need to predeclare warnings::warnif_at_level?)
syntax error at lib/Geo/LibProj/FFI.pm line 317, near "warnings::warnif_at_level 'deprecated'"
syntax error at lib/Geo/LibProj/FFI.pm line 324, near "warnings::warnif_at_level 'deprecated'"
BEGIN not safe after errors--compilation aborted at lib/Geo/LibProj/FFI.pm line 384.
Compilation failed in require at t/transform.t line 16.
BEGIN failed--compilation aborted at t/transform.t line 16.
t/transform.t .......... 
Dubious, test returned 255 (wstat 65280, 0xff00)
No subtests run 
String found where operator expected at lib/Geo/LibProj/FFI.pm line 317, near "warnings::warnif_at_level 'deprecated'"
	(Do you need to predeclare warnings::warnif_at_level?)
String found where operator expected at lib/Geo/LibProj/FFI.pm line 324, near "warnings::warnif_at_level 'deprecated'"
	(Do you need to predeclare warnings::warnif_at_level?)
syntax error at lib/Geo/LibProj/FFI.pm line 317, near "warnings::warnif_at_level 'deprecated'"
syntax error at lib/Geo/LibProj/FFI.pm line 324, near "warnings::warnif_at_level 'deprecated'"
BEGIN not safe after errors--compilation aborted at lib/Geo/LibProj/FFI.pm line 384.
Compilation failed in require at t/types.t line 16.
BEGIN failed--compilation aborted at t/types.t line 16.
t/types.t .............. 
Dubious, test returned 255 (wstat 65280, 0xff00)
No subtests run 
String found where operator expected at lib/Geo/LibProj/FFI.pm line 317, near "warnings::warnif_at_level 'deprecated'"
	(Do you need to predeclare warnings::warnif_at_level?)
String found where operator expected at lib/Geo/LibProj/FFI.pm line 324, near "warnings::warnif_at_level 'deprecated'"
	(Do you need to predeclare warnings::warnif_at_level?)
syntax error at lib/Geo/LibProj/FFI.pm line 317, near "warnings::warnif_at_level 'deprecated'"
syntax error at lib/Geo/LibProj/FFI.pm line 324, near "warnings::warnif_at_level 'deprecated'"
BEGIN not safe after errors--compilation aborted at lib/Geo/LibProj/FFI.pm line 384.
Compilation failed in require at t/zz-cleanup.t line 16.
BEGIN failed--compilation aborted at t/zz-cleanup.t line 16.
t/zz-cleanup.t ......... 
Dubious, test returned 255 (wstat 65280, 0xff00)
No subtests run 

Test Summary Report
-------------------
t/constants.t        (Wstat: 65280 (exited 255) Tests: 0 Failed: 0)
  Non-zero exit status: 255
  Parse errors: No plan found in TAP output
t/context.t          (Wstat: 65280 (exited 255) Tests: 0 Failed: 0)
  Non-zero exit status: 255
  Parse errors: No plan found in TAP output
t/distance.t         (Wstat: 65280 (exited 255) Tests: 0 Failed: 0)
  Non-zero exit status: 255
  Parse errors: No plan found in TAP output
t/error.t            (Wstat: 65280 (exited 255) Tests: 0 Failed: 0)
  Non-zero exit status: 255
  Parse errors: No plan found in TAP output
t/info.t             (Wstat: 65280 (exited 255) Tests: 0 Failed: 0)
  Non-zero exit status: 255
  Parse errors: No plan found in TAP output
t/lists.t            (Wstat: 65280 (exited 255) Tests: 0 Failed: 0)
  Non-zero exit status: 255
  Parse errors: No plan found in TAP output
t/misc.t             (Wstat: 65280 (exited 255) Tests: 0 Failed: 0)
  Non-zero exit status: 255
  Parse errors: No plan found in TAP output
t/private.t          (Wstat: 65280 (exited 255) Tests: 0 Failed: 0)
  Non-zero exit status: 255
  Parse errors: No plan found in TAP output
t/setup.t            (Wstat: 65280 (exited 255) Tests: 0 Failed: 0)
  Non-zero exit status: 255
  Parse errors: No plan found in TAP output
t/transform.t        (Wstat: 65280 (exited 255) Tests: 0 Failed: 0)
  Non-zero exit status: 255
  Parse errors: No plan found in TAP output
t/types.t            (Wstat: 65280 (exited 255) Tests: 0 Failed: 0)
  Non-zero exit status: 255
  Parse errors: No plan found in TAP output
t/zz-cleanup.t       (Wstat: 65280 (exited 255) Tests: 0 Failed: 0)
  Non-zero exit status: 255
  Parse errors: No plan found in TAP output
Files=14, Tests=2, 18 wallclock secs ( 0.09 usr  0.02 sys +  2.73 cusr  0.47 csys =  3.31 CPU)
Result: FAIL
Failed 12/14 test programs. 0/2 subtests failed.
make: *** [Makefile:868: test_dynamic] Error 255

------------------------------
PREREQUISITES
------------------------------

Prerequisite modules loaded:

requires:

    Module              Need     Have    
    ------------------- -------- --------
    Alien::proj         1.07     1.26    
    Convert::Binary::C  0.04     0.84    
    Exporter::Easy      0        0.18    
    FFI::C              0.08     0.15    
    FFI::Platypus       1.50     2.08    
    perl                5.014000 5.018004

build_requires:

    Module              Need     Have    
    ------------------- -------- --------
    ExtUtils::MakeMaker 0        7.70    
    File::Spec          0        3.75    
    Test::Exception     0        0.43    
    Test::More          0        1.302195
    Test::Warnings      0.010    0.031   

configure_requires:

    Module              Need     Have    
    ------------------- -------- --------
    ExtUtils::MakeMaker 0        7.70    


------------------------------
ENVIRONMENT AND OTHER CONTEXT
------------------------------

Environment variables:

    AUTOMATED_TESTING = 1
    LANG = en_GB.UTF-8
    LANGUAGE = en_GB:en
    LC_TERMINAL = iTerm2
    LC_TERMINAL_VERSION = 3.4.22
    NONINTERACTIVE_TESTING = 1
    PATH = /home/david/.nvm/versions/node/v20.10.0/bin:/home/david/.cargo/bin:/home/david/perl5/perlbrew/bin:/home/david/perl5/perlbrew/perls/perl-5.30.2/bin:/home/david/bin:/usr/local/bin:/usr/bin:/bin:/usr/local/games:/usr/games
    PERL = 5.18.4
    PERL5LIB = 
    PERL5OPT = 
    PERL5_CPANPLUS_IS_RUNNING = 25714
    PERL5_CPAN_IS_RUNNING = 25714
    PERLBREW_HOME = /home/david/.perlbrew
    PERLBREW_MANPATH = /home/david/perl5/perlbrew/perls/perl-5.30.2/man
    PERLBREW_PATH = /home/david/perl5/perlbrew/bin:/home/david/perl5/perlbrew/perls/perl-5.30.2/bin
    PERLBREW_PERL = perl-5.30.2
    PERLBREW_ROOT = /home/david/perl5/perlbrew
    PERLBREW_SHELLRC_VERSION = 0.98
    PERLBREW_VERSION = 0.98
    PERLVER = 5.18.4
    PERL_INLINE_DIRECTORY = /home/david/.Inline-5.18.4
    PERL_MM_USE_DEFAULT = 1
    PERL_USE_UNSAFE_INC = 0
    SHELL = /bin/bash
    TERM = screen

Perl special variables (and OS-specific diagnostics, for MSWin32):

    $^X = /home/david/cpantesting/perl-5.18.4/bin/perl
    $UID/$EUID = 1000 / 1000
    $GID = 1000 24 25 27 29 30 44 46 109 1000
    $EGID = 1000 24 25 27 29 30 44 46 109 1000

Perl module toolchain versions installed:

    Module              Have    
    ------------------- --------
    CPAN                2.00    
    CPAN::Meta          2.150010
    Cwd                 3.75    
    ExtUtils::CBuilder  0.280236
    ExtUtils::Command   7.70    
    ExtUtils::Install   2.22    
    ExtUtils::MakeMaker 7.70    
    ExtUtils::Manifest  1.75    
    ExtUtils::ParseXS   3.44    
    File::Spec          3.75    
    JSON                4.10    
    JSON::PP            4.16    
    Module::Build       0.4234  
    Module::Signature   n/a     
    Parse::CPAN::Meta   2.150010
    Test::Harness       3.44    
    Test::More          1.302195
    YAML                1.30    
    YAML::Syck          n/a     
    version             0.9929  


--

Summary of my perl5 (revision 5 version 18 subversion 4) configuration:
   
  Platform:
    osname=linux, osvers=5.10.0-11-amd64, archname=x86_64-linux-thread-multi
    uname='linux cpantesting-linux-utm 5.10.0-11-amd64 #1 smp debian 5.10.92-1 (2022-01-18) x86_64 gnulinux '
    config_args='-de -Dusethreads -Dprefix=/home/david/cpantesting/perl-5.18.4 -A ccflags=-fwrapv'
    hint=recommended, useposix=true, d_sigaction=define
    useithreads=define, usemultiplicity=define
    useperlio=define, d_sfio=undef, uselargefiles=define, usesocks=undef
    use64bitint=define, use64bitall=define, uselongdouble=undef
    usemymalloc=n, bincompat5005=undef
  Compiler:
    cc='cc', ccflags ='-D_REENTRANT -D_GNU_SOURCE -fwrapv -fno-strict-aliasing -pipe -fstack-protector -I/usr/local/include -D_LARGEFILE_SOURCE -D_FILE_OFFSET_BITS=64',
    optimize='-O2',
    cppflags='-D_REENTRANT -D_GNU_SOURCE -fwrapv -fno-strict-aliasing -pipe -fstack-protector -I/usr/local/include'
    ccversion='', gccversion='10.2.1 20210110', gccosandvers=''
    intsize=4, longsize=8, ptrsize=8, doublesize=8, byteorder=12345678
    d_longlong=define, longlongsize=8, d_longdbl=define, longdblsize=16
    ivtype='long', ivsize=8, nvtype='double', nvsize=8, Off_t='off_t', lseeksize=8
    alignbytes=8, prototype=define
  Linker and Libraries:
    ld='cc', ldflags =' -fstack-protector -L/usr/local/lib'
    libpth=/usr/local/lib /lib/x86_64-linux-gnu /lib/../lib /usr/lib/x86_64-linux-gnu /usr/lib/../lib /lib /usr/lib /lib64 /usr/lib64
    libs=-lnsl -ldl -lm -lcrypt -lutil -lpthread -lc
    perllibs=-lnsl -ldl -lm -lcrypt -lutil -lpthread -lc
    libc=libc-2.31.so, so=so, useshrplib=false, libperl=libperl.a
    gnulibc_version='2.31'
  Dynamic Linking:
    dlsrc=dl_dlopen.xs, dlext=so, d_dlsymun=undef, ccdlflags='-Wl,-E'
    cccdlflags='-fPIC', lddlflags='-shared -O2 -L/usr/local/lib -fstack-protector'


Characteristics of this binary (from libperl): 
  Compile-time options: HAS_TIMES MULTIPLICITY PERLIO_LAYERS
                        PERL_DONT_CREATE_GVSV
                        PERL_HASH_FUNC_ONE_AT_A_TIME_HARD
                        PERL_IMPLICIT_CONTEXT PERL_MALLOC_WRAP
                        PERL_PRESERVE_IVUV PERL_SAWAMPERSAND USE_64_BIT_ALL
                        USE_64_BIT_INT USE_ITHREADS USE_LARGE_FILES
                        USE_LOCALE USE_LOCALE_COLLATE USE_LOCALE_CTYPE
                        USE_LOCALE_NUMERIC USE_PERLIO USE_PERL_ATOF
                        USE_REENTRANT_API
  Locally applied patches:
	Devel::PatchPerl 2.08
  Built under linux
  Compiled at Feb  5 2022 21:05:21
  %ENV:
    PERL="5.18.4"
    PERL5LIB=""
    PERL5OPT=""
    PERL5_CPANPLUS_IS_RUNNING="25714"
    PERL5_CPAN_IS_RUNNING="25714"
    PERLBREW_HOME="/home/david/.perlbrew"
    PERLBREW_MANPATH="/home/david/perl5/perlbrew/perls/perl-5.30.2/man"
    PERLBREW_PATH="/home/david/perl5/perlbrew/bin:/home/david/perl5/perlbrew/perls/perl-5.30.2/bin"
    PERLBREW_PERL="perl-5.30.2"
    PERLBREW_ROOT="/home/david/perl5/perlbrew"
    PERLBREW_SHELLRC_VERSION="0.98"
    PERLBREW_VERSION="0.98"
    PERLVER="5.18.4"
    PERL_INLINE_DIRECTORY="/home/david/.Inline-5.18.4"
    PERL_MM_USE_DEFAULT="1"
    PERL_USE_UNSAFE_INC="0"
  @INC:
    /home/david/cpantesting/perl-5.18.4/lib/site_perl/5.18.4/x86_64-linux-thread-multi
    /home/david/cpantesting/perl-5.18.4/lib/site_perl/5.18.4
    /home/david/cpantesting/perl-5.18.4/lib/5.18.4/x86_64-linux-thread-multi
    /home/david/cpantesting/perl-5.18.4/lib/5.18.4
    .