FunctionalPerl v0.72.76 Perl 5 v5.39.5 x86_64-linux

Status
Fail
From
Slaven Rezić
Dist
FunctionalPerl v0.72.76
Platform
Perl 5 v5.39.5 x86_64-linux
Date
2023-12-28 22:50:08
ID
734941f2-a5d3-11ee-a20d-d43a6e8775ea
This distribution has been tested as part of the CPAN Testers
project, supporting the Perl programming language.  See
http://wiki.cpantesters.org/ for more information or email
questions to cpan-testers-discuss@perl.org


--
Dear Christian Jaeger,

This is a computer-generated report for FunctionalPerl-0.72.76
on perl 5.39.5, created by CPAN-Reporter-1.2019.

Thank you for uploading your work to CPAN.  However, there was a problem
testing your distribution.

If you think this report is invalid, please consult the CPAN Testers Wiki
for suggestions on how to avoid getting FAIL reports for missing library
or binary dependencies, unsupported operating systems, and so on:

http://wiki.cpantesters.org/wiki/CPANAuthorNotes

Sections of this report:

    * Tester comments
    * Program output
    * Prerequisites
    * Environment and other context

------------------------------
TESTER COMMENTS
------------------------------

Additional comments from tester:

none provided

------------------------------
PROGRAM OUTPUT
------------------------------

Output from '/usr/bin/make test':

PERL_DL_NONLAZY=1 "/opt/perl-5.39.5/bin/perl5.39.5" "-MExtUtils::Command::MM" "-MTest::Harness" "-e" "undef *Test::Harness::Switches; test_harness(0, 'blib/lib', 'blib/arch')" t/*.t
t/csv_to_xml.t ........................... ok
t/dbi.t .................................. ok
t/examples-csv-to-json.t ................. ok
times for fib: user = 0.11, system = 0, cuser = 0, csystem = 0
times for fibonacci: user = 0.08, system = 0, cuser = 0, csystem = 0
t/examples-fibs.t ........................ ok
t/examples-functional-classes.t .......... ok
t/examples-hiring-without-whiteboards.t .. skipped: dependency Term::ReadLine::Gnu not present at lib/FP/Repl/Dependencies.pm line 44.
t/examples-logic.t ....................... skipped: could not use FP::Repl::Dependencies
t/examples-perlweekly-111-1.t ............ skipped: Test requires module 'FP::SortedPureArray' but it's not found
times: user = 0.00999999999999998, system = 0, cuser = 0, csystem = 0
times: user = 0.02, system = 0.01, cuser = 0, csystem = 0
times: user = 0.04, system = 0, cuser = 0, csystem = 0
t/examples-perlweekly-113-1.t ............ ok
t/examples-perlweekly-113-2.t ............ ok
t/examples-primes.t ...................... skipped: could not use Method::Signatures
t/functional_XML-t-div.t ................. ok
t/functional_XML-test.t .................. ok
t/htmlgen.t .............................. skipped: Test requires module 'Perl::Tidy' but it's not found
t/intro-basics.t ......................... skipped: could not use FP::Repl::Dependencies
t/perl-goto-leak.t ....................... ok
t/perl-weaken-coderef-correctness.t ...... ok
t/perl-weaken-coderef.t .................. ok
Exception: Label not found for "last T2_SUBTEST_WRAPPER" at /opt/perl-5.39.5/lib/5.39.5/Test2/Hub/Subtest.pm line 67.
 at /opt/perl-5.39.5/lib/5.39.5/Test2/Hub/Subtest.pm line 67.
	Test2::Hub::Subtest::terminate(Test2::Hub::Subtest=HASH(0x5a16e20), 0, Test2::Event::Plan=HASH(0x5af80c8), HASH(0x5af8188)) called at /opt/perl-5.39.5/lib/5.39.5/Test2/Hub.pm line 386
	Test2::Hub::process(Test2::Hub::Subtest=HASH(0x5a16e20), Test2::Event::Plan=HASH(0x5af80c8)) called at /opt/perl-5.39.5/lib/5.39.5/Test2/Hub.pm line 306
	Test2::Hub::send(Test2::Hub::Subtest=HASH(0x5a16e20), Test2::Event::Plan=HASH(0x5af80c8)) called at /opt/perl-5.39.5/lib/5.39.5/Test2/Hub/Subtest.pm line 34
	Test2::Hub::Subtest::send(Test2::Hub::Subtest=HASH(0x5a16e20), Test2::Event::Plan=HASH(0x5af80c8)) called at /opt/perl-5.39.5/lib/5.39.5/Test2/API/Context.pm line 272
	Test2::API::Context::send_event(Test2::API::Context=HASH(0x59f7010), "Plan", "max", 0, "directive", "SKIP", "reason", "FunctionalPerl::Dependencies::ChjBin import: these programs a"...) called at /opt/perl-5.39.5/lib/5.39.5/Test2/API/Context.pm line 448
	Test2::API::Context::plan(Test2::API::Context=HASH(0x59f7010), 0, "SKIP", "FunctionalPerl::Dependencies::ChjBin import: these programs a"...) called at /opt/perl-5.39.5/lib/5.39.5/Test/Builder.pm line 660
	Test::Builder::skip_all(Test::Builder=HASH(0x272b5b8), "FunctionalPerl::Dependencies::ChjBin import: these programs a"...) called at /opt/perl-5.39.5/lib/site_perl/5.39.5/Test/Requires.pm line 44
	Test::Requires::__ANON__("FunctionalPerl::Dependencies::ChjBin import: these programs a"...) called at /opt/perl-5.39.5/lib/site_perl/5.39.5/Test/Requires.pm line 71
	Test::Requires::test_requires("FunctionalPerl::Dependencies::ChjBin", "\"trigger-listen\"", "t_pod_snippets_108") called at /opt/perl-5.39.5/lib/site_perl/5.39.5/Test/Requires.pm line 21
	Test::Requires::import("Test::Requires", HASH(0x5aeadb0)) called at meta/FunctionalPerl/Dependencies/ChjBin.pm line 19
	t_pod_snippets_108::BEGIN() called at meta/FunctionalPerl/Dependencies/ChjBin.pm line 19
	eval {...} called at meta/FunctionalPerl/Dependencies/ChjBin.pm line 19
	eval 'package main; package t_pod_snippets_108; use Test::More ;
{
no warnings;
use strict;    # things are likely to be sloppy

ok 1 => \'the tests compile\';   


#line 16 meta/FunctionalPerl/Dependencies/ChjBin.pm
use Chj::TEST use => \'FunctionalPerl::Dependencies::ChjBin\';
# or
use Test::Requires +{
    \'FunctionalPerl::Dependencies::ChjBin\' => \'"trigger-listen"\' };
# or
#  list in FunctionalPerl::Dependencies\'s %dependencies

;


ok 1 => \'we reached the end!\';

}
; 
1' called at lib/FP/Repl/WithRepl.pm line 75
	FP::Repl::WithRepl::WithRepl_eval("package t_pod_snippets_108; use Test::More ;\x{a}{\x{a}no warnings;\x{a}u"...) called at t/pod_snippets.t line 37
	main::myeval("package t_pod_snippets_108; use Test::More ;\x{a}{\x{a}no warnings;\x{a}u"...) called at t/pod_snippets.t line 158
	main::__ANON__() called at /opt/perl-5.39.5/lib/5.39.5/Test/Builder.pm line 374
	eval {...} called at /opt/perl-5.39.5/lib/5.39.5/Test/Builder.pm line 374
	Test::Builder::subtest(Test::Builder=HASH(0x272b5b8), "pod snippets in FunctionalPerl::Dependencies::ChjBin", CODE(0x1eeb7d0)) called at /opt/perl-5.39.5/lib/5.39.5/Test/More.pm line 831
	Test::More::subtest("pod snippets in FunctionalPerl::Dependencies::ChjBin", CODE(0x1eeb7d0)) called at t/pod_snippets.t line 183
BEGIN failed--compilation aborted at meta/FunctionalPerl/Dependencies/ChjBin.pm line 19.
 at meta/FunctionalPerl/Dependencies/ChjBin.pm line 19.
	eval 'package main; package t_pod_snippets_108; use Test::More ;
{
no warnings;
use strict;    # things are likely to be sloppy

ok 1 => \'the tests compile\';   


#line 16 meta/FunctionalPerl/Dependencies/ChjBin.pm
use Chj::TEST use => \'FunctionalPerl::Dependencies::ChjBin\';
# or
use Test::Requires +{
    \'FunctionalPerl::Dependencies::ChjBin\' => \'"trigger-listen"\' };
# or
#  list in FunctionalPerl::Dependencies\'s %dependencies

;


ok 1 => \'we reached the end!\';

}
; 
1' called at lib/FP/Repl/WithRepl.pm line 75
	FP::Repl::WithRepl::WithRepl_eval("package t_pod_snippets_108; use Test::More ;\x{a}{\x{a}no warnings;\x{a}u"...) called at t/pod_snippets.t line 37
	main::myeval("package t_pod_snippets_108; use Test::More ;\x{a}{\x{a}no warnings;\x{a}u"...) called at t/pod_snippets.t line 158
	main::__ANON__() called at /opt/perl-5.39.5/lib/5.39.5/Test/Builder.pm line 374
	eval {...} called at /opt/perl-5.39.5/lib/5.39.5/Test/Builder.pm line 374
	Test::Builder::subtest(Test::Builder=HASH(0x272b5b8), "pod snippets in FunctionalPerl::Dependencies::ChjBin", CODE(0x1eeb7d0)) called at /opt/perl-5.39.5/lib/5.39.5/Test/More.pm line 831
	Test::More::subtest("pod snippets in FunctionalPerl::Dependencies::ChjBin", CODE(0x1eeb7d0)) called at t/pod_snippets.t line 183


    #   Failed test 'pod snippets in FunctionalPerl::Dependencies::ChjBin'
    #   at t/pod_snippets.t line 177.
    # Looks like you failed 1 test of 1.
t/pod_snippets.t ......................... ok
t/predicates.t ........................... ok
t/repl.t ................................. skipped: dependency Term::ReadLine::Gnu not present at lib/FP/Repl/Dependencies.pm line 44.
Use of @_ in list assignment with signatured subroutine is experimental at .htmlgen/FunctionalPerl/Htmlgen/PathTranslate.pm line 77.
Implicit use of @_ in goto with signatured subroutine is experimental at .htmlgen/FunctionalPerl/Htmlgen/PathTranslate.pm line 77.
Use of @_ in list assignment with signatured subroutine is experimental at .htmlgen/FunctionalPerl/Htmlgen/PathTranslate.pm line 81.
Implicit use of @_ in goto with signatured subroutine is experimental at .htmlgen/FunctionalPerl/Htmlgen/PathTranslate.pm line 81.
Use of @_ in list assignment with signatured subroutine is experimental at .htmlgen/FunctionalPerl/Htmlgen/PathTranslate.pm line 83.
Implicit use of @_ in goto with signatured subroutine is experimental at .htmlgen/FunctionalPerl/Htmlgen/PathTranslate.pm line 83.
not activating since running in test mode at lib/FP/Repl/AutoTrap.pm line 64.

        #   Failed test 'at lib/FP/Abstract/Sequence/t.pm line 169'
        #   at lib/Chj/TEST.pm line 348.
        #        got: [list([0, 3], [1, 4], [2, 4], [3, 5], [4, 6], [5, 8], [6, 5], [7, 5]), [list([0, 3]), list([2, 4], [1, 4]), list([3, 5]), list([4, 6]), list([5, 8]), list([7, 5], [6, 5])]]
        #   expected: [undef, [list([0, 3]), list([2, 4], [1, 4]), list([3, 5]), list([4, 6]), list([5, 8]), list([7, 5], [6, 5])]]
        # Looks like you failed 1 test of 64.

    #   Failed test 'Package FP::Abstract::Sequence::t'
    #   at lib/Chj/TEST.pm line 420.
Reference is already weak at lib/FP/Stream.pm line 770.
    # Looks like you failed 1 test of 42.

#   Failed test 'run_tests'
#   at t/require_and_run_tests.t line 61.
# Looks like you failed 1 test of 2.
t/require_and_run_tests.t ................ 
Dubious, test returned 1 (wstat 256, 0x100)
Failed 1/2 subtests 
t/skip-internal.t ........................ ok
t/skip-leak.t ............................ ok
t/skip.t ................................. ok
t/testlazy.t ............................. ok
t/testlazy10.t ........................... ok
t/trampoline-fix.t ....................... skipped: Test requires module 'Method::Signatures' but it's not found

Test Summary Report
-------------------
t/require_and_run_tests.t              (Wstat: 256 (exited 1) Tests: 2 Failed: 1)
  Failed test:  2
  Non-zero exit status: 1
Files=28, Tests=170, 20 wallclock secs ( 0.17 usr  0.07 sys + 10.25 cusr  2.59 csys = 13.08 CPU)
Result: FAIL
Failed 1/28 test programs. 1/170 subtests failed.
make: *** [Makefile:1546: test_dynamic] Error 255

------------------------------
PREREQUISITES
------------------------------

Prerequisite modules loaded:

requires:

    Module              Need     Have    
    ------------------- -------- --------
    autobox             0        v3.0.1  
    base                0        2.27    
    Digest              0        1.20    
    File::Path          0        2.18    
    Getopt::Long        0        2.57    
    Import::Into        0        1.002005
    Math::BigInt        0        2.003001
    NEXT                0        0.69    
    perl                5.016004 5.039005
    PerlIO::utf8_strict 0        0.010   
    Safe::Isa           0        1.000010
    Scalar::Util        0        1.63    
    Symbol              0        1.09    
    Test::More          0.96     1.302195
    utf8                0        1.25    

build_requires:

    Module              Need     Have    
    ------------------- -------- --------
    BSD::Resource       0        1.2911  
    Capture::Tiny       0        0.48    
    DBD::CSV            0        0.60    
    DBI                 0        1.643   
    ExtUtils::MakeMaker 0        7.70    
    File::chdir         0        0.1011  
    Sub::Util           0        1.63    
    Test::Pod::Snippets 0        0.07    
    Test::Requires      0        0.11    
    Text::CSV           0        2.04    
    URI                 0        5.21    

configure_requires:

    Module              Need     Have    
    ------------------- -------- --------
    ExtUtils::MakeMaker 0        7.70    


------------------------------
ENVIRONMENT AND OTHER CONTEXT
------------------------------

Environment variables:

    LANG = en_US.UTF-8
    PATH = /usr/local/bin:/usr/bin:/bin:/usr/local/sbin:/usr/sbin:/sbin:/home/cpansand/bin/linux-gnu:/home/cpansand/bin/sh:/home/cpansand/bin:/usr/games:/home/cpansand/devel:/home/eserte/src/srezic-misc/scripts
    PERL5LIB = /home/cpansand/.cpan/build/2023122821/autobox-v3.0.1-4/blib/arch:/home/cpansand/.cpan/build/2023122821/autobox-v3.0.1-4/blib/lib:/home/cpansand/.cpan/build/2023122821/Test-Pod-Snippets-0.07-5/blib/arch:/home/cpansand/.cpan/build/2023122821/Test-Pod-Snippets-0.07-5/blib/lib:/home/cpansand/.cpan/build/2023122821/MooseX-SemiAffordanceAccessor-0.10-5/blib/arch:/home/cpansand/.cpan/build/2023122821/MooseX-SemiAffordanceAccessor-0.10-5/blib/lib:/home/cpansand/.cpan/build/2023122821/Module-Locate-1.80-5/blib/arch:/home/cpansand/.cpan/build/2023122821/Module-Locate-1.80-5/blib/lib:/home/cpansand/.cpan/build/2023122821/DBD-CSV-0.60-5/blib/arch:/home/cpansand/.cpan/build/2023122821/DBD-CSV-0.60-5/blib/lib:/home/cpansand/.cpan/build/2023122821/SQL-Statement-1.414-5/blib/arch:/home/cpansand/.cpan/build/2023122821/SQL-Statement-1.414-5/blib/lib:/home/cpansand/.cpan/build/2023122821/Math-Base-Convert-0.11-5/blib/arch:/home/cpansand/.cpan/build/2023122821/Math-Base-Convert-0.11-5/blib/lib
    PERL5OPT = 
    PERL5_CPANPLUS_IS_RUNNING = 1537869
    PERL5_CPAN_IS_RUNNING = 1537869
    PERL5_CPAN_IS_RUNNING_IN_RECURSION = 1519272,1537869
    PERLDOC = -MPod::Perldoc::ToTextOverstrike
    PERL_BATCH = yes
    PERL_CANARY_STABILITY_NOPROMPT = 1
    PERL_CPAN_REPORTER_CONFIG = /var/tmp/cpansmoker-1023/2023122821/cpanreporter_000_config.ini
    PERL_EXTUTILS_AUTOINSTALL = --defaultdeps
    PERL_USE_UNSAFE_INC = 1
    SHELL = /usr/bin/zsh
    TERM = screen
    TMPDIR = /var/tmp/cpansmoker-1023/2023122821

Perl special variables (and OS-specific diagnostics, for MSWin32):

    $^X = /opt/perl-5.39.5/bin/perl5.39.5
    $UID/$EUID = 1023 / 1023
    $GID = 1023 1023
    $EGID = 1023 1023

Perl module toolchain versions installed:

    Module              Have    
    ------------------- --------
    CPAN                2.36    
    CPAN::Meta          2.150010
    Cwd                 3.90    
    ExtUtils::CBuilder  0.280240
    ExtUtils::Command   7.70    
    ExtUtils::Install   2.22    
    ExtUtils::MakeMaker 7.70    
    ExtUtils::Manifest  1.75    
    ExtUtils::ParseXS   3.51    
    File::Spec          3.90    
    JSON                4.10    
    JSON::PP            4.16    
    Module::Build       0.4234  
    Module::Signature   0.88    
    Parse::CPAN::Meta   2.150010
    Test2               1.302195
    Test::Harness       3.48    
    Test::More          1.302195
    YAML                1.31    
    YAML::Syck          1.34    
    version             0.9930  


--

Summary of my perl5 (revision 5 version 39 subversion 5) configuration:
   
  Platform:
    osname=linux
    osvers=6.6.8-100.fc38.x86_64
    archname=x86_64-linux
    uname='linux fedora39-2gb-hil 6.6.8-100.fc38.x86_64 #1 smp preempt_dynamic thu dec 21 04:01:45 utc 2023 x86_64 gnulinux '
    config_args='-ds -e -Dprefix=/opt/perl-5.39.5 -Dusedevel -Dusemallocwrap=no -Dcf_email=srezic@cpan.org'
    hint=recommended
    useposix=true
    d_sigaction=define
    useithreads=undef
    usemultiplicity=undef
    use64bitint=define
    use64bitall=define
    uselongdouble=undef
    usemymalloc=n
    default_inc_excludes_dot=define
  Compiler:
    cc='cc'
    ccflags ='-fwrapv -fno-strict-aliasing -pipe -fstack-protector-strong -I/usr/local/include -D_LARGEFILE_SOURCE -D_FILE_OFFSET_BITS=64 -D_FORTIFY_SOURCE=2'
    optimize='-O2'
    cppflags='-fwrapv -fno-strict-aliasing -pipe -fstack-protector-strong -I/usr/local/include'
    ccversion=''
    gccversion='13.2.1 20231205 (Red Hat 13.2.1-6)'
    gccosandvers=''
    intsize=4
    longsize=8
    ptrsize=8
    doublesize=8
    byteorder=12345678
    doublekind=3
    d_longlong=define
    longlongsize=8
    d_longdbl=define
    longdblsize=16
    longdblkind=3
    ivtype='long'
    ivsize=8
    nvtype='double'
    nvsize=8
    Off_t='off_t'
    lseeksize=8
    alignbytes=8
    prototype=define
  Linker and Libraries:
    ld='cc'
    ldflags =' -fstack-protector-strong -L/usr/local/lib'
    libpth=/usr/local/lib /usr/lib /usr/lib64 /usr/local/lib64
    libs=-lpthread -ldb -ldl -lm -lcrypt -lutil -lc
    perllibs=-lpthread -ldl -lm -lcrypt -lutil -lc
    libc=/lib/../lib64/libc.so.6
    so=so
    useshrplib=false
    libperl=libperl.a
    gnulibc_version='2.38'
  Dynamic Linking:
    dlsrc=dl_dlopen.xs
    dlext=so
    d_dlsymun=undef
    ccdlflags='-Wl,-E'
    cccdlflags='-fPIC'
    lddlflags='-shared -O2 -L/usr/local/lib -fstack-protector-strong'


Characteristics of this binary (from libperl): 
  Compile-time options:
    HAS_LONG_DOUBLE
    HAS_STRTOLD
    HAS_TIMES
    PERLIO_LAYERS
    PERL_COPY_ON_WRITE
    PERL_DONT_CREATE_GVSV
    PERL_HASH_FUNC_SIPHASH13
    PERL_HASH_USE_SBOX32
    PERL_OP_PARENT
    PERL_PRESERVE_IVUV
    PERL_USE_DEVEL
    PERL_USE_SAFE_PUTENV
    USE_64_BIT_ALL
    USE_64_BIT_INT
    USE_LARGE_FILES
    USE_LOCALE
    USE_LOCALE_COLLATE
    USE_LOCALE_CTYPE
    USE_LOCALE_NUMERIC
    USE_LOCALE_TIME
    USE_PERLIO
    USE_PERL_ATOF
  Built under linux
  Compiled at Dec 26 2023 17:57:24
  %ENV:
    PERL5LIB="/home/cpansand/.cpan/build/2023122821/autobox-v3.0.1-4/blib/arch:/home/cpansand/.cpan/build/2023122821/autobox-v3.0.1-4/blib/lib:/home/cpansand/.cpan/build/2023122821/Test-Pod-Snippets-0.07-5/blib/arch:/home/cpansand/.cpan/build/2023122821/Test-Pod-Snippets-0.07-5/blib/lib:/home/cpansand/.cpan/build/2023122821/MooseX-SemiAffordanceAccessor-0.10-5/blib/arch:/home/cpansand/.cpan/build/2023122821/MooseX-SemiAffordanceAccessor-0.10-5/blib/lib:/home/cpansand/.cpan/build/2023122821/Module-Locate-1.80-5/blib/arch:/home/cpansand/.cpan/build/2023122821/Module-Locate-1.80-5/blib/lib:/home/cpansand/.cpan/build/2023122821/DBD-CSV-0.60-5/blib/arch:/home/cpansand/.cpan/build/2023122821/DBD-CSV-0.60-5/blib/lib:/home/cpansand/.cpan/build/2023122821/SQL-Statement-1.414-5/blib/arch:/home/cpansand/.cpan/build/2023122821/SQL-Statement-1.414-5/blib/lib:/home/cpansand/.cpan/build/2023122821/Math-Base-Convert-0.11-5/blib/arch:/home/cpansand/.cpan/build/2023122821/Math-Base-Convert-0.11-5/blib/lib"
    PERL5OPT=""
    PERL5_CPANPLUS_IS_RUNNING="1537869"
    PERL5_CPAN_IS_RUNNING="1537869"
    PERL5_CPAN_IS_RUNNING_IN_RECURSION="1519272,1537869"
    PERLDOC="-MPod::Perldoc::ToTextOverstrike"
    PERL_BATCH="yes"
    PERL_CANARY_STABILITY_NOPROMPT="1"
    PERL_CPAN_REPORTER_CONFIG="/var/tmp/cpansmoker-1023/2023122821/cpanreporter_000_config.ini"
    PERL_EXTUTILS_AUTOINSTALL="--defaultdeps"
    PERL_USE_UNSAFE_INC="1"
  @INC:
    /home/cpansand/.cpan/build/2023122821/autobox-v3.0.1-4/blib/arch
    /home/cpansand/.cpan/build/2023122821/autobox-v3.0.1-4/blib/lib
    /home/cpansand/.cpan/build/2023122821/Test-Pod-Snippets-0.07-5/blib/arch
    /home/cpansand/.cpan/build/2023122821/Test-Pod-Snippets-0.07-5/blib/lib
    /home/cpansand/.cpan/build/2023122821/MooseX-SemiAffordanceAccessor-0.10-5/blib/arch
    /home/cpansand/.cpan/build/2023122821/MooseX-SemiAffordanceAccessor-0.10-5/blib/lib
    /home/cpansand/.cpan/build/2023122821/Module-Locate-1.80-5/blib/arch
    /home/cpansand/.cpan/build/2023122821/Module-Locate-1.80-5/blib/lib
    /home/cpansand/.cpan/build/2023122821/DBD-CSV-0.60-5/blib/arch
    /home/cpansand/.cpan/build/2023122821/DBD-CSV-0.60-5/blib/lib
    /home/cpansand/.cpan/build/2023122821/SQL-Statement-1.414-5/blib/arch
    /home/cpansand/.cpan/build/2023122821/SQL-Statement-1.414-5/blib/lib
    /home/cpansand/.cpan/build/2023122821/Math-Base-Convert-0.11-5/blib/arch
    /home/cpansand/.cpan/build/2023122821/Math-Base-Convert-0.11-5/blib/lib
    /opt/perl-5.39.5/lib/site_perl/5.39.5/x86_64-linux
    /opt/perl-5.39.5/lib/site_perl/5.39.5
    /opt/perl-5.39.5/lib/5.39.5/x86_64-linux
    /opt/perl-5.39.5/lib/5.39.5
    .