Yancy v1.088 Perl 5 v5.39.8 x86_64-linux-ld
- Status
- Fail
- From
- Andreas J. König (ANDK)
- Dist
-
Yancy v1.088
- Platform
- Perl 5 v5.39.8 x86_64-linux-ld
- Date
- 2024-03-16 06:50:17
- ID
- 72f44b9a-e361-11ee-be92-0b258552eee8
This distribution has been tested as part of the CPAN Testers
project, supporting the Perl programming language. See
http://wiki.cpantesters.org/ for more information or email
questions to cpan-testers-discuss@perl.org
--
Dear Doug Bell,
This is a computer-generated report for Yancy-1.088
on perl 5.39.8, created by CPAN-Reporter-1.2019.
Thank you for uploading your work to CPAN. However, there was a problem
testing your distribution.
If you think this report is invalid, please consult the CPAN Testers Wiki
for suggestions on how to avoid getting FAIL reports for missing library
or binary dependencies, unsupported operating systems, and so on:
http://wiki.cpantesters.org/wiki/CPANAuthorNotes
Sections of this report:
* Tester comments
* Program output
* Prerequisites
* Environment and other context
------------------------------
TESTER COMMENTS
------------------------------
Additional comments from tester:
this report is from an automated smoke testing program
and was not reviewed by a human for accuracy
------------------------------
PROGRAM OUTPUT
------------------------------
Output from '/usr/bin/make test':
Skip blib/lib/auto/share/dist/Yancy/update_resources.sh (unchanged)
PERL_DL_NONLAZY=1 "/tmp/basesmoker-reloperl-1YF_/bin/perl" "-MExtUtils::Command::MM" "-MTest::Harness" "-e" "undef *Test::Harness::Switches; test_harness(0, 'blib/lib', 'blib/arch')" t/*.t t/backend/*.t t/command/backend/*.t t/controller/*.t t/examples/*.t t/plugin/*.t t/plugin/auth/*.t t/plugin/form/*.t
t/00-compile.t ............... ok
#
# Versions for all modules listed in MYMETA.json (including optional ones):
#
# === Configure Requires ===
#
# Module Want Have
# ----------------------- ---- ----
# ExtUtils::MakeMaker any 7.70
# File::ShareDir::Install 0.06 0.14
#
# === Configure Suggests ===
#
# Module Want Have
# -------- ------- ----
# JSON::PP 2.27300 4.16
#
# === Build Requires ===
#
# Module Want Have
# ------------------- ---- ----
# ExtUtils::MakeMaker any 7.70
#
# === Test Requires ===
#
# Module Want Have
# ------------------- -------- --------
# ExtUtils::MakeMaker any 7.70
# File::Spec any 3.90
# File::Temp 0.2307 0.2311
# IO::Handle any 1.55
# IPC::Open3 any 1.22
# Test::More 1.001005 1.302198
#
# === Test Recommends ===
#
# Module Want Have
# ---------- -------- --------
# CPAN::Meta 2.120900 2.150010
#
# === Runtime Requires ===
#
# Module Want Have
# ---------------------------- -------- --------
# Class::Method::Modifiers any 2.15
# Digest any 1.20
# Exporter any 5.78
# File::Spec::Functions any 3.91
# FindBin any 1.54
# JSON::Validator 5.00 5.14
# Mojolicious 9 9.36
# Mojolicious::Plugin::I18N 1.6 1.6
# Mojolicious::Plugin::OpenAPI 5.00 5.09
# Role::Tiny 2.000001 2.002004
# Scalar::Util any 1.63
# Sys::Hostname any 1.25
# Text::Balanced any 2.06
#
t/00-report-prereqs.t ........ ok
x-view is deprecated and will be removed in v2. Use Yancy::Model or your database's CREATE VIEW instead. at /tmp/loop_over_bdir-2358-6BvucJ/Yancy-1.088-0/blib/lib/Yancy/Model/Schema.pm line 283.
t/api.t ...................... ok
t/app.t ...................... ok
DBIx::Class::Storage::DBI::SQLite::_dbi_attrs_for_bind(): Non-integer value supplied for column 'me.id' despite the integer datatype at /tmp/loop_over_bdir-2358-6BvucJ/Yancy-1.088-0/blib/lib/Yancy/Backend/Dbic.pm line 174
datatype mismatch: bind param (0) DOES_NOT_EXIST as integer at /home/sand/src/perl/repoperls/installed-perls/host/k93focal/v5.39.8/d3e4/lib/site_perl/5.39.8/DBIx/Class/Storage/DBI.pm line 1958.
datatype mismatch: bind param (0) DOES_NOT_EXIST as integer at /home/sand/src/perl/repoperls/installed-perls/host/k93focal/v5.39.8/d3e4/lib/site_perl/5.39.8/DBIx/Class/Storage/DBI.pm line 1958.
datatype mismatch: bind param (0) DOES_NOT_EXIST as integer at /home/sand/src/perl/repoperls/installed-perls/host/k93focal/v5.39.8/d3e4/lib/site_perl/5.39.8/DBIx/Class/Storage/DBI.pm line 1958.
datatype mismatch: bind param (0) DOES_NOT_EXIST as integer at /home/sand/src/perl/repoperls/installed-perls/host/k93focal/v5.39.8/d3e4/lib/site_perl/5.39.8/DBIx/Class/Storage/DBI.pm line 1958.
datatype mismatch: bind param (0) DOES_NOT_EXIST as integer at /home/sand/src/perl/repoperls/installed-perls/host/k93focal/v5.39.8/d3e4/lib/site_perl/5.39.8/DBIx/Class/Storage/DBI.pm line 1958.
datatype mismatch: bind param (0) DOES_NOT_EXIST as integer at /home/sand/src/perl/repoperls/installed-perls/host/k93focal/v5.39.8/d3e4/lib/site_perl/5.39.8/DBIx/Class/Storage/DBI.pm line 1958.
t/backend/dbic.t ............. ok
t/backend/memory.t ........... ok
t/backend/mysql.t ............ skipped: Mojo::mysql >= 1.0 required for this test
t/backend/pg.t ............... skipped: Mojo::Pg >= 3.0 required for this test
t/backend/sqlite.t ........... skipped: Mojo::SQLite >= 3.005 required for this test
x-view is deprecated and will be removed in v2. Use Yancy::Model or your database's CREATE VIEW instead. at /tmp/loop_over_bdir-2358-6BvucJ/Yancy-1.088-0/blib/lib/Yancy/Model/Schema.pm line 283.
t/command/backend/copy.t ..... ok
x-view is deprecated and will be removed in v2. Use Yancy::Model or your database's CREATE VIEW instead. at /tmp/loop_over_bdir-2358-6BvucJ/Yancy-1.088-0/blib/lib/Yancy/Model/Schema.pm line 283.
t/config.t ................... ok
x-view is deprecated and will be removed in v2. Use Yancy::Model or your database's CREATE VIEW instead. at /tmp/loop_over_bdir-2358-6BvucJ/Yancy-1.088-0/blib/lib/Yancy/Model/Schema.pm line 283.
t/controller/multi_tenant.t .. ok
x-view is deprecated and will be removed in v2. Use Yancy::Model or your database's CREATE VIEW instead. at /tmp/loop_over_bdir-2358-6BvucJ/Yancy-1.088-0/blib/lib/Yancy/Model/Schema.pm line 283.
t/controller/yancy.t ......... ok
t/examples/doc-site.t ........ skipped: Set TEST_YANCY_EXAMPLES to run these tests
t/examples/limited-editor.t .. skipped: Set TEST_YANCY_EXAMPLES to run these tests
t/examples/test-app.t ........ skipped: Set TEST_YANCY_EXAMPLES to run these tests
t/examples/todo-app.t ........ skipped: Set TEST_YANCY_EXAMPLES to run these tests
x-view is deprecated and will be removed in v2. Use Yancy::Model or your database's CREATE VIEW instead. at /tmp/loop_over_bdir-2358-6BvucJ/Yancy-1.088-0/blib/lib/Yancy/Model/Schema.pm line 283.
[2024-03-16 06:47:55.54239] [1307493] [fatal] [vgUhTZ_eIjLz] Unknown filter: DOES.NOT.EXIST (schema: user, field: email) at /tmp/loop_over_bdir-2358-6BvucJ/Yancy-1.088-0/blib/lib/Mojolicious/Plugin/Yancy.pm line 889.
t/filter.t ................... ok
x-view is deprecated and will be removed in v2. Use Yancy::Model or your database's CREATE VIEW instead. at /tmp/loop_over_bdir-2358-6BvucJ/Yancy-1.088-0/blib/lib/Yancy/Model/Schema.pm line 283.
t/helpers.t .................. ok
x-view is deprecated and will be removed in v2. Use Yancy::Model or your database's CREATE VIEW instead. at /tmp/loop_over_bdir-2358-6BvucJ/Yancy-1.088-0/blib/lib/Yancy/Model/Schema.pm line 283.
t/i18n.t ..................... ok
t/model.t .................... ok
x-view is deprecated and will be removed in v2. Use Yancy::Model or your database's CREATE VIEW instead. at /tmp/loop_over_bdir-2358-6BvucJ/Yancy-1.088-0/blib/lib/Yancy/Model/Schema.pm line 283.
t/plugin/auth.t .............. ok
x-view is deprecated and will be removed in v2. Use Yancy::Model or your database's CREATE VIEW instead. at /tmp/loop_over_bdir-2358-6BvucJ/Yancy-1.088-0/blib/lib/Yancy/Model/Schema.pm line 283.
The Auth::Basic plugin is deprecated and will be removed in Yancy v2.000. Please migrate to the Auth::Password module.
at /tmp/loop_over_bdir-2358-6BvucJ/Yancy-1.088-0/blib/lib/Yancy/Plugin/Auth/Basic.pm line 256.
t/plugin/auth/basic.t ........ ok
x-view is deprecated and will be removed in v2. Use Yancy::Model or your database's CREATE VIEW instead. at /tmp/loop_over_bdir-2358-6BvucJ/Yancy-1.088-0/blib/lib/Yancy/Model/Schema.pm line 283.
Use of uninitialized value in pattern match (m//) at /tmp/loop_over_bdir-2358-6BvucJ/Yancy-1.088-0/blib/lib/Yancy/Plugin/Auth/OAuth2.pm line 263.
# Failed test '403 Forbidden'
# at t/plugin/auth/github.t line 188.
# got: '302'
# expected: '403'
#
# Looks like you failed 1 test of 8.
# Failed test 'disallow register'
# at t/plugin/auth/github.t line 192.
# Looks like you failed 1 test of 18.
t/plugin/auth/github.t .......
Dubious, test returned 1 (wstat 256, 0x100)
Failed 1/18 subtests
x-view is deprecated and will be removed in v2. Use Yancy::Model or your database's CREATE VIEW instead. at /tmp/loop_over_bdir-2358-6BvucJ/Yancy-1.088-0/blib/lib/Yancy/Model/Schema.pm line 283.
t/plugin/auth/oauth2.t ....... ok
x-view is deprecated and will be removed in v2. Use Yancy::Model or your database's CREATE VIEW instead. at /tmp/loop_over_bdir-2358-6BvucJ/Yancy-1.088-0/blib/lib/Yancy/Model/Schema.pm line 283.
t/plugin/auth/password.t ..... ok
x-view is deprecated and will be removed in v2. Use Yancy::Model or your database's CREATE VIEW instead. at /tmp/loop_over_bdir-2358-6BvucJ/Yancy-1.088-0/blib/lib/Yancy/Model/Schema.pm line 283.
t/plugin/auth/token.t ........ ok
t/plugin/editor.t ............ ok
x-view is deprecated and will be removed in v2. Use Yancy::Model or your database's CREATE VIEW instead. at /tmp/loop_over_bdir-2358-6BvucJ/Yancy-1.088-0/blib/lib/Yancy/Model/Schema.pm line 283.
Mojo::File::spurt is deprecated in favor of Mojo::File::spew at /tmp/loop_over_bdir-2358-6BvucJ/Yancy-1.088-0/blib/lib/Yancy/Plugin/File.pm line 98.
Mojo::File::spurt is deprecated in favor of Mojo::File::spew at /tmp/loop_over_bdir-2358-6BvucJ/Yancy-1.088-0/blib/lib/Yancy/Plugin/File.pm line 98.
[2024-03-16 06:48:07.42908] [1307544] [warn] *** Cannot verify that admin editor is behind authentication.
Add a Yancy Auth plugin, add a `route` to the Yancy plugin config,
or set `editor.require_user => undef` to silence this warning
Mojo::File::spurt is deprecated in favor of Mojo::File::spew at /tmp/loop_over_bdir-2358-6BvucJ/Yancy-1.088-0/blib/lib/Yancy/Plugin/File.pm line 98.
Mojo::File::spurt is deprecated in favor of Mojo::File::spew at /tmp/loop_over_bdir-2358-6BvucJ/Yancy-1.088-0/blib/lib/Yancy/Plugin/File.pm line 98.
t/plugin/file.t .............. ok
x-view is deprecated and will be removed in v2. Use Yancy::Model or your database's CREATE VIEW instead. at /tmp/loop_over_bdir-2358-6BvucJ/Yancy-1.088-0/blib/lib/Yancy/Model/Schema.pm line 283.
[2024-03-16 06:48:08.47316] [1307550] [warn] [uH1RdE0EsCIk] form_for() called with incomplete request. CSRF token may not validate!
t/plugin/form/bootstrap4.t ... ok
x-view is deprecated and will be removed in v2. Use Yancy::Model or your database's CREATE VIEW instead. at /tmp/loop_over_bdir-2358-6BvucJ/Yancy-1.088-0/blib/lib/Yancy/Model/Schema.pm line 283.
t/plugin/roles.t ............. ok
# Could not load SQLite backend: Mojo::SQLite version 3.005 or higher required
# BEGIN failed--compilation aborted at /tmp/loop_over_bdir-2358-6BvucJ/Yancy-1.088-0/blib/lib/Yancy/Backend/Sqlite.pm line 116.
# Compilation failed in require at t/register.t line 21.
# Could not load Pg backend: Mojo::Pg version 4.03 or higher required
# BEGIN failed--compilation aborted at /tmp/loop_over_bdir-2358-6BvucJ/Yancy-1.088-0/blib/lib/Yancy/Backend/Pg.pm line 128.
# Compilation failed in require at t/register.t line 37.
# Could not load Mysql backend: Mojo::mysql version 1.05 or higher required
# BEGIN failed--compilation aborted at /tmp/loop_over_bdir-2358-6BvucJ/Yancy-1.088-0/blib/lib/Yancy/Backend/Mysql.pm line 119.
# Compilation failed in require at t/register.t line 53.
t/register.t ................. ok
t/util.t ..................... ok
Test Summary Report
-------------------
t/plugin/auth/github.t (Wstat: 256 (exited 1) Tests: 18 Failed: 1)
Failed test: 17
Non-zero exit status: 1
Files=33, Tests=220, 45 wallclock secs ( 0.40 usr 0.08 sys + 37.55 cusr 2.66 csys = 40.69 CPU)
Result: FAIL
Failed 1/33 test programs. 1/220 subtests failed.
make: *** [Makefile:1104: test_dynamic] Error 255
------------------------------
PREREQUISITES
------------------------------
Prerequisite modules loaded:
requires:
Module Need Have
---------------------------- -------- --------
Class::Method::Modifiers 0 2.15
Digest 0 1.20
Exporter 0 5.78
File::Spec::Functions 0 3.91
FindBin 0 1.54
JSON::Validator 5.00 5.14
Mojolicious 9 9.36
Mojolicious::Plugin::I18N 1.6 1.6
Mojolicious::Plugin::OpenAPI 5.00 5.09
perl 5.016 5.039008
Role::Tiny 2.000001 2.002004
Scalar::Util 0 1.63
Sys::Hostname 0 1.25
Text::Balanced 0 2.06
build_requires:
Module Need Have
---------------------------- -------- --------
ExtUtils::MakeMaker 0 7.70
File::Spec 0 3.90
File::Temp 0.2307 0.2311
IO::Handle 0 1.55
IPC::Open3 0 1.22
Test::More 1.001005 1.302198
configure_requires:
Module Need Have
---------------------------- -------- --------
ExtUtils::MakeMaker 0 7.70
File::ShareDir::Install 0.06 0.14
------------------------------
ENVIRONMENT AND OTHER CONTEXT
------------------------------
Environment variables:
AUTOMATED_TESTING = 1
LANG = en_US.UTF-8
PATH = /home/sand/bin:/usr/local/bin:/usr/local/sbin:/usr/sbin:/usr/bin:/sbin:/bin:/usr/games:/usr/local/games:/snap/bin:/usr/local/perl/bin:/usr/X11/bin
PERL = /tmp/basesmoker-reloperl-1YF_/bin/perl
PERL5LIB = /tmp/loop_over_bdir-2358-6BvucJ/Dpkg-1.22.6-0/blib/arch:/tmp/loop_over_bdir-2358-6BvucJ/Dpkg-1.22.6-0/blib/lib
PERL5OPT =
PERL5_CPANPLUS_IS_RUNNING = 2366
PERL5_CPAN_IS_RUNNING = 2366
PERL_CANARY_STABILITY_NOPROMPT = 1
PERL_MM_USE_DEFAULT = 1
PERL_USE_UNSAFE_INC = 1
SHELL = /usr/bin/zsh
TERM = screen
Perl special variables (and OS-specific diagnostics, for MSWin32):
$^X = /tmp/basesmoker-reloperl-1YF_/bin/perl
$UID/$EUID = 1005 / 1005
$GID = 1005 1005
$EGID = 1005 1005
Perl module toolchain versions installed:
Module Have
------------------- --------
CPAN 2.36
CPAN::Meta 2.150010
Cwd 3.90
ExtUtils::CBuilder 0.280240
ExtUtils::Command 7.70
ExtUtils::Install 2.22
ExtUtils::MakeMaker 7.70
ExtUtils::Manifest 1.75
ExtUtils::ParseXS 3.51
File::Spec 3.90
JSON 4.10
JSON::PP 4.16
Module::Build 0.4234
Module::Signature 0.88
Parse::CPAN::Meta 2.150010
Test2 1.302198
Test::Harness 3.48
Test::More 1.302198
YAML 1.31
YAML::Syck 1.34
version 0.9930
--
Summary of my perl5 (revision 5 version 39 subversion 8) configuration:
Commit id: 78455e6e7fa235411fb2b931eda9d816b5ea880f
Platform:
osname=linux
osvers=5.4.0-171-generic
archname=x86_64-linux-ld
uname='linux k93focal 5.4.0-171-generic #189-ubuntu smp fri jan 5 14:23:02 utc 2024 x86_64 x86_64 x86_64 gnulinux '
config_args='-Dprefix=/home/sand/src/perl/repoperls/installed-perls/host/k93focal/v5.39.8/d3e4 -Dmyhostname=k93focal -Dinstallusrbinperl=n -Uversiononly -Dusedevel -des -Ui_db -Dlibswanted=cl pthread socket inet nsl gdbm dbm malloc dl ld sun m crypt sec util c cposix posix ucb BSD gdbm_compat -Uuseithreads -Duselongdouble -DEBUGGING=both'
hint=recommended
useposix=true
d_sigaction=define
useithreads=undef
usemultiplicity=undef
use64bitint=define
use64bitall=define
uselongdouble=define
usemymalloc=n
default_inc_excludes_dot=define
Compiler:
cc='cc'
ccflags ='-fwrapv -DDEBUGGING -fno-strict-aliasing -pipe -fstack-protector-strong -I/usr/local/include -D_LARGEFILE_SOURCE -D_FILE_OFFSET_BITS=64'
optimize='-O2 -g'
cppflags='-fwrapv -DDEBUGGING -fno-strict-aliasing -pipe -fstack-protector-strong -I/usr/local/include'
ccversion=''
gccversion='9.4.0'
gccosandvers=''
intsize=4
longsize=8
ptrsize=8
doublesize=8
byteorder=12345678
doublekind=3
d_longlong=define
longlongsize=8
d_longdbl=define
longdblsize=16
longdblkind=3
ivtype='long'
ivsize=8
nvtype='long double'
nvsize=16
Off_t='off_t'
lseeksize=8
alignbytes=16
prototype=define
Linker and Libraries:
ld='cc'
ldflags =' -fstack-protector-strong -L/usr/local/lib'
libpth=/usr/local/lib /usr/lib/x86_64-linux-gnu /usr/lib /usr/lib64
libs=-lpthread -lnsl -ldl -lm -lcrypt -lutil -lc
perllibs=-lpthread -lnsl -ldl -lm -lcrypt -lutil -lc
libc=libc-2.31.so
so=so
useshrplib=false
libperl=libperl.a
gnulibc_version='2.31'
Dynamic Linking:
dlsrc=dl_dlopen.xs
dlext=so
d_dlsymun=undef
ccdlflags='-Wl,-E'
cccdlflags='-fPIC'
lddlflags='-shared -O2 -g -L/usr/local/lib -fstack-protector-strong'
Characteristics of this binary (from libperl):
Compile-time options:
DEBUGGING
HAS_LONG_DOUBLE
HAS_STRTOLD
HAS_TIMES
PERLIO_LAYERS
PERL_COPY_ON_WRITE
PERL_DONT_CREATE_GVSV
PERL_HASH_FUNC_SIPHASH13
PERL_HASH_USE_SBOX32
PERL_MALLOC_WRAP
PERL_OP_PARENT
PERL_PRESERVE_IVUV
PERL_USE_DEVEL
PERL_USE_SAFE_PUTENV
USE_64_BIT_ALL
USE_64_BIT_INT
USE_LARGE_FILES
USE_LOCALE
USE_LOCALE_COLLATE
USE_LOCALE_CTYPE
USE_LOCALE_NUMERIC
USE_LOCALE_TIME
USE_LONG_DOUBLE
USE_PERLIO
USE_PERL_ATOF
Built under linux
Compiled at Feb 24 2024 10:10:35
%ENV:
PERL="/tmp/basesmoker-reloperl-1YF_/bin/perl"
PERL5LIB="/tmp/loop_over_bdir-2358-6BvucJ/Dpkg-1.22.6-0/blib/arch:/tmp/loop_over_bdir-2358-6BvucJ/Dpkg-1.22.6-0/blib/lib"
PERL5OPT=""
PERL5_CPANPLUS_IS_RUNNING="2366"
PERL5_CPAN_IS_RUNNING="2366"
PERL_CANARY_STABILITY_NOPROMPT="1"
PERL_MM_USE_DEFAULT="1"
PERL_USE_UNSAFE_INC="1"
@INC:
/tmp/loop_over_bdir-2358-6BvucJ/Dpkg-1.22.6-0/blib/arch
/tmp/loop_over_bdir-2358-6BvucJ/Dpkg-1.22.6-0/blib/lib
/home/sand/src/perl/repoperls/installed-perls/host/k93focal/v5.39.8/d3e4/lib/site_perl/5.39.8/x86_64-linux-ld
/home/sand/src/perl/repoperls/installed-perls/host/k93focal/v5.39.8/d3e4/lib/site_perl/5.39.8
/home/sand/src/perl/repoperls/installed-perls/host/k93focal/v5.39.8/d3e4/lib/5.39.8/x86_64-linux-ld
/home/sand/src/perl/repoperls/installed-perls/host/k93focal/v5.39.8/d3e4/lib/5.39.8
.