CHI v0.61 Perl 5 v5.28.1 x86_64-linux
- Status
- Fail
- From
- Slaven Rezić
- Dist
-
CHI v0.61
- Platform
- Perl 5 v5.28.1 x86_64-linux
- Date
- 2021-11-21 20:13:07
- ID
- 711d68d2-4b07-11ec-b51a-a11d1f24ea8f
This distribution has been tested as part of the CPAN Testers
project, supporting the Perl programming language. See
http://wiki.cpantesters.org/ for more information or email
questions to cpan-testers-discuss@perl.org
--
Dear Alexander Becker,
This is a computer-generated report for CHI-0.61
on perl 5.28.1, created by CPAN-Reporter-1.2018.
Thank you for uploading your work to CPAN. However, there was a problem
testing your distribution.
If you think this report is invalid, please consult the CPAN Testers Wiki
for suggestions on how to avoid getting FAIL reports for missing library
or binary dependencies, unsupported operating systems, and so on:
http://wiki.cpantesters.org/wiki/CPANAuthorNotes
Sections of this report:
* Tester comments
* Program output
* Prerequisites
* Environment and other context
------------------------------
TESTER COMMENTS
------------------------------
Additional comments from tester:
none provided
------------------------------
PROGRAM OUTPUT
------------------------------
Output from '/usr/bin/make test':
PERL_DL_NONLAZY=1 "/opt/perl-5.28.1/bin/perl" "-MExtUtils::Command::MM" "-MTest::Harness" "-e" "undef *Test::Harness::Switches; test_harness(0, 'blib/lib', 'blib/arch')" t/*.t
# Testing CHI 0.61, Perl 5.028001, /opt/perl-5.28.1/bin/perl
t/00-load.t ............................. ok
t/author-03-pod.t ....................... skipped: these tests are for testing by the author
t/author-file-driver.t .................. skipped: these tests are for testing by the author
t/author-no-data-serializer.t ........... skipped: these tests are for testing by the author
t/author-RequiredModules.t .............. skipped: these tests are for testing by the author
t/Bugs.t ................................ ok
t/Config.t .............................. ok
t/Constants.t ........................... ok
# 40 is not between 59 and 99
# Failed test 'Memory:l1_cache size = 40'
# at /home/cpansand/.cpan/build/2021103123/CHI-0.61-3/blib/lib/CHI/t/Driver.pm line 1555.
# (in CHI::t::Driver::Memory->test_size_awareness_with_subcaches)
# 2 is not between 3 and 5
# Failed test 'Memory:l1_cache keys = 2'
# at /home/cpansand/.cpan/build/2021103123/CHI-0.61-3/blib/lib/CHI/t/Driver.pm line 1557.
# (in CHI::t::Driver::Memory->test_size_awareness_with_subcaches)
# Looks like you failed 2 tests of 1005.
t/Driver-Memory.t .......................
Dubious, test returned 2 (wstat 512, 0x200)
Failed 2/1005 subtests
t/Driver-RawMemory.t .................... ok
t/GetError.t ............................ ok
t/Initialize.t .......................... ok
t/release-dependent.t ................... skipped: these tests are for release candidate testing
t/Sanity.t .............................. ok
t/SetError.t ............................ ok
t/smoke-Driver-CacheCache.t ............. skipped: these tests are for "smoke bot" testing
t/smoke-Driver-FastMmap.t ............... skipped: these tests are for "smoke bot" testing
t/smoke-Driver-File-DepthZero.t ......... skipped: these tests are for "smoke bot" testing
t/smoke-Driver-File.t ................... skipped: these tests are for "smoke bot" testing
t/smoke-Driver-NonMoose.t ............... skipped: these tests are for "smoke bot" testing
t/smoke-Driver-Subcache-l1_cache.t ...... skipped: these tests are for "smoke bot" testing
t/smoke-Driver-Subcache-mirror_cache.t .. skipped: these tests are for "smoke bot" testing
t/smoke-Null.t .......................... skipped: these tests are for "smoke bot" testing
t/Subcache.t ............................ ok
t/Subclass.t ............................ ok
t/Util.t ................................ ok
Test Summary Report
-------------------
t/Driver-Memory.t (Wstat: 512 Tests: 1005 Failed: 2)
Failed tests: 994-995
Non-zero exit status: 2
Files=26, Tests=1924, 4 wallclock secs ( 0.34 usr 0.08 sys + 2.84 cusr 0.69 csys = 3.95 CPU)
Result: FAIL
Failed 1/26 test programs. 2/1924 subtests failed.
make: *** [Makefile:999: test_dynamic] Error 255
------------------------------
PREREQUISITES
------------------------------
Prerequisite modules loaded:
requires:
Module Need Have
------------------------------- -------- --------
Carp::Assert 0.20 0.21
Class::Load 0 0.25
Data::UUID 0 1.226
Digest::JHash 0 0.10
Digest::MD5 0 2.58
File::Spec 0.80 3.75
Hash::MoreUtils 0 0.06
JSON::MaybeXS 1.003003 1.004003
List::MoreUtils 0.13 0.428
Log::Any 0.08 1.710
Moo 1.003 2.005004
MooX::Types::MooseLike 0.23 0.29
MooX::Types::MooseLike::Base 0 0.29
MooX::Types::MooseLike::Numeric 0 1.03
Storable 0 3.25
String::RewritePrefix 0 0.007
Task::Weaken 0 1.06
Time::Duration 1.06 1.21
Time::Duration::Parse 0.03 0.16
Time::HiRes 1.30 1.9759
Try::Tiny 0.05 0.30
build_requires:
Module Need Have
------------------------------- -------- --------
Cache::FileCache 0 0
Date::Parse 0 2.30
ExtUtils::MakeMaker 0 7.34
Module::Mask 0 0.06
Test::Builder 0 1.302188
Test::Class 0 0.52
Test::Deep 0 1.128
Test::Exception 0 0.43
Test::More 0 1.302188
Test::Warn 0 0.36
configure_requires:
Module Need Have
------------------------------- -------- --------
ExtUtils::MakeMaker 0 7.34
------------------------------
ENVIRONMENT AND OTHER CONTEXT
------------------------------
Environment variables:
LANG = en_US.UTF-8
PATH = /usr/local/bin:/usr/bin:/bin:/usr/local/sbin:/usr/sbin:/sbin:/home/cpansand/bin/linux-gnu:/home/cpansand/bin/sh:/home/cpansand/bin:/usr/games:/home/cpansand/devel:/home/eserte/src/srezic-misc/scripts
PERL5LIB = /home/cpansand/.cpan/build/2021103123/Time-Duration-Parse-0.16-3/blib/arch:/home/cpansand/.cpan/build/2021103123/Time-Duration-Parse-0.16-3/blib/lib:/home/cpansand/.cpan/build/2021103123/Test-Class-0.52-3/blib/arch:/home/cpansand/.cpan/build/2021103123/Test-Class-0.52-3/blib/lib:/home/cpansand/.cpan/build/2021103123/MooX-Types-MooseLike-Numeric-1.03-3/blib/arch:/home/cpansand/.cpan/build/2021103123/MooX-Types-MooseLike-Numeric-1.03-3/blib/lib:/home/cpansand/.cpan/build/2021103123/Module-Mask-0.06-3/blib/arch:/home/cpansand/.cpan/build/2021103123/Module-Mask-0.06-3/blib/lib:/home/cpansand/.cpan/build/2021103123/Hash-MoreUtils-0.06-3/blib/arch:/home/cpansand/.cpan/build/2021103123/Hash-MoreUtils-0.06-3/blib/lib:/home/cpansand/.cpan/build/2021103123/Digest-JHash-0.10-3/blib/arch:/home/cpansand/.cpan/build/2021103123/Digest-JHash-0.10-3/blib/lib:/home/cpansand/.cpan/build/2021103123/Cache-Cache-1.08-3/blib/arch:/home/cpansand/.cpan/build/2021103123/Cache-Cache-1.08-3/blib/lib:/home/cpansand/.cpan/build/2021103123/Error-0.17029-2/blib/arch:/home/cpansand/.cpan/build/2021103123/Error-0.17029-2/blib/lib
PERL5OPT =
PERL5_CPANPLUS_IS_RUNNING = 607059
PERL5_CPAN_IS_RUNNING = 607059
PERL5_CPAN_IS_RUNNING_IN_RECURSION = 602521,607059
PERLDOC = -MPod::Perldoc::ToTextOverstrike
PERL_BATCH = yes
PERL_CANARY_STABILITY_NOPROMPT = 1
PERL_CPAN_REPORTER_CONFIG = /var/tmp/cpansmoker-1023/2021103123/cpanreporter_000_config.ini
PERL_EXTUTILS_AUTOINSTALL = --defaultdeps
PERL_USE_UNSAFE_INC = 1
SHELL = /usr/bin/zsh
TERM = screen
TMPDIR = /var/tmp/cpansmoker-1023/2021103123
Perl special variables (and OS-specific diagnostics, for MSWin32):
$^X = /opt/perl-5.28.1/bin/perl
$UID/$EUID = 1023 / 1023
$GID = 1023 1023
$EGID = 1023 1023
Perl module toolchain versions installed:
Module Have
------------------- --------
CPAN 2.20
CPAN::Meta 2.150010
Cwd 3.75
ExtUtils::CBuilder 0.280236
ExtUtils::Command 7.34
ExtUtils::Install 2.14
ExtUtils::MakeMaker 7.34
ExtUtils::Manifest 1.70
ExtUtils::ParseXS 3.39
File::Spec 3.75
JSON 4.03
JSON::PP 4.06
Module::Build 0.4231
Module::Signature 0.83
Parse::CPAN::Meta 2.150010
Test::Harness 3.42
Test::More 1.302188
YAML 1.27
YAML::Syck 1.31
version 0.9923
--
Summary of my perl5 (revision 5 version 28 subversion 1) configuration:
Platform:
osname=linux
osvers=4.18.16-200.fc28.x86_64
archname=x86_64-linux
uname='linux fedora-4gb-hel1-1 4.18.16-200.fc28.x86_64 #1 smp sat oct 20 23:53:47 utc 2018 x86_64 x86_64 x86_64 gnulinux '
config_args='-ds -e -Dprefix=/opt/perl-5.28.1 -Dcf_email=srezic@cpan.org'
hint=recommended
useposix=true
d_sigaction=define
useithreads=undef
usemultiplicity=undef
use64bitint=define
use64bitall=define
uselongdouble=undef
usemymalloc=n
default_inc_excludes_dot=define
bincompat5005=undef
Compiler:
cc='cc'
ccflags ='-fwrapv -fno-strict-aliasing -pipe -fstack-protector-strong -I/usr/local/include -D_LARGEFILE_SOURCE -D_FILE_OFFSET_BITS=64'
optimize='-O2'
cppflags='-fwrapv -fno-strict-aliasing -pipe -fstack-protector-strong -I/usr/local/include'
ccversion=''
gccversion='8.2.1 20181105 (Red Hat 8.2.1-5)'
gccosandvers=''
intsize=4
longsize=8
ptrsize=8
doublesize=8
byteorder=12345678
doublekind=3
d_longlong=define
longlongsize=8
d_longdbl=define
longdblsize=16
longdblkind=3
ivtype='long'
ivsize=8
nvtype='double'
nvsize=8
Off_t='off_t'
lseeksize=8
alignbytes=8
prototype=define
Linker and Libraries:
ld='cc'
ldflags =' -fstack-protector-strong -L/usr/local/lib'
libpth=/usr/local/lib /usr/lib /lib/../lib64 /usr/lib/../lib64 /lib /lib64 /usr/lib64 /usr/local/lib64
libs=-lpthread -ldb -ldl -lm -lcrypt -lutil -lc
perllibs=-lpthread -ldl -lm -lcrypt -lutil -lc
libc=libc-2.27.so
so=so
useshrplib=false
libperl=libperl.a
gnulibc_version='2.27'
Dynamic Linking:
dlsrc=dl_dlopen.xs
dlext=so
d_dlsymun=undef
ccdlflags='-Wl,-E'
cccdlflags='-fPIC'
lddlflags='-shared -O2 -L/usr/local/lib -fstack-protector-strong'
Characteristics of this binary (from libperl):
Compile-time options:
HAS_TIMES
PERLIO_LAYERS
PERL_COPY_ON_WRITE
PERL_DONT_CREATE_GVSV
PERL_MALLOC_WRAP
PERL_OP_PARENT
PERL_PRESERVE_IVUV
USE_64_BIT_ALL
USE_64_BIT_INT
USE_LARGE_FILES
USE_LOCALE
USE_LOCALE_COLLATE
USE_LOCALE_CTYPE
USE_LOCALE_NUMERIC
USE_LOCALE_TIME
USE_PERLIO
USE_PERL_ATOF
Built under linux
Compiled at Nov 29 2018 21:12:20
%ENV:
PERL5LIB="/home/cpansand/.cpan/build/2021103123/Time-Duration-Parse-0.16-3/blib/arch:/home/cpansand/.cpan/build/2021103123/Time-Duration-Parse-0.16-3/blib/lib:/home/cpansand/.cpan/build/2021103123/Test-Class-0.52-3/blib/arch:/home/cpansand/.cpan/build/2021103123/Test-Class-0.52-3/blib/lib:/home/cpansand/.cpan/build/2021103123/MooX-Types-MooseLike-Numeric-1.03-3/blib/arch:/home/cpansand/.cpan/build/2021103123/MooX-Types-MooseLike-Numeric-1.03-3/blib/lib:/home/cpansand/.cpan/build/2021103123/Module-Mask-0.06-3/blib/arch:/home/cpansand/.cpan/build/2021103123/Module-Mask-0.06-3/blib/lib:/home/cpansand/.cpan/build/2021103123/Hash-MoreUtils-0.06-3/blib/arch:/home/cpansand/.cpan/build/2021103123/Hash-MoreUtils-0.06-3/blib/lib:/home/cpansand/.cpan/build/2021103123/Digest-JHash-0.10-3/blib/arch:/home/cpansand/.cpan/build/2021103123/Digest-JHash-0.10-3/blib/lib:/home/cpansand/.cpan/build/2021103123/Cache-Cache-1.08-3/blib/arch:/home/cpansand/.cpan/build/2021103123/Cache-Cache-1.08-3/blib/lib:/home/cpansand/.cpan/build/2021103123/Error-0.17029-2/blib/arch:/home/cpansand/.cpan/build/2021103123/Error-0.17029-2/blib/lib"
PERL5OPT=""
PERL5_CPANPLUS_IS_RUNNING="607059"
PERL5_CPAN_IS_RUNNING="607059"
PERL5_CPAN_IS_RUNNING_IN_RECURSION="602521,607059"
PERLDOC="-MPod::Perldoc::ToTextOverstrike"
PERL_BATCH="yes"
PERL_CANARY_STABILITY_NOPROMPT="1"
PERL_CPAN_REPORTER_CONFIG="/var/tmp/cpansmoker-1023/2021103123/cpanreporter_000_config.ini"
PERL_EXTUTILS_AUTOINSTALL="--defaultdeps"
PERL_USE_UNSAFE_INC="1"
@INC:
/home/cpansand/.cpan/build/2021103123/Time-Duration-Parse-0.16-3/blib/arch
/home/cpansand/.cpan/build/2021103123/Time-Duration-Parse-0.16-3/blib/lib
/home/cpansand/.cpan/build/2021103123/Test-Class-0.52-3/blib/arch
/home/cpansand/.cpan/build/2021103123/Test-Class-0.52-3/blib/lib
/home/cpansand/.cpan/build/2021103123/MooX-Types-MooseLike-Numeric-1.03-3/blib/arch
/home/cpansand/.cpan/build/2021103123/MooX-Types-MooseLike-Numeric-1.03-3/blib/lib
/home/cpansand/.cpan/build/2021103123/Module-Mask-0.06-3/blib/arch
/home/cpansand/.cpan/build/2021103123/Module-Mask-0.06-3/blib/lib
/home/cpansand/.cpan/build/2021103123/Hash-MoreUtils-0.06-3/blib/arch
/home/cpansand/.cpan/build/2021103123/Hash-MoreUtils-0.06-3/blib/lib
/home/cpansand/.cpan/build/2021103123/Digest-JHash-0.10-3/blib/arch
/home/cpansand/.cpan/build/2021103123/Digest-JHash-0.10-3/blib/lib
/home/cpansand/.cpan/build/2021103123/Cache-Cache-1.08-3/blib/arch
/home/cpansand/.cpan/build/2021103123/Cache-Cache-1.08-3/blib/lib
/home/cpansand/.cpan/build/2021103123/Error-0.17029-2/blib/arch
/home/cpansand/.cpan/build/2021103123/Error-0.17029-2/blib/lib
/opt/perl-5.28.1/lib/site_perl/5.28.1/x86_64-linux
/opt/perl-5.28.1/lib/site_perl/5.28.1
/opt/perl-5.28.1/lib/5.28.1/x86_64-linux
/opt/perl-5.28.1/lib/5.28.1
.