Encode v3.20 Perl 5 v5.38.1 x86_64-linux-thread-multi
- Status
- Fail
- From
- Daniel Èuteu
- Dist
-
Encode v3.20
- Platform
- Perl 5 v5.38.1 x86_64-linux-thread-multi
- Date
- 2023-12-02 04:08:18
- ID
- 6c9ee160-90c8-11ee-b08e-e927ee6ac0cb
This distribution has been tested as part of the CPAN Testers
project, supporting the Perl programming language. See
http://wiki.cpantesters.org/ for more information or email
questions to cpan-testers-discuss@perl.org
--
Dear DANKOGAI,
This is a computer-generated report for Encode-3.20
on perl 5.38.1, created by App::cpanminus::reporter 0.21 (1.7047).
Thank you for uploading your work to CPAN. However, there was a problem
testing your distribution.
If you think this report is invalid, please consult the CPAN Testers Wiki
for suggestions on how to avoid getting FAIL reports for missing library
or binary dependencies, unsupported operating systems, and so on:
http://wiki.cpantesters.org/wiki/CPANAuthorNotes
Sections of this report:
* Tester comments
* Program output
* Prerequisites
* Environment and other context
------------------------------
TESTER COMMENTS
------------------------------
Additional comments from tester:
none provided
------------------------------
PROGRAM OUTPUT
------------------------------
Output from '':
Building and testing Encode-3.20
[proxychains] DLL init: proxychains-ng 4.16
[proxychains] DLL init: proxychains-ng 4.16
[proxychains] DLL init: proxychains-ng 4.16
[proxychains] DLL init: proxychains-ng 4.16
[proxychains] DLL init: proxychains-ng 4.16
[proxychains] DLL init: proxychains-ng 4.16
[proxychains] DLL init: proxychains-ng 4.16
[proxychains] DLL init: proxychains-ng 4.16
[proxychains] DLL init: proxychains-ng 4.16
[proxychains] DLL init: proxychains-ng 4.16
[proxychains] DLL init: proxychains-ng 4.16
[proxychains] DLL init: proxychains-ng 4.16
[proxychains] DLL init: proxychains-ng 4.16
[proxychains] DLL init: proxychains-ng 4.16
[proxychains] DLL init: proxychains-ng 4.16
[proxychains] DLL init: proxychains-ng 4.16
[proxychains] DLL init: proxychains-ng 4.16
[proxychains] DLL init: proxychains-ng 4.16
[proxychains] DLL init: proxychains-ng 4.16
[proxychains] DLL init: proxychains-ng 4.16
[proxychains] DLL init: proxychains-ng 4.16
[proxychains] DLL init: proxychains-ng 4.16
[proxychains] DLL init: proxychains-ng 4.16
[proxychains] DLL init: proxychains-ng 4.16
[proxychains] DLL init: proxychains-ng 4.16
[proxychains] DLL init: proxychains-ng 4.16
[proxychains] DLL init: proxychains-ng 4.16
[proxychains] DLL init: proxychains-ng 4.16
[proxychains] DLL init: proxychains-ng 4.16
[proxychains] DLL init: proxychains-ng 4.16
[proxychains] DLL init: proxychains-ng 4.16
[proxychains] DLL init: proxychains-ng 4.16
[proxychains] DLL init: proxychains-ng 4.16
[proxychains] DLL init: proxychains-ng 4.16
[proxychains] DLL init: proxychains-ng 4.16
[proxychains] DLL init: proxychains-ng 4.16
[proxychains] DLL init: proxychains-ng 4.16
Running Mkbootstrap for Encode ()
[proxychains] DLL init: proxychains-ng 4.16
[proxychains] DLL init: proxychains-ng 4.16
[proxychains] DLL init: proxychains-ng 4.16
[proxychains] DLL init: proxychains-ng 4.16
chmod 644 "Encode.bs"
[proxychains] DLL init: proxychains-ng 4.16
[proxychains] DLL init: proxychains-ng 4.16
"/usr/bin/perl" "/usr/share/perl5/site_perl/ExtUtils/xsubpp" -typemap '/usr/share/perl5/core_perl/ExtUtils/typemap' Encode.xs > Encode.xsc
[proxychains] DLL init: proxychains-ng 4.16
[proxychains] DLL init: proxychains-ng 4.16
cp Encode/ConfigLocal_PM.e2x blib/lib/Encode/ConfigLocal_PM.e2x
cp lib/Encode/Supported.pod blib/lib/Encode/Supported.pod
cp lib/Encode/Config.pm blib/lib/Encode/Config.pm
cp Encode/encode.h blib/lib/Encode/encode.h
cp Encode.pm blib/lib/Encode.pm
cp lib/Encode/MIME/Header.pm blib/lib/Encode/MIME/Header.pm
cp lib/Encode/GSM0338.pm blib/lib/Encode/GSM0338.pm
cp lib/Encode/KR/2022_KR.pm blib/lib/Encode/KR/2022_KR.pm
cp lib/Encode/Unicode/UTF7.pm blib/lib/Encode/Unicode/UTF7.pm
cp lib/Encode/Guess.pm blib/lib/Encode/Guess.pm
cp lib/Encode/PerlIO.pod blib/lib/Encode/PerlIO.pod
cp Encode/Makefile_PL.e2x blib/lib/Encode/Makefile_PL.e2x
cp lib/Encode/JP/H2Z.pm blib/lib/Encode/JP/H2Z.pm
cp lib/Encode/CN/HZ.pm blib/lib/Encode/CN/HZ.pm
cp Encode/_T.e2x blib/lib/Encode/_T.e2x
cp Encode/_PM.e2x blib/lib/Encode/_PM.e2x
cp Encode/Changes.e2x blib/lib/Encode/Changes.e2x
cp lib/Encode/JP/JIS7.pm blib/lib/Encode/JP/JIS7.pm
cp lib/Encode/Encoding.pm blib/lib/Encode/Encoding.pm
cp lib/Encode/MIME/Header/ISO_2022_JP.pm blib/lib/Encode/MIME/Header/ISO_2022_JP.pm
cp lib/Encode/Alias.pm blib/lib/Encode/Alias.pm
cp Encode/README.e2x blib/lib/Encode/README.e2x
cp lib/Encode/CJKConstants.pm blib/lib/Encode/CJKConstants.pm
cp lib/Encode/MIME/Name.pm blib/lib/Encode/MIME/Name.pm
cp encoding.pm blib/lib/encoding.pm
cp lib/Encode/Encoder.pm blib/lib/Encode/Encoder.pm
[proxychains] DLL init: proxychains-ng 4.16
"/usr/bin/perl" bin/enc2xs -"Q" -"O" -o def_t.c -f def_t.fnm
[proxychains] DLL init: proxychains-ng 4.16
[proxychains] DLL init: proxychains-ng 4.16
[proxychains] DLL init: proxychains-ng 4.16
[proxychains] DLL init: proxychains-ng 4.16
Reading iso-8859-1 (iso-8859-1)
Reading ascii (ascii)
Reading cp1252 (cp1252)
Reading ascii-ctrl (ascii-ctrl)
Reading null (null)
cc -c -I./Encode -D_REENTRANT -D_GNU_SOURCE -fwrapv -fno-strict-aliasing -pipe -fstack-protector-strong -I/usr/local/include -D_LARGEFILE_SOURCE -D_FILE_OFFSET_BITS=64 -Wpointer-sign -march=native -O3 -pipe -fno-plt -fstack-clash-protection -fcf-protection -DVERSION=\"3.20\" -DXS_VERSION=\"3.20\" -fPIC "-I/usr/lib/perl5/5.38/core_perl/CORE" encengine.c
[proxychains] DLL init: proxychains-ng 4.16
[proxychains] DLL init: proxychains-ng 4.16
mv Encode.xsc Encode.c
[proxychains] DLL init: proxychains-ng 4.16
[proxychains] DLL init: proxychains-ng 4.16
[proxychains] DLL init: proxychains-ng 4.16
[proxychains] DLL init: proxychains-ng 4.16
make[1]: Entering directory '/home/swampyx/.cpanm/work/1701489619.14072/Encode-3.20/Byte'
[proxychains] DLL init: proxychains-ng 4.16
[proxychains] DLL init: proxychains-ng 4.16
[proxychains] DLL init: proxychains-ng 4.16
[proxychains] DLL init: proxychains-ng 4.16
[proxychains] DLL init: proxychains-ng 4.16
[proxychains] DLL init: proxychains-ng 4.16
[proxychains] DLL init: proxychains-ng 4.16
[proxychains] DLL init: proxychains-ng 4.16
[proxychains] DLL init: proxychains-ng 4.16
[proxychains] DLL init: proxychains-ng 4.16
[proxychains] DLL init: proxychains-ng 4.16
[proxychains] DLL init: proxychains-ng 4.16
[proxychains] DLL init: proxychains-ng 4.16
[proxychains] DLL init: proxychains-ng 4.16
cp Byte.pm ../blib/lib/Encode/Byte.pm
[proxychains] DLL init: proxychains-ng 4.16
[proxychains] DLL init: proxychains-ng 4.16
[proxychains] DLL init: proxychains-ng 4.16
Running Mkbootstrap for Byte ()
[proxychains] DLL init: proxychains-ng 4.16
[proxychains] DLL init: proxychains-ng 4.16
[proxychains] DLL init: proxychains-ng 4.16
[proxychains] DLL init: proxychains-ng 4.16
chmod 644 "Byte.bs"
[proxychains] DLL init: proxychains-ng 4.16
[proxychains] DLL init: proxychains-ng 4.16
"/usr/bin/perl" ../bin/enc2xs -"Q" -"O" -o byte_t.c -f byte_t.fnm
[proxychains] DLL init: proxychains-ng 4.16
[proxychains] DLL init: proxychains-ng 4.16
Reading iso-8859-2 (iso-8859-2)
Reading iso-8859-3 (iso-8859-3)
Reading iso-8859-4 (iso-8859-4)
Reading iso-8859-5 (iso-8859-5)
Reading iso-8859-6 (iso-8859-6)
Reading iso-8859-7 (iso-8859-7)
Reading iso-8859-8 (iso-8859-8)
Reading iso-8859-9 (iso-8859-9)
Reading iso-8859-10 (iso-8859-10)
Reading iso-8859-11 (iso-8859-11)
Reading iso-8859-13 (iso-8859-13)
Reading iso-8859-14 (iso-8859-14)
Reading iso-8859-15 (iso-8859-15)
Reading iso-8859-16 (iso-8859-16)
Reading AdobeStandardEncoding (AdobeStandardEncoding)
Reading cp1006 (cp1006)
Reading cp1250 (cp1250)
Reading cp1251 (cp1251)
Reading cp1253 (cp1253)
Reading cp1254 (cp1254)
Reading cp1255 (cp1255)
Reading cp1256 (cp1256)
Reading cp1257 (cp1257)
Reading cp1258 (cp1258)
Reading cp424 (cp424)
Reading cp437 (cp437)
Reading cp737 (cp737)
Reading cp775 (cp775)
Reading cp850 (cp850)
Reading cp852 (cp852)
Reading cp855 (cp855)
Reading cp856 (cp856)
Reading cp857 (cp857)
Reading cp858 (cp858)
Reading cp860 (cp860)
Reading cp861 (cp861)
Reading cp862 (cp862)
Reading cp863 (cp863)
Reading cp864 (cp864)
Reading cp865 (cp865)
Reading cp866 (cp866)
Reading cp869 (cp869)
Reading cp874 (cp874)
Reading hp-roman8 (hp-roman8)
Reading koi8-f (koi8-f)
Reading koi8-r (koi8-r)
Reading koi8-u (koi8-u)
Reading MacArabic (MacArabic)
Reading MacCentralEurRoman (MacCentralEurRoman)
Reading MacCroatian (MacCroatian)
Reading MacCyrillic (MacCyrillic)
Reading MacFarsi (MacFarsi)
Reading MacGreek (MacGreek)
Reading MacHebrew (MacHebrew)
Reading MacIcelandic (MacIcelandic)
Reading MacRomanian (MacRomanian)
Reading MacRumanian (MacRumanian)
Reading MacRoman (MacRoman)
Reading MacSami (MacSami)
Reading MacThai (MacThai)
Reading MacTurkish (MacTurkish)
Reading MacUkrainian (MacUkrainian)
Reading nextstep (nextstep)
Reading viscii (viscii)
[proxychains] DLL init: proxychains-ng 4.16
[proxychains] DLL init: proxychains-ng 4.16
"/usr/bin/perl" -MExtUtils::Command::MM -e 'cp_nonempty' -- Byte.bs ../blib/arch/auto/Encode/Byte/Byte.bs 644
[proxychains] DLL init: proxychains-ng 4.16
[proxychains] DLL init: proxychains-ng 4.16
"/usr/bin/perl" "/usr/share/perl5/site_perl/ExtUtils/xsubpp" -nolinenumbers -typemap '/usr/share/perl5/core_perl/ExtUtils/typemap' Byte.xs > Byte.xsc
[proxychains] DLL init: proxychains-ng 4.16
[proxychains] DLL init: proxychains-ng 4.16
[proxychains] DLL init: proxychains-ng 4.16
[proxychains] DLL init: proxychains-ng 4.16
mv Byte.xsc Byte.c
[proxychains] DLL init: proxychains-ng 4.16
cc -c -I./Encode -I../Encode -D_REENTRANT -D_GNU_SOURCE -fwrapv -fno-strict-aliasing -pipe -fstack-protector-strong -I/usr/local/include -D_LARGEFILE_SOURCE -D_FILE_OFFSET_BITS=64 -Wpointer-sign -march=native -O3 -pipe -fno-plt -fstack-clash-protection -fcf-protection -DVERSION=\"2.04\" -DXS_VERSION=\"2.04\" -fPIC "-I/usr/lib/perl5/5.38/core_perl/CORE" byte_t.c
[proxychains] DLL init: proxychains-ng 4.16
[proxychains] DLL init: proxychains-ng 4.16
[proxychains] DLL init: proxychains-ng 4.16
[proxychains] DLL init: proxychains-ng 4.16
[proxychains] DLL init: proxychains-ng 4.16
[proxychains] DLL init: proxychains-ng 4.16
"/usr/bin/perl" -MExtUtils::Command::MM -e 'cp_nonempty' -- Encode.bs blib/arch/auto/Encode/Encode.bs 644
[proxychains] DLL init: proxychains-ng 4.16
[proxychains] DLL init: proxychains-ng 4.16
cc -c -I./Encode -D_REENTRANT -D_GNU_SOURCE -fwrapv -fno-strict-aliasing -pipe -fstack-protector-strong -I/usr/local/include -D_LARGEFILE_SOURCE -D_FILE_OFFSET_BITS=64 -Wpointer-sign -march=native -O3 -pipe -fno-plt -fstack-clash-protection -fcf-protection -DVERSION=\"3.20\" -DXS_VERSION=\"3.20\" -fPIC "-I/usr/lib/perl5/5.38/core_perl/CORE" Encode.c
[proxychains] DLL init: proxychains-ng 4.16
[proxychains] DLL init: proxychains-ng 4.16
[proxychains] DLL init: proxychains-ng 4.16
[proxychains] DLL init: proxychains-ng 4.16
[proxychains] DLL init: proxychains-ng 4.16
[proxychains] DLL init: proxychains-ng 4.16
cc -c -I./Encode -I../Encode -D_REENTRANT -D_GNU_SOURCE -fwrapv -fno-strict-aliasing -pipe -fstack-protector-strong -I/usr/local/include -D_LARGEFILE_SOURCE -D_FILE_OFFSET_BITS=64 -Wpointer-sign -march=native -O3 -pipe -fno-plt -fstack-clash-protection -fcf-protection -DVERSION=\"2.04\" -DXS_VERSION=\"2.04\" -fPIC "-I/usr/lib/perl5/5.38/core_perl/CORE" Byte.c
[proxychains] DLL init: proxychains-ng 4.16
[proxychains] DLL init: proxychains-ng 4.16
[proxychains] DLL init: proxychains-ng 4.16
[proxychains] DLL init: proxychains-ng 4.16
[proxychains] DLL init: proxychains-ng 4.16
[proxychains] DLL init: proxychains-ng 4.16
rm -f ../blib/arch/auto/Encode/Byte/Byte.so
[proxychains] DLL init: proxychains-ng 4.16
cc -shared -Wl,-O1,--sort-common,--as-needed,-z,relro,-z,now -flto=auto -L/usr/local/lib -fstack-protector-strong Byte.o byte_t.o -o ../blib/arch/auto/Encode/Byte/Byte.so \
\
[proxychains] DLL init: proxychains-ng 4.16
[proxychains] DLL init: proxychains-ng 4.16
[proxychains] DLL init: proxychains-ng 4.16
[proxychains] DLL init: proxychains-ng 4.16
chmod 755 ../blib/arch/auto/Encode/Byte/Byte.so
[proxychains] DLL init: proxychains-ng 4.16
[proxychains] DLL init: proxychains-ng 4.16
[proxychains] DLL init: proxychains-ng 4.16
[proxychains] DLL init: proxychains-ng 4.16
[proxychains] DLL init: proxychains-ng 4.16
[proxychains] DLL init: proxychains-ng 4.16
[proxychains] DLL init: proxychains-ng 4.16
make[1]: Leaving directory '/home/swampyx/.cpanm/work/1701489619.14072/Encode-3.20/Byte'
cc -c -I./Encode -D_REENTRANT -D_GNU_SOURCE -fwrapv -fno-strict-aliasing -pipe -fstack-protector-strong -I/usr/local/include -D_LARGEFILE_SOURCE -D_FILE_OFFSET_BITS=64 -Wpointer-sign -march=native -O3 -pipe -fno-plt -fstack-clash-protection -fcf-protection -DVERSION=\"3.20\" -DXS_VERSION=\"3.20\" -fPIC "-I/usr/lib/perl5/5.38/core_perl/CORE" def_t.c
[proxychains] DLL init: proxychains-ng 4.16
[proxychains] DLL init: proxychains-ng 4.16
[proxychains] DLL init: proxychains-ng 4.16
[proxychains] DLL init: proxychains-ng 4.16
[proxychains] DLL init: proxychains-ng 4.16
[proxychains] DLL init: proxychains-ng 4.16
[proxychains] DLL init: proxychains-ng 4.16
[proxychains] DLL init: proxychains-ng 4.16
make[1]: Entering directory '/home/swampyx/.cpanm/work/1701489619.14072/Encode-3.20/CN'
[proxychains] DLL init: proxychains-ng 4.16
[proxychains] DLL init: proxychains-ng 4.16
[proxychains] DLL init: proxychains-ng 4.16
[proxychains] DLL init: proxychains-ng 4.16
[proxychains] DLL init: proxychains-ng 4.16
[proxychains] DLL init: proxychains-ng 4.16
[proxychains] DLL init: proxychains-ng 4.16
[proxychains] DLL init: proxychains-ng 4.16
[proxychains] DLL init: proxychains-ng 4.16
[proxychains] DLL init: proxychains-ng 4.16
cp CN.pm ../blib/lib/Encode/CN.pm
[proxychains] DLL init: proxychains-ng 4.16
[proxychains] DLL init: proxychains-ng 4.16
[proxychains] DLL init: proxychains-ng 4.16
Running Mkbootstrap for CN ()
[proxychains] DLL init: proxychains-ng 4.16
[proxychains] DLL init: proxychains-ng 4.16
[proxychains] DLL init: proxychains-ng 4.16
[proxychains] DLL init: proxychains-ng 4.16
chmod 644 "CN.bs"
[proxychains] DLL init: proxychains-ng 4.16
[proxychains] DLL init: proxychains-ng 4.16
"/usr/bin/perl" ../bin/enc2xs -"Q" -o cp_00_t.c -f cp_00_t.fnm
[proxychains] DLL init: proxychains-ng 4.16
[proxychains] DLL init: proxychains-ng 4.16
Reading cp936 (cp936)
"/usr/bin/perl" ../bin/enc2xs -"Q" -o eu_01_t.c -f eu_01_t.fnm
[proxychains] DLL init: proxychains-ng 4.16
[proxychains] DLL init: proxychains-ng 4.16
[proxychains] DLL init: proxychains-ng 4.16
[proxychains] DLL init: proxychains-ng 4.16
[proxychains] DLL init: proxychains-ng 4.16
[proxychains] DLL init: proxychains-ng 4.16
rm -f blib/arch/auto/Encode/Encode.so
[proxychains] DLL init: proxychains-ng 4.16
cc -shared -Wl,-O1,--sort-common,--as-needed,-z,relro,-z,now -flto=auto -L/usr/local/lib -fstack-protector-strong Encode.o def_t.o encengine.o -o blib/arch/auto/Encode/Encode.so \
\
[proxychains] DLL init: proxychains-ng 4.16
[proxychains] DLL init: proxychains-ng 4.16
[proxychains] DLL init: proxychains-ng 4.16
[proxychains] DLL init: proxychains-ng 4.16
chmod 755 blib/arch/auto/Encode/Encode.so
[proxychains] DLL init: proxychains-ng 4.16
[proxychains] DLL init: proxychains-ng 4.16
[proxychains] DLL init: proxychains-ng 4.16
[proxychains] DLL init: proxychains-ng 4.16
"/usr/bin/perl" ../bin/enc2xs -"Q" -o gb_02_t.c -f gb_02_t.fnm
[proxychains] DLL init: proxychains-ng 4.16
[proxychains] DLL init: proxychains-ng 4.16
Reading euc-cn (euc-cn)
"/usr/bin/perl" ../bin/enc2xs -"Q" -o gb_03_t.c -f gb_03_t.fnm
[proxychains] DLL init: proxychains-ng 4.16
[proxychains] DLL init: proxychains-ng 4.16
Reading gb12345-raw (gb12345-raw)
"/usr/bin/perl" ../bin/enc2xs -"Q" -o ir_04_t.c -f ir_04_t.fnm
[proxychains] DLL init: proxychains-ng 4.16
[proxychains] DLL init: proxychains-ng 4.16
Reading gb2312-raw (gb2312-raw)
"/usr/bin/perl" ../bin/enc2xs -"Q" -o ma_05_t.c -f ma_05_t.fnm
[proxychains] DLL init: proxychains-ng 4.16
[proxychains] DLL init: proxychains-ng 4.16
Reading iso-ir-165 (iso-ir-165)
Reading MacChineseSimp (MacChineseSimp)
cc -c -I./Encode -I../Encode -D_REENTRANT -D_GNU_SOURCE -fwrapv -fno-strict-aliasing -pipe -fstack-protector-strong -I/usr/local/include -D_LARGEFILE_SOURCE -D_FILE_OFFSET_BITS=64 -Wpointer-sign -march=native -O3 -pipe -fno-plt -fstack-clash-protection -fcf-protection -DVERSION=\"2.03\" -DXS_VERSION=\"2.03\" -fPIC "-I/usr/lib/perl5/5.38/core_perl/CORE" cp_00_t.c
[proxychains] DLL init: proxychains-ng 4.16
cc -c -I./Encode -I../Encode -D_REENTRANT -D_GNU_SOURCE -fwrapv -fno-strict-aliasing -pipe -fstack-protector-strong -I/usr/local/include -D_LARGEFILE_SOURCE -D_FILE_OFFSET_BITS=64 -Wpointer-sign -march=native -O3 -pipe -fno-plt -fstack-clash-protection -fcf-protection -DVERSION=\"2.03\" -DXS_VERSION=\"2.03\" -fPIC "-I/usr/lib/perl5/5.38/core_perl/CORE" eu_01_t.c
[proxychains] DLL init: proxychains-ng 4.16
[proxychains] DLL init: proxychains-ng 4.16
[proxychains] DLL init: proxychains-ng 4.16
[proxychains] DLL init: proxychains-ng 4.16
[proxychains] DLL init: proxychains-ng 4.16
[proxychains] DLL init: proxychains-ng 4.16
cc -c -I./Encode -I../Encode -D_REENTRANT -D_GNU_SOURCE -fwrapv -fno-strict-aliasing -pipe -fstack-protector-strong -I/usr/local/include -D_LARGEFILE_SOURCE -D_FILE_OFFSET_BITS=64 -Wpointer-sign -march=native -O3 -pipe -fno-plt -fstack-clash-protection -fcf-protection -DVERSION=\"2.03\" -DXS_VERSION=\"2.03\" -fPIC "-I/usr/lib/perl5/5.38/core_perl/CORE" gb_02_t.c
[proxychains] DLL init: proxychains-ng 4.16
[proxychains] DLL init: proxychains-ng 4.16
[proxychains] DLL init: proxychains-ng 4.16
[proxychains] DLL init: proxychains-ng 4.16
[proxychains] DLL init: proxychains-ng 4.16
cc -c -I./Encode -I../Encode -D_REENTRANT -D_GNU_SOURCE -fwrapv -fno-strict-aliasing -pipe -fstack-protector-strong -I/usr/local/include -D_LARGEFILE_SOURCE -D_FILE_OFFSET_BITS=64 -Wpointer-sign -march=native -O3 -pipe -fno-plt -fstack-clash-protection -fcf-protection -DVERSION=\"2.03\" -DXS_VERSION=\"2.03\" -fPIC "-I/usr/lib/perl5/5.38/core_perl/CORE" gb_03_t.c
[proxychains] DLL init: proxychains-ng 4.16
[proxychains] DLL init: proxychains-ng 4.16
[proxychains] DLL init: proxychains-ng 4.16
[proxychains] DLL init: proxychains-ng 4.16
[proxychains] DLL init: proxychains-ng 4.16
cc -c -I./Encode -I../Encode -D_REENTRANT -D_GNU_SOURCE -fwrapv -fno-strict-aliasing -pipe -fstack-protector-strong -I/usr/local/include -D_LARGEFILE_SOURCE -D_FILE_OFFSET_BITS=64 -Wpointer-sign -march=native -O3 -pipe -fno-plt -fstack-clash-protection -fcf-protection -DVERSION=\"2.03\" -DXS_VERSION=\"2.03\" -fPIC "-I/usr/lib/perl5/5.38/core_perl/CORE" ir_04_t.c
[proxychains] DLL init: proxychains-ng 4.16
[proxychains] DLL init: proxychains-ng 4.16
[proxychains] DLL init: proxychains-ng 4.16
[proxychains] DLL init: proxychains-ng 4.16
[proxychains] DLL init: proxychains-ng 4.16
cc -c -I./Encode -I../Encode -D_REENTRANT -D_GNU_SOURCE -fwrapv -fno-strict-aliasing -pipe -fstack-protector-strong -I/usr/local/include -D_LARGEFILE_SOURCE -D_FILE_OFFSET_BITS=64 -Wpointer-sign -march=native -O3 -pipe -fno-plt -fstack-clash-protection -fcf-protection -DVERSION=\"2.03\" -DXS_VERSION=\"2.03\" -fPIC "-I/usr/lib/perl5/5.38/core_perl/CORE" ma_05_t.c
[proxychains] DLL init: proxychains-ng 4.16
[proxychains] DLL init: proxychains-ng 4.16
[proxychains] DLL init: proxychains-ng 4.16
[proxychains] DLL init: proxychains-ng 4.16
[proxychains] DLL init: proxychains-ng 4.16
[proxychains] DLL init: proxychains-ng 4.16
[proxychains] DLL init: proxychains-ng 4.16
[proxychains] DLL init: proxychains-ng 4.16
[proxychains] DLL init: proxychains-ng 4.16
[proxychains] DLL init: proxychains-ng 4.16
"/usr/bin/perl" -MExtUtils::Command::MM -e 'cp_nonempty' -- CN.bs ../blib/arch/auto/Encode/CN/CN.bs 644
[proxychains] DLL init: proxychains-ng 4.16
"/usr/bin/perl" "/usr/share/perl5/site_perl/ExtUtils/xsubpp" -noprototypes -nolinenumbers -typemap '/usr/share/perl5/core_perl/ExtUtils/typemap' CN.xs > CN.xsc
[proxychains] DLL init: proxychains-ng 4.16
[proxychains] DLL init: proxychains-ng 4.16
[proxychains] DLL init: proxychains-ng 4.16
[proxychains] DLL init: proxychains-ng 4.16
[proxychains] DLL init: proxychains-ng 4.16
[proxychains] DLL init: proxychains-ng 4.16
[proxychains] DLL init: proxychains-ng 4.16
mv CN.xsc CN.c
[proxychains] DLL init: proxychains-ng 4.16
cc -c -I./Encode -I../Encode -D_REENTRANT -D_GNU_SOURCE -fwrapv -fno-strict-aliasing -pipe -fstack-protector-strong -I/usr/local/include -D_LARGEFILE_SOURCE -D_FILE_OFFSET_BITS=64 -Wpointer-sign -march=native -O3 -pipe -fno-plt -fstack-clash-protection -fcf-protection -DVERSION=\"2.03\" -DXS_VERSION=\"2.03\" -fPIC "-I/usr/lib/perl5/5.38/core_perl/CORE" CN.c
[proxychains] DLL init: proxychains-ng 4.16
[proxychains] DLL init: proxychains-ng 4.16
[proxychains] DLL init: proxychains-ng 4.16
[proxychains] DLL init: proxychains-ng 4.16
[proxychains] DLL init: proxychains-ng 4.16
rm -f ../blib/arch/auto/Encode/CN/CN.so
[proxychains] DLL init: proxychains-ng 4.16
cc -shared -Wl,-O1,--sort-common,--as-needed,-z,relro,-z,now -flto=auto -L/usr/local/lib -fstack-protector-strong CN.o cp_00_t.o eu_01_t.o gb_02_t.o gb_03_t.o ir_04_t.o ma_05_t.o -o ../blib/arch/auto/Encode/CN/CN.so \
\
[proxychains] DLL init: proxychains-ng 4.16
[proxychains] DLL init: proxychains-ng 4.16
[proxychains] DLL init: proxychains-ng 4.16
[proxychains] DLL init: proxychains-ng 4.16
chmod 755 ../blib/arch/auto/Encode/CN/CN.so
[proxychains] DLL init: proxychains-ng 4.16
[proxychains] DLL init: proxychains-ng 4.16
[proxychains] DLL init: proxychains-ng 4.16
[proxychains] DLL init: proxychains-ng 4.16
[proxychains] DLL init: proxychains-ng 4.16
[proxychains] DLL init: proxychains-ng 4.16
[proxychains] DLL init: proxychains-ng 4.16
make[1]: Leaving directory '/home/swampyx/.cpanm/work/1701489619.14072/Encode-3.20/CN'
[proxychains] DLL init: proxychains-ng 4.16
[proxychains] DLL init: proxychains-ng 4.16
make[1]: Entering directory '/home/swampyx/.cpanm/work/1701489619.14072/Encode-3.20/EBCDIC'
[proxychains] DLL init: proxychains-ng 4.16
[proxychains] DLL init: proxychains-ng 4.16
[proxychains] DLL init: proxychains-ng 4.16
[proxychains] DLL init: proxychains-ng 4.16
[proxychains] DLL init: proxychains-ng 4.16
[proxychains] DLL init: proxychains-ng 4.16
[proxychains] DLL init: proxychains-ng 4.16
[proxychains] DLL init: proxychains-ng 4.16
[proxychains] DLL init: proxychains-ng 4.16
[proxychains] DLL init: proxychains-ng 4.16
[proxychains] DLL init: proxychains-ng 4.16
[proxychains] DLL init: proxychains-ng 4.16
Running Mkbootstrap for EBCDIC ()
[proxychains] DLL init: proxychains-ng 4.16
[proxychains] DLL init: proxychains-ng 4.16
[proxychains] DLL init: proxychains-ng 4.16
[proxychains] DLL init: proxychains-ng 4.16
chmod 644 "EBCDIC.bs"
[proxychains] DLL init: proxychains-ng 4.16
[proxychains] DLL init: proxychains-ng 4.16
"/usr/bin/perl" ../bin/enc2xs -"Q" -"O" -o ebcdic_t.c -f ebcdic_t.fnm
[proxychains] DLL init: proxychains-ng 4.16
[proxychains] DLL init: proxychains-ng 4.16
cp EBCDIC.pm ../blib/lib/Encode/EBCDIC.pm
[proxychains] DLL init: proxychains-ng 4.16
[proxychains] DLL init: proxychains-ng 4.16
[proxychains] DLL init: proxychains-ng 4.16
"/usr/bin/perl" -MExtUtils::Command::MM -e 'cp_nonempty' -- EBCDIC.bs ../blib/arch/auto/Encode/EBCDIC/EBCDIC.bs 644
[proxychains] DLL init: proxychains-ng 4.16
[proxychains] DLL init: proxychains-ng 4.16
[proxychains] DLL init: proxychains-ng 4.16
[proxychains] DLL init: proxychains-ng 4.16
Reading cp37 (cp37)
Reading cp1026 (cp1026)
Reading cp1047 (cp1047)
Reading cp500 (cp500)
Reading cp875 (cp875)
Reading posix-bc (posix-bc)
"/usr/bin/perl" "/usr/share/perl5/site_perl/ExtUtils/xsubpp" -nolinenumbers -typemap '/usr/share/perl5/core_perl/ExtUtils/typemap' EBCDIC.xs > EBCDIC.xsc
cc -c -I./Encode -I../Encode -D_REENTRANT -D_GNU_SOURCE -fwrapv -fno-strict-aliasing -pipe -fstack-protector-strong -I/usr/local/include -D_LARGEFILE_SOURCE -D_FILE_OFFSET_BITS=64 -Wpointer-sign -march=native -O3 -pipe -fno-plt -fstack-clash-protection -fcf-protection -DVERSION=\"2.02\" -DXS_VERSION=\"2.02\" -fPIC "-I/usr/lib/perl5/5.38/core_perl/CORE" ebcdic_t.c
[proxychains] DLL init: proxychains-ng 4.16
[proxychains] DLL init: proxychains-ng 4.16
[proxychains] DLL init: proxychains-ng 4.16
[proxychains] DLL init: proxychains-ng 4.16
[proxychains] DLL init: proxychains-ng 4.16
[proxychains] DLL init: proxychains-ng 4.16
[proxychains] DLL init: proxychains-ng 4.16
[proxychains] DLL init: proxychains-ng 4.16
[proxychains] DLL init: proxychains-ng 4.16
mv EBCDIC.xsc EBCDIC.c
[proxychains] DLL init: proxychains-ng 4.16
cc -c -I./Encode -I../Encode -D_REENTRANT -D_GNU_SOURCE -fwrapv -fno-strict-aliasing -pipe -fstack-protector-strong -I/usr/local/include -D_LARGEFILE_SOURCE -D_FILE_OFFSET_BITS=64 -Wpointer-sign -march=native -O3 -pipe -fno-plt -fstack-clash-protection -fcf-protection -DVERSION=\"2.02\" -DXS_VERSION=\"2.02\" -fPIC "-I/usr/lib/perl5/5.38/core_perl/CORE" EBCDIC.c
[proxychains] DLL init: proxychains-ng 4.16
[proxychains] DLL init: proxychains-ng 4.16
[proxychains] DLL init: proxychains-ng 4.16
[proxychains] DLL init: proxychains-ng 4.16
[proxychains] DLL init: proxychains-ng 4.16
rm -f ../blib/arch/auto/Encode/EBCDIC/EBCDIC.so
[proxychains] DLL init: proxychains-ng 4.16
cc -shared -Wl,-O1,--sort-common,--as-needed,-z,relro,-z,now -flto=auto -L/usr/local/lib -fstack-protector-strong EBCDIC.o ebcdic_t.o -o ../blib/arch/auto/Encode/EBCDIC/EBCDIC.so \
\
[proxychains] DLL init: proxychains-ng 4.16
[proxychains] DLL init: proxychains-ng 4.16
[proxychains] DLL init: proxychains-ng 4.16
[proxychains] DLL init: proxychains-ng 4.16
chmod 755 ../blib/arch/auto/Encode/EBCDIC/EBCDIC.so
[proxychains] DLL init: proxychains-ng 4.16
[proxychains] DLL init: proxychains-ng 4.16
[proxychains] DLL init: proxychains-ng 4.16
[proxychains] DLL init: proxychains-ng 4.16
[proxychains] DLL init: proxychains-ng 4.16
[proxychains] DLL init: proxychains-ng 4.16
[proxychains] DLL init: proxychains-ng 4.16
make[1]: Leaving directory '/home/swampyx/.cpanm/work/1701489619.14072/Encode-3.20/EBCDIC'
[proxychains] DLL init: proxychains-ng 4.16
[proxychains] DLL init: proxychains-ng 4.16
make[1]: Entering directory '/home/swampyx/.cpanm/work/1701489619.14072/Encode-3.20/JP'
[proxychains] DLL init: proxychains-ng 4.16
[proxychains] DLL init: proxychains-ng 4.16
[proxychains] DLL init: proxychains-ng 4.16
[proxychains] DLL init: proxychains-ng 4.16
[proxychains] DLL init: proxychains-ng 4.16
[proxychains] DLL init: proxychains-ng 4.16
[proxychains] DLL init: proxychains-ng 4.16
[proxychains] DLL init: proxychains-ng 4.16
[proxychains] DLL init: proxychains-ng 4.16
[proxychains] DLL init: proxychains-ng 4.16
[proxychains] DLL init: proxychains-ng 4.16
[proxychains] DLL init: proxychains-ng 4.16
Running Mkbootstrap for JP ()
[proxychains] DLL init: proxychains-ng 4.16
[proxychains] DLL init: proxychains-ng 4.16
[proxychains] DLL init: proxychains-ng 4.16
[proxychains] DLL init: proxychains-ng 4.16
chmod 644 "JP.bs"
[proxychains] DLL init: proxychains-ng 4.16
[proxychains] DLL init: proxychains-ng 4.16
"/usr/bin/perl" ../bin/enc2xs -"Q" -o cp_00_t.c -f cp_00_t.fnm
[proxychains] DLL init: proxychains-ng 4.16
[proxychains] DLL init: proxychains-ng 4.16
cp JP.pm ../blib/lib/Encode/JP.pm
[proxychains] DLL init: proxychains-ng 4.16
"/usr/bin/perl" ../bin/enc2xs -"Q" -o eu_01_t.c -f eu_01_t.fnm
[proxychains] DLL init: proxychains-ng 4.16
[proxychains] DLL init: proxychains-ng 4.16
Reading cp932 (cp932)
"/usr/bin/perl" ../bin/enc2xs -"Q" -o ji_02_t.c -f ji_02_t.fnm
[proxychains] DLL init: proxychains-ng 4.16
[proxychains] DLL init: proxychains-ng 4.16
Reading jis0201-raw (jis0201-raw)
"/usr/bin/perl" ../bin/enc2xs -"Q" -o ji_03_t.c -f ji_03_t.fnm
[proxychains] DLL init: proxychains-ng 4.16
[proxychains] DLL init: proxychains-ng 4.16
Reading jis0208-raw (jis0208-raw)
"/usr/bin/perl" ../bin/enc2xs -"Q" -o ji_04_t.c -f ji_04_t.fnm
[proxychains] DLL init: proxychains-ng 4.16
[proxychains] DLL init: proxychains-ng 4.16
Reading euc-jp (euc-jp)
"/usr/bin/perl" ../bin/enc2xs -"Q" -o ma_05_t.c -f ma_05_t.fnm
[proxychains] DLL init: proxychains-ng 4.16
[proxychains] DLL init: proxychains-ng 4.16
Reading jis0212-raw (jis0212-raw)
"/usr/bin/perl" ../bin/enc2xs -"Q" -o sh_06_t.c -f sh_06_t.fnm
[proxychains] DLL init: proxychains-ng 4.16
[proxychains] DLL init: proxychains-ng 4.16
Reading MacJapanese (MacJapanese)
cc -c -I./Encode -I../Encode -D_REENTRANT -D_GNU_SOURCE -fwrapv -fno-strict-aliasing -pipe -fstack-protector-strong -I/usr/local/include -D_LARGEFILE_SOURCE -D_FILE_OFFSET_BITS=64 -Wpointer-sign -march=native -O3 -pipe -fno-plt -fstack-clash-protection -fcf-protection -DVERSION=\"2.05\" -DXS_VERSION=\"2.05\" -fPIC "-I/usr/lib/perl5/5.38/core_perl/CORE" cp_00_t.c
[proxychains] DLL init: proxychains-ng 4.16
[proxychains] DLL init: proxychains-ng 4.16
Reading shiftjis (shiftjis)
cc -c -I./Encode -I../Encode -D_REENTRANT -D_GNU_SOURCE -fwrapv -fno-strict-aliasing -pipe -fstack-protector-strong -I/usr/local/include -D_LARGEFILE_SOURCE -D_FILE_OFFSET_BITS=64 -Wpointer-sign -march=native -O3 -pipe -fno-plt -fstack-clash-protection -fcf-protection -DVERSION=\"2.05\" -DXS_VERSION=\"2.05\" -fPIC "-I/usr/lib/perl5/5.38/core_perl/CORE" eu_01_t.c
[proxychains] DLL init: proxychains-ng 4.16
[proxychains] DLL init: proxychains-ng 4.16
[proxychains] DLL init: proxychains-ng 4.16
[proxychains] DLL init: proxychains-ng 4.16
[proxychains] DLL init: proxychains-ng 4.16
cc -c -I./Encode -I../Encode -D_REENTRANT -D_GNU_SOURCE -fwrapv -fno-strict-aliasing -pipe -fstack-protector-strong -I/usr/local/include -D_LARGEFILE_SOURCE -D_FILE_OFFSET_BITS=64 -Wpointer-sign -march=native -O3 -pipe -fno-plt -fstack-clash-protection -fcf-protection -DVERSION=\"2.05\" -DXS_VERSION=\"2.05\" -fPIC "-I/usr/lib/perl5/5.38/core_perl/CORE" ji_02_t.c
[proxychains] DLL init: proxychains-ng 4.16
[proxychains] DLL init: proxychains-ng 4.16
[proxychains] DLL init: proxychains-ng 4.16
[proxychains] DLL init: proxychains-ng 4.16
[proxychains] DLL init: proxychains-ng 4.16
cc -c -I./Encode -I../Encode -D_REENTRANT -D_GNU_SOURCE -fwrapv -fno-strict-aliasing -pipe -fstack-protector-strong -I/usr/local/include -D_LARGEFILE_SOURCE -D_FILE_OFFSET_BITS=64 -Wpointer-sign -march=native -O3 -pipe -fno-plt -fstack-clash-protection -fcf-protection -DVERSION=\"2.05\" -DXS_VERSION=\"2.05\" -fPIC "-I/usr/lib/perl5/5.38/core_perl/CORE" ji_03_t.c
[proxychains] DLL init: proxychains-ng 4.16
[proxychains] DLL init: proxychains-ng 4.16
[proxychains] DLL init: proxychains-ng 4.16
[proxychains] DLL init: proxychains-ng 4.16
[proxychains] DLL init: proxychains-ng 4.16
cc -c -I./Encode -I../Encode -D_REENTRANT -D_GNU_SOURCE -fwrapv -fno-strict-aliasing -pipe -fstack-protector-strong -I/usr/local/include -D_LARGEFILE_SOURCE -D_FILE_OFFSET_BITS=64 -Wpointer-sign -march=native -O3 -pipe -fno-plt -fstack-clash-protection -fcf-protection -DVERSION=\"2.05\" -DXS_VERSION=\"2.05\" -fPIC "-I/usr/lib/perl5/5.38/core_perl/CORE" ji_04_t.c
[proxychains] DLL init: proxychains-ng 4.16
[proxychains] DLL init: proxychains-ng 4.16
[proxychains] DLL init: proxychains-ng 4.16
[proxychains] DLL init: proxychains-ng 4.16
[proxychains] DLL init: proxychains-ng 4.16
cc -c -I./Encode -I../Encode -D_REENTRANT -D_GNU_SOURCE -fwrapv -fno-strict-aliasing -pipe -fstack-protector-strong -I/usr/local/include -D_LARGEFILE_SOURCE -D_FILE_OFFSET_BITS=64 -Wpointer-sign -march=native -O3 -pipe -fno-plt -fstack-clash-protection -fcf-protection -DVERSION=\"2.05\" -DXS_VERSION=\"2.05\" -fPIC "-I/usr/lib/perl5/5.38/core_perl/CORE" ma_05_t.c
[proxychains] DLL init: proxychains-ng 4.16
[proxychains] DLL init: proxychains-ng 4.16
[proxychains] DLL init: proxychains-ng 4.16
[proxychains] DLL init: proxychains-ng 4.16
[proxychains] DLL init: proxychains-ng 4.16
cc -c -I./Encode -I../Encode -D_REENTRANT -D_GNU_SOURCE -fwrapv -fno-strict-aliasing -pipe -fstack-protector-strong -I/usr/local/include -D_LARGEFILE_SOURCE -D_FILE_OFFSET_BITS=64 -Wpointer-sign -march=native -O3 -pipe -fno-plt -fstack-clash-protection -fcf-protection -DVERSION=\"2.05\" -DXS_VERSION=\"2.05\" -fPIC "-I/usr/lib/perl5/5.38/core_perl/CORE" sh_06_t.c
[proxychains] DLL init: proxychains-ng 4.16
[proxychains] DLL init: proxychains-ng 4.16
[proxychains] DLL init: proxychains-ng 4.16
[proxychains] DLL init: proxychains-ng 4.16
[proxychains] DLL init: proxychains-ng 4.16
[proxychains] DLL init: proxychains-ng 4.16
[proxychains] DLL init: proxychains-ng 4.16
"/usr/bin/perl" -MExtUtils::Command::MM -e 'cp_nonempty' -- JP.bs ../blib/arch/auto/Encode/JP/JP.bs 644
[proxychains] DLL init: proxychains-ng 4.16
[proxychains] DLL init: proxychains-ng 4.16
"/usr/bin/perl" "/usr/share/perl5/site_perl/ExtUtils/xsubpp" -nolinenumbers -typemap '/usr/share/perl5/core_perl/ExtUtils/typemap' JP.xs > JP.xsc
[proxychains] DLL init: proxychains-ng 4.16
[proxychains] DLL init: proxychains-ng 4.16
[proxychains] DLL init: proxychains-ng 4.16
[proxychains] DLL init: proxychains-ng 4.16
mv JP.xsc JP.c
[proxychains] DLL init: proxychains-ng 4.16
[proxychains] DLL init: proxychains-ng 4.16
cc -c -I./Encode -I../Encode -D_REENTRANT -D_GNU_SOURCE -fwrapv -fno-strict-aliasing -pipe -fstack-protector-strong -I/usr/local/include -D_LARGEFILE_SOURCE -D_FILE_OFFSET_BITS=64 -Wpointer-sign -march=native -O3 -pipe -fno-plt -fstack-clash-protection -fcf-protection -DVERSION=\"2.05\" -DXS_VERSION=\"2.05\" -fPIC "-I/usr/lib/perl5/5.38/core_perl/CORE" JP.c
[proxychains] DLL init: proxychains-ng 4.16
[proxychains] DLL init: proxychains-ng 4.16
[proxychains] DLL init: proxychains-ng 4.16
[proxychains] DLL init: proxychains-ng 4.16
[proxychains] DLL init: proxychains-ng 4.16
[proxychains] DLL init: proxychains-ng 4.16
[proxychains] DLL init: proxychains-ng 4.16
[proxychains] DLL init: proxychains-ng 4.16
[proxychains] DLL init: proxychains-ng 4.16
rm -f ../blib/arch/auto/Encode/JP/JP.so
[proxychains] DLL init: proxychains-ng 4.16
cc -shared -Wl,-O1,--sort-common,--as-needed,-z,relro,-z,now -flto=auto -L/usr/local/lib -fstack-protector-strong JP.o cp_00_t.o eu_01_t.o ji_02_t.o ji_03_t.o ji_04_t.o ma_05_t.o sh_06_t.o -o ../blib/arch/auto/Encode/JP/JP.so \
\
[proxychains] DLL init: proxychains-ng 4.16
[proxychains] DLL init: proxychains-ng 4.16
[proxychains] DLL init: proxychains-ng 4.16
[proxychains] DLL init: proxychains-ng 4.16
chmod 755 ../blib/arch/auto/Encode/JP/JP.so
[proxychains] DLL init: proxychains-ng 4.16
[proxychains] DLL init: proxychains-ng 4.16
[proxychains] DLL init: proxychains-ng 4.16
[proxychains] DLL init: proxychains-ng 4.16
[proxychains] DLL init: proxychains-ng 4.16
[proxychains] DLL init: proxychains-ng 4.16
[proxychains] DLL init: proxychains-ng 4.16
make[1]: Leaving directory '/home/swampyx/.cpanm/work/1701489619.14072/Encode-3.20/JP'
[proxychains] DLL init: proxychains-ng 4.16
[proxychains] DLL init: proxychains-ng 4.16
make[1]: Entering directory '/home/swampyx/.cpanm/work/1701489619.14072/Encode-3.20/KR'
[proxychains] DLL init: proxychains-ng 4.16
[proxychains] DLL init: proxychains-ng 4.16
[proxychains] DLL init: proxychains-ng 4.16
[proxychains] DLL init: proxychains-ng 4.16
[proxychains] DLL init: proxychains-ng 4.16
[proxychains] DLL init: proxychains-ng 4.16
[proxychains] DLL init: proxychains-ng 4.16
[proxychains] DLL init: proxychains-ng 4.16
[proxychains] DLL init: proxychains-ng 4.16
[proxychains] DLL init: proxychains-ng 4.16
[proxychains] DLL init: proxychains-ng 4.16
[proxychains] DLL init: proxychains-ng 4.16
Running Mkbootstrap for KR ()
[proxychains] DLL init: proxychains-ng 4.16
[proxychains] DLL init: proxychains-ng 4.16
cp KR.pm ../blib/lib/Encode/KR.pm
[proxychains] DLL init: proxychains-ng 4.16
[proxychains] DLL init: proxychains-ng 4.16
[proxychains] DLL init: proxychains-ng 4.16
"/usr/bin/perl" ../bin/enc2xs -"Q" -o cp_00_t.c -f cp_00_t.fnm
chmod 644 "KR.bs"
[proxychains] DLL init: proxychains-ng 4.16
[proxychains] DLL init: proxychains-ng 4.16
[proxychains] DLL init: proxychains-ng 4.16
[proxychains] DLL init: proxychains-ng 4.16
"/usr/bin/perl" ../bin/enc2xs -"Q" -o eu_01_t.c -f eu_01_t.fnm
[proxychains] DLL init: proxychains-ng 4.16
[proxychains] DLL init: proxychains-ng 4.16
Reading euc-kr (euc-kr)
"/usr/bin/perl" ../bin/enc2xs -"Q" -o jo_02_t.c -f jo_02_t.fnm
[proxychains] DLL init: proxychains-ng 4.16
[proxychains] DLL init: proxychains-ng 4.16
Reading cp949 (cp949)
"/usr/bin/perl" ../bin/enc2xs -"Q" -o ks_03_t.c -f ks_03_t.fnm
[proxychains] DLL init: proxychains-ng 4.16
[proxychains] DLL init: proxychains-ng 4.16
Reading johab (johab)
"/usr/bin/perl" ../bin/enc2xs -"Q" -o ma_04_t.c -f ma_04_t.fnm
[proxychains] DLL init: proxychains-ng 4.16
[proxychains] DLL init: proxychains-ng 4.16
Reading ksc5601-raw (ksc5601-raw)
cc -c -I./Encode -I../Encode -D_REENTRANT -D_GNU_SOURCE -fwrapv -fno-strict-aliasing -pipe -fstack-protector-strong -I/usr/local/include -D_LARGEFILE_SOURCE -D_FILE_OFFSET_BITS=64 -Wpointer-sign -march=native -O3 -pipe -fno-plt -fstack-clash-protection -fcf-protection -DVERSION=\"2.03\" -DXS_VERSION=\"2.03\" -fPIC "-I/usr/lib/perl5/5.38/core_perl/CORE" cp_00_t.c
[proxychains] DLL init: proxychains-ng 4.16
[proxychains] DLL init: proxychains-ng 4.16
Reading MacKorean (MacKorean)
cc -c -I./Encode -I../Encode -D_REENTRANT -D_GNU_SOURCE -fwrapv -fno-strict-aliasing -pipe -fstack-protector-strong -I/usr/local/include -D_LARGEFILE_SOURCE -D_FILE_OFFSET_BITS=64 -Wpointer-sign -march=native -O3 -pipe -fno-plt -fstack-clash-protection -fcf-protection -DVERSION=\"2.03\" -DXS_VERSION=\"2.03\" -fPIC "-I/usr/lib/perl5/5.38/core_perl/CORE" eu_01_t.c
[proxychains] DLL init: proxychains-ng 4.16
[proxychains] DLL init: proxychains-ng 4.16
[proxychains] DLL init: proxychains-ng 4.16
[proxychains] DLL init: proxychains-ng 4.16
[proxychains] DLL init: proxychains-ng 4.16
cc -c -I./Encode -I../Encode -D_REENTRANT -D_GNU_SOURCE -fwrapv -fno-strict-aliasing -pipe -fstack-protector-strong -I/usr/local/include -D_LARGEFILE_SOURCE -D_FILE_OFFSET_BITS=64 -Wpointer-sign -march=native -O3 -pipe -fno-plt -fstack-clash-protection -fcf-protection -DVERSION=\"2.03\" -DXS_VERSION=\"2.03\" -fPIC "-I/usr/lib/perl5/5.38/core_perl/CORE" jo_02_t.c
[proxychains] DLL init: proxychains-ng 4.16
[proxychains] DLL init: proxychains-ng 4.16
[proxychains] DLL init: proxychains-ng 4.16
[proxychains] DLL init: proxychains-ng 4.16
[proxychains] DLL init: proxychains-ng 4.16
cc -c -I./Encode -I../Encode -D_REENTRANT -D_GNU_SOURCE -fwrapv -fno-strict-aliasing -pipe -fstack-protector-strong -I/usr/local/include -D_LARGEFILE_SOURCE -D_FILE_OFFSET_BITS=64 -Wpointer-sign -march=native -O3 -pipe -fno-plt -fstack-clash-protection -fcf-protection -DVERSION=\"2.03\" -DXS_VERSION=\"2.03\" -fPIC "-I/usr/lib/perl5/5.38/core_perl/CORE" ks_03_t.c
[proxychains] DLL init: proxychains-ng 4.16
[proxychains] DLL init: proxychains-ng 4.16
[proxychains] DLL init: proxychains-ng 4.16
[proxychains] DLL init: proxychains-ng 4.16
[proxychains] DLL init: proxychains-ng 4.16
cc -c -I./Encode -I../Encode -D_REENTRANT -D_GNU_SOURCE -fwrapv -fno-strict-aliasing -pipe -fstack-protector-strong -I/usr/local/include -D_LARGEFILE_SOURCE -D_FILE_OFFSET_BITS=64 -Wpointer-sign -march=native -O3 -pipe -fno-plt -fstack-clash-protection -fcf-protection -DVERSION=\"2.03\" -DXS_VERSION=\"2.03\" -fPIC "-I/usr/lib/perl5/5.38/core_perl/CORE" ma_04_t.c
[proxychains] DLL init: proxychains-ng 4.16
[proxychains] DLL init: proxychains-ng 4.16
[proxychains] DLL init: proxychains-ng 4.16
[proxychains] DLL init: proxychains-ng 4.16
[proxychains] DLL init: proxychains-ng 4.16
[proxychains] DLL init: proxychains-ng 4.16
[proxychains] DLL init: proxychains-ng 4.16
"/usr/bin/perl" -MExtUtils::Command::MM -e 'cp_nonempty' -- KR.bs ../blib/arch/auto/Encode/KR/KR.bs 644
[proxychains] DLL init: proxychains-ng 4.16
[proxychains] DLL init: proxychains-ng 4.16
"/usr/bin/perl" "/usr/share/perl5/site_perl/ExtUtils/xsubpp" -nolinenumbers -typemap '/usr/share/perl5/core_perl/ExtUtils/typemap' KR.xs > KR.xsc
[proxychains] DLL init: proxychains-ng 4.16
[proxychains] DLL init: proxychains-ng 4.16
[proxychains] DLL init: proxychains-ng 4.16
[proxychains] DLL init: proxychains-ng 4.16
mv KR.xsc KR.c
[proxychains] DLL init: proxychains-ng 4.16
[proxychains] DLL init: proxychains-ng 4.16
cc -c -I./Encode -I../Encode -D_REENTRANT -D_GNU_SOURCE -fwrapv -fno-strict-aliasing -pipe -fstack-protector-strong -I/usr/local/include -D_LARGEFILE_SOURCE -D_FILE_OFFSET_BITS=64 -Wpointer-sign -march=native -O3 -pipe -fno-plt -fstack-clash-protection -fcf-protection -DVERSION=\"2.03\" -DXS_VERSION=\"2.03\" -fPIC "-I/usr/lib/perl5/5.38/core_perl/CORE" KR.c
[proxychains] DLL init: proxychains-ng 4.16
[proxychains] DLL init: proxychains-ng 4.16
[proxychains] DLL init: proxychains-ng 4.16
[proxychains] DLL init: proxychains-ng 4.16
[proxychains] DLL init: proxychains-ng 4.16
[proxychains] DLL init: proxychains-ng 4.16
[proxychains] DLL init: proxychains-ng 4.16
[proxychains] DLL init: proxychains-ng 4.16
[proxychains] DLL init: proxychains-ng 4.16
rm -f ../blib/arch/auto/Encode/KR/KR.so
[proxychains] DLL init: proxychains-ng 4.16
cc -shared -Wl,-O1,--sort-common,--as-needed,-z,relro,-z,now -flto=auto -L/usr/local/lib -fstack-protector-strong KR.o cp_00_t.o eu_01_t.o jo_02_t.o ks_03_t.o ma_04_t.o -o ../blib/arch/auto/Encode/KR/KR.so \
\
[proxychains] DLL init: proxychains-ng 4.16
[proxychains] DLL init: proxychains-ng 4.16
[proxychains] DLL init: proxychains-ng 4.16
[proxychains] DLL init: proxychains-ng 4.16
chmod 755 ../blib/arch/auto/Encode/KR/KR.so
[proxychains] DLL init: proxychains-ng 4.16
[proxychains] DLL init: proxychains-ng 4.16
[proxychains] DLL init: proxychains-ng 4.16
[proxychains] DLL init: proxychains-ng 4.16
[proxychains] DLL init: proxychains-ng 4.16
[proxychains] DLL init: proxychains-ng 4.16
[proxychains] DLL init: proxychains-ng 4.16
make[1]: Leaving directory '/home/swampyx/.cpanm/work/1701489619.14072/Encode-3.20/KR'
[proxychains] DLL init: proxychains-ng 4.16
[proxychains] DLL init: proxychains-ng 4.16
make[1]: Entering directory '/home/swampyx/.cpanm/work/1701489619.14072/Encode-3.20/Symbol'
[proxychains] DLL init: proxychains-ng 4.16
[proxychains] DLL init: proxychains-ng 4.16
[proxychains] DLL init: proxychains-ng 4.16
[proxychains] DLL init: proxychains-ng 4.16
[proxychains] DLL init: proxychains-ng 4.16
[proxychains] DLL init: proxychains-ng 4.16
[proxychains] DLL init: proxychains-ng 4.16
[proxychains] DLL init: proxychains-ng 4.16
[proxychains] DLL init: proxychains-ng 4.16
[proxychains] DLL init: proxychains-ng 4.16
[proxychains] DLL init: proxychains-ng 4.16
[proxychains] DLL init: proxychains-ng 4.16
Running Mkbootstrap for Symbol ()
[proxychains] DLL init: proxychains-ng 4.16
[proxychains] DLL init: proxychains-ng 4.16
cp Symbol.pm ../blib/lib/Encode/Symbol.pm
[proxychains] DLL init: proxychains-ng 4.16
[proxychains] DLL init: proxychains-ng 4.16
[proxychains] DLL init: proxychains-ng 4.16
chmod 644 "Symbol.bs"
"/usr/bin/perl" ../bin/enc2xs -"Q" -"O" -o symbol_t.c -f symbol_t.fnm
[proxychains] DLL init: proxychains-ng 4.16
[proxychains] DLL init: proxychains-ng 4.16
[proxychains] DLL init: proxychains-ng 4.16
[proxychains] DLL init: proxychains-ng 4.16
[proxychains] DLL init: proxychains-ng 4.16
[proxychains] DLL init: proxychains-ng 4.16
"/usr/bin/perl" -MExtUtils::Command::MM -e 'cp_nonempty' -- Symbol.bs ../blib/arch/auto/Encode/Symbol/Symbol.bs 644
[proxychains] DLL init: proxychains-ng 4.16
[proxychains] DLL init: proxychains-ng 4.16
[proxychains] DLL init: proxychains-ng 4.16
[proxychains] DLL init: proxychains-ng 4.16
Reading AdobeSymbol (AdobeSymbol)
Reading AdobeZdingbat (AdobeZdingbat)
Reading dingbats (dingbats)
Reading MacDingbats (MacDingbats)
Reading MacSymbol (MacSymbol)
Reading symbol (symbol)
"/usr/bin/perl" "/usr/share/perl5/site_perl/ExtUtils/xsubpp" -nolinenumbers -typemap '/usr/share/perl5/core_perl/ExtUtils/typemap' Symbol.xs > Symbol.xsc
cc -c -I./Encode -I../Encode -D_REENTRANT -D_GNU_SOURCE -fwrapv -fno-strict-aliasing -pipe -fstack-protector-strong -I/usr/local/include -D_LARGEFILE_SOURCE -D_FILE_OFFSET_BITS=64 -Wpointer-sign -march=native -O3 -pipe -fno-plt -fstack-clash-protection -fcf-protection -DVERSION=\"2.02\" -DXS_VERSION=\"2.02\" -fPIC "-I/usr/lib/perl5/5.38/core_perl/CORE" symbol_t.c
[proxychains] DLL init: proxychains-ng 4.16
[proxychains] DLL init: proxychains-ng 4.16
[proxychains] DLL init: proxychains-ng 4.16
[proxychains] DLL init: proxychains-ng 4.16
[proxychains] DLL init: proxychains-ng 4.16
[proxychains] DLL init: proxychains-ng 4.16
mv Symbol.xsc Symbol.c
[proxychains] DLL init: proxychains-ng 4.16
cc -c -I./Encode -I../Encode -D_REENTRANT -D_GNU_SOURCE -fwrapv -fno-strict-aliasing -pipe -fstack-protector-strong -I/usr/local/include -D_LARGEFILE_SOURCE -D_FILE_OFFSET_BITS=64 -Wpointer-sign -march=native -O3 -pipe -fno-plt -fstack-clash-protection -fcf-protection -DVERSION=\"2.02\" -DXS_VERSION=\"2.02\" -fPIC "-I/usr/lib/perl5/5.38/core_perl/CORE" Symbol.c
[proxychains] DLL init: proxychains-ng 4.16
[proxychains] DLL init: proxychains-ng 4.16
[proxychains] DLL init: proxychains-ng 4.16
[proxychains] DLL init: proxychains-ng 4.16
[proxychains] DLL init: proxychains-ng 4.16
[proxychains] DLL init: proxychains-ng 4.16
[proxychains] DLL init: proxychains-ng 4.16
[proxychains] DLL init: proxychains-ng 4.16
rm -f ../blib/arch/auto/Encode/Symbol/Symbol.so
[proxychains] DLL init: proxychains-ng 4.16
cc -shared -Wl,-O1,--sort-common,--as-needed,-z,relro,-z,now -flto=auto -L/usr/local/lib -fstack-protector-strong Symbol.o symbol_t.o -o ../blib/arch/auto/Encode/Symbol/Symbol.so \
\
[proxychains] DLL init: proxychains-ng 4.16
[proxychains] DLL init: proxychains-ng 4.16
[proxychains] DLL init: proxychains-ng 4.16
[proxychains] DLL init: proxychains-ng 4.16
chmod 755 ../blib/arch/auto/Encode/Symbol/Symbol.so
[proxychains] DLL init: proxychains-ng 4.16
[proxychains] DLL init: proxychains-ng 4.16
[proxychains] DLL init: proxychains-ng 4.16
[proxychains] DLL init: proxychains-ng 4.16
[proxychains] DLL init: proxychains-ng 4.16
[proxychains] DLL init: proxychains-ng 4.16
[proxychains] DLL init: proxychains-ng 4.16
make[1]: Leaving directory '/home/swampyx/.cpanm/work/1701489619.14072/Encode-3.20/Symbol'
[proxychains] DLL init: proxychains-ng 4.16
[proxychains] DLL init: proxychains-ng 4.16
make[1]: Entering directory '/home/swampyx/.cpanm/work/1701489619.14072/Encode-3.20/TW'
[proxychains] DLL init: proxychains-ng 4.16
[proxychains] DLL init: proxychains-ng 4.16
[proxychains] DLL init: proxychains-ng 4.16
[proxychains] DLL init: proxychains-ng 4.16
[proxychains] DLL init: proxychains-ng 4.16
[proxychains] DLL init: proxychains-ng 4.16
[proxychains] DLL init: proxychains-ng 4.16
[proxychains] DLL init: proxychains-ng 4.16
[proxychains] DLL init: proxychains-ng 4.16
[proxychains] DLL init: proxychains-ng 4.16
[proxychains] DLL init: proxychains-ng 4.16
[proxychains] DLL init: proxychains-ng 4.16
Running Mkbootstrap for TW ()
[proxychains] DLL init: proxychains-ng 4.16
[proxychains] DLL init: proxychains-ng 4.16
cp TW.pm ../blib/lib/Encode/TW.pm
[proxychains] DLL init: proxychains-ng 4.16
[proxychains] DLL init: proxychains-ng 4.16
"/usr/bin/perl" ../bin/enc2xs -"Q" -o bi_00_t.c -f bi_00_t.fnm
[proxychains] DLL init: proxychains-ng 4.16
[proxychains] DLL init: proxychains-ng 4.16
[proxychains] DLL init: proxychains-ng 4.16
chmod 644 "TW.bs"
[proxychains] DLL init: proxychains-ng 4.16
[proxychains] DLL init: proxychains-ng 4.16
"/usr/bin/perl" ../bin/enc2xs -"Q" -o bi_01_t.c -f bi_01_t.fnm
[proxychains] DLL init: proxychains-ng 4.16
[proxychains] DLL init: proxychains-ng 4.16
Reading big5-eten (big5-eten)
"/usr/bin/perl" ../bin/enc2xs -"Q" -o cp_02_t.c -f cp_02_t.fnm
[proxychains] DLL init: proxychains-ng 4.16
[proxychains] DLL init: proxychains-ng 4.16
Reading big5-hkscs (big5-hkscs)
"/usr/bin/perl" ../bin/enc2xs -"Q" -o ma_03_t.c -f ma_03_t.fnm
[proxychains] DLL init: proxychains-ng 4.16
[proxychains] DLL init: proxychains-ng 4.16
Reading cp950 (cp950)
cc -c -I./Encode -I../Encode -D_REENTRANT -D_GNU_SOURCE -fwrapv -fno-strict-aliasing -pipe -fstack-protector-strong -I/usr/local/include -D_LARGEFILE_SOURCE -D_FILE_OFFSET_BITS=64 -Wpointer-sign -march=native -O3 -pipe -fno-plt -fstack-clash-protection -fcf-protection -DVERSION=\"2.03\" -DXS_VERSION=\"2.03\" -fPIC "-I/usr/lib/perl5/5.38/core_perl/CORE" bi_00_t.c
[proxychains] DLL init: proxychains-ng 4.16
[proxychains] DLL init: proxychains-ng 4.16
Reading MacChineseTrad (MacChineseTrad)
cc -c -I./Encode -I../Encode -D_REENTRANT -D_GNU_SOURCE -fwrapv -fno-strict-aliasing -pipe -fstack-protector-strong -I/usr/local/include -D_LARGEFILE_SOURCE -D_FILE_OFFSET_BITS=64 -Wpointer-sign -march=native -O3 -pipe -fno-plt -fstack-clash-protection -fcf-protection -DVERSION=\"2.03\" -DXS_VERSION=\"2.03\" -fPIC "-I/usr/lib/perl5/5.38/core_perl/CORE" bi_01_t.c
[proxychains] DLL init: proxychains-ng 4.16
[proxychains] DLL init: proxychains-ng 4.16
[proxychains] DLL init: proxychains-ng 4.16
[proxychains] DLL init: proxychains-ng 4.16
[proxychains] DLL init: proxychains-ng 4.16
cc -c -I./Encode -I../Encode -D_REENTRANT -D_GNU_SOURCE -fwrapv -fno-strict-aliasing -pipe -fstack-protector-strong -I/usr/local/include -D_LARGEFILE_SOURCE -D_FILE_OFFSET_BITS=64 -Wpointer-sign -march=native -O3 -pipe -fno-plt -fstack-clash-protection -fcf-protection -DVERSION=\"2.03\" -DXS_VERSION=\"2.03\" -fPIC "-I/usr/lib/perl5/5.38/core_perl/CORE" cp_02_t.c
[proxychains] DLL init: proxychains-ng 4.16
[proxychains] DLL init: proxychains-ng 4.16
[proxychains] DLL init: proxychains-ng 4.16
[proxychains] DLL init: proxychains-ng 4.16
[proxychains] DLL init: proxychains-ng 4.16
cc -c -I./Encode -I../Encode -D_REENTRANT -D_GNU_SOURCE -fwrapv -fno-strict-aliasing -pipe -fstack-protector-strong -I/usr/local/include -D_LARGEFILE_SOURCE -D_FILE_OFFSET_BITS=64 -Wpointer-sign -march=native -O3 -pipe -fno-plt -fstack-clash-protection -fcf-protection -DVERSION=\"2.03\" -DXS_VERSION=\"2.03\" -fPIC "-I/usr/lib/perl5/5.38/core_perl/CORE" ma_03_t.c
[proxychains] DLL init: proxychains-ng 4.16
[proxychains] DLL init: proxychains-ng 4.16
[proxychains] DLL init: proxychains-ng 4.16
[proxychains] DLL init: proxychains-ng 4.16
[proxychains] DLL init: proxychains-ng 4.16
[proxychains] DLL init: proxychains-ng 4.16
[proxychains] DLL init: proxychains-ng 4.16
"/usr/bin/perl" -MExtUtils::Command::MM -e 'cp_nonempty' -- TW.bs ../blib/arch/auto/Encode/TW/TW.bs 644
[proxychains] DLL init: proxychains-ng 4.16
[proxychains] DLL init: proxychains-ng 4.16
"/usr/bin/perl" "/usr/share/perl5/site_perl/ExtUtils/xsubpp" -nolinenumbers -typemap '/usr/share/perl5/core_perl/ExtUtils/typemap' TW.xs > TW.xsc
[proxychains] DLL init: proxychains-ng 4.16
[proxychains] DLL init: proxychains-ng 4.16
[proxychains] DLL init: proxychains-ng 4.16
[proxychains] DLL init: proxychains-ng 4.16
mv TW.xsc TW.c
[proxychains] DLL init: proxychains-ng 4.16
[proxychains] DLL init: proxychains-ng 4.16
cc -c -I./Encode -I../Encode -D_REENTRANT -D_GNU_SOURCE -fwrapv -fno-strict-aliasing -pipe -fstack-protector-strong -I/usr/local/include -D_LARGEFILE_SOURCE -D_FILE_OFFSET_BITS=64 -Wpointer-sign -march=native -O3 -pipe -fno-plt -fstack-clash-protection -fcf-protection -DVERSION=\"2.03\" -DXS_VERSION=\"2.03\" -fPIC "-I/usr/lib/perl5/5.38/core_perl/CORE" TW.c
[proxychains] DLL init: proxychains-ng 4.16
[proxychains] DLL init: proxychains-ng 4.16
[proxychains] DLL init: proxychains-ng 4.16
[proxychains] DLL init: proxychains-ng 4.16
[proxychains] DLL init: proxychains-ng 4.16
[proxychains] DLL init: proxychains-ng 4.16
[proxychains] DLL init: proxychains-ng 4.16
[proxychains] DLL init: proxychains-ng 4.16
[proxychains] DLL init: proxychains-ng 4.16
rm -f ../blib/arch/auto/Encode/TW/TW.so
[proxychains] DLL init: proxychains-ng 4.16
cc -shared -Wl,-O1,--sort-common,--as-needed,-z,relro,-z,now -flto=auto -L/usr/local/lib -fstack-protector-strong TW.o bi_00_t.o bi_01_t.o cp_02_t.o ma_03_t.o -o ../blib/arch/auto/Encode/TW/TW.so \
\
[proxychains] DLL init: proxychains-ng 4.16
[proxychains] DLL init: proxychains-ng 4.16
[proxychains] DLL init: proxychains-ng 4.16
[proxychains] DLL init: proxychains-ng 4.16
chmod 755 ../blib/arch/auto/Encode/TW/TW.so
[proxychains] DLL init: proxychains-ng 4.16
[proxychains] DLL init: proxychains-ng 4.16
[proxychains] DLL init: proxychains-ng 4.16
[proxychains] DLL init: proxychains-ng 4.16
[proxychains] DLL init: proxychains-ng 4.16
[proxychains] DLL init: proxychains-ng 4.16
[proxychains] DLL init: proxychains-ng 4.16
make[1]: Leaving directory '/home/swampyx/.cpanm/work/1701489619.14072/Encode-3.20/TW'
[proxychains] DLL init: proxychains-ng 4.16
[proxychains] DLL init: proxychains-ng 4.16
make[1]: Entering directory '/home/swampyx/.cpanm/work/1701489619.14072/Encode-3.20/Unicode'
[proxychains] DLL init: proxychains-ng 4.16
[proxychains] DLL init: proxychains-ng 4.16
[proxychains] DLL init: proxychains-ng 4.16
[proxychains] DLL init: proxychains-ng 4.16
[proxychains] DLL init: proxychains-ng 4.16
[proxychains] DLL init: proxychains-ng 4.16
[proxychains] DLL init: proxychains-ng 4.16
[proxychains] DLL init: proxychains-ng 4.16
[proxychains] DLL init: proxychains-ng 4.16
[proxychains] DLL init: proxychains-ng 4.16
cp Unicode.pm ../blib/lib/Encode/Unicode.pm
[proxychains] DLL init: proxychains-ng 4.16
[proxychains] DLL init: proxychains-ng 4.16
"/usr/bin/perl" "/usr/share/perl5/site_perl/ExtUtils/xsubpp" -typemap '/usr/share/perl5/core_perl/ExtUtils/typemap' Unicode.xs > Unicode.xsc
[proxychains] DLL init: proxychains-ng 4.16
Running Mkbootstrap for Unicode ()
[proxychains] DLL init: proxychains-ng 4.16
[proxychains] DLL init: proxychains-ng 4.16
[proxychains] DLL init: proxychains-ng 4.16
[proxychains] DLL init: proxychains-ng 4.16
[proxychains] DLL init: proxychains-ng 4.16
[proxychains] DLL init: proxychains-ng 4.16
chmod 644 "Unicode.bs"
[proxychains] DLL init: proxychains-ng 4.16
[proxychains] DLL init: proxychains-ng 4.16
[proxychains] DLL init: proxychains-ng 4.16
[proxychains] DLL init: proxychains-ng 4.16
[proxychains] DLL init: proxychains-ng 4.16
[proxychains] DLL init: proxychains-ng 4.16
"/usr/bin/perl" -MExtUtils::Command::MM -e 'cp_nonempty' -- Unicode.bs ../blib/arch/auto/Encode/Unicode/Unicode.bs 644
mv Unicode.xsc Unicode.c
[proxychains] DLL init: proxychains-ng 4.16
[proxychains] DLL init: proxychains-ng 4.16
[proxychains] DLL init: proxychains-ng 4.16
cc -c -I./Encode -I../Encode -D_REENTRANT -D_GNU_SOURCE -fwrapv -fno-strict-aliasing -pipe -fstack-protector-strong -I/usr/local/include -D_LARGEFILE_SOURCE -D_FILE_OFFSET_BITS=64 -Wpointer-sign -march=native -O3 -pipe -fno-plt -fstack-clash-protection -fcf-protection -DVERSION=\"2.20\" -DXS_VERSION=\"2.20\" -fPIC "-I/usr/lib/perl5/5.38/core_perl/CORE" Unicode.c
[proxychains] DLL init: proxychains-ng 4.16
[proxychains] DLL init: proxychains-ng 4.16
[proxychains] DLL init: proxychains-ng 4.16
[proxychains] DLL init: proxychains-ng 4.16
[proxychains] DLL init: proxychains-ng 4.16
[proxychains] DLL init: proxychains-ng 4.16
[proxychains] DLL init: proxychains-ng 4.16
rm -f ../blib/arch/auto/Encode/Unicode/Unicode.so
[proxychains] DLL init: proxychains-ng 4.16
cc -shared -Wl,-O1,--sort-common,--as-needed,-z,relro,-z,now -flto=auto -L/usr/local/lib -fstack-protector-strong Unicode.o -o ../blib/arch/auto/Encode/Unicode/Unicode.so \
\
[proxychains] DLL init: proxychains-ng 4.16
[proxychains] DLL init: proxychains-ng 4.16
[proxychains] DLL init: proxychains-ng 4.16
[proxychains] DLL init: proxychains-ng 4.16
chmod 755 ../blib/arch/auto/Encode/Unicode/Unicode.so
[proxychains] DLL init: proxychains-ng 4.16
[proxychains] DLL init: proxychains-ng 4.16
[proxychains] DLL init: proxychains-ng 4.16
[proxychains] DLL init: proxychains-ng 4.16
[proxychains] DLL init: proxychains-ng 4.16
[proxychains] DLL init: proxychains-ng 4.16
[proxychains] DLL init: proxychains-ng 4.16
make[1]: Leaving directory '/home/swampyx/.cpanm/work/1701489619.14072/Encode-3.20/Unicode'
[proxychains] DLL init: proxychains-ng 4.16
[proxychains] DLL init: proxychains-ng 4.16
[proxychains] DLL init: proxychains-ng 4.16
cp bin/enc2xs blib/script/enc2xs
cp bin/encguess blib/script/encguess
[proxychains] DLL init: proxychains-ng 4.16
[proxychains] DLL init: proxychains-ng 4.16
"/usr/bin/perl" -MExtUtils::MY -e 'MY->fixin(shift)' -- blib/script/enc2xs
[proxychains] DLL init: proxychains-ng 4.16
"/usr/bin/perl" -MExtUtils::MY -e 'MY->fixin(shift)' -- blib/script/encguess
[proxychains] DLL init: proxychains-ng 4.16
[proxychains] DLL init: proxychains-ng 4.16
[proxychains] DLL init: proxychains-ng 4.16
[proxychains] DLL init: proxychains-ng 4.16
[proxychains] DLL init: proxychains-ng 4.16
cp bin/piconv blib/script/piconv
[proxychains] DLL init: proxychains-ng 4.16
"/usr/bin/perl" -MExtUtils::MY -e 'MY->fixin(shift)' -- blib/script/piconv
[proxychains] DLL init: proxychains-ng 4.16
[proxychains] DLL init: proxychains-ng 4.16
[proxychains] DLL init: proxychains-ng 4.16
[proxychains] DLL init: proxychains-ng 4.16
[proxychains] DLL init: proxychains-ng 4.16
[proxychains] DLL init: proxychains-ng 4.16
[proxychains] DLL init: proxychains-ng 4.16
Manifying 3 pod documents
[proxychains] DLL init: proxychains-ng 4.16
[proxychains] DLL init: proxychains-ng 4.16
Manifying 18 pod documents
[proxychains] DLL init: proxychains-ng 4.16
[proxychains] DLL init: proxychains-ng 4.16
[proxychains] DLL init: proxychains-ng 4.16
[proxychains] DLL init: proxychains-ng 4.16
[proxychains] DLL init: proxychains-ng 4.16
"/usr/bin/perl" -MExtUtils::Command::MM -e 'cp_nonempty' -- Encode.bs blib/arch/auto/Encode/Encode.bs 644
[proxychains] DLL init: proxychains-ng 4.16
[proxychains] DLL init: proxychains-ng 4.16
[proxychains] DLL init: proxychains-ng 4.16
[proxychains] DLL init: proxychains-ng 4.16
[proxychains] DLL init: proxychains-ng 4.16
[proxychains] DLL init: proxychains-ng 4.16
[proxychains] DLL init: proxychains-ng 4.16
[proxychains] DLL init: proxychains-ng 4.16
make[1]: Entering directory '/home/swampyx/.cpanm/work/1701489619.14072/Encode-3.20/Byte'
[proxychains] DLL init: proxychains-ng 4.16
[proxychains] DLL init: proxychains-ng 4.16
[proxychains] DLL init: proxychains-ng 4.16
[proxychains] DLL init: proxychains-ng 4.16
[proxychains] DLL init: proxychains-ng 4.16
"/usr/bin/perl" -MExtUtils::Command::MM -e 'cp_nonempty' -- Byte.bs ../blib/arch/auto/Encode/Byte/Byte.bs 644
[proxychains] DLL init: proxychains-ng 4.16
[proxychains] DLL init: proxychains-ng 4.16
[proxychains] DLL init: proxychains-ng 4.16
[proxychains] DLL init: proxychains-ng 4.16
[proxychains] DLL init: proxychains-ng 4.16
[proxychains] DLL init: proxychains-ng 4.16
[proxychains] DLL init: proxychains-ng 4.16
[proxychains] DLL init: proxychains-ng 4.16
[proxychains] DLL init: proxychains-ng 4.16
[proxychains] DLL init: proxychains-ng 4.16
make[1]: Leaving directory '/home/swampyx/.cpanm/work/1701489619.14072/Encode-3.20/Byte'
[proxychains] DLL init: proxychains-ng 4.16
[proxychains] DLL init: proxychains-ng 4.16
make[1]: Entering directory '/home/swampyx/.cpanm/work/1701489619.14072/Encode-3.20/CN'
[proxychains] DLL init: proxychains-ng 4.16
[proxychains] DLL init: proxychains-ng 4.16
[proxychains] DLL init: proxychains-ng 4.16
"/usr/bin/perl" -MExtUtils::Command::MM -e 'cp_nonempty' -- CN.bs ../blib/arch/auto/Encode/CN/CN.bs 644
[proxychains] DLL init: proxychains-ng 4.16
[proxychains] DLL init: proxychains-ng 4.16
[proxychains] DLL init: proxychains-ng 4.16
[proxychains] DLL init: proxychains-ng 4.16
[proxychains] DLL init: proxychains-ng 4.16
[proxychains] DLL init: proxychains-ng 4.16
[proxychains] DLL init: proxychains-ng 4.16
[proxychains] DLL init: proxychains-ng 4.16
[proxychains] DLL init: proxychains-ng 4.16
[proxychains] DLL init: proxychains-ng 4.16
make[1]: Leaving directory '/home/swampyx/.cpanm/work/1701489619.14072/Encode-3.20/CN'
[proxychains] DLL init: proxychains-ng 4.16
[proxychains] DLL init: proxychains-ng 4.16
make[1]: Entering directory '/home/swampyx/.cpanm/work/1701489619.14072/Encode-3.20/EBCDIC'
[proxychains] DLL init: proxychains-ng 4.16
[proxychains] DLL init: proxychains-ng 4.16
[proxychains] DLL init: proxychains-ng 4.16
"/usr/bin/perl" -MExtUtils::Command::MM -e 'cp_nonempty' -- EBCDIC.bs ../blib/arch/auto/Encode/EBCDIC/EBCDIC.bs 644
[proxychains] DLL init: proxychains-ng 4.16
[proxychains] DLL init: proxychains-ng 4.16
[proxychains] DLL init: proxychains-ng 4.16
[proxychains] DLL init: proxychains-ng 4.16
[proxychains] DLL init: proxychains-ng 4.16
[proxychains] DLL init: proxychains-ng 4.16
[proxychains] DLL init: proxychains-ng 4.16
[proxychains] DLL init: proxychains-ng 4.16
[proxychains] DLL init: proxychains-ng 4.16
[proxychains] DLL init: proxychains-ng 4.16
make[1]: Leaving directory '/home/swampyx/.cpanm/work/1701489619.14072/Encode-3.20/EBCDIC'
[proxychains] DLL init: proxychains-ng 4.16
[proxychains] DLL init: proxychains-ng 4.16
make[1]: Entering directory '/home/swampyx/.cpanm/work/1701489619.14072/Encode-3.20/JP'
[proxychains] DLL init: proxychains-ng 4.16
[proxychains] DLL init: proxychains-ng 4.16
[proxychains] DLL init: proxychains-ng 4.16
"/usr/bin/perl" -MExtUtils::Command::MM -e 'cp_nonempty' -- JP.bs ../blib/arch/auto/Encode/JP/JP.bs 644
[proxychains] DLL init: proxychains-ng 4.16
[proxychains] DLL init: proxychains-ng 4.16
[proxychains] DLL init: proxychains-ng 4.16
[proxychains] DLL init: proxychains-ng 4.16
[proxychains] DLL init: proxychains-ng 4.16
[proxychains] DLL init: proxychains-ng 4.16
[proxychains] DLL init: proxychains-ng 4.16
[proxychains] DLL init: proxychains-ng 4.16
[proxychains] DLL init: proxychains-ng 4.16
[proxychains] DLL init: proxychains-ng 4.16
make[1]: Leaving directory '/home/swampyx/.cpanm/work/1701489619.14072/Encode-3.20/JP'
[proxychains] DLL init: proxychains-ng 4.16
[proxychains] DLL init: proxychains-ng 4.16
make[1]: Entering directory '/home/swampyx/.cpanm/work/1701489619.14072/Encode-3.20/KR'
[proxychains] DLL init: proxychains-ng 4.16
[proxychains] DLL init: proxychains-ng 4.16
[proxychains] DLL init: proxychains-ng 4.16
[proxychains] DLL init: proxychains-ng 4.16
[proxychains] DLL init: proxychains-ng 4.16
"/usr/bin/perl" -MExtUtils::Command::MM -e 'cp_nonempty' -- KR.bs ../blib/arch/auto/Encode/KR/KR.bs 644
[proxychains] DLL init: proxychains-ng 4.16
[proxychains] DLL init: proxychains-ng 4.16
[proxychains] DLL init: proxychains-ng 4.16
[proxychains] DLL init: proxychains-ng 4.16
[proxychains] DLL init: proxychains-ng 4.16
[proxychains] DLL init: proxychains-ng 4.16
[proxychains] DLL init: proxychains-ng 4.16
[proxychains] DLL init: proxychains-ng 4.16
make[1]: Leaving directory '/home/swampyx/.cpanm/work/1701489619.14072/Encode-3.20/KR'
[proxychains] DLL init: proxychains-ng 4.16
[proxychains] DLL init: proxychains-ng 4.16
make[1]: Entering directory '/home/swampyx/.cpanm/work/1701489619.14072/Encode-3.20/Symbol'
[proxychains] DLL init: proxychains-ng 4.16
[proxychains] DLL init: proxychains-ng 4.16
[proxychains] DLL init: proxychains-ng 4.16
[proxychains] DLL init: proxychains-ng 4.16
[proxychains] DLL init: proxychains-ng 4.16
"/usr/bin/perl" -MExtUtils::Command::MM -e 'cp_nonempty' -- Symbol.bs ../blib/arch/auto/Encode/Symbol/Symbol.bs 644
[proxychains] DLL init: proxychains-ng 4.16
[proxychains] DLL init: proxychains-ng 4.16
[proxychains] DLL init: proxychains-ng 4.16
[proxychains] DLL init: proxychains-ng 4.16
[proxychains] DLL init: proxychains-ng 4.16
[proxychains] DLL init: proxychains-ng 4.16
[proxychains] DLL init: proxychains-ng 4.16
[proxychains] DLL init: proxychains-ng 4.16
make[1]: Leaving directory '/home/swampyx/.cpanm/work/1701489619.14072/Encode-3.20/Symbol'
[proxychains] DLL init: proxychains-ng 4.16
[proxychains] DLL init: proxychains-ng 4.16
make[1]: Entering directory '/home/swampyx/.cpanm/work/1701489619.14072/Encode-3.20/TW'
[proxychains] DLL init: proxychains-ng 4.16
[proxychains] DLL init: proxychains-ng 4.16
[proxychains] DLL init: proxychains-ng 4.16
[proxychains] DLL init: proxychains-ng 4.16
[proxychains] DLL init: proxychains-ng 4.16
"/usr/bin/perl" -MExtUtils::Command::MM -e 'cp_nonempty' -- TW.bs ../blib/arch/auto/Encode/TW/TW.bs 644
[proxychains] DLL init: proxychains-ng 4.16
[proxychains] DLL init: proxychains-ng 4.16
[proxychains] DLL init: proxychains-ng 4.16
[proxychains] DLL init: proxychains-ng 4.16
[proxychains] DLL init: proxychains-ng 4.16
[proxychains] DLL init: proxychains-ng 4.16
[proxychains] DLL init: proxychains-ng 4.16
[proxychains] DLL init: proxychains-ng 4.16
make[1]: Leaving directory '/home/swampyx/.cpanm/work/1701489619.14072/Encode-3.20/TW'
[proxychains] DLL init: proxychains-ng 4.16
[proxychains] DLL init: proxychains-ng 4.16
make[1]: Entering directory '/home/swampyx/.cpanm/work/1701489619.14072/Encode-3.20/Unicode'
[proxychains] DLL init: proxychains-ng 4.16
[proxychains] DLL init: proxychains-ng 4.16
[proxychains] DLL init: proxychains-ng 4.16
"/usr/bin/perl" -MExtUtils::Command::MM -e 'cp_nonempty' -- Unicode.bs ../blib/arch/auto/Encode/Unicode/Unicode.bs 644
[proxychains] DLL init: proxychains-ng 4.16
[proxychains] DLL init: proxychains-ng 4.16
[proxychains] DLL init: proxychains-ng 4.16
[proxychains] DLL init: proxychains-ng 4.16
[proxychains] DLL init: proxychains-ng 4.16
[proxychains] DLL init: proxychains-ng 4.16
[proxychains] DLL init: proxychains-ng 4.16
[proxychains] DLL init: proxychains-ng 4.16
[proxychains] DLL init: proxychains-ng 4.16
[proxychains] DLL init: proxychains-ng 4.16
make[1]: Leaving directory '/home/swampyx/.cpanm/work/1701489619.14072/Encode-3.20/Unicode'
[proxychains] DLL init: proxychains-ng 4.16
[proxychains] DLL init: proxychains-ng 4.16
[proxychains] DLL init: proxychains-ng 4.16
[proxychains] DLL init: proxychains-ng 4.16
make[1]: Entering directory '/home/swampyx/.cpanm/work/1701489619.14072/Encode-3.20/Byte'
[proxychains] DLL init: proxychains-ng 4.16
[proxychains] DLL init: proxychains-ng 4.16
"/usr/bin/perl" -MExtUtils::Command::MM -e 'cp_nonempty' -- Byte.bs ../blib/arch/auto/Encode/Byte/Byte.bs 644
[proxychains] DLL init: proxychains-ng 4.16
[proxychains] DLL init: proxychains-ng 4.16
[proxychains] DLL init: proxychains-ng 4.16
[proxychains] DLL init: proxychains-ng 4.16
[proxychains] DLL init: proxychains-ng 4.16
[proxychains] DLL init: proxychains-ng 4.16
[proxychains] DLL init: proxychains-ng 4.16
[proxychains] DLL init: proxychains-ng 4.16
[proxychains] DLL init: proxychains-ng 4.16
[proxychains] DLL init: proxychains-ng 4.16
No tests defined for Encode::Byte extension.
make[1]: Leaving directory '/home/swampyx/.cpanm/work/1701489619.14072/Encode-3.20/Byte'
[proxychains] DLL init: proxychains-ng 4.16
[proxychains] DLL init: proxychains-ng 4.16
make[1]: Entering directory '/home/swampyx/.cpanm/work/1701489619.14072/Encode-3.20/CN'
[proxychains] DLL init: proxychains-ng 4.16
[proxychains] DLL init: proxychains-ng 4.16
[proxychains] DLL init: proxychains-ng 4.16
[proxychains] DLL init: proxychains-ng 4.16
[proxychains] DLL init: proxychains-ng 4.16
"/usr/bin/perl" -MExtUtils::Command::MM -e 'cp_nonempty' -- CN.bs ../blib/arch/auto/Encode/CN/CN.bs 644
[proxychains] DLL init: proxychains-ng 4.16
[proxychains] DLL init: proxychains-ng 4.16
[proxychains] DLL init: proxychains-ng 4.16
[proxychains] DLL init: proxychains-ng 4.16
[proxychains] DLL init: proxychains-ng 4.16
[proxychains] DLL init: proxychains-ng 4.16
[proxychains] DLL init: proxychains-ng 4.16
No tests defined for Encode::CN extension.
make[1]: Leaving directory '/home/swampyx/.cpanm/work/1701489619.14072/Encode-3.20/CN'
[proxychains] DLL init: proxychains-ng 4.16
[proxychains] DLL init: proxychains-ng 4.16
make[1]: Entering directory '/home/swampyx/.cpanm/work/1701489619.14072/Encode-3.20/EBCDIC'
[proxychains] DLL init: proxychains-ng 4.16
[proxychains] DLL init: proxychains-ng 4.16
[proxychains] DLL init: proxychains-ng 4.16
[proxychains] DLL init: proxychains-ng 4.16
[proxychains] DLL init: proxychains-ng 4.16
"/usr/bin/perl" -MExtUtils::Command::MM -e 'cp_nonempty' -- EBCDIC.bs ../blib/arch/auto/Encode/EBCDIC/EBCDIC.bs 644
[proxychains] DLL init: proxychains-ng 4.16
[proxychains] DLL init: proxychains-ng 4.16
[proxychains] DLL init: proxychains-ng 4.16
[proxychains] DLL init: proxychains-ng 4.16
[proxychains] DLL init: proxychains-ng 4.16
[proxychains] DLL init: proxychains-ng 4.16
[proxychains] DLL init: proxychains-ng 4.16
No tests defined for Encode::EBCDIC extension.
make[1]: Leaving directory '/home/swampyx/.cpanm/work/1701489619.14072/Encode-3.20/EBCDIC'
[proxychains] DLL init: proxychains-ng 4.16
[proxychains] DLL init: proxychains-ng 4.16
make[1]: Entering directory '/home/swampyx/.cpanm/work/1701489619.14072/Encode-3.20/JP'
[proxychains] DLL init: proxychains-ng 4.16
[proxychains] DLL init: proxychains-ng 4.16
"/usr/bin/perl" -MExtUtils::Command::MM -e 'cp_nonempty' -- JP.bs ../blib/arch/auto/Encode/JP/JP.bs 644
[proxychains] DLL init: proxychains-ng 4.16
[proxychains] DLL init: proxychains-ng 4.16
[proxychains] DLL init: proxychains-ng 4.16
[proxychains] DLL init: proxychains-ng 4.16
[proxychains] DLL init: proxychains-ng 4.16
[proxychains] DLL init: proxychains-ng 4.16
[proxychains] DLL init: proxychains-ng 4.16
[proxychains] DLL init: proxychains-ng 4.16
[proxychains] DLL init: proxychains-ng 4.16
[proxychains] DLL init: proxychains-ng 4.16
No tests defined for Encode::JP extension.
make[1]: Leaving directory '/home/swampyx/.cpanm/work/1701489619.14072/Encode-3.20/JP'
[proxychains] DLL init: proxychains-ng 4.16
[proxychains] DLL init: proxychains-ng 4.16
make[1]: Entering directory '/home/swampyx/.cpanm/work/1701489619.14072/Encode-3.20/KR'
[proxychains] DLL init: proxychains-ng 4.16
[proxychains] DLL init: proxychains-ng 4.16
"/usr/bin/perl" -MExtUtils::Command::MM -e 'cp_nonempty' -- KR.bs ../blib/arch/auto/Encode/KR/KR.bs 644
[proxychains] DLL init: proxychains-ng 4.16
[proxychains] DLL init: proxychains-ng 4.16
[proxychains] DLL init: proxychains-ng 4.16
[proxychains] DLL init: proxychains-ng 4.16
[proxychains] DLL init: proxychains-ng 4.16
[proxychains] DLL init: proxychains-ng 4.16
[proxychains] DLL init: proxychains-ng 4.16
[proxychains] DLL init: proxychains-ng 4.16
[proxychains] DLL init: proxychains-ng 4.16
[proxychains] DLL init: proxychains-ng 4.16
No tests defined for Encode::KR extension.
make[1]: Leaving directory '/home/swampyx/.cpanm/work/1701489619.14072/Encode-3.20/KR'
[proxychains] DLL init: proxychains-ng 4.16
[proxychains] DLL init: proxychains-ng 4.16
make[1]: Entering directory '/home/swampyx/.cpanm/work/1701489619.14072/Encode-3.20/Symbol'
[proxychains] DLL init: proxychains-ng 4.16
[proxychains] DLL init: proxychains-ng 4.16
[proxychains] DLL init: proxychains-ng 4.16
[proxychains] DLL init: proxychains-ng 4.16
"/usr/bin/perl" -MExtUtils::Command::MM -e 'cp_nonempty' -- Symbol.bs ../blib/arch/auto/Encode/Symbol/Symbol.bs 644
[proxychains] DLL init: proxychains-ng 4.16
[proxychains] DLL init: proxychains-ng 4.16
[proxychains] DLL init: proxychains-ng 4.16
[proxychains] DLL init: proxychains-ng 4.16
[proxychains] DLL init: proxychains-ng 4.16
[proxychains] DLL init: proxychains-ng 4.16
[proxychains] DLL init: proxychains-ng 4.16
[proxychains] DLL init: proxychains-ng 4.16
No tests defined for Encode::Symbol extension.
make[1]: Leaving directory '/home/swampyx/.cpanm/work/1701489619.14072/Encode-3.20/Symbol'
[proxychains] DLL init: proxychains-ng 4.16
[proxychains] DLL init: proxychains-ng 4.16
make[1]: Entering directory '/home/swampyx/.cpanm/work/1701489619.14072/Encode-3.20/TW'
[proxychains] DLL init: proxychains-ng 4.16
[proxychains] DLL init: proxychains-ng 4.16
[proxychains] DLL init: proxychains-ng 4.16
[proxychains] DLL init: proxychains-ng 4.16
"/usr/bin/perl" -MExtUtils::Command::MM -e 'cp_nonempty' -- TW.bs ../blib/arch/auto/Encode/TW/TW.bs 644
[proxychains] DLL init: proxychains-ng 4.16
[proxychains] DLL init: proxychains-ng 4.16
[proxychains] DLL init: proxychains-ng 4.16
[proxychains] DLL init: proxychains-ng 4.16
[proxychains] DLL init: proxychains-ng 4.16
[proxychains] DLL init: proxychains-ng 4.16
[proxychains] DLL init: proxychains-ng 4.16
[proxychains] DLL init: proxychains-ng 4.16
No tests defined for Encode::TW extension.
make[1]: Leaving directory '/home/swampyx/.cpanm/work/1701489619.14072/Encode-3.20/TW'
[proxychains] DLL init: proxychains-ng 4.16
[proxychains] DLL init: proxychains-ng 4.16
make[1]: Entering directory '/home/swampyx/.cpanm/work/1701489619.14072/Encode-3.20/Unicode'
[proxychains] DLL init: proxychains-ng 4.16
[proxychains] DLL init: proxychains-ng 4.16
"/usr/bin/perl" -MExtUtils::Command::MM -e 'cp_nonempty' -- Unicode.bs ../blib/arch/auto/Encode/Unicode/Unicode.bs 644
[proxychains] DLL init: proxychains-ng 4.16
[proxychains] DLL init: proxychains-ng 4.16
[proxychains] DLL init: proxychains-ng 4.16
[proxychains] DLL init: proxychains-ng 4.16
[proxychains] DLL init: proxychains-ng 4.16
[proxychains] DLL init: proxychains-ng 4.16
[proxychains] DLL init: proxychains-ng 4.16
[proxychains] DLL init: proxychains-ng 4.16
[proxychains] DLL init: proxychains-ng 4.16
[proxychains] DLL init: proxychains-ng 4.16
No tests defined for Encode::Unicode extension.
make[1]: Leaving directory '/home/swampyx/.cpanm/work/1701489619.14072/Encode-3.20/Unicode'
PERL_DL_NONLAZY=1 "/usr/bin/perl" "-MExtUtils::Command::MM" "-MTest::Harness" "-e" "undef *Test::Harness::Switches; test_harness(0, 'blib/lib', 'blib/arch')" t/*.t
[proxychains] DLL init: proxychains-ng 4.16
[proxychains] DLL init: proxychains-ng 4.16
[proxychains] DLL init: proxychains-ng 4.16
[proxychains] DLL init: proxychains-ng 4.16
[proxychains] DLL init: proxychains-ng 4.16
t/Aliases.t ................ ok
[proxychains] DLL init: proxychains-ng 4.16
t/at-cn.t .................. ok
[proxychains] DLL init: proxychains-ng 4.16
t/at-tw.t .................. ok
[proxychains] DLL init: proxychains-ng 4.16
t/CJKT.t ................... ok
[proxychains] DLL init: proxychains-ng 4.16
t/cow.t .................... ok
[proxychains] DLL init: proxychains-ng 4.16
t/decode.t ................. ok
[proxychains] DLL init: proxychains-ng 4.16
t/enc_data.t ............... skipped: encoding pragma not supported in Perl 5.25 or later
[proxychains] DLL init: proxychains-ng 4.16
t/enc_eucjp.t .............. skipped: Perl <=5.25.2 or cperl required
[proxychains] DLL init: proxychains-ng 4.16
t/enc_module.t ............. skipped: encoding pragma not supported in Perl 5.25 or later
[proxychains] DLL init: proxychains-ng 4.16
t/enc_utf8.t ............... skipped: Perl <=5.25.2 or cperl required
[proxychains] DLL init: proxychains-ng 4.16
t/Encode.t ................. ok
[proxychains] DLL init: proxychains-ng 4.16
t/Encoder.t ................ ok
[proxychains] DLL init: proxychains-ng 4.16
t/encoding-locale.t ........ ok
[proxychains] DLL init: proxychains-ng 4.16
t/encoding.t ............... skipped: encoding pragma not supported in Perl 5.25 or later
[proxychains] DLL init: proxychains-ng 4.16
t/fallback.t ............... ok
[proxychains] DLL init: proxychains-ng 4.16
t/from_to.t ................ ok
[proxychains] DLL init: proxychains-ng 4.16
t/grow.t ................... ok
[proxychains] DLL init: proxychains-ng 4.16
t/gsm0338.t ................ ok
[proxychains] DLL init: proxychains-ng 4.16
t/guess.t .................. ok
[proxychains] DLL init: proxychains-ng 4.16
t/isa.t .................... ok
[proxychains] DLL init: proxychains-ng 4.16
t/jis7-fallback.t .......... ok
[proxychains] DLL init: proxychains-ng 4.16
t/jperl.t .................. skipped: encoding pragma not supported in Perl 5.25 or later
[proxychains] DLL init: proxychains-ng 4.16
t/magic.t .................. ok
[proxychains] DLL init: proxychains-ng 4.16
t/mime-header.t ............ ok
[proxychains] DLL init: proxychains-ng 4.16
t/mime-name.t .............. ok
[proxychains] DLL init: proxychains-ng 4.16
t/mime_header_iso2022jp.t .. ok
[proxychains] DLL init: proxychains-ng 4.16
t/perlio.t ................. ok
[proxychains] DLL init: proxychains-ng 4.16
# Failed test 'usage'
# at t/piconv.t line 40.
# '[proxychains] DLL init: proxychains-ng 4.16
# piconv [-f from_encoding] [-t to_encoding]
# [-p|--perlqq|--htmlcref|--xmlcref] [-C N|-c] [-D] [-S scheme]
# [-s string|file...]
# piconv -l
# piconv -r encoding_alias
# piconv -h
# Common options:
# -l,--list
# lists all available encodings
# -r,--resolve encoding_alias
# resolve encoding to its (Encode) canonical name
# -f,--from from_encoding
# when omitted, the current locale will be used
# -t,--to to_encoding
# when omitted, the current locale will be used
# -s,--string string
# "string" will be the input instead of STDIN or files
# The following are mainly of interest to Encode hackers:
# -C N | -c check the validity of the input
# -D,--debug show debug information
# -S,--scheme scheme use the scheme for conversion
# Those are handy when you can only see ASCII characters:
# -p,--perlqq transliterate characters missing in encoding to \x{HHHH}
# where HHHH is the hexadecimal Unicode code point
# --htmlcref transliterate characters missing in encoding to &#NNN;
# where NNN is the decimal Unicode code point
# --xmlcref transliterate characters missing in encoding to &#xHHHH;
# where HHHH is the hexadecimal Unicode code point
#
# '
# doesn't match '(?^:^piconv)'
# Looks like you failed 1 test of 5.
t/piconv.t .................
Dubious, test returned 1 (wstat 256, 0x100)
Failed 1/5 subtests
[proxychains] DLL init: proxychains-ng 4.16
t/rt113164.t ............... ok
[proxychains] DLL init: proxychains-ng 4.16
t/rt65541.t ................ ok
[proxychains] DLL init: proxychains-ng 4.16
t/rt76824.t ................ ok
[proxychains] DLL init: proxychains-ng 4.16
t/rt85489.t ................ ok
[proxychains] DLL init: proxychains-ng 4.16
t/rt86327.t ................ ok
[proxychains] DLL init: proxychains-ng 4.16
t/taint.t .................. ok
[proxychains] DLL init: proxychains-ng 4.16
t/truncated_utf8.t ......... ok
[proxychains] DLL init: proxychains-ng 4.16
t/undef.t .................. ok
[proxychains] DLL init: proxychains-ng 4.16
t/Unicode.t ................ ok
[proxychains] DLL init: proxychains-ng 4.16
[proxychains] DLL init: proxychains-ng 4.16
t/Unicode_trailing_nul.t ... ok
[proxychains] DLL init: proxychains-ng 4.16
t/use-Encode-Alias.t ....... ok
[proxychains] DLL init: proxychains-ng 4.16
t/utf32warnings.t .......... ok
[proxychains] DLL init: proxychains-ng 4.16
t/utf8ref.t ................ ok
[proxychains] DLL init: proxychains-ng 4.16
t/utf8strict.t ............. ok
[proxychains] DLL init: proxychains-ng 4.16
t/utf8warnings.t ........... ok
[proxychains] DLL init: proxychains-ng 4.16
t/whatwg-aliases.t ......... skipped: For maintainers only
[proxychains] DLL init: proxychains-ng 4.16
t/xml.t .................... ok
Test Summary Report
-------------------
t/piconv.t (Wstat: 256 (exited 1) Tests: 5 Failed: 1)
Failed test: 3
Non-zero exit status: 1
Files=45, Tests=7769, 9 wallclock secs ( 1.02 usr 0.08 sys + 6.25 cusr 0.71 csys = 8.06 CPU)
Result: FAIL
------------------------------
PREREQUISITES
------------------------------
Prerequisite modules loaded:
runtime:
Module Need Have
------------------- ----- -----
Exporter 5.57 5.77
parent 0.221 0.241
Storable 0 3.32
build:
Module Need Have
------------------- ----- -----
ExtUtils::MakeMaker 0 7.70
configure:
Module Need Have
------------------- ----- -----
ExtUtils::MakeMaker 0 7.70
------------------------------
ENVIRONMENT AND OTHER CONTEXT
------------------------------
Environment variables:
CCFLAGS = -march=native -O3 -pipe -fno-plt -fexceptions -Wp,-D_FORTIFY_SOURCE=2 -Wformat -Werror=format-security -fstack-clash-protection -fcf-protection
LANG = en_US.UTF-8
LANGUAGE =
LC_ADDRESS =
LC_COLLATE =
LC_CTYPE =
LC_IDENTIFICATION =
LC_MEASUREMENT =
LC_MESSAGES =
LC_MONETARY =
LC_NAME =
LC_NUMERIC =
LC_PAPER =
LC_TELEPHONE =
LC_TIME =
LDFLAGS = -Wl,-O1,--sort-common,--as-needed,-z,relro,-z,now
PATH = /usr/lib/ccache/bin:/usr/local/sbin:/usr/local/bin:/usr/bin:/opt/android-sdk/platform-tools:/usr/lib/jvm/default/bin:/usr/bin/site_perl:/usr/bin/vendor_perl:/usr/bin/core_perl:/usr/share/perl6/vendor/bin:/home/swampyx/.raku/bin:/opt/android-ndk/toolchains/llvm/prebuilt/linux-x86_64/bin
PERL_MM_OPT = OPTIMIZE="-march=native -O3 -pipe -fno-plt -fstack-clash-protection -fcf-protection"
SHELL = /usr/bin/zsh
TEMP = /tmp
TERM = xterm
Perl special variables (and OS-specific diagnostics, for MSWin32):
EGID = 100 50 91 92 93 95 98 100 108
EUID = 1000
EXECUTABLE_NAME = /usr/bin/perl
GID = 100 50 91 92 93 95 98 100 108
UID = 1000
Perl module toolchain versions installed:
Module Have
------------------- --------
CPAN 2.36
CPAN::Meta 2.150010
Cwd 3.89
ExtUtils::CBuilder 0.280236
ExtUtils::Command 7.70
ExtUtils::Install 2.22
ExtUtils::MakeMaker 7.70
ExtUtils::Manifest 1.75
ExtUtils::ParseXS 3.51
File::Spec 3.88
JSON 4.10
JSON::PP 4.16
Module::Build 0.4234
Module::Signature 0.88
Parse::CPAN::Meta 2.150010
Test::Harness 3.48
Test::More 1.302198
YAML 1.30
YAML::Syck n/a
version 0.9930
--
Summary of my perl5 (revision 5 version 38 subversion 1) configuration:
Platform:
osname=linux
osvers=5.12.15-arch1-1
archname=x86_64-linux-thread-multi
uname='archlinux'
config_args='-des -Dusethreads -Duseshrplib -Doptimize=-march=x86-64 -mtune=generic -O2 -pipe -fno-plt -fexceptions -Wp,-D_FORTIFY_SOURCE=2 -Wformat -Werror=format-security -fstack-clash-protection -fcf-protection -g -ffile-prefix-map=/build/perl/src=/usr/src/debug/perl -flto=auto -Dprefix=/usr -Dvendorprefix=/usr -Dprivlib=/usr/share/perl5/core_perl -Darchlib=/usr/lib/perl5/5.38/core_perl -Dsitelib=/usr/share/perl5/site_perl -Dsitearch=/usr/lib/perl5/5.38/site_perl -Dvendorlib=/usr/share/perl5/vendor_perl -Dvendorarch=/usr/lib/perl5/5.38/vendor_perl -Dscriptdir=/usr/bin/core_perl -Dsitescript=/usr/bin/site_perl -Dvendorscript=/usr/bin/vendor_perl -Dinc_version_list=none -Dman1ext=1perl -Dman3ext=3perl -Dlddlflags=-shared -Wl,-O1,--sort-common,--as-needed,-z,relro,-z,now -flto=auto -Dldflags=-Wl,-O1,--sort-common,--as-needed,-z,relro,-z,now -flto=auto'
hint=recommended
useposix=true
d_sigaction=define
useithreads=define
usemultiplicity=define
use64bitint=define
use64bitall=define
uselongdouble=undef
usemymalloc=n
default_inc_excludes_dot=define
Compiler:
cc='cc'
ccflags ='-D_REENTRANT -D_GNU_SOURCE -fwrapv -fno-strict-aliasing -pipe -fstack-protector-strong -I/usr/local/include -D_LARGEFILE_SOURCE -D_FILE_OFFSET_BITS=64'
optimize='-march=x86-64 -mtune=generic -O2 -pipe -fno-plt -fexceptions -Wp,-D_FORTIFY_SOURCE=2 -Wformat -Werror=format-security -fstack-clash-protection -fcf-protection -g -ffile-prefix-map=/build/perl/src=/usr/src/debug/perl -flto=auto'
cppflags='-D_REENTRANT -D_GNU_SOURCE -fwrapv -fno-strict-aliasing -pipe -fstack-protector-strong -I/usr/local/include'
ccversion=''
gccversion='13.2.1 20230801'
gccosandvers=''
intsize=4
longsize=8
ptrsize=8
doublesize=8
byteorder=12345678
doublekind=3
d_longlong=define
longlongsize=8
d_longdbl=define
longdblsize=16
longdblkind=3
ivtype='long'
ivsize=8
nvtype='double'
nvsize=8
Off_t='off_t'
lseeksize=8
alignbytes=8
prototype=define
Linker and Libraries:
ld='cc'
ldflags ='-Wl,-O1,--sort-common,--as-needed,-z,relro,-z,now -flto=auto -fstack-protector-strong -L/usr/local/lib'
libpth=/usr/local/lib /usr/lib
libs=-lpthread -lgdbm -ldb -ldl -lm -lcrypt -lutil -lc -lgdbm_compat
perllibs=-lpthread -ldl -lm -lcrypt -lutil -lc
libc=/lib/../lib/libc.so.6
so=so
useshrplib=true
libperl=libperl.so
gnulibc_version='2.38'
Dynamic Linking:
dlsrc=dl_dlopen.xs
dlext=so
d_dlsymun=undef
ccdlflags='-Wl,-E -Wl,-rpath,/usr/lib/perl5/5.38/core_perl/CORE'
cccdlflags='-fPIC'
lddlflags='-shared -Wl,-O1,--sort-common,--as-needed,-z,relro,-z,now -flto=auto -L/usr/local/lib -fstack-protector-strong'
Characteristics of this binary (from libperl):
Compile-time options:
HAS_LONG_DOUBLE
HAS_STRTOLD
HAS_TIMES
MULTIPLICITY
PERLIO_LAYERS
PERL_COPY_ON_WRITE
PERL_DONT_CREATE_GVSV
PERL_HASH_FUNC_SIPHASH13
PERL_HASH_USE_SBOX32
PERL_MALLOC_WRAP
PERL_OP_PARENT
PERL_PRESERVE_IVUV
PERL_USE_SAFE_PUTENV
USE_64_BIT_ALL
USE_64_BIT_INT
USE_ITHREADS
USE_LARGE_FILES
USE_LOCALE
USE_LOCALE_COLLATE
USE_LOCALE_CTYPE
USE_LOCALE_NUMERIC
USE_LOCALE_TIME
USE_PERLIO
USE_PERL_ATOF
USE_REENTRANT_API
USE_THREAD_SAFE_LOCALE
Built under linux
Compiled at Nov 27 2023 20:20:27
%ENV:
PERL_MM_OPT="OPTIMIZE="-march=native -O3 -pipe -fno-plt -fstack-clash-protection -fcf-protection""
@INC:
/usr/lib/perl5/5.38/site_perl
/usr/share/perl5/site_perl
/usr/lib/perl5/5.38/vendor_perl
/usr/share/perl5/vendor_perl
/usr/lib/perl5/5.38/core_perl
/usr/share/perl5/core_perl