FunctionalPerl v0.72.76 Perl 5 v5.32.1 MSWin32-x86-multi-thread-64int

Status
Na
From
gregor herrmann
Dist
FunctionalPerl v0.72.76
Platform
Perl 5 v5.32.1 MSWin32-x86-multi-thread-64int
Date
2023-01-22 17:26:10
ID
694c62e0-6c7f-1014-a179-dbe49a16cf61
This distribution has been tested as part of the CPAN Testers
project, supporting the Perl programming language.  See
http://wiki.cpantesters.org/ for more information or email
questions to cpan-testers-discuss@perl.org


--
Dear PFLANZE,

This is a computer-generated report for FunctionalPerl-0.72.76
on perl 5.32.1, created by App::cpanminus::reporter 0.17 (1.7044).

Thank you for uploading your work to CPAN.  While attempting to build or test
this distribution, the distribution signaled that support is not available
either for this operating system or this version of Perl.  Nevertheless, any
diagnostic output produced is provided below for reference.  If this is not
what you expect, you may wish to consult the CPAN Testers Wiki:

http://wiki.cpantesters.org/wiki/CPANAuthorNotes

Sections of this report:

    * Tester comments
    * Program output
    * Prerequisites
    * Environment and other context

------------------------------
TESTER COMMENTS
------------------------------

Additional comments from tester:

this report is from an automated smoke testing program
and was not reviewed by a human for accuracy

------------------------------
PROGRAM OUTPUT
------------------------------

Output from '':

Running Makefile.PL
Checking if your kit is complete...
Looks good
Generating a gmake-style Makefile
Writing Makefile for FunctionalPerl
Writing MYMETA.yml and MYMETA.json
-> OK
Checking dependencies from MYMETA.json ...
Checking if you have Getopt::Long 0 ... Yes (2.54)
Checking if you have PerlIO::utf8_strict 0 ... Yes (0.010)
Checking if you have Symbol 0 ... Yes (1.08)
Checking if you have ExtUtils::MakeMaker 0 ... Yes (7.66)
Checking if you have File::chdir 0 ... Yes (0.1010)
Checking if you have DBD::CSV 0 ... Yes (0.60)
Checking if you have File::Path 0 ... Yes (2.18)
Checking if you have Sub::Util 0 ... Yes (1.63)
Checking if you have Text::CSV 0 ... Yes (2.02)
Checking if you have Test::Requires 0 ... Yes (0.11)
Checking if you have Scalar::Util 0 ... Yes (1.63)
Checking if you have URI 0 ... Yes (5.11)
Checking if you have Test::More 0.96 ... Yes (1.302191)
Checking if you have Test::Pod::Snippets 0 ... Yes (0.07)
Checking if you have autobox 0 ... Yes (v3.0.1)
Checking if you have DBI 0 ... Yes (1.643)
Checking if you have Capture::Tiny 0 ... Yes (0.48)
Checking if you have Import::Into 0 ... Yes (1.002005)
Checking if you have NEXT 0 ... Yes (0.69)
Checking if you have Safe::Isa 0 ... Yes (1.000010)
Checking if you have Digest 0 ... Yes (1.20)
Checking if you have base 0 ... Yes (2.27)
Checking if you have Math::BigInt 0 ... Yes (1.999837)
Checking if you have utf8 0 ... Yes (1.22)
Building and testing FunctionalPerl-v0.72.76
cp lib/Chj/CPAN/ModulePODUrl.pm blib\lib\Chj\CPAN\ModulePODUrl.pm
cp lib/Chj/BinHexOctDec.pm blib\lib\Chj\BinHexOctDec.pm
cp lib/Chj/Package/OfPath.pm blib\lib\Chj\Package\OfPath.pm
cp lib/Chj/IO/WrappedFile.pm blib\lib\Chj\IO\WrappedFile.pm
cp lib/Chj/NamespaceCleanAbove.pm blib\lib\Chj\NamespaceCleanAbove.pm
cp lib/Chj/NamespaceClean.pm blib\lib\Chj\NamespaceClean.pm
cp lib/Chj/IsPerl.pm blib\lib\Chj\IsPerl.pm
cp lib/Chj/Destructor.pm blib\lib\Chj\Destructor.pm
cp lib/Chj/IO/Dir.pm blib\lib\Chj\IO\Dir.pm
cp lib/Chj/IO/Tempdir.pm blib\lib\Chj\IO\Tempdir.pm
cp lib/Chj/IO/File.pm blib\lib\Chj\IO\File.pm
cp lib/Chj/HTTP/Daemon.pm blib\lib\Chj\HTTP\Daemon.pm
cp lib/Chj/IO/Pipe.pm blib\lib\Chj\IO\Pipe.pm
cp lib/Chj/IO/Tempfile.pm blib\lib\Chj\IO\Tempfile.pm
cp lib/Chj/BuiltinTypePredicates.pm blib\lib\Chj\BuiltinTypePredicates.pm
cp lib/Chj/IO/PipelessCommand.pm blib\lib\Chj\IO\PipelessCommand.pm
cp lib/Chj/Class/Array.pm blib\lib\Chj\Class\Array.pm
cp lib/Chj/IO/Command.pm blib\lib\Chj\IO\Command.pm
cp lib/Chj/IO/CommandCommon.pm blib\lib\Chj\IO\CommandCommon.pm
cp lib/Chj/Backtrace.pm blib\lib\Chj\Backtrace.pm
cp lib/Chj/Class/methodnames.pm blib\lib\Chj\Class\methodnames.pm
cp lib/Chj/Linux/LmSensors.pm blib\lib\Chj\Linux\LmSensors.pm
cp lib/Chj/singlequote.pm blib\lib\Chj\singlequote.pm
cp lib/Chj/TEST.pm blib\lib\Chj\TEST.pm
cp lib/Chj/constructorexporter.pm blib\lib\Chj\constructorexporter.pm
cp lib/Chj/xIOUtil.pm blib\lib\Chj\xIOUtil.pm
cp lib/Chj/singlequote/t.pm blib\lib\Chj\singlequote\t.pm
cp lib/Chj/xhome.pm blib\lib\Chj\xhome.pm
cp lib/Chj/xoutpipe.pm blib\lib\Chj\xoutpipe.pm
cp lib/Chj/time_this.pm blib\lib\Chj\time_this.pm
cp lib/Chj/ruse.pm blib\lib\Chj\ruse.pm
cp lib/Chj/Serialize.pm blib\lib\Chj\Serialize.pm
cp lib/Chj/TerseDumper.pm blib\lib\Chj\TerseDumper.pm
cp lib/Chj/xtmpfile.pm blib\lib\Chj\xtmpfile.pm
cp lib/Chj/pp.pm blib\lib\Chj\pp.pm
cp lib/Chj/xIO.pm blib\lib\Chj\xIO.pm
cp lib/Chj/xpipe.pm blib\lib\Chj\xpipe.pm
cp lib/Chj/Packages.pm blib\lib\Chj\Packages.pm
cp lib/Chj/Unix/Signal.pm blib\lib\Chj\Unix\Signal.pm
cp lib/Chj/Util/AskYN.pm blib\lib\Chj\Util\AskYN.pm
cp lib/Chj/xopen.pm blib\lib\Chj\xopen.pm
cp lib/Chj/xperlfunc/t.pm blib\lib\Chj\xperlfunc\t.pm
cp lib/Chj/xperlfunc.pm blib\lib\Chj\xperlfunc.pm
cp lib/Chj/tempdir.pm blib\lib\Chj\tempdir.pm
cp lib/Chj/Unix/Exitcode.pm blib\lib\Chj\Unix\Exitcode.pm
cp lib/Chj/noTEST.pm blib\lib\Chj\noTEST.pm
cp lib/Chj/xopendir.pm blib\lib\Chj\xopendir.pm
cp lib/Chj/chompspace.pm blib\lib\Chj\chompspace.pm
cp lib/FP/Abstract/Id.pm blib\lib\FP\Abstract\Id.pm
cp lib/FP/Abstract/Show.pm blib\lib\FP\Abstract\Show.pm
cp lib/FP/Currying.pm blib\lib\FP\Currying.pm
cp lib/FP/Char.pm blib\lib\FP\Char.pm
cp lib/FP/Docstring/t.pm blib\lib\FP\Docstring\t.pm
cp lib/FP/Abstract/Sequence/t.pm blib\lib\FP\Abstract\Sequence\t.pm
cp lib/FP/Array.pm blib\lib\FP\Array.pm
cp lib/FP/BigInt.pm blib\lib\FP\BigInt.pm
cp lib/FP/Collection.pm blib\lib\FP\Collection.pm
cp lib/FP/Array/Mixin.pm blib\lib\FP\Array\Mixin.pm
cp lib/FP/Abstract/Equal.pm blib\lib\FP\Abstract\Equal.pm
cp lib/FP/Abstract/Pure.pm blib\lib\FP\Abstract\Pure.pm
cp lib/FP/AST/Perl.pm blib\lib\FP\AST\Perl.pm
cp lib/FP/Docstring.pm blib\lib\FP\Docstring.pm
cp lib/FP/Abstract/Map.pm blib\lib\FP\Abstract\Map.pm
cp lib/FP/Div.pm blib\lib\FP\Div.pm
cp lib/FP/Abstract/Sequence.pm blib\lib\FP\Abstract\Sequence.pm
cp lib/FP/Abstract/Interface.pm blib\lib\FP\Abstract\Interface.pm
cp lib/FP/Array_sort.pm blib\lib\FP\Array_sort.pm
cp lib/FP/Combinators.pm blib\lib\FP\Combinators.pm
cp lib/FP/Cmp.pm blib\lib\FP\Cmp.pm
cp lib/FP/Carp.pm blib\lib\FP\Carp.pm
cp lib/FP/Combinators2.pm blib\lib\FP\Combinators2.pm
cp lib/FP/DBI.pm blib\lib\FP\DBI.pm
cp lib/FP/Abstract/Compare.pm blib\lib\FP\Abstract\Compare.pm
cp lib/FP/Path/t.pm blib\lib\FP\Path\t.pm
cp lib/FP/Equal/t.pm blib\lib\FP\Equal\t.pm
cp lib/FP/OrderedCollection.pm blib\lib\FP\OrderedCollection.pm
cp lib/FP/Iptables/Rules.pm blib\lib\FP\Iptables\Rules.pm
cp lib/FP/Path.pm blib\lib\FP\Path.pm
cp lib/FP/Ops.pm blib\lib\FP\Ops.pm
cp lib/FP/Interfaces.pm blib\lib\FP\Interfaces.pm
cp lib/FP/Lazy/t.pm blib\lib\FP\Lazy\t.pm
cp lib/FP/JSON.pm blib\lib\FP\JSON.pm
cp lib/FP/Git/Repository.pm blib\lib\FP\Git\Repository.pm
cp lib/FP/Lazy.pm blib\lib\FP\Lazy.pm
cp lib/FP/HashSet.pm blib\lib\FP\HashSet.pm
cp lib/FP/Equal.pm blib\lib\FP\Equal.pm
cp lib/FP/Mixin/Utils.pm blib\lib\FP\Mixin\Utils.pm
cp lib/FP/Either.pm blib\lib\FP\Either.pm
cp lib/FP/Memoizing.pm blib\lib\FP\Memoizing.pm
cp lib/FP/Hash.pm blib\lib\FP\Hash.pm
cp lib/FP/MutableArray.pm blib\lib\FP\MutableArray.pm
cp lib/FP/Failure.pm blib\lib\FP\Failure.pm
cp lib/FP/IOStream.pm blib\lib\FP\IOStream.pm
cp lib/FP/Id.pm blib\lib\FP\Id.pm
cp lib/FP/Optional.pm blib\lib\FP\Optional.pm
cp lib/FP/List/t.pm blib\lib\FP\List\t.pm
cp lib/FP/Predicates.pm blib\lib\FP\Predicates.pm
cp lib/FP/PureArray.pm blib\lib\FP\PureArray.pm
cp lib/FP/DumperEqual.pm blib\lib\FP\DumperEqual.pm
cp lib/FP/List.pm blib\lib\FP\List.pm
cp lib/FP/Interface.pm blib\lib\FP\Interface.pm
cp lib/FP/Repl.pm blib\lib\FP\Repl.pm
cp lib/FP/TransparentLazy.pm blib\lib\FP\TransparentLazy.pm
cp lib/FP/Repl/Trap.pm blib\lib\FP\Repl\Trap.pm
cp lib/FP/Trie.pm blib\lib\FP\Trie.pm
cp lib/FP/Struct/Equal.pm blib\lib\FP\Struct\Equal.pm
cp lib/FP/Struct.pm blib\lib\FP\Struct.pm
cp lib/FP/Untainted.pm blib\lib\FP\Untainted.pm
cp lib/FP/Show.pm blib\lib\FP\Show.pm
cp lib/FP/Repl/Repl.pm blib\lib\FP\Repl\Repl.pm
cp lib/FP/Struct/Show.pm blib\lib\FP\Struct\Show.pm
cp lib/FP/Repl/Dependencies.pm blib\lib\FP\Repl\Dependencies.pm
cp lib/FP/Show/t.pm blib\lib\FP\Show\t.pm
cp lib/FP/Stream.pm blib\lib\FP\Stream.pm
cp lib/FP/Text/CSV.pm blib\lib\FP\Text\CSV.pm
cp lib/FP/Trie/t.pm blib\lib\FP\Trie\t.pm
cp lib/FP/Repl/AutoTrap.pm blib\lib\FP\Repl\AutoTrap.pm
cp lib/FP/SortedPureArray.pm blib\lib\FP\SortedPureArray.pm
cp lib/FP/Repl/corefuncs.pm blib\lib\FP\Repl\corefuncs.pm
cp lib/FP/StrictList.pm blib\lib\FP\StrictList.pm
cp lib/FP/PureHash.pm blib\lib\FP\PureHash.pm
cp lib/FP/PureArray/t.pm blib\lib\FP\PureArray\t.pm
cp lib/FP/Repl/Stack.pm blib\lib\FP\Repl\Stack.pm
cp lib/FP/RegexMatch.pm blib\lib\FP\RegexMatch.pm
cp lib/FP/Trampoline.pm blib\lib\FP\Trampoline.pm
cp lib/FP/Repl/StackPlus.pm blib\lib\FP\Repl\StackPlus.pm
cp lib/FP/Repl/WithRepl.pm blib\lib\FP\Repl\WithRepl.pm
cp lib/PXML/Preserialize/t.pm blib\lib\PXML\Preserialize\t.pm
cp lib/PXML/Serialize/t.pm blib\lib\PXML\Serialize\t.pm
cp lib/FunctionalPerl.pm blib\lib\FunctionalPerl.pm
cp lib/PXML.pm blib\lib\PXML.pm
cp lib/PXML/HTML5.pm blib\lib\PXML\HTML5.pm
cp lib/PXML/Serialize.pm blib\lib\PXML\Serialize.pm
cp lib/FP/url_.pm blib\lib\FP\url_.pm
cp lib/PXML/XHTML.pm blib\lib\PXML\XHTML.pm
cp lib/PXML/Util.pm blib\lib\PXML\Util.pm
cp lib/FP/Values.pm blib\lib\FP\Values.pm
cp lib/FP/autobox.pm blib\lib\FP\autobox.pm
cp lib/FP/Weak.pm blib\lib\FP\Weak.pm
cp testmem.pl blib\lib\testmem.pl
cp lib/PXML/Tags.pm blib\lib\PXML\Tags.pm
cp lib/FP/noLazy.pm blib\lib\FP\noLazy.pm
cp lib/PXML/Element.pm blib\lib\PXML\Element.pm
cp lib/PXML/SVG.pm blib\lib\PXML\SVG.pm
cp lib/FP/Weak/t.pm blib\lib\FP\Weak\t.pm
cp lib/FP/fix.pm blib\lib\FP\fix.pm
cp lib/PXML/Preserialize.pm blib\lib\PXML\Preserialize.pm
"C:\Strawberry\perl\bin\perl.exe" -MExtUtils::Command -e cp -- bin/fperl blib\script\fperl
pl2bat.bat blib\script\fperl
"C:\Strawberry\perl\bin\perl.exe" -MExtUtils::Command -e cp -- bin/perlrepl blib\script\perlrepl
pl2bat.bat blib\script\perlrepl
"C:\Strawberry\perl\bin\perl.exe" "-MExtUtils::Command::MM" "-MTest::Harness" "-e" "undef *Test::Harness::Switches; test_harness(0, 'blib\lib', 'blib\arch')" t/*.t
t/csv_to_xml.t ........................... skipped: on Windows (no shell support)
t/dbi.t .................................. ok
t/examples-csv-to-json.t ................. ok
times for fib: user = 0.36, system = 0, cuser = 0, csystem = 0
times for fibonacci: user = 0.265, system = 0, cuser = 0, csystem = 0
t/examples-fibs.t ........................ ok
t/examples-functional-classes.t .......... ok
t/examples-hiring-without-whiteboards.t .. skipped: dependency Term::ReadLine::Gnu not present at lib/FP/Repl/Dependencies.pm line 44.
t/examples-logic.t ....................... skipped: could not use FP::Repl::Dependencies
t/examples-perlweekly-111-1.t ............ ok
times: user = 0.078, system = 0, cuser = 0, csystem = 0
times: user = 0.156, system = 0, cuser = 0, csystem = 0
times: user = 0.172, system = 0, cuser = 0, csystem = 0
t/examples-perlweekly-113-1.t ............ ok
t/examples-perlweekly-113-2.t ............ ok
t/examples-primes.t ...................... ok
t/functional_XML-t-div.t ................. ok
t/functional_XML-test.t .................. ok
t/htmlgen.t .............................. ok
t/intro-basics.t ......................... skipped: could not use FP::Repl::Dependencies
t/perl-goto-leak.t ....................... skipped: on Windows (no shell support)
t/perl-weaken-coderef-correctness.t ...... skipped: on Windows (no shell support)
t/perl-weaken-coderef.t .................. skipped: on Windows (no shell support)
Exception: abs_path('Chj::Packages'), given path: No such file or directory at lib/Chj/Packages.pm line 109.
 at lib/Chj/Packages.pm line 109.
	Chj::Packages::fallible_require_package_by_path("Chj::Packages") called at lib\Chj\Packages.pm line 24
	eval 'package main; package t_pod_snippets_19; use Test::More ;
{
no warnings;
use strict;    # things are likely to be sloppy

ok 1 => \'the tests compile\';   


#line 16 lib\\Chj\\Packages.pm
use Chj::Packages qw(
    package_to_requirepath
    require_package
    fallible_require_package_by_path
    xrequire_package_by_path
    );
my $packagename = "Chj::Packages";
my $possibly_previously_loaded_path = require_package $packagename;
my $true_or_failure = fallible_require_package_by_path $packagename;
# xrequire_package_by_path turns the failure into an exception.

;

#line 27 lib\\Chj\\Packages.pm
# related (mess?):
# use FP::Predicates qw($package_re);

;


ok 1 => \'we reached the end!\';

}
; 
1' called at lib/FP/Repl/WithRepl.pm line 75
	FP::Repl::WithRepl::WithRepl_eval("package t_pod_snippets_19; use Test::More ;\x{a}{\x{a}no warnings;\x{a}us"...) called at t/pod_snippets.t line 37
	main::myeval("package t_pod_snippets_19; use Test::More ;\x{a}{\x{a}no warnings;\x{a}us"...) called at t/pod_snippets.t line 158
	main::__ANON__() called at C:/Strawberry/perl/site/lib/Test/Builder.pm line 374
	eval {...} called at C:/Strawberry/perl/site/lib/Test/Builder.pm line 374
	Test::Builder::subtest(Test::Builder=HASH(0xf469ec), "pod snippets in Chj::Packages", CODE(0x9a6304)) called at C:/Strawberry/perl/site/lib/Test/More.pm line 809
	Test::More::subtest("pod snippets in Chj::Packages", CODE(0x9a6304)) called at t/pod_snippets.t line 183


    #   Failed test 'pod snippets in Chj::Packages'
    #   at t/pod_snippets.t line 177.
    # Looks like you failed 1 test of 2.

#   Failed test 'pod snippets in Chj::Packages'
#   at t/pod_snippets.t line 183.

    #   Failed test at lib/FP/Failure.pm line 69.
    #          got: ''failure: 666 at lib/FP/Failure.pm line ...
    #     (eval) at lib/FP/Repl/WithRepl.pm line ...
    #   because:
    #   failure: \'not good\'''
    #     expected: ''failure: 666 at lib\\FP\\Failure.pm line ...
    #     (eval) at lib/FP/Repl/WithRepl.pm line ...
    #   because:
    #   failure: \'not good\'''
    # Looks like you failed 1 test of 15.

#   Failed test 'pod snippets in FP::Failure'
#   at t/pod_snippets.t line 183.
Exception: Label not found for "last T2_SUBTEST_WRAPPER" at C:/Strawberry/perl/site/lib/Test2/Hub/Subtest.pm line 67.
 at C:/Strawberry/perl/site/lib/Test2/Hub/Subtest.pm line 67.
	Test2::Hub::Subtest::terminate(Test2::Hub::Subtest=HASH(0x44afb8c), 0, Test2::Event::Plan=HASH(0x4475ab4), HASH(0x44cfc44)) called at C:/Strawberry/perl/site/lib/Test2/Hub.pm line 386
	Test2::Hub::process(Test2::Hub::Subtest=HASH(0x44afb8c), Test2::Event::Plan=HASH(0x4475ab4)) called at C:/Strawberry/perl/site/lib/Test2/Hub.pm line 306
	Test2::Hub::send(Test2::Hub::Subtest=HASH(0x44afb8c), Test2::Event::Plan=HASH(0x4475ab4)) called at C:/Strawberry/perl/site/lib/Test2/Hub/Subtest.pm line 34
	Test2::Hub::Subtest::send(Test2::Hub::Subtest=HASH(0x44afb8c), Test2::Event::Plan=HASH(0x4475ab4)) called at C:/Strawberry/perl/site/lib/Test2/API/Context.pm line 272
	Test2::API::Context::send_event(Test2::API::Context=HASH(0x443223c), "Plan", "max", 0, "directive", "SKIP", "reason", "FunctionalPerl::Dependencies::ChjBin import: these programs a"...) called at C:/Strawberry/perl/site/lib/Test2/API/Context.pm line 448
	Test2::API::Context::plan(Test2::API::Context=HASH(0x443223c), 0, "SKIP", "FunctionalPerl::Dependencies::ChjBin import: these programs a"...) called at C:/Strawberry/perl/site/lib/Test/Builder.pm line 660
	Test::Builder::skip_all(Test::Builder=HASH(0xf469ec), "FunctionalPerl::Dependencies::ChjBin import: these programs a"...) called at C:/Strawberry/perl/vendor/lib/Test/Requires.pm line 44
	Test::Requires::__ANON__("FunctionalPerl::Dependencies::ChjBin import: these programs a"...) called at C:/Strawberry/perl/vendor/lib/Test/Requires.pm line 71
	Test::Requires::test_requires("FunctionalPerl::Dependencies::ChjBin", "\"trigger-listen\"", "t_pod_snippets_111") called at C:/Strawberry/perl/vendor/lib/Test/Requires.pm line 21
	Test::Requires::import("Test::Requires", HASH(0x44b7bf4)) called at meta\FunctionalPerl\Dependencies\ChjBin.pm line 19
	t_pod_snippets_111::BEGIN() called at meta\FunctionalPerl\Dependencies\ChjBin.pm line 19
	eval {...} called at meta\FunctionalPerl\Dependencies\ChjBin.pm line 19
	eval 'package main; package t_pod_snippets_111; use Test::More ;
{
no warnings;
use strict;    # things are likely to be sloppy

ok 1 => \'the tests compile\';   


#line 16 meta\\FunctionalPerl\\Dependencies\\ChjBin.pm
use Chj::TEST use => \'FunctionalPerl::Dependencies::ChjBin\';
# or
use Test::Requires +{
    \'FunctionalPerl::Dependencies::ChjBin\' => \'"trigger-listen"\' };
# or
#  list in FunctionalPerl::Dependencies\'s %dependencies

;


ok 1 => \'we reached the end!\';

}
; 
1' called at lib/FP/Repl/WithRepl.pm line 75
	FP::Repl::WithRepl::WithRepl_eval("package t_pod_snippets_111; use Test::More ;\x{a}{\x{a}no warnings;\x{a}u"...) called at t/pod_snippets.t line 37
	main::myeval("package t_pod_snippets_111; use Test::More ;\x{a}{\x{a}no warnings;\x{a}u"...) called at t/pod_snippets.t line 158
	main::__ANON__() called at C:/Strawberry/perl/site/lib/Test/Builder.pm line 374
	eval {...} called at C:/Strawberry/perl/site/lib/Test/Builder.pm line 374
	Test::Builder::subtest(Test::Builder=HASH(0xf469ec), "pod snippets in FunctionalPerl::Dependencies::ChjBin", CODE(0x9a6304)) called at C:/Strawberry/perl/site/lib/Test/More.pm line 809
	Test::More::subtest("pod snippets in FunctionalPerl::Dependencies::ChjBin", CODE(0x9a6304)) called at t/pod_snippets.t line 183
BEGIN failed--compilation aborted at meta\FunctionalPerl\Dependencies\ChjBin.pm line 19.
 at meta\FunctionalPerl\Dependencies\ChjBin.pm line 19.
	eval 'package main; package t_pod_snippets_111; use Test::More ;
{
no warnings;
use strict;    # things are likely to be sloppy

ok 1 => \'the tests compile\';   


#line 16 meta\\FunctionalPerl\\Dependencies\\ChjBin.pm
use Chj::TEST use => \'FunctionalPerl::Dependencies::ChjBin\';
# or
use Test::Requires +{
    \'FunctionalPerl::Dependencies::ChjBin\' => \'"trigger-listen"\' };
# or
#  list in FunctionalPerl::Dependencies\'s %dependencies

;


ok 1 => \'we reached the end!\';

}
; 
1' called at lib/FP/Repl/WithRepl.pm line 75
	FP::Repl::WithRepl::WithRepl_eval("package t_pod_snippets_111; use Test::More ;\x{a}{\x{a}no warnings;\x{a}u"...) called at t/pod_snippets.t line 37
	main::myeval("package t_pod_snippets_111; use Test::More ;\x{a}{\x{a}no warnings;\x{a}u"...) called at t/pod_snippets.t line 158
	main::__ANON__() called at C:/Strawberry/perl/site/lib/Test/Builder.pm line 374
	eval {...} called at C:/Strawberry/perl/site/lib/Test/Builder.pm line 374
	Test::Builder::subtest(Test::Builder=HASH(0xf469ec), "pod snippets in FunctionalPerl::Dependencies::ChjBin", CODE(0x9a6304)) called at C:/Strawberry/perl/site/lib/Test/More.pm line 809
	Test::More::subtest("pod snippets in FunctionalPerl::Dependencies::ChjBin", CODE(0x9a6304)) called at t/pod_snippets.t line 183


    #   Failed test 'pod snippets in FunctionalPerl::Dependencies::ChjBin'
    #   at t/pod_snippets.t line 177.
    # Looks like you failed 1 test of 1.
# Looks like you failed 2 tests of 115.
t/pod_snippets.t ......................... 
Dubious, test returned 2 (wstat 512, 0x200)
Failed 2/115 subtests 
	(less 3 skipped subtests: 110 okay)
t/predicates.t ........................... ok
t/repl.t ................................. skipped: dependency Term::ReadLine::Gnu not present at lib/FP/Repl/Dependencies.pm line 44.
not activating since running in test mode at lib/FP/Repl/AutoTrap.pm line 64.
Reference is already weak at lib/FP/Stream.pm line 770.
t/require_and_run_tests.t ................ ok
t/skip-internal.t ........................ ok
t/skip-leak.t ............................ skipped: on Windows (no shell support)
t/skip.t ................................. skipped: on Windows (no shell support)
t/testlazy.t ............................. skipped: on Windows (no shell support)
t/testlazy10.t ........................... skipped: on Windows (no shell support)
t/trampoline-fix.t ....................... skipped: Test requires module 'BSD::Resource' but it's not found

Test Summary Report
-------------------
t/pod_snippets.t                       (Wstat: 512 (exited 2) Tests: 115 Failed: 2)
  Failed tests:  19, 55
  Non-zero exit status: 2
Files=28, Tests=135, 84 wallclock secs ( 0.31 usr +  0.08 sys =  0.39 CPU)
Result: FAIL

------------------------------
PREREQUISITES
------------------------------

Prerequisite modules loaded:

    No requirements found

------------------------------
ENVIRONMENT AND OTHER CONTEXT
------------------------------

Environment variables:

    AUTOMATED_TESTING = 1
    COMSPEC = C:\WINDOWS.0\system32\cmd.exe
    NUMBER_OF_PROCESSORS = 1
    PATH = C:\WINDOWS.0\system32;C:\strawberry\c\bin;C:\strawberry\perl\site\bin;C:\strawberry\perl\bin
    PERL5_CPANPLUS_IS_RUNNING = 3416
    PERL5_CPAN_IS_RUNNING = 3416
    PERL_CR_SMOKER_CURRENT = FunctionalPerl-0.72.76
    PERL_EXTUTILS_AUTOINSTALL = --defaultdeps
    PERL_MM_USE_DEFAULT = 1
    PROCESSOR_IDENTIFIER = x86 Family 6 Model 14 Stepping 8, GenuineIntel
    TEMP = C:\DOKUME~1\smoker\LOKALE~1\Temp
    TERM = dumb

Perl special variables (and OS-specific diagnostics, for MSWin32):

    EGID = 0
    EUID = 0
    EXECUTABLE_NAME = C:\Strawberry\perl\bin\perl.exe
    GID = 0
    UID = 0
    Win32::FsType = NTFS
    Win32::GetOSName = WinXP/.Net
    Win32::GetOSVersion = Service Pack 3, 5, 1, 2600, 2, 3, 0, 256, 1
    Win32::IsAdminUser = 1

Perl module toolchain versions installed:

    Module              Have    
    ------------------- --------
    CPAN                2.34    
    CPAN::Meta          2.150010
    Cwd                 3.78    
    ExtUtils::CBuilder  0.280235
    ExtUtils::Command   7.66    
    ExtUtils::Install   2.22    
    ExtUtils::MakeMaker 7.66    
    ExtUtils::Manifest  1.73    
    ExtUtils::ParseXS   3.44    
    File::Spec          3.78    
    JSON                4.10    
    JSON::PP            4.16    
    Module::Build       0.4232  
    Module::Signature   0.88    
    Parse::CPAN::Meta   2.150010
    Test::Harness       3.44    
    Test::More          1.302191
    YAML                1.30    
    YAML::Syck          1.34    
    version             0.9928  


--

Summary of my perl5 (revision 5 version 32 subversion 1) configuration:
   
  Platform:
    osname=MSWin32
    osvers=10.0.19042.746
    archname=MSWin32-x86-multi-thread-64int
    uname='Win32 strawberry-perl 5.32.1.1 #1 Sun Jan 24 12:17:47 2021 i386'
    config_args='undef'
    hint=recommended
    useposix=true
    d_sigaction=undef
    useithreads=define
    usemultiplicity=define
    use64bitint=define
    use64bitall=undef
    uselongdouble=undef
    usemymalloc=n
    default_inc_excludes_dot=define
    bincompat5005=undef
  Compiler:
    cc='gcc'
    ccflags =' -DWIN32 -D__USE_MINGW_ANSI_STDIO -DPERL_TEXTMODE_SCRIPTS -DPERL_IMPLICIT_CONTEXT -DPERL_IMPLICIT_SYS -DUSE_PERLIO -fwrapv -fno-strict-aliasing -mms-bitfields'
    optimize='-s -O2'
    cppflags='-DWIN32'
    ccversion=''
    gccversion='8.3.0'
    gccosandvers=''
    intsize=4
    longsize=4
    ptrsize=4
    doublesize=8
    byteorder=12345678
    doublekind=3
    d_longlong=define
    longlongsize=8
    d_longdbl=define
    longdblsize=12
    longdblkind=3
    ivtype='long long'
    ivsize=8
    nvtype='double'
    nvsize=8
    Off_t='long long'
    lseeksize=8
    alignbytes=8
    prototype=define
  Linker and Libraries:
    ld='g++'
    ldflags ='-s -L"C:\STRAWB~1\perl\lib\CORE" -L"C:\STRAWB~1\c\lib"'
    libpth=C:\STRAWB~1\c\lib C:\STRAWB~1\c\i686-w64-mingw32\lib C:\STRAWB~1\c\lib\gcc\i686-w64-mingw32\8.3.0
    libs= -lmoldname -lkernel32 -luser32 -lgdi32 -lwinspool -lcomdlg32 -ladvapi32 -lshell32 -lole32 -loleaut32 -lnetapi32 -luuid -lws2_32 -lmpr -lwinmm -lversion -lodbc32 -lodbccp32 -lcomctl32
    perllibs= -lmoldname -lkernel32 -luser32 -lgdi32 -lwinspool -lcomdlg32 -ladvapi32 -lshell32 -lole32 -loleaut32 -lnetapi32 -luuid -lws2_32 -lmpr -lwinmm -lversion -lodbc32 -lodbccp32 -lcomctl32
    libc=
    so=dll
    useshrplib=true
    libperl=libperl532.a
    gnulibc_version=''
  Dynamic Linking:
    dlsrc=dl_win32.xs
    dlext=xs.dll
    d_dlsymun=undef
    ccdlflags=' '
    cccdlflags=' '
    lddlflags='-mdll -s -L"C:\STRAWB~1\perl\lib\CORE" -L"C:\STRAWB~1\c\lib"'


Characteristics of this binary (from libperl): 
  Compile-time options:
    HAS_TIMES
    HAVE_INTERP_INTERN
    MULTIPLICITY
    PERLIO_LAYERS
    PERL_COPY_ON_WRITE
    PERL_DONT_CREATE_GVSV
    PERL_IMPLICIT_CONTEXT
    PERL_IMPLICIT_SYS
    PERL_MALLOC_WRAP
    PERL_OP_PARENT
    PERL_PRESERVE_IVUV
    USE_64_BIT_INT
    USE_ITHREADS
    USE_LARGE_FILES
    USE_LOCALE
    USE_LOCALE_COLLATE
    USE_LOCALE_CTYPE
    USE_LOCALE_NUMERIC
    USE_LOCALE_TIME
    USE_PERLIO
    USE_PERL_ATOF
  Built under MSWin32
  Compiled at Jan 24 2021 12:22:49
  %ENV:
    PERL5_CPANPLUS_IS_RUNNING="3416"
    PERL5_CPAN_IS_RUNNING="3416"
    PERL_CR_SMOKER_CURRENT="FunctionalPerl-0.72.76"
    PERL_EXTUTILS_AUTOINSTALL="--defaultdeps"
    PERL_MM_USE_DEFAULT="1"
  @INC:
    C:/Strawberry/perl/site/lib/MSWin32-x86-multi-thread-64int
    C:/Strawberry/perl/site/lib
    C:/Strawberry/perl/vendor/lib
    C:/Strawberry/perl/lib