FunctionalPerl v0.72.76 Perl 5 v5.26.3 x86_64-linux
- Status
- Fail
- From
- Slaven Rezić
- Dist
-
FunctionalPerl v0.72.76
- Platform
- Perl 5 v5.26.3 x86_64-linux
- Date
- 2023-12-28 22:49:45
- ID
- 6598bf10-a5d3-11ee-a20d-d43a6e8775ea
This distribution has been tested as part of the CPAN Testers
project, supporting the Perl programming language. See
http://wiki.cpantesters.org/ for more information or email
questions to cpan-testers-discuss@perl.org
--
Dear Christian Jaeger,
This is a computer-generated report for FunctionalPerl-0.72.76
on perl 5.26.3, created by CPAN-Reporter-1.2019.
Thank you for uploading your work to CPAN. However, there was a problem
testing your distribution.
If you think this report is invalid, please consult the CPAN Testers Wiki
for suggestions on how to avoid getting FAIL reports for missing library
or binary dependencies, unsupported operating systems, and so on:
http://wiki.cpantesters.org/wiki/CPANAuthorNotes
Sections of this report:
* Tester comments
* Program output
* Prerequisites
* Environment and other context
------------------------------
TESTER COMMENTS
------------------------------
Additional comments from tester:
none provided
------------------------------
PROGRAM OUTPUT
------------------------------
Output from '/usr/bin/make test':
PERL_DL_NONLAZY=1 "/opt/perl-5.26.3/bin/perl" "-MExtUtils::Command::MM" "-MTest::Harness" "-e" "undef *Test::Harness::Switches; test_harness(0, 'blib/lib', 'blib/arch')" t/*.t
t/csv_to_xml.t ........................... ok
t/dbi.t .................................. ok
t/examples-csv-to-json.t ................. ok
times for fib: user = 0.1, system = 0, cuser = 0, csystem = 0
times for fibonacci: user = 0.06, system = 0, cuser = 0, csystem = 0
t/examples-fibs.t ........................ ok
t/examples-functional-classes.t .......... ok
t/examples-hiring-without-whiteboards.t .. skipped: dependency Term::ReadLine::Gnu not present at lib/FP/Repl/Dependencies.pm line 44.
t/examples-logic.t ....................... skipped: could not use FP::Repl::Dependencies
t/examples-perlweekly-111-1.t ............ skipped: Perl v5.32.1 required--this is only v5.26.3, stopped at (eval 71) line 1.
times: user = 0.00999999999999998, system = 0, cuser = 0, csystem = 0
times: user = 0.02, system = 0, cuser = 0, csystem = 0
times: user = 0.03, system = 0, cuser = 0, csystem = 0
t/examples-perlweekly-113-1.t ............ ok
t/examples-perlweekly-113-2.t ............ ok
t/examples-primes.t ...................... skipped: could not use Method::Signatures
t/functional_XML-t-div.t ................. ok
t/functional_XML-test.t .................. ok
t/htmlgen.t .............................. skipped: Test requires module 'Perl::Tidy' but it's not found
t/intro-basics.t ......................... skipped: could not use FP::Repl::Dependencies
t/perl-goto-leak.t ....................... ok
t/perl-weaken-coderef-correctness.t ...... ok
t/perl-weaken-coderef.t .................. ok
Exception: Label not found for "last T2_SUBTEST_WRAPPER" at /opt/perl-5.26.3/lib/site_perl/5.26.3/Test2/Hub/Subtest.pm line 67.
at /opt/perl-5.26.3/lib/site_perl/5.26.3/Test2/Hub/Subtest.pm line 67.
Test2::Hub::Subtest::terminate(Test2::Hub::Subtest=HASH(0x514f070), 0, Test2::Event::Plan=HASH(0x514f280), HASH(0x516bbf8)) called at /opt/perl-5.26.3/lib/site_perl/5.26.3/Test2/Hub.pm line 386
Test2::Hub::process(Test2::Hub::Subtest=HASH(0x514f070), Test2::Event::Plan=HASH(0x514f280)) called at /opt/perl-5.26.3/lib/site_perl/5.26.3/Test2/Hub.pm line 306
Test2::Hub::send(Test2::Hub::Subtest=HASH(0x514f070), Test2::Event::Plan=HASH(0x514f280)) called at /opt/perl-5.26.3/lib/site_perl/5.26.3/Test2/Hub/Subtest.pm line 34
Test2::Hub::Subtest::send(Test2::Hub::Subtest=HASH(0x514f070), Test2::Event::Plan=HASH(0x514f280)) called at /opt/perl-5.26.3/lib/site_perl/5.26.3/Test2/API/Context.pm line 272
Test2::API::Context::send_event(Test2::API::Context=HASH(0x5158050), "Plan", "max", 0, "directive", "SKIP", "reason", "FunctionalPerl::Dependencies::ChjBin import: these programs a"...) called at /opt/perl-5.26.3/lib/site_perl/5.26.3/Test2/API/Context.pm line 448
Test2::API::Context::plan(Test2::API::Context=HASH(0x5158050), 0, "SKIP", "FunctionalPerl::Dependencies::ChjBin import: these programs a"...) called at /opt/perl-5.26.3/lib/site_perl/5.26.3/Test/Builder.pm line 660
Test::Builder::skip_all(Test::Builder=HASH(0x1b632e0), "FunctionalPerl::Dependencies::ChjBin import: these programs a"...) called at /opt/perl-5.26.3/lib/site_perl/5.26.3/Test/Requires.pm line 44
Test::Requires::__ANON__("FunctionalPerl::Dependencies::ChjBin import: these programs a"...) called at /opt/perl-5.26.3/lib/site_perl/5.26.3/Test/Requires.pm line 71
Test::Requires::test_requires("FunctionalPerl::Dependencies::ChjBin", "\"trigger-listen\"", "t_pod_snippets_108") called at /opt/perl-5.26.3/lib/site_perl/5.26.3/Test/Requires.pm line 21
Test::Requires::import("Test::Requires", HASH(0x514cd88)) called at meta/FunctionalPerl/Dependencies/ChjBin.pm line 19
t_pod_snippets_108::BEGIN() called at meta/FunctionalPerl/Dependencies/ChjBin.pm line 19
eval {...} called at meta/FunctionalPerl/Dependencies/ChjBin.pm line 19
eval 'package main; package t_pod_snippets_108; use Test::More ;
{
no warnings;
use strict; # things are likely to be sloppy
ok 1 => \'the tests compile\';
#line 16 meta/FunctionalPerl/Dependencies/ChjBin.pm
use Chj::TEST use => \'FunctionalPerl::Dependencies::ChjBin\';
# or
use Test::Requires +{
\'FunctionalPerl::Dependencies::ChjBin\' => \'"trigger-listen"\' };
# or
# list in FunctionalPerl::Dependencies\'s %dependencies
;
ok 1 => \'we reached the end!\';
}
;
1' called at lib/FP/Repl/WithRepl.pm line 75
FP::Repl::WithRepl::WithRepl_eval("package t_pod_snippets_108; use Test::More ;\x{a}{\x{a}no warnings;\x{a}u"...) called at t/pod_snippets.t line 37
main::myeval("package t_pod_snippets_108; use Test::More ;\x{a}{\x{a}no warnings;\x{a}u"...) called at t/pod_snippets.t line 158
main::__ANON__() called at /opt/perl-5.26.3/lib/site_perl/5.26.3/Test/Builder.pm line 374
eval {...} called at /opt/perl-5.26.3/lib/site_perl/5.26.3/Test/Builder.pm line 374
Test::Builder::subtest(Test::Builder=HASH(0x1b632e0), "pod snippets in FunctionalPerl::Dependencies::ChjBin", CODE(0x12c64e0)) called at /opt/perl-5.26.3/lib/site_perl/5.26.3/Test/More.pm line 831
Test::More::subtest("pod snippets in FunctionalPerl::Dependencies::ChjBin", CODE(0x12c64e0)) called at t/pod_snippets.t line 183
BEGIN failed--compilation aborted at meta/FunctionalPerl/Dependencies/ChjBin.pm line 19.
at meta/FunctionalPerl/Dependencies/ChjBin.pm line 19.
eval 'package main; package t_pod_snippets_108; use Test::More ;
{
no warnings;
use strict; # things are likely to be sloppy
ok 1 => \'the tests compile\';
#line 16 meta/FunctionalPerl/Dependencies/ChjBin.pm
use Chj::TEST use => \'FunctionalPerl::Dependencies::ChjBin\';
# or
use Test::Requires +{
\'FunctionalPerl::Dependencies::ChjBin\' => \'"trigger-listen"\' };
# or
# list in FunctionalPerl::Dependencies\'s %dependencies
;
ok 1 => \'we reached the end!\';
}
;
1' called at lib/FP/Repl/WithRepl.pm line 75
FP::Repl::WithRepl::WithRepl_eval("package t_pod_snippets_108; use Test::More ;\x{a}{\x{a}no warnings;\x{a}u"...) called at t/pod_snippets.t line 37
main::myeval("package t_pod_snippets_108; use Test::More ;\x{a}{\x{a}no warnings;\x{a}u"...) called at t/pod_snippets.t line 158
main::__ANON__() called at /opt/perl-5.26.3/lib/site_perl/5.26.3/Test/Builder.pm line 374
eval {...} called at /opt/perl-5.26.3/lib/site_perl/5.26.3/Test/Builder.pm line 374
Test::Builder::subtest(Test::Builder=HASH(0x1b632e0), "pod snippets in FunctionalPerl::Dependencies::ChjBin", CODE(0x12c64e0)) called at /opt/perl-5.26.3/lib/site_perl/5.26.3/Test/More.pm line 831
Test::More::subtest("pod snippets in FunctionalPerl::Dependencies::ChjBin", CODE(0x12c64e0)) called at t/pod_snippets.t line 183
# Failed test 'pod snippets in FunctionalPerl::Dependencies::ChjBin'
# at t/pod_snippets.t line 177.
# Looks like you failed 1 test of 1.
t/pod_snippets.t ......................... ok
t/predicates.t ........................... ok
t/repl.t ................................. skipped: dependency Term::ReadLine::Gnu not present at lib/FP/Repl/Dependencies.pm line 44.
# Failed test 'require FunctionalPerl::Htmlgen::Linking;'
# at t/require_and_run_tests.t line 52.
# Tried to require 'FunctionalPerl::Htmlgen::Linking'.
# Error: Unknown warnings category 'shadow' at meta/FunctionalPerl/Indexing.pm line 46.
# BEGIN failed--compilation aborted at meta/FunctionalPerl/Indexing.pm line 46.
# Compilation failed in require at .htmlgen/FunctionalPerl/Htmlgen/Linking.pm line 73.
# BEGIN failed--compilation aborted at .htmlgen/FunctionalPerl/Htmlgen/Linking.pm line 73.
# Compilation failed in require at (eval 83) line 2.
not activating since running in test mode at lib/FP/Repl/AutoTrap.pm line 64.
# Looks like you failed 1 test of 166.
# Failed test 'require'
# at t/require_and_run_tests.t line 55.
Reference is already weak at lib/FP/Stream.pm line 770.
# Looks like you failed 1 test of 2.
t/require_and_run_tests.t ................
Dubious, test returned 1 (wstat 256, 0x100)
Failed 1/2 subtests
t/skip-internal.t ........................ ok
t/skip-leak.t ............................ ok
t/skip.t ................................. ok
t/testlazy.t ............................. ok
t/testlazy10.t ........................... ok
t/trampoline-fix.t ....................... skipped: Test requires module 'Method::Signatures' but it's not found
Test Summary Report
-------------------
t/require_and_run_tests.t (Wstat: 256 Tests: 2 Failed: 1)
Failed test: 1
Non-zero exit status: 1
Files=28, Tests=170, 19 wallclock secs ( 0.15 usr 0.07 sys + 9.37 cusr 2.71 csys = 12.30 CPU)
Result: FAIL
Failed 1/28 test programs. 1/170 subtests failed.
make: *** [Makefile:1546: test_dynamic] Error 255
------------------------------
PREREQUISITES
------------------------------
Prerequisite modules loaded:
requires:
Module Need Have
------------------- -------- --------
autobox 0 v3.0.1
base 0 2.26
Digest 0 1.17_01
File::Path 0 2.12_01
Getopt::Long 0 2.57
Import::Into 0 1.002005
Math::BigInt 0 2.003001
NEXT 0 0.67
perl 5.016004 5.026003
PerlIO::utf8_strict 0 0.010
Safe::Isa 0 1.000010
Scalar::Util 0 1.63
Symbol 0 1.08
Test::More 0.96 1.302198
utf8 0 1.19
build_requires:
Module Need Have
------------------- -------- --------
BSD::Resource 0 1.2911
Capture::Tiny 0 0.48
DBD::CSV 0 0.60
DBI 0 1.643
ExtUtils::MakeMaker 0 7.70
File::chdir 0 0.1011
Sub::Util 0 1.63
Test::Pod::Snippets 0 0.07
Test::Requires 0 0.11
Text::CSV 0 2.04
URI 0 5.21
configure_requires:
Module Need Have
------------------- -------- --------
ExtUtils::MakeMaker 0 7.70
------------------------------
ENVIRONMENT AND OTHER CONTEXT
------------------------------
Environment variables:
LANG = en_US.UTF-8
PATH = /usr/local/bin:/usr/bin:/bin:/usr/local/sbin:/usr/sbin:/sbin:/home/cpansand/bin/linux-gnu:/home/cpansand/bin/sh:/home/cpansand/bin:/usr/games:/home/cpansand/devel:/home/eserte/src/srezic-misc/scripts
PERL5LIB = /home/cpansand/.cpan/build/2023122821/autobox-v3.0.1-1/blib/arch:/home/cpansand/.cpan/build/2023122821/autobox-v3.0.1-1/blib/lib:/home/cpansand/.cpan/build/2023122821/Text-CSV-2.04-1/blib/arch:/home/cpansand/.cpan/build/2023122821/Text-CSV-2.04-1/blib/lib:/home/cpansand/.cpan/build/2023122821/Test-Pod-Snippets-0.07-1/blib/arch:/home/cpansand/.cpan/build/2023122821/Test-Pod-Snippets-0.07-1/blib/lib:/home/cpansand/.cpan/build/2023122821/MooseX-SemiAffordanceAccessor-0.10-1/blib/arch:/home/cpansand/.cpan/build/2023122821/MooseX-SemiAffordanceAccessor-0.10-1/blib/lib:/home/cpansand/.cpan/build/2023122821/Module-Locate-1.80-1/blib/arch:/home/cpansand/.cpan/build/2023122821/Module-Locate-1.80-1/blib/lib:/home/cpansand/.cpan/build/2023122821/DBD-CSV-0.60-1/blib/arch:/home/cpansand/.cpan/build/2023122821/DBD-CSV-0.60-1/blib/lib:/home/cpansand/.cpan/build/2023122821/SQL-Statement-1.414-1/blib/arch:/home/cpansand/.cpan/build/2023122821/SQL-Statement-1.414-1/blib/lib:/home/cpansand/.cpan/build/2023122821/Text-Soundex-3.05-1/blib/arch:/home/cpansand/.cpan/build/2023122821/Text-Soundex-3.05-1/blib/lib:/home/cpansand/.cpan/build/2023122821/Math-Base-Convert-0.11-1/blib/arch:/home/cpansand/.cpan/build/2023122821/Math-Base-Convert-0.11-1/blib/lib
PERL5OPT =
PERL5_CPANPLUS_IS_RUNNING = 1521703
PERL5_CPAN_IS_RUNNING = 1521703
PERL5_CPAN_IS_RUNNING_IN_RECURSION = 1519272,1521703
PERLDOC = -MPod::Perldoc::ToTextOverstrike
PERL_BATCH = yes
PERL_CANARY_STABILITY_NOPROMPT = 1
PERL_CPAN_REPORTER_CONFIG = /var/tmp/cpansmoker-1023/2023122821/cpanreporter_000_config.ini
PERL_EXTUTILS_AUTOINSTALL = --defaultdeps
PERL_USE_UNSAFE_INC = 1
SHELL = /usr/bin/zsh
TERM = screen
TMPDIR = /var/tmp/cpansmoker-1023/2023122821
Perl special variables (and OS-specific diagnostics, for MSWin32):
$^X = /opt/perl-5.26.3/bin/perl
$UID/$EUID = 1023 / 1023
$GID = 1023 1023
$EGID = 1023 1023
Perl module toolchain versions installed:
Module Have
------------------- --------
CPAN 2.18
CPAN::Meta 2.150010
Cwd 3.67
ExtUtils::CBuilder 0.280225
ExtUtils::Command 7.70
ExtUtils::Install 2.06
ExtUtils::MakeMaker 7.70
ExtUtils::Manifest 1.70
ExtUtils::ParseXS 3.34
File::Spec 3.67
JSON 4.10
JSON::PP 4.16
Module::Build 0.4234
Module::Signature n/a
Parse::CPAN::Meta 2.150010
Test2 1.302198
Test::Harness 3.38
Test::More 1.302198
YAML 1.31
YAML::Syck 1.34
version 0.9917
--
Summary of my perl5 (revision 5 version 26 subversion 3) configuration:
Platform:
osname=linux
osvers=6.6.8-100.fc38.x86_64
archname=x86_64-linux
uname='linux fedora39-2gb-hil 6.6.8-100.fc38.x86_64 #1 smp preempt_dynamic thu dec 21 04:01:45 utc 2023 x86_64 gnulinux '
config_args='-ds -e -Dprefix=/opt/perl-5.26.3 -Dcf_email=srezic@cpan.org'
hint=recommended
useposix=true
d_sigaction=define
useithreads=undef
usemultiplicity=undef
use64bitint=define
use64bitall=define
uselongdouble=undef
usemymalloc=n
default_inc_excludes_dot=define
bincompat5005=undef
Compiler:
cc='cc'
ccflags ='-fwrapv -fno-strict-aliasing -pipe -fstack-protector-strong -I/usr/local/include -D_LARGEFILE_SOURCE -D_FILE_OFFSET_BITS=64 -D_FORTIFY_SOURCE=2'
optimize='-O2'
cppflags='-fwrapv -fno-strict-aliasing -pipe -fstack-protector-strong -I/usr/local/include'
ccversion=''
gccversion='13.2.1 20231205 (Red Hat 13.2.1-6)'
gccosandvers=''
intsize=4
longsize=8
ptrsize=8
doublesize=8
byteorder=12345678
doublekind=3
d_longlong=define
longlongsize=8
d_longdbl=define
longdblsize=16
longdblkind=3
ivtype='long'
ivsize=8
nvtype='double'
nvsize=8
Off_t='off_t'
lseeksize=8
alignbytes=8
prototype=define
Linker and Libraries:
ld='cc'
ldflags =' -fstack-protector-strong -L/usr/local/lib'
libpth=/usr/local/lib /usr/lib /lib/../lib64 /usr/lib/../lib64 /lib /lib64 /usr/lib64 /usr/local/lib64
libs=-lpthread -ldb -ldl -lm -lcrypt -lutil -lc
perllibs=-lpthread -ldl -lm -lcrypt -lutil -lc
libc=/lib/../lib64/libc.so.6
so=so
useshrplib=false
libperl=libperl.a
gnulibc_version='2.38'
Dynamic Linking:
dlsrc=dl_dlopen.xs
dlext=so
d_dlsymun=undef
ccdlflags='-Wl,-E'
cccdlflags='-fPIC'
lddlflags='-shared -O2 -L/usr/local/lib -fstack-protector-strong'
Characteristics of this binary (from libperl):
Compile-time options:
HAS_TIMES
PERLIO_LAYERS
PERL_COPY_ON_WRITE
PERL_DONT_CREATE_GVSV
PERL_MALLOC_WRAP
PERL_OP_PARENT
PERL_PRESERVE_IVUV
USE_64_BIT_ALL
USE_64_BIT_INT
USE_LARGE_FILES
USE_LOCALE
USE_LOCALE_COLLATE
USE_LOCALE_CTYPE
USE_LOCALE_NUMERIC
USE_LOCALE_TIME
USE_PERLIO
USE_PERL_ATOF
Locally applied patches:
Devel::PatchPerl 2.08
Built under linux
Compiled at Dec 27 2023 08:18:18
%ENV:
PERL5LIB="/home/cpansand/.cpan/build/2023122821/autobox-v3.0.1-1/blib/arch:/home/cpansand/.cpan/build/2023122821/autobox-v3.0.1-1/blib/lib:/home/cpansand/.cpan/build/2023122821/Text-CSV-2.04-1/blib/arch:/home/cpansand/.cpan/build/2023122821/Text-CSV-2.04-1/blib/lib:/home/cpansand/.cpan/build/2023122821/Test-Pod-Snippets-0.07-1/blib/arch:/home/cpansand/.cpan/build/2023122821/Test-Pod-Snippets-0.07-1/blib/lib:/home/cpansand/.cpan/build/2023122821/MooseX-SemiAffordanceAccessor-0.10-1/blib/arch:/home/cpansand/.cpan/build/2023122821/MooseX-SemiAffordanceAccessor-0.10-1/blib/lib:/home/cpansand/.cpan/build/2023122821/Module-Locate-1.80-1/blib/arch:/home/cpansand/.cpan/build/2023122821/Module-Locate-1.80-1/blib/lib:/home/cpansand/.cpan/build/2023122821/DBD-CSV-0.60-1/blib/arch:/home/cpansand/.cpan/build/2023122821/DBD-CSV-0.60-1/blib/lib:/home/cpansand/.cpan/build/2023122821/SQL-Statement-1.414-1/blib/arch:/home/cpansand/.cpan/build/2023122821/SQL-Statement-1.414-1/blib/lib:/home/cpansand/.cpan/build/2023122821/Text-Soundex-3.05-1/blib/arch:/home/cpansand/.cpan/build/2023122821/Text-Soundex-3.05-1/blib/lib:/home/cpansand/.cpan/build/2023122821/Math-Base-Convert-0.11-1/blib/arch:/home/cpansand/.cpan/build/2023122821/Math-Base-Convert-0.11-1/blib/lib"
PERL5OPT=""
PERL5_CPANPLUS_IS_RUNNING="1521703"
PERL5_CPAN_IS_RUNNING="1521703"
PERL5_CPAN_IS_RUNNING_IN_RECURSION="1519272,1521703"
PERLDOC="-MPod::Perldoc::ToTextOverstrike"
PERL_BATCH="yes"
PERL_CANARY_STABILITY_NOPROMPT="1"
PERL_CPAN_REPORTER_CONFIG="/var/tmp/cpansmoker-1023/2023122821/cpanreporter_000_config.ini"
PERL_EXTUTILS_AUTOINSTALL="--defaultdeps"
PERL_USE_UNSAFE_INC="1"
@INC:
/home/cpansand/.cpan/build/2023122821/autobox-v3.0.1-1/blib/arch
/home/cpansand/.cpan/build/2023122821/autobox-v3.0.1-1/blib/lib
/home/cpansand/.cpan/build/2023122821/Text-CSV-2.04-1/blib/arch
/home/cpansand/.cpan/build/2023122821/Text-CSV-2.04-1/blib/lib
/home/cpansand/.cpan/build/2023122821/Test-Pod-Snippets-0.07-1/blib/arch
/home/cpansand/.cpan/build/2023122821/Test-Pod-Snippets-0.07-1/blib/lib
/home/cpansand/.cpan/build/2023122821/MooseX-SemiAffordanceAccessor-0.10-1/blib/arch
/home/cpansand/.cpan/build/2023122821/MooseX-SemiAffordanceAccessor-0.10-1/blib/lib
/home/cpansand/.cpan/build/2023122821/Module-Locate-1.80-1/blib/arch
/home/cpansand/.cpan/build/2023122821/Module-Locate-1.80-1/blib/lib
/home/cpansand/.cpan/build/2023122821/DBD-CSV-0.60-1/blib/arch
/home/cpansand/.cpan/build/2023122821/DBD-CSV-0.60-1/blib/lib
/home/cpansand/.cpan/build/2023122821/SQL-Statement-1.414-1/blib/arch
/home/cpansand/.cpan/build/2023122821/SQL-Statement-1.414-1/blib/lib
/home/cpansand/.cpan/build/2023122821/Text-Soundex-3.05-1/blib/arch
/home/cpansand/.cpan/build/2023122821/Text-Soundex-3.05-1/blib/lib
/home/cpansand/.cpan/build/2023122821/Math-Base-Convert-0.11-1/blib/arch
/home/cpansand/.cpan/build/2023122821/Math-Base-Convert-0.11-1/blib/lib
/opt/perl-5.26.3/lib/site_perl/5.26.3/x86_64-linux
/opt/perl-5.26.3/lib/site_perl/5.26.3
/opt/perl-5.26.3/lib/5.26.3/x86_64-linux
/opt/perl-5.26.3/lib/5.26.3
.