CHI v0.61 Perl 5 v5.32.1 x86_64-linux
- Status
- Fail
- From
- Andreas J. König (ANDK)
- Dist
-
CHI v0.61
- Platform
- Perl 5 v5.32.1 x86_64-linux
- Date
- 2023-10-01 14:54:17
- ID
- 64fac188-606a-11ee-9066-c829f5269889
This distribution has been tested as part of the CPAN Testers
project, supporting the Perl programming language. See
http://wiki.cpantesters.org/ for more information or email
questions to cpan-testers-discuss@perl.org
--
Dear Alexander Becker,
This is a computer-generated report for CHI-0.61
on perl 5.32.1, created by CPAN-Reporter-1.2019.
Thank you for uploading your work to CPAN. However, there was a problem
testing your distribution.
If you think this report is invalid, please consult the CPAN Testers Wiki
for suggestions on how to avoid getting FAIL reports for missing library
or binary dependencies, unsupported operating systems, and so on:
http://wiki.cpantesters.org/wiki/CPANAuthorNotes
Sections of this report:
* Tester comments
* Program output
* Prerequisites
* Environment and other context
------------------------------
TESTER COMMENTS
------------------------------
Additional comments from tester:
this report is from an automated smoke testing program
and was not reviewed by a human for accuracy
------------------------------
PROGRAM OUTPUT
------------------------------
Output from '/usr/bin/make test':
PERL_DL_NONLAZY=1 "/home/sand/src/perl/repoperls/installed-perls/host/k93msid/v5.32.1/da1c/bin/perl" "-MExtUtils::Command::MM" "-MTest::Harness" "-e" "undef *Test::Harness::Switches; test_harness(0, 'blib/lib', 'blib/arch')" t/*.t
# Testing CHI 0.61, Perl 5.032001, /home/sand/src/perl/repoperls/installed-perls/host/k93msid/v5.32.1/da1c/bin/perl
t/00-load.t ............................. ok
t/author-03-pod.t ....................... skipped: these tests are for testing by the author
t/author-file-driver.t .................. skipped: these tests are for testing by the author
t/author-no-data-serializer.t ........... skipped: these tests are for testing by the author
t/author-RequiredModules.t .............. skipped: these tests are for testing by the author
t/Bugs.t ................................ ok
t/Config.t .............................. ok
t/Constants.t ........................... ok
# 40 is not between 59 and 99
# Failed test 'Memory:l1_cache size = 40'
# at /tmp/loop_over_bdir-3774031-TSn50Z/CHI-0.61-0/blib/lib/CHI/t/Driver.pm line 1555.
# (in CHI::t::Driver::Memory->test_size_awareness_with_subcaches)
# 2 is not between 3 and 5
# Failed test 'Memory:l1_cache keys = 2'
# at /tmp/loop_over_bdir-3774031-TSn50Z/CHI-0.61-0/blib/lib/CHI/t/Driver.pm line 1557.
# (in CHI::t::Driver::Memory->test_size_awareness_with_subcaches)
# Looks like you failed 2 tests of 875.
t/Driver-Memory.t .......................
Dubious, test returned 2 (wstat 512, 0x200)
Failed 2/875 subtests
(less 1 skipped subtest: 872 okay)
t/Driver-RawMemory.t .................... ok
t/GetError.t ............................ ok
t/Initialize.t .......................... ok
t/release-dependent.t ................... skipped: these tests are for release candidate testing
t/Sanity.t .............................. ok
t/SetError.t ............................ ok
t/smoke-Driver-CacheCache.t ............. ok
t/smoke-Driver-FastMmap.t ............... skipped: one of required modules not installed: Cache::FastMmap
t/smoke-Driver-File-DepthZero.t ......... ok
t/smoke-Driver-File.t ................... ok
t/smoke-Driver-NonMoose.t ............... ok
t/smoke-Driver-Subcache-l1_cache.t ...... ok
t/smoke-Driver-Subcache-mirror_cache.t .. ok
t/smoke-Null.t .......................... ok
t/Subcache.t ............................ ok
t/Subclass.t ............................ ok
t/Util.t ................................ ok
Test Summary Report
-------------------
t/Driver-Memory.t (Wstat: 512 (exited 2) Tests: 875 Failed: 2)
Failed tests: 864-865
Non-zero exit status: 2
Files=26, Tests=6054, 18 wallclock secs ( 0.56 usr 0.16 sys + 7.70 cusr 1.80 csys = 10.22 CPU)
Result: FAIL
Failed 1/26 test programs. 2/6054 subtests failed.
make: *** [Makefile:1000: test_dynamic] Error 255
------------------------------
PREREQUISITES
------------------------------
Prerequisite modules loaded:
requires:
Module Need Have
------------------------------- -------- --------
Carp::Assert 0.20 0.22
Class::Load 0 0.25
Data::UUID 0 1.226
Digest::JHash 0 0.10
Digest::MD5 0 2.55_01
File::Spec 0.80 3.78
Hash::MoreUtils 0 0.06
JSON::MaybeXS 1.003003 1.004005
List::MoreUtils 0.13 0.430
Log::Any 0.08 1.717
Moo 1.003 2.005005
MooX::Types::MooseLike 0.23 0.29
MooX::Types::MooseLike::Base 0 0.29
MooX::Types::MooseLike::Numeric 0 1.03
Storable 0 3.21
String::RewritePrefix 0 0.009
Task::Weaken 0 1.06
Time::Duration 1.06 1.21
Time::Duration::Parse 0.03 0.16
Time::HiRes 1.30 1.9764
Try::Tiny 0.05 0.31
build_requires:
Module Need Have
------------------------------- -------- --------
Cache::FileCache 0 0
Date::Parse 0 2.33
ExtUtils::MakeMaker 0 7.70
Module::Mask 0 0.06
Test::Builder 0 1.302195
Test::Class 0 0.52
Test::Deep 0 1.204
Test::Exception 0 0.43
Test::More 0 1.302195
Test::Warn 0 0.37
configure_requires:
Module Need Have
------------------------------- -------- --------
ExtUtils::MakeMaker 0 7.70
------------------------------
ENVIRONMENT AND OTHER CONTEXT
------------------------------
Environment variables:
AUTOMATED_TESTING = 1
LANG = en_US.UTF-8
LANGUAGE = en_US:en
PATH = /home/sand/bin:/usr/local/bin:/usr/bin:/bin:/usr/games:/usr/local/perl/bin:/usr/X11/bin:/sbin:/usr/sbin
PERL5LIB =
PERL5OPT =
PERL5_CPANPLUS_IS_RUNNING = 1597885
PERL5_CPAN_IS_RUNNING = 1597885
PERL_CANARY_STABILITY_NOPROMPT = 1
PERL_MM_USE_DEFAULT = 1
PERL_USE_UNSAFE_INC = 1
SHELL = /usr/bin/zsh
TERM = screen
Perl special variables (and OS-specific diagnostics, for MSWin32):
$^X = /home/sand/src/perl/repoperls/installed-perls/host/k93msid/v5.32.1/da1c/bin/perl
$UID/$EUID = 1005 / 1005
$GID = 1005 1005
$EGID = 1005 1005
Perl module toolchain versions installed:
Module Have
------------------- --------
CPAN 2.36
CPAN::Meta 2.150010
Cwd 3.78
ExtUtils::CBuilder 0.280236
ExtUtils::Command 7.70
ExtUtils::Install 2.22
ExtUtils::MakeMaker 7.70
ExtUtils::Manifest 1.72
ExtUtils::ParseXS 3.40
File::Spec 3.78
JSON 4.10
JSON::PP 4.16
Module::Build 0.4234
Module::Signature 0.88
Parse::CPAN::Meta 2.150010
Test2 1.302195
Test::Harness 3.44
Test::More 1.302195
YAML 1.30
YAML::Syck 1.34
version 0.9929
--
Summary of my perl5 (revision 5 version 32 subversion 1) configuration:
Commit id: df9d952d734ef94233ed84af97ca318d7972eed0
Platform:
osname=linux
osvers=6.1.0-7-amd64
archname=x86_64-linux
uname='linux k93msid 6.1.0-7-amd64 #1 smp preempt_dynamic debian 6.1.20-1 (2023-03-19) x86_64 gnulinux '
config_args='-Dprefix=/home/sand/src/perl/repoperls/installed-perls/host/k93msid/v5.32.1/da1c -Dmyhostname=k93msid -Dinstallusrbinperl=n -Uversiononly -Dusedevel -des -Ui_db -Dlibswanted=cl pthread socket inet nsl gdbm dbm malloc dl ld sun m crypt sec util c cposix posix ucb BSD gdbm_compat -Uuseithreads -Uuselongdouble -DEBUGGING=-g'
hint=recommended
useposix=true
d_sigaction=define
useithreads=undef
usemultiplicity=undef
use64bitint=define
use64bitall=define
uselongdouble=undef
usemymalloc=n
default_inc_excludes_dot=define
bincompat5005=undef
Compiler:
cc='cc'
ccflags ='-fwrapv -fno-strict-aliasing -pipe -fstack-protector-strong -I/usr/local/include -D_LARGEFILE_SOURCE -D_FILE_OFFSET_BITS=64 -D_FORTIFY_SOURCE=2'
optimize='-O2 -g'
cppflags='-fwrapv -fno-strict-aliasing -pipe -fstack-protector-strong -I/usr/local/include'
ccversion=''
gccversion='12.2.0'
gccosandvers=''
intsize=4
longsize=8
ptrsize=8
doublesize=8
byteorder=12345678
doublekind=3
d_longlong=define
longlongsize=8
d_longdbl=define
longdblsize=16
longdblkind=3
ivtype='long'
ivsize=8
nvtype='double'
nvsize=8
Off_t='off_t'
lseeksize=8
alignbytes=8
prototype=define
Linker and Libraries:
ld='cc'
ldflags =' -fstack-protector-strong -L/usr/local/lib'
libpth=/usr/local/lib /usr/include/x86_64-linux-gnu /usr/lib /lib/x86_64-linux-gnu /lib/../lib /usr/lib/x86_64-linux-gnu /usr/lib/../lib /lib /lib64 /usr/lib64
libs=-lpthread -lnsl -ldl -lm -lcrypt -lutil -lc
perllibs=-lpthread -lnsl -ldl -lm -lcrypt -lutil -lc
libc=/lib/x86_64-linux-gnu/libc.so.6
so=so
useshrplib=false
libperl=libperl.a
gnulibc_version='2.36'
Dynamic Linking:
dlsrc=dl_dlopen.xs
dlext=so
d_dlsymun=undef
ccdlflags='-Wl,-E'
cccdlflags='-fPIC'
lddlflags='-shared -O2 -g -L/usr/local/lib -fstack-protector-strong'
Characteristics of this binary (from libperl):
Compile-time options:
HAS_TIMES
PERLIO_LAYERS
PERL_COPY_ON_WRITE
PERL_DONT_CREATE_GVSV
PERL_MALLOC_WRAP
PERL_OP_PARENT
PERL_PRESERVE_IVUV
PERL_USE_DEVEL
USE_64_BIT_ALL
USE_64_BIT_INT
USE_LARGE_FILES
USE_LOCALE
USE_LOCALE_COLLATE
USE_LOCALE_CTYPE
USE_LOCALE_NUMERIC
USE_LOCALE_TIME
USE_PERLIO
USE_PERL_ATOF
Built under linux
Compiled at Jun 25 2023 02:38:32
%ENV:
PERL5LIB=""
PERL5OPT=""
PERL5_CPANPLUS_IS_RUNNING="1597885"
PERL5_CPAN_IS_RUNNING="1597885"
PERL_CANARY_STABILITY_NOPROMPT="1"
PERL_MM_USE_DEFAULT="1"
PERL_USE_UNSAFE_INC="1"
@INC:
/home/sand/src/perl/repoperls/installed-perls/host/k93msid/v5.32.1/da1c/lib/site_perl/5.32.1/x86_64-linux
/home/sand/src/perl/repoperls/installed-perls/host/k93msid/v5.32.1/da1c/lib/site_perl/5.32.1
/home/sand/src/perl/repoperls/installed-perls/host/k93msid/v5.32.1/da1c/lib/5.32.1/x86_64-linux
/home/sand/src/perl/repoperls/installed-perls/host/k93msid/v5.32.1/da1c/lib/5.32.1
.