Statocles v0.093 Perl 5 v5.26.1 x86_64-linux

Status
Fail
From
Nigel Horne
Dist
Statocles v0.093
Platform
Perl 5 v5.26.1 x86_64-linux
Date
2018-03-31 00:56:46
ID
632fe0f4-347e-11e8-91ce-d3e3deac0b3f
This distribution has been tested as part of the CPAN Testers
project, supporting the Perl programming language.  See
http://wiki.cpantesters.org/ for more information or email
questions to cpan-testers-discuss@perl.org


--
Dear Doug Bell,

This is a computer-generated report for Statocles-0.093
on perl 5.26.1, created by CPAN-Reporter-1.2018.

Thank you for uploading your work to CPAN.  However, there was a problem
testing your distribution.

If you think this report is invalid, please consult the CPAN Testers Wiki
for suggestions on how to avoid getting FAIL reports for missing library
or binary dependencies, unsupported operating systems, and so on:

http://wiki.cpantesters.org/wiki/CPANAuthorNotes

Sections of this report:

    * Tester comments
    * Program output
    * Prerequisites
    * Environment and other context

------------------------------
TESTER COMMENTS
------------------------------

Additional comments from tester:

this report is from an automated smoke testing program
and was not reviewed by a human for accuracy

------------------------------
PROGRAM OUTPUT
------------------------------

Output from '/usr/bin/make test':

Skip blib/lib/auto/share/dist/Statocles/theme/default/plugin/highlight/solarized-dark.css (unchanged)
Skip blib/lib/auto/share/dist/Statocles/theme/default/site/sidebar_before.html.ep (unchanged)
Skip blib/lib/auto/share/dist/Statocles/theme/default/site/style.html (unchanged)
Skip blib/lib/auto/share/dist/Statocles/theme/default/site/navbar_extra.html.ep (unchanged)
Skip blib/lib/auto/share/dist/Statocles/theme/default/blog/post.html.ep (unchanged)
Skip blib/lib/auto/share/dist/Statocles/theme/bootstrap/site/style.html (unchanged)
Skip blib/lib/auto/share/dist/Statocles/theme/bootstrap/site/sitemap.xml.ep (unchanged)
Skip blib/lib/auto/share/dist/Statocles/theme/bootstrap/site/navbar_extra.html.ep (unchanged)
Skip blib/lib/auto/share/dist/Statocles/theme/bootstrap/blog/index.html.ep (unchanged)
Skip blib/lib/auto/share/dist/Statocles/theme/bootstrap/blog/index.rss.ep (unchanged)
Skip blib/lib/auto/share/dist/Statocles/theme/default/site/head_after.html.ep (unchanged)
Skip blib/lib/auto/share/dist/Statocles/theme/bootstrap/perldoc/source.html.ep (unchanged)
Skip blib/lib/auto/share/dist/Statocles/theme/bootstrap/plugin/highlight/solarized-light.css (unchanged)
Skip blib/lib/auto/share/dist/Statocles/create/page/index.markdown (unchanged)
Skip blib/lib/auto/share/dist/Statocles/theme/bootstrap/blog/index.atom.ep (unchanged)
Skip blib/lib/auto/share/dist/Statocles/theme/bootstrap/layout/blank.html.ep (unchanged)
Skip blib/lib/auto/share/dist/Statocles/theme/bootstrap/plugin/highlight/default.css (unchanged)
Skip blib/lib/auto/share/dist/Statocles/theme/bootstrap/css/statocles-bootstrap.css (unchanged)
Skip blib/lib/auto/share/dist/Statocles/theme/bootstrap/blog/post.html.ep (unchanged)
Skip blib/lib/auto/share/dist/Statocles/theme/default/perldoc/pod.html.ep (unchanged)
Skip blib/lib/auto/share/dist/Statocles/theme/bootstrap/site/header_after.html.ep (unchanged)
Skip blib/lib/auto/share/dist/Statocles/theme/default/site/robots.txt.ep (unchanged)
Skip blib/lib/auto/share/dist/Statocles/theme/default/css/statocles-default.css (unchanged)
Skip blib/lib/auto/share/dist/Statocles/theme/default/blog/index.atom.ep (unchanged)
Skip blib/lib/auto/share/dist/Statocles/create/script.yml (unchanged)
Skip blib/lib/auto/share/dist/Statocles/theme/bootstrap/layout/default.html.ep (unchanged)
Skip blib/lib/auto/share/dist/Statocles/theme/default/plugin/highlight/default.css (unchanged)
Skip blib/lib/auto/share/dist/Statocles/theme/default/css/skeleton.css (unchanged)
Skip blib/lib/auto/share/dist/Statocles/theme/bootstrap/site/head_after.html.ep (unchanged)
Skip blib/lib/auto/share/dist/Statocles/theme/bootstrap/site/robots.txt.ep (unchanged)
Skip blib/lib/auto/share/dist/Statocles/theme/bootstrap/site/footer.html.ep (unchanged)
Skip blib/lib/auto/share/dist/Statocles/create/site.yml (unchanged)
Skip blib/lib/auto/share/dist/Statocles/zsh/_statocles (unchanged)
Skip blib/lib/auto/share/dist/Statocles/theme/default/layout/full-width.html.ep (unchanged)
Skip blib/lib/auto/share/dist/Statocles/theme/default/css/normalize.css (unchanged)
Skip blib/lib/auto/share/dist/Statocles/theme/default/perldoc/source.html.ep (unchanged)
Skip blib/lib/auto/share/dist/Statocles/theme/default/plugin/highlight/solarized-light.css (unchanged)
Skip blib/lib/auto/share/dist/Statocles/theme/default/site/header_after.html.ep (unchanged)
Skip blib/lib/auto/share/dist/Statocles/theme/bootstrap/site/sidebar_before.html.ep (unchanged)
Skip blib/lib/auto/share/dist/Statocles/theme/default/blog/index.html.ep (unchanged)
Skip blib/lib/auto/share/dist/Statocles/theme/default/site/footer.html.ep (unchanged)
Skip blib/lib/auto/share/dist/Statocles/create/blog/post.markdown (unchanged)
Skip blib/lib/auto/share/dist/Statocles/theme/bootstrap/perldoc/pod.html.ep (unchanged)
Skip blib/lib/auto/share/dist/Statocles/theme/bootstrap/layout/full-width.html.ep (unchanged)
Skip blib/lib/auto/share/dist/Statocles/theme/default/blog/index.rss.ep (unchanged)
Skip blib/lib/auto/share/dist/Statocles/theme/bootstrap/plugin/highlight/solarized-dark.css (unchanged)
Skip blib/lib/auto/share/dist/Statocles/theme/default/layout/blank.html.ep (unchanged)
Skip blib/lib/auto/share/dist/Statocles/theme/default/layout/default.html.ep (unchanged)
Skip blib/lib/auto/share/dist/Statocles/theme/default/site/sitemap.xml.ep (unchanged)
PERL_DL_NONLAZY=1 "/home/njh/perl5/perlbrew/perls/perl-5.26.1-clang/bin/perl5.26.1" "-MExtUtils::Command::MM" "-MTest::Harness" "-e" "undef *Test::Harness::Switches; test_harness(0, 'blib/lib', 'blib/arch')" t/*.t t/app/*.t t/app/basic/*.t t/app/blog/*.t t/app/perldoc/*.t t/app/role/*.t t/command/*.t t/deploy/*.t t/link/*.t t/page/*.t t/plugin/*.t t/template/*.t t/theme/*.t
# 
# Versions for all modules listed in MYMETA.json (including optional ones):
# 
# === Configure Requires ===
# 
#     Module                  Want Have
#     ----------------------- ---- ----
#     ExtUtils::MakeMaker      any 7.30
#     File::ShareDir::Install 0.06 0.11
# 
# === Build Requires ===
# 
#     Module              Want Have
#     ------------------- ---- ----
#     ExtUtils::MakeMaker  any 7.30
# 
# === Test Requires ===
# 
#     Module                  Want     Have
#     ------------------- -------- --------
#     Capture::Tiny            any     0.46
#     Dir::Self                any     0.11
#     ExtUtils::MakeMaker      any     7.30
#     File::Spec               any     3.67
#     IO::Handle               any     1.36
#     IPC::Open3               any     1.20
#     Storable                 any     2.62
#     Test::Deep               any    1.127
#     Test::Differences       0.64     0.64
#     Test::Exception         0.42     0.43
#     Test::Lib                any    0.002
#     Test::More          1.001005 1.302120
# 
# === Test Recommends ===
# 
#     Module         Want     Have
#     ---------- -------- --------
#     CPAN::Meta 2.120900 2.150010
# 
# === Runtime Requires ===
# 
#     Module                 Want       Have
#     ------------------ -------- ----------
#     Beam::Emitter         0.007      1.007
#     Beam::Wire            1.018      1.021
#     DateTime::Moonpig       any       1.03
#     Encode                  any       2.88
#     File::Share             any       0.25
#     Git::Repository         any      1.321
#     Import::Base          0.012      1.004
#     JSON::PP                any 2.27400_02
#     List::UtilsBy          0.09       0.11
#     Mojolicious            6.54       7.71
#     Moo                2.000001   2.003004
#     Path::Tiny            0.084      0.104
#     Pod::Simple            3.31       3.35
#     Pod::Usage::Return      any      0.003
#     Text::Markdown          any   1.000031
#     Text::Unidecode         any       1.30
#     Type::Tiny              any   1.002001
#     Types::Path::Tiny       any      0.005
#     YAML                    any       1.24
#     strict                  any       1.11
#     warnings                any       1.37
# 
# === Runtime Recommends ===
# 
#     Module                           Want    Have
#     ------------------------------- ----- -------
#     HTML::Lint::Pluggable            0.06 missing
#     PPI                               any missing
#     Pod::Elemental                    any missing
#     Pod::Weaver                     4.015 missing
#     Syntax::Highlight::Engine::Kate   any missing
# 
t/00-report-prereqs.t ......... ok
t/app/basic/constructor.t ..... ok
t/app/blog/constructor.t ...... ok
t/app/blog/post_date.t ........ ok
t/app/blog/recent_posts.t ..... ok
t/app/basic/pages.t ........... ok
    # Current LC_TIME locale: en_GB.UTF-8
    # Could not set locale to ru_RU. Still 

                #   Failed test 'nothing on stdout'
                #   at t/app/basic/command.t line 87.
                # Looks like you failed 1 test of 3.

            #   Failed test 'run the command'
            #   at t/app/basic/command.t line 91.

                #   Failed test 'nothing on stdout'
                #   at t/app/blog/command.t line 87.
                # Looks like you failed 1 test of 3.

            #   Failed test 'run the command'
            #   at t/app/blog/command.t line 91.
t/app/blog/pages.t ............ ok
            # Looks like you failed 1 test of 2.

        #   Failed test 'default document'
        #   at t/app/blog/command.t line 117.
                # No tests run!

            #   Failed test 'No tests run for subtest "run the command"'
            #   at t/app/blog/command.t line 139.
            # Looks like you failed 1 test of 1.

        #   Failed test 'special characters in title'
        #   at t/app/blog/command.t line 165.
        # Looks like you failed 2 tests of 3.

    #   Failed test 'create new post'
    #   at t/app/blog/command.t line 409.
    # Looks like you failed 1 test of 1.

#   Failed test 'post'
#   at t/app/blog/command.t line 410.
Error from close(GLOB(0x21c7c68)): Bad file descriptor at /home/njh/perl5/perlbrew/perls/perl-5.26.1-clang/lib/site_perl/5.26.1/Capture/Tiny.pm line 113.
	Capture::Tiny::_close(GLOB(0x21c7c68)) called at /home/njh/perl5/perlbrew/perls/perl-5.26.1-clang/lib/site_perl/5.26.1/Capture/Tiny.pm line 172
	Capture::Tiny::_unproxy("stdin", GLOB(0x21c7c68)) called at /home/njh/perl5/perlbrew/perls/perl-5.26.1-clang/lib/site_perl/5.26.1/Capture/Tiny.pm line 396
	Capture::Tiny::_capture_tee(1, 1, 0, 0, CODE(0x5b0e658)) called at t/app/blog/command.t line 134
	main::__ANON__() called at /home/njh/perl5/perlbrew/perls/perl-5.26.1-clang/lib/site_perl/5.26.1/Test/Builder.pm line 337
	eval {...} called at /home/njh/perl5/perlbrew/perls/perl-5.26.1-clang/lib/site_perl/5.26.1/Test/Builder.pm line 337
	Test::Builder::subtest(Test::Builder=HASH(0x4ab5b88), "run the command", CODE(0x5af9668)) called at /home/njh/perl5/perlbrew/perls/perl-5.26.1-clang/lib/site_perl/5.26.1/Test/More.pm line 807
	Test::More::subtest("run the command", CODE(0x5af9668)) called at t/app/blog/command.t line 139
	main::__ANON__() called at /home/njh/perl5/perlbrew/perls/perl-5.26.1-clang/lib/site_perl/5.26.1/Test/Builder.pm line 337
	eval {...} called at /home/njh/perl5/perlbrew/perls/perl-5.26.1-clang/lib/site_perl/5.26.1/Test/Builder.pm line 337
	Test::Builder::subtest(Test::Builder=HASH(0x4ab5b88), "special characters in title", CODE(0x5907dd8)) called at /home/njh/perl5/perlbrew/perls/perl-5.26.1-clang/lib/site_perl/5.26.1/Test/More.pm line 807
	Test::More::subtest("special characters in title", CODE(0x5907dd8)) called at t/app/blog/command.t line 165
	main::__ANON__() called at /home/njh/perl5/perlbrew/perls/perl-5.26.1-clang/lib/site_perl/5.26.1/Test/Builder.pm line 337
	eval {...} called at /home/njh/perl5/perlbrew/perls/perl-5.26.1-clang/lib/site_perl/5.26.1/Test/Builder.pm line 337
	Test::Builder::subtest(Test::Builder=HASH(0x4ab5b88), "create new post", CODE(0x5904d08)) called at /home/njh/perl5/perlbrew/perls/perl-5.26.1-clang/lib/site_perl/5.26.1/Test/More.pm line 807
	Test::More::subtest("create new post", CODE(0x5904d08)) called at t/app/blog/command.t line 409
	main::__ANON__() called at /home/njh/perl5/perlbrew/perls/perl-5.26.1-clang/lib/site_perl/5.26.1/Test/Builder.pm line 337
	eval {...} called at /home/njh/perl5/perlbrew/perls/perl-5.26.1-clang/lib/site_perl/5.26.1/Test/Builder.pm line 337
	Test::Builder::subtest(Test::Builder=HASH(0x4ab5b88), "post", CODE(0x58e1790)) called at /home/njh/perl5/perlbrew/perls/perl-5.26.1-clang/lib/site_perl/5.26.1/Test/More.pm line 807
	Test::More::subtest("post", CODE(0x58e1790)) called at t/app/blog/command.t line 410
# Tests were run but no plan was declared and done_testing() was not seen.
# Looks like your test exited with 2 just after 3.
t/app/blog/command.t .......... 
Dubious, test returned 2 (wstat 512, 0x200)
Failed 1/3 subtests 
t/app/blog/slugs.t ............ ok
            # Looks like you failed 1 test of 2.

        #   Failed test 'path without extension'
        #   at t/app/basic/command.t line 107.
        # Looks like you failed 1 test of 3.

    #   Failed test 'create new page'
    #   at t/app/basic/command.t line 193.
    # Looks like you failed 1 test of 1.

#   Failed test 'edit'
#   at t/app/basic/command.t line 194.
# Looks like you failed 1 test of 3.
t/app/basic/command.t ......... 
Dubious, test returned 1 (wstat 256, 0x100)
Failed 1/3 subtests 
t/app/perldoc/highlight.t ..... skipped: Syntax::Highlight::Engine::Kate needed
t/app/perldoc/constructor.t ... ok
t/app/role/store.t ............ ok
t/app/events.t ................ ok
t/app/url.t ................... ok
t/app/template.t .............. ok
t/app/perldoc/pages.t ......... ok
t/command/build.t ............. ok
t/command/apps.t .............. ok
t/command/help_and_version.t .. ok
t/command/bundle.t ............ ok
t/command/deploy.t ............ ok
t/command/error.t ............. ok
t/deploy/file.t ............... ok
t/command/daemon.t ............ ok
# Git version: 2.016002
t/command/mojo_app.t .......... ok
t/document.t .................. ok
t/image.t ..................... ok
t/link.t ...................... ok
t/link/tree.t ................. ok
    # Git version: 2.016002
[Fri Mar 30 20:56:33 2018] [warn] No files changed
t/deprecated.t ................ ok
t/page/basename.t ............. ok
t/command/create.t ............ ok
[Fri Mar 30 20:56:33 2018] [warn] No files changed
t/page/content_sections.t ..... ok
t/page/file.t ................. ok
t/page/images.t ............... ok
t/page/links.t ................ ok
Invalid data attribute in document "/required.markdown". Data attributes that are not hashes are deprecated and will be removed in v2.0. Please use a hash instead. See Statocles::Help::Upgrading
Invalid data attribute in document "/links/alternate_single.markdown". Data attributes that are not hashes are deprecated and will be removed in v2.0. Please use a hash instead. See Statocles::Help::Upgrading
t/page/document.t ............. ok
t/page/list_item.t ............ ok
[Fri Mar 30 20:56:33 2018] [debug] Render page: /path/to/page.html
t/page/plain.t ................ ok
t/page/list.t ................. ok
t/page/type.t ................. ok
t/person.t .................... ok
t/plugin/highlight.t .......... skipped: Syntax::Highlight::Engine::Kate needed
t/plugin/html_lint.t .......... skipped: HTML::Lint::Pluggable v0.06 or higher needed
t/plugin.t .................... ok
t/plugin/mermaid.t ............ ok
[Fri Mar 30 20:56:34 2018] [warn] Store path "/tmp/build/Statocles-0.093-26/t/share/DOES_NOT_EXIST" does not exist
t/template/basic.t ............ ok
t/template/content.t .......... ok
t/site.t ...................... ok
t/store.t ..................... ok
t/template/include.t .......... ok
t/template/markdown.t ......... ok
t/plugin/link_check.t ......... ok
t/types.t ..................... ok
t/theme/helper.t .............. ok
sh: 1: HOPEFULLY_DOES_NOT_EXIST: not found
t/theme/pages.t ............... ok
Terminated
t/theme/template.t ............ ok
t/util.t ...................... ok
t/theme/check.t ............... ok
[Fri Mar 30 20:56:35 2018] [warn] Git remote "origin" does not exist. Not pushing.
[Fri Mar 30 20:56:36 2018] [warn] Git remote "nondefault" does not exist. Not pushing.
t/deploy/git.t ................ ok
t/00-compile.t ................ ok

Test Summary Report
-------------------
t/app/blog/command.t        (Wstat: 512 Tests: 3 Failed: 1)
  Failed test:  3
  Non-zero exit status: 2
  Parse errors: No plan found in TAP output
t/app/basic/command.t       (Wstat: 256 Tests: 3 Failed: 1)
  Failed test:  3
  Non-zero exit status: 1
Files=62, Tests=311, 15 wallclock secs ( 0.50 usr  0.07 sys + 52.42 cusr  8.20 csys = 61.19 CPU)
Result: FAIL
Failed 2/62 test programs. 2/311 subtests failed.
Makefile:1160: recipe for target 'test_dynamic' failed
make: *** [test_dynamic] Error 255

------------------------------
PREREQUISITES
------------------------------

Prerequisite modules loaded:

requires:

    Module                  Need     Have      
    ----------------------- -------- ----------
    Beam::Emitter           0.007    1.007     
    Beam::Wire              1.018    1.021     
    DateTime::Moonpig       0        1.03      
    Encode                  0        2.88      
    File::Share             0        0.25      
    Git::Repository         0        1.321     
    Import::Base            0.012    1.004     
    JSON::PP                0        2.27400_02
    List::UtilsBy           0.09     0.11      
    Mojolicious             6.54     7.71      
    Moo                     2.000001 2.003004  
    Path::Tiny              0.084    0.104     
    perl                    5.010    5.026001  
    Pod::Simple             3.31     3.35      
    Pod::Usage::Return      0        0.003     
    strict                  0        1.11      
    Text::Markdown          0        1.000031  
    Text::Unidecode         0        1.30      
    Type::Tiny              0        1.002001  
    Types::Path::Tiny       0        0.005     
    warnings                0        1.37      
    YAML                    0        1.24      

build_requires:

    Module                  Need     Have      
    ----------------------- -------- ----------
    Capture::Tiny           0        0.46      
    Dir::Self               0        0.11      
    ExtUtils::MakeMaker     0        7.30      
    File::Spec              0        3.67      
    IO::Handle              0        1.36      
    IPC::Open3              0        1.20      
    Storable                0        2.62      
    Test::Deep              0        1.127     
    Test::Differences       0.64     0.64      
    Test::Exception         0.42     0.43      
    Test::Lib               0        0.002     
    Test::More              1.001005 1.302120  

configure_requires:

    Module                  Need     Have      
    ----------------------- -------- ----------
    ExtUtils::MakeMaker     0        7.30      
    File::ShareDir::Install 0.06     0.11      


------------------------------
ENVIRONMENT AND OTHER CONTEXT
------------------------------

Environment variables:

    AUTOMATED_TESTING = 1
    HARNESS_OPTIONS = j10
    LANG = en_GB.UTF-8
    PATH = /home/njh/perl5/perlbrew/bin:/home/njh/perl5/perlbrew/perls/perl-5.26.1-clang/bin:src/njh/smoker/bin:/usr/bin:/bin
    PERL5LIB = /tmp/build/Types-Path-Tiny-0.005-16/blib/arch:/tmp/build/Types-Path-Tiny-0.005-16/blib/lib:/tmp/build/Text-Unidecode-1.30-16/blib/arch:/tmp/build/Text-Unidecode-1.30-16/blib/lib:/tmp/build/Text-Markdown-1.000031-17/blib/arch:/tmp/build/Text-Markdown-1.000031-17/blib/lib:/tmp/build/Pod-Usage-Return-0.003-17/blib/arch:/tmp/build/Pod-Usage-Return-0.003-17/blib/lib:/tmp/build/Mojolicious-7.71-17/blib/arch:/tmp/build/Mojolicious-7.71-17/blib/lib:/tmp/build/List-UtilsBy-0.11-17/blib/arch:/tmp/build/List-UtilsBy-0.11-17/blib/lib:/tmp/build/Import-Base-1.004-17/blib/arch:/tmp/build/Import-Base-1.004-17/blib/lib:/tmp/build/Import-Into-1.002005-10/blib/arch:/tmp/build/Import-Into-1.002005-10/blib/lib:/tmp/build/Git-Repository-1.321-17/blib/arch:/tmp/build/Git-Repository-1.321-17/blib/lib:/tmp/build/Test-Requires-Git-1.008-17/blib/arch:/tmp/build/Test-Requires-Git-1.008-17/blib/lib:/tmp/build/System-Command-1.118-17/blib/arch:/tmp/build/System-Command-1.118-17/blib/lib:/tmp/build/Git-Version-Compare-1.004-17/blib/arch:/tmp/build/Git-Version-Compare-1.004-17/blib/lib:/tmp/build/File-Share-0.25-17/blib/arch:/tmp/build/File-Share-0.25-17/blib/lib:/tmp/build/Dir-Self-0.11-17/blib/arch:/tmp/build/Dir-Self-0.11-17/blib/lib:/tmp/build/DateTime-Moonpig-1.03-17/blib/arch:/tmp/build/DateTime-Moonpig-1.03-17/blib/lib:/tmp/build/Beam-Wire-1.021-17/blib/arch:/tmp/build/Beam-Wire-1.021-17/blib/lib:/tmp/build/Throwable-0.200013-17/blib/arch:/tmp/build/Throwable-0.200013-17/blib/lib:/tmp/build/Data-DPath-0.57-17/blib/arch:/tmp/build/Data-DPath-0.57-17/blib/lib:/tmp/build/aliased-0.34-10/blib/arch:/tmp/build/aliased-0.34-10/blib/lib:/tmp/build/List-MoreUtils-0.428-10/blib/arch:/tmp/build/List-MoreUtils-0.428-10/blib/lib:/tmp/build/Test-LeakTrace-0.16-10/blib/arch:/tmp/build/Test-LeakTrace-0.16-10/blib/lib:/tmp/build/List-MoreUtils-XS-0.428-10/blib/arch:/tmp/build/List-MoreUtils-XS-0.428-10/blib/lib:/tmp/build/Iterator-Util-0.02-17/blib/arch:/tmp/build/Iterator-Util-0.02-17/blib/lib:/tmp/build/Iterator-0.03-17/blib/arch:/tmp/build/Iterator-0.03-17/blib/lib:/tmp/build/Config-Any-0.32-17/blib/arch:/tmp/build/Config-Any-0.32-17/blib/lib:/tmp/build/Beam-Service-0.001-17/blib/arch:/tmp/build/Beam-Service-0.001-17/blib/lib:/tmp/build/Beam-Emitter-1.007-17/blib/arch:/tmp/build/Beam-Emitter-1.007-17/blib/lib:/tmp/build/Type-Tiny-1.002001-16/blib/arch:/tmp/build/Type-Tiny-1.002001-16/blib/lib:/tmp/build/Exporter-Tiny-1.000000-27/blib/arch:/tmp/build/Exporter-Tiny-1.000000-27/blib/lib:/tmp/build/Test-Lib-0.002-17/blib/arch:/tmp/build/Test-Lib-0.002-17/blib/lib:/tmp/build/Test-API-0.010-17/blib/arch:/tmp/build/Test-API-0.010-17/blib/lib:/tmp/build/Moo-2.003004-7/blib/arch:/tmp/build/Moo-2.003004-7/blib/lib:/tmp/build/Class-Method-Modifiers-2.12-6/blib/arch:/tmp/build/Class-Method-Modifiers-2.12-6/blib/lib:/tmp/build/Data-Tools-1.15-26/blib/arch:/tmp/build/Data-Tools-1.15-26/blib/lib
    PERL5OPT = 
    PERL5_CPANPLUS_IS_RUNNING = 21350
    PERL5_CPAN_IS_RUNNING = 21350
    PERLBREW_HOME = /home/njh/.perlbrew
    PERLBREW_MANPATH = /home/njh/perl5/perlbrew/perls/perl-5.26.1-clang/man
    PERLBREW_PATH = /home/njh/perl5/perlbrew/bin:/home/njh/perl5/perlbrew/perls/perl-5.26.1-clang/bin
    PERLBREW_PERL = perl-5.26.1-clang
    PERLBREW_ROOT = /home/njh/perl5/perlbrew
    PERLBREW_SHELLRC_VERSION = 0.82
    PERLBREW_VERSION = 0.82
    PERL_CPAN_REPORTER_DIR = /home/njh/.cpanreporter/perl-5.26.1-clang
    PERL_USE_UNSAFE_INC = 1
    SHELL = /bin/sh

Perl special variables (and OS-specific diagnostics, for MSWin32):

    $^X = /home/njh/perl5/perlbrew/perls/perl-5.26.1-clang/bin/perl5.26.1
    $UID/$EUID = 1000 / 1000
    $GID = 1000 4 24 25 29 30 44 46 107 112 118 1000
    $EGID = 1000 4 24 25 29 30 44 46 107 112 118 1000

Perl module toolchain versions installed:

    Module              Have      
    ------------------- ----------
    CPAN                2.18      
    CPAN::Meta          2.150010  
    Cwd                 3.67      
    ExtUtils::CBuilder  0.280226  
    ExtUtils::Command   7.30      
    ExtUtils::Install   2.06      
    ExtUtils::MakeMaker 7.30      
    ExtUtils::Manifest  1.70      
    ExtUtils::ParseXS   3.34      
    File::Spec          3.67      
    JSON                2.97001   
    JSON::PP            2.27400_02
    Module::Build       0.4224    
    Module::Signature   n/a       
    Parse::CPAN::Meta   2.150010  
    Test::Harness       3.39      
    Test::More          1.302120  
    YAML                1.24      
    YAML::Syck          1.30      
    version             0.9917    


--

Summary of my perl5 (revision 5 version 26 subversion 1) configuration:
   
  Platform:
    osname=linux
    osvers=4.12.0-2-amd64
    archname=x86_64-linux
    uname='linux microcenter 4.12.0-2-amd64 #1 smp debian 4.12.13-1 (2017-09-19) x86_64 gnulinux '
    config_args='-de -Dprefix=/home/njh/perl5/perlbrew/perls/perl-5.26.1-clang -Dusedevel -Dcc=clang -Accflags=-O2 -W -Wformat=2 -Wswitch -Wshadow -Wwrite-strings -Wuninitialized -Wall -pipe -fomit-frame-pointer -pedantic -D_FORTIFY_SOURCE=2 -Wpointer-arith -Wstrict-prototypes -fstack-protector -Wstack-protector -Wextra -Wbad-function-cast -Wcast-align -Wcast-qual -Wdisabled-optimization -Wendif-labels -Wfloat-equal -Wformat-nonliteral -Winline -Wmissing-declarations -Wmissing-prototypes -Wnested-externs -Wpointer-arith -Wundef -Wformat-security -ftree-vectorize -msse -mfpmath=sse -msse2 -mssse3 -msse4.1 -msse4.2 -fdiagnostics-color=auto -mtune=native -march=native -Aeval:scriptdir=/home/njh/perl5/perlbrew/perls/perl-5.26.1-clang/bin'
    hint=recommended
    useposix=true
    d_sigaction=define
    useithreads=undef
    usemultiplicity=undef
    use64bitint=define
    use64bitall=define
    uselongdouble=undef
    usemymalloc=n
    default_inc_excludes_dot=define
    bincompat5005=undef
  Compiler:
    cc='clang'
    ccflags ='-O2 -W -Wformat=2 -Wswitch -Wshadow -Wwrite-strings -Wuninitialized -Wall -pipe -fomit-frame-pointer -pedantic -D_FORTIFY_SOURCE=2 -Wpointer-arith -Wstrict-prototypes -fstack-protector -Wstack-protector -Wextra -Wbad-function-cast -Wcast-align -Wcast-qual -Wdisabled-optimization -Wendif-labels -Wfloat-equal -Wformat-nonliteral -Winline -Wmissing-declarations -Wmissing-prototypes -Wnested-externs -Wpointer-arith -Wundef -Wformat-security -ftree-vectorize -msse -mfpmath=sse -msse2 -mssse3 -msse4.1 -msse4.2 -fdiagnostics-color=auto -mtune=native -march=native -fno-strict-aliasing -fstack-protector-strong -I/usr/local/include -D_LARGEFILE_SOURCE -D_FILE_OFFSET_BITS=64'
    optimize='-O2'
    cppflags='-O2 -W -Wformat=2 -Wswitch -Wshadow -Wwrite-strings -Wuninitialized -Wall -pipe -fomit-frame-pointer -pedantic -D_FORTIFY_SOURCE=2 -Wpointer-arith -Wstrict-prototypes -fstack-protector -Wstack-protector -Wextra -Wbad-function-cast -Wcast-align -Wcast-qual -Wdisabled-optimization -Wendif-labels -Wfloat-equal -Wformat-nonliteral -Winline -Wmissing-declarations -Wmissing-prototypes -Wnested-externs -Wpointer-arith -Wundef -Wformat-security -ftree-vectorize -msse -mfpmath=sse -msse2 -mssse3 -msse4.1 -msse4.2 -fdiagnostics-color=auto -mtune=native -march=native -fno-strict-aliasing -fstack-protector-strong -I/usr/local/include'
    ccversion=''
    gccversion='4.2.1 Compatible Clang 3.8.1 (tags/RELEASE_381/final)'
    gccosandvers=''
    intsize=4
    longsize=8
    ptrsize=8
    doublesize=8
    byteorder=12345678
    doublekind=3
    d_longlong=define
    longlongsize=8
    d_longdbl=define
    longdblsize=16
    longdblkind=3
    ivtype='long'
    ivsize=8
    nvtype='double'
    nvsize=8
    Off_t='off_t'
    lseeksize=8
    alignbytes=8
    prototype=define
  Linker and Libraries:
    ld='clang'
    ldflags =' -fstack-protector-strong -L/usr/local/lib'
    libpth=/usr/local/lib /usr/lib/llvm-3.8/bin/../lib/clang/3.8.1/lib /usr/include/x86_64-linux-gnu /usr/lib /lib/x86_64-linux-gnu /lib/../lib /usr/lib/x86_64-linux-gnu /usr/lib/../lib /lib
    libs=-lpthread -lnsl -lgdbm -ldb -ldl -lm -lcrypt -lutil -lc -lgdbm_compat
    perllibs=-lpthread -lnsl -ldl -lm -lcrypt -lutil -lc
    libc=libc-2.24.so
    so=so
    useshrplib=false
    libperl=libperl.a
    gnulibc_version='2.24'
  Dynamic Linking:
    dlsrc=dl_dlopen.xs
    dlext=so
    d_dlsymun=undef
    ccdlflags='-Wl,-E'
    cccdlflags='-fPIC'
    lddlflags='-shared -O2 -L/usr/local/lib -fstack-protector-strong'


Characteristics of this binary (from libperl): 
  Compile-time options:
    HAS_TIMES
    PERLIO_LAYERS
    PERL_COPY_ON_WRITE
    PERL_DONT_CREATE_GVSV
    PERL_MALLOC_WRAP
    PERL_OP_PARENT
    PERL_PRESERVE_IVUV
    PERL_USE_DEVEL
    USE_64_BIT_ALL
    USE_64_BIT_INT
    USE_LARGE_FILES
    USE_LOCALE
    USE_LOCALE_COLLATE
    USE_LOCALE_CTYPE
    USE_LOCALE_NUMERIC
    USE_LOCALE_TIME
    USE_PERLIO
    USE_PERL_ATOF
  Built under linux
  Compiled at Sep 27 2017 12:13:30
  %ENV:
    PERL5LIB="/tmp/build/Types-Path-Tiny-0.005-16/blib/arch:/tmp/build/Types-Path-Tiny-0.005-16/blib/lib:/tmp/build/Text-Unidecode-1.30-16/blib/arch:/tmp/build/Text-Unidecode-1.30-16/blib/lib:/tmp/build/Text-Markdown-1.000031-17/blib/arch:/tmp/build/Text-Markdown-1.000031-17/blib/lib:/tmp/build/Pod-Usage-Return-0.003-17/blib/arch:/tmp/build/Pod-Usage-Return-0.003-17/blib/lib:/tmp/build/Mojolicious-7.71-17/blib/arch:/tmp/build/Mojolicious-7.71-17/blib/lib:/tmp/build/List-UtilsBy-0.11-17/blib/arch:/tmp/build/List-UtilsBy-0.11-17/blib/lib:/tmp/build/Import-Base-1.004-17/blib/arch:/tmp/build/Import-Base-1.004-17/blib/lib:/tmp/build/Import-Into-1.002005-10/blib/arch:/tmp/build/Import-Into-1.002005-10/blib/lib:/tmp/build/Git-Repository-1.321-17/blib/arch:/tmp/build/Git-Repository-1.321-17/blib/lib:/tmp/build/Test-Requires-Git-1.008-17/blib/arch:/tmp/build/Test-Requires-Git-1.008-17/blib/lib:/tmp/build/System-Command-1.118-17/blib/arch:/tmp/build/System-Command-1.118-17/blib/lib:/tmp/build/Git-Version-Compare-1.004-17/blib/arch:/tmp/build/Git-Version-Compare-1.004-17/blib/lib:/tmp/build/File-Share-0.25-17/blib/arch:/tmp/build/File-Share-0.25-17/blib/lib:/tmp/build/Dir-Self-0.11-17/blib/arch:/tmp/build/Dir-Self-0.11-17/blib/lib:/tmp/build/DateTime-Moonpig-1.03-17/blib/arch:/tmp/build/DateTime-Moonpig-1.03-17/blib/lib:/tmp/build/Beam-Wire-1.021-17/blib/arch:/tmp/build/Beam-Wire-1.021-17/blib/lib:/tmp/build/Throwable-0.200013-17/blib/arch:/tmp/build/Throwable-0.200013-17/blib/lib:/tmp/build/Data-DPath-0.57-17/blib/arch:/tmp/build/Data-DPath-0.57-17/blib/lib:/tmp/build/aliased-0.34-10/blib/arch:/tmp/build/aliased-0.34-10/blib/lib:/tmp/build/List-MoreUtils-0.428-10/blib/arch:/tmp/build/List-MoreUtils-0.428-10/blib/lib:/tmp/build/Test-LeakTrace-0.16-10/blib/arch:/tmp/build/Test-LeakTrace-0.16-10/blib/lib:/tmp/build/List-MoreUtils-XS-0.428-10/blib/arch:/tmp/build/List-MoreUtils-XS-0.428-10/blib/lib:/tmp/build/Iterator-Util-0.02-17/blib/arch:/tmp/build/Iterator-Util-0.02-17/blib/lib:/tmp/build/Iterator-0.03-17/blib/arch:/tmp/build/Iterator-0.03-17/blib/lib:/tmp/build/Config-Any-0.32-17/blib/arch:/tmp/build/Config-Any-0.32-17/blib/lib:/tmp/build/Beam-Service-0.001-17/blib/arch:/tmp/build/Beam-Service-0.001-17/blib/lib:/tmp/build/Beam-Emitter-1.007-17/blib/arch:/tmp/build/Beam-Emitter-1.007-17/blib/lib:/tmp/build/Type-Tiny-1.002001-16/blib/arch:/tmp/build/Type-Tiny-1.002001-16/blib/lib:/tmp/build/Exporter-Tiny-1.000000-27/blib/arch:/tmp/build/Exporter-Tiny-1.000000-27/blib/lib:/tmp/build/Test-Lib-0.002-17/blib/arch:/tmp/build/Test-Lib-0.002-17/blib/lib:/tmp/build/Test-API-0.010-17/blib/arch:/tmp/build/Test-API-0.010-17/blib/lib:/tmp/build/Moo-2.003004-7/blib/arch:/tmp/build/Moo-2.003004-7/blib/lib:/tmp/build/Class-Method-Modifiers-2.12-6/blib/arch:/tmp/build/Class-Method-Modifiers-2.12-6/blib/lib:/tmp/build/Data-Tools-1.15-26/blib/arch:/tmp/build/Data-Tools-1.15-26/blib/lib"
    PERL5OPT=""
    PERL5_CPANPLUS_IS_RUNNING="21350"
    PERL5_CPAN_IS_RUNNING="21350"
    PERLBREW_HOME="/home/njh/.perlbrew"
    PERLBREW_MANPATH="/home/njh/perl5/perlbrew/perls/perl-5.26.1-clang/man"
    PERLBREW_PATH="/home/njh/perl5/perlbrew/bin:/home/njh/perl5/perlbrew/perls/perl-5.26.1-clang/bin"
    PERLBREW_PERL="perl-5.26.1-clang"
    PERLBREW_ROOT="/home/njh/perl5/perlbrew"
    PERLBREW_SHELLRC_VERSION="0.82"
    PERLBREW_VERSION="0.82"
    PERL_CPAN_REPORTER_DIR="/home/njh/.cpanreporter/perl-5.26.1-clang"
    PERL_USE_UNSAFE_INC="1"
  @INC:
    /tmp/build/Types-Path-Tiny-0.005-16/blib/arch
    /tmp/build/Types-Path-Tiny-0.005-16/blib/lib
    /tmp/build/Text-Unidecode-1.30-16/blib/arch
    /tmp/build/Text-Unidecode-1.30-16/blib/lib
    /tmp/build/Text-Markdown-1.000031-17/blib/arch
    /tmp/build/Text-Markdown-1.000031-17/blib/lib
    /tmp/build/Pod-Usage-Return-0.003-17/blib/arch
    /tmp/build/Pod-Usage-Return-0.003-17/blib/lib
    /tmp/build/Mojolicious-7.71-17/blib/arch
    /tmp/build/Mojolicious-7.71-17/blib/lib
    /tmp/build/List-UtilsBy-0.11-17/blib/arch
    /tmp/build/List-UtilsBy-0.11-17/blib/lib
    /tmp/build/Import-Base-1.004-17/blib/arch
    /tmp/build/Import-Base-1.004-17/blib/lib
    /tmp/build/Import-Into-1.002005-10/blib/arch
    /tmp/build/Import-Into-1.002005-10/blib/lib
    /tmp/build/Git-Repository-1.321-17/blib/arch
    /tmp/build/Git-Repository-1.321-17/blib/lib
    /tmp/build/Test-Requires-Git-1.008-17/blib/arch
    /tmp/build/Test-Requires-Git-1.008-17/blib/lib
    /tmp/build/System-Command-1.118-17/blib/arch
    /tmp/build/System-Command-1.118-17/blib/lib
    /tmp/build/Git-Version-Compare-1.004-17/blib/arch
    /tmp/build/Git-Version-Compare-1.004-17/blib/lib
    /tmp/build/File-Share-0.25-17/blib/arch
    /tmp/build/File-Share-0.25-17/blib/lib
    /tmp/build/Dir-Self-0.11-17/blib/arch
    /tmp/build/Dir-Self-0.11-17/blib/lib
    /tmp/build/DateTime-Moonpig-1.03-17/blib/arch
    /tmp/build/DateTime-Moonpig-1.03-17/blib/lib
    /tmp/build/Beam-Wire-1.021-17/blib/arch
    /tmp/build/Beam-Wire-1.021-17/blib/lib
    /tmp/build/Throwable-0.200013-17/blib/arch
    /tmp/build/Throwable-0.200013-17/blib/lib
    /tmp/build/Data-DPath-0.57-17/blib/arch
    /tmp/build/Data-DPath-0.57-17/blib/lib
    /tmp/build/aliased-0.34-10/blib/arch
    /tmp/build/aliased-0.34-10/blib/lib
    /tmp/build/List-MoreUtils-0.428-10/blib/arch
    /tmp/build/List-MoreUtils-0.428-10/blib/lib
    /tmp/build/Test-LeakTrace-0.16-10/blib/arch
    /tmp/build/Test-LeakTrace-0.16-10/blib/lib
    /tmp/build/List-MoreUtils-XS-0.428-10/blib/arch
    /tmp/build/List-MoreUtils-XS-0.428-10/blib/lib
    /tmp/build/Iterator-Util-0.02-17/blib/arch
    /tmp/build/Iterator-Util-0.02-17/blib/lib
    /tmp/build/Iterator-0.03-17/blib/arch
    /tmp/build/Iterator-0.03-17/blib/lib
    /tmp/build/Config-Any-0.32-17/blib/arch
    /tmp/build/Config-Any-0.32-17/blib/lib
    /tmp/build/Beam-Service-0.001-17/blib/arch
    /tmp/build/Beam-Service-0.001-17/blib/lib
    /tmp/build/Beam-Emitter-1.007-17/blib/arch
    /tmp/build/Beam-Emitter-1.007-17/blib/lib
    /tmp/build/Type-Tiny-1.002001-16/blib/arch
    /tmp/build/Type-Tiny-1.002001-16/blib/lib
    /tmp/build/Exporter-Tiny-1.000000-27/blib/arch
    /tmp/build/Exporter-Tiny-1.000000-27/blib/lib
    /tmp/build/Test-Lib-0.002-17/blib/arch
    /tmp/build/Test-Lib-0.002-17/blib/lib
    /tmp/build/Test-API-0.010-17/blib/arch
    /tmp/build/Test-API-0.010-17/blib/lib
    /tmp/build/Moo-2.003004-7/blib/arch
    /tmp/build/Moo-2.003004-7/blib/lib
    /tmp/build/Class-Method-Modifiers-2.12-6/blib/arch
    /tmp/build/Class-Method-Modifiers-2.12-6/blib/lib
    /tmp/build/Data-Tools-1.15-26/blib/arch
    /tmp/build/Data-Tools-1.15-26/blib/lib
    /home/njh/perl5/perlbrew/perls/perl-5.26.1-clang/lib/site_perl/5.26.1/x86_64-linux
    /home/njh/perl5/perlbrew/perls/perl-5.26.1-clang/lib/site_perl/5.26.1
    /home/njh/perl5/perlbrew/perls/perl-5.26.1-clang/lib/5.26.1/x86_64-linux
    /home/njh/perl5/perlbrew/perls/perl-5.26.1-clang/lib/5.26.1
    .