urpmi vv8.133 Perl 5 v5.16.3 x86_64-linux-thread-multi

Status
Fail
From
Thierry Vignaud
Dist
urpmi vv8.133
Platform
Perl 5 v5.16.3 x86_64-linux-thread-multi
Date
2024-06-02 09:27:48
ID
6052f916-20c2-11ef-9c4a-a5e4dad770b0
This distribution has been tested as part of the CPAN Testers
project, supporting the Perl programming language.  See
http://wiki.cpantesters.org/ for more information or email
questions to cpan-testers-discuss@perl.org


--
Dear Thierry Vignaud,

This is a computer-generated report for urpmi-v8.133
on perl 5.16.3, created by CPAN-Reporter-1.2009.

Thank you for uploading your work to CPAN.  However, there was a problem
testing your distribution.

If you think this report is invalid, please consult the CPAN Testers Wiki
for suggestions on how to avoid getting FAIL reports for missing library
or binary dependencies, unsupported operating systems, and so on:

http://wiki.cpantesters.org/wiki/CPANAuthorNotes

Sections of this report:

    * Tester comments
    * Program output
    * Prerequisites
    * Environment and other context

------------------------------
TESTER COMMENTS
------------------------------

Additional comments from tester:

none provided

------------------------------
PROGRAM OUTPUT
------------------------------

Output from 'make test':

Skip blib/lib/urpm/parallel_ka_run.pm (unchanged)
Skip blib/lib/urpm/sys.pm (unchanged)
Skip blib/lib/urpm/bug_report.pm (unchanged)
Skip blib/lib/urpmi.pm (unchanged)
Skip blib/lib/urpm/select.pm (unchanged)
Skip blib/lib/urpm/main_loop.pm (unchanged)
Skip blib/lib/urpm/msg.pm (unchanged)
Skip blib/lib/urpm/lock.pm (unchanged)
Skip blib/lib/urpm/get_pkgs.pm (unchanged)
Skip blib/lib/urpm/media.pm (unchanged)
Skip blib/lib/urpm/cfg.pm (unchanged)
Skip blib/lib/urpm/README.ssh (unchanged)
Skip blib/lib/urpm/signature.pm (unchanged)
Skip blib/lib/urpm/args.pm (unchanged)
Skip blib/lib/urpm/util.pm (unchanged)
Skip blib/lib/urpm/README.ka-run (unchanged)
Skip blib/lib/urpm/parallel_ssh.pm (unchanged)
Skip blib/lib/urpm/removable.pm (unchanged)
Skip blib/lib/urpm/ldap.pm (unchanged)
Skip blib/lib/urpm.pm (unchanged)
Skip blib/lib/urpm/xml_info_pkg.pm (unchanged)
Skip blib/lib/urpm/install.pm (unchanged)
Skip blib/lib/urpm/prompt.pm (unchanged)
Skip blib/lib/urpm/md5sum.pm (unchanged)
Skip blib/lib/urpm/xml_info.pm (unchanged)
Skip blib/lib/urpm/mirrors.pm (unchanged)
Skip blib/lib/urpm/orphans.pm (unchanged)
Skip blib/lib/urpm/cdrom.pm (unchanged)
Skip blib/lib/urpm/download.pm (unchanged)
Skip blib/lib/urpm/parallel.pm (unchanged)
Skip blib/lib/gurpm/RPMProgressDialog.pm (unchanged)
PERL_DL_NONLAZY=1 "/usr/bin/perl5.16.3" "-MExtUtils::Command::MM" "-MTest::Harness" "-e" "undef *Test::Harness::Switches; test_harness(0, 'blib/lib', 'blib/arch')" t/*.t
t/01compile.t ................................................... ok
>> RPM version is: RPM version 4.11.0.1

Use of uninitialized value in subroutine entry at /root/.local/share/.cpan/build/URPM-v5.225-yBVfiH/blib/lib/URPM/Build.pm line 453.
Use of uninitialized value in subroutine entry at /root/.local/share/.cpan/build/URPM-v5.225-yBVfiH/blib/lib/URPM/Build.pm line 453.
Use of uninitialized value in subroutine entry at /root/.local/share/.cpan/build/URPM-v5.225-yBVfiH/blib/lib/URPM/Build.pm line 453.
Use of uninitialized value in subroutine entry at /root/.local/share/.cpan/build/URPM-v5.225-yBVfiH/blib/lib/URPM/Build.pm line 453.
Use of uninitialized value in subroutine entry at /root/.local/share/.cpan/build/URPM-v5.225-yBVfiH/blib/lib/URPM/Build.pm line 453.
Use of uninitialized value in subroutine entry at /root/.local/share/.cpan/build/URPM-v5.225-yBVfiH/blib/lib/URPM/Build.pm line 453.
Use of uninitialized value in subroutine entry at /root/.local/share/.cpan/build/URPM-v5.225-yBVfiH/blib/lib/URPM/Build.pm line 453.
Use of uninitialized value in subroutine entry at /root/.local/share/.cpan/build/URPM-v5.225-yBVfiH/blib/lib/URPM/Build.pm line 453.
Use of uninitialized value in subroutine entry at /root/.local/share/.cpan/build/URPM-v5.225-yBVfiH/blib/lib/URPM/Build.pm line 453.
Use of uninitialized value in subroutine entry at /root/.local/share/.cpan/build/URPM-v5.225-yBVfiH/blib/lib/URPM/Build.pm line 453.
Use of uninitialized value in subroutine entry at /root/.local/share/.cpan/build/URPM-v5.225-yBVfiH/blib/lib/URPM/Build.pm line 453.
Use of uninitialized value in subroutine entry at /root/.local/share/.cpan/build/URPM-v5.225-yBVfiH/blib/lib/URPM/Build.pm line 453.
Use of uninitialized value in subroutine entry at /root/.local/share/.cpan/build/URPM-v5.225-yBVfiH/blib/lib/URPM/Build.pm line 453.
Use of uninitialized value in subroutine entry at /root/.local/share/.cpan/build/URPM-v5.225-yBVfiH/blib/lib/URPM/Build.pm line 453.
Use of uninitialized value in subroutine entry at /root/.local/share/.cpan/build/URPM-v5.225-yBVfiH/blib/lib/URPM/Build.pm line 453.
Use of uninitialized value in subroutine entry at /root/.local/share/.cpan/build/URPM-v5.225-yBVfiH/blib/lib/URPM/Build.pm line 453.
Use of uninitialized value in subroutine entry at /root/.local/share/.cpan/build/URPM-v5.225-yBVfiH/blib/lib/URPM/Build.pm line 453.
Use of uninitialized value in subroutine entry at /root/.local/share/.cpan/build/URPM-v5.225-yBVfiH/blib/lib/URPM/Build.pm line 453.
Use of uninitialized value in subroutine entry at /root/.local/share/.cpan/build/URPM-v5.225-yBVfiH/blib/lib/URPM/Build.pm line 453.
Use of uninitialized value in subroutine entry at /root/.local/share/.cpan/build/URPM-v5.225-yBVfiH/blib/lib/URPM/Build.pm line 453.
Use of uninitialized value in subroutine entry at /root/.local/share/.cpan/build/URPM-v5.225-yBVfiH/blib/lib/URPM/Build.pm line 453.
Use of uninitialized value in subroutine entry at /root/.local/share/.cpan/build/URPM-v5.225-yBVfiH/blib/lib/URPM/Build.pm line 453.
Use of uninitialized value in subroutine entry at /root/.local/share/.cpan/build/URPM-v5.225-yBVfiH/blib/lib/URPM/Build.pm line 453.
Use of uninitialized value in subroutine entry at /root/.local/share/.cpan/build/URPM-v5.225-yBVfiH/blib/lib/URPM/Build.pm line 453.
Use of uninitialized value in subroutine entry at /root/.local/share/.cpan/build/URPM-v5.225-yBVfiH/blib/lib/URPM/Build.pm line 453.
Use of uninitialized value in subroutine entry at /root/.local/share/.cpan/build/URPM-v5.225-yBVfiH/blib/lib/URPM/Build.pm line 453.
Use of uninitialized value in subroutine entry at /root/.local/share/.cpan/build/URPM-v5.225-yBVfiH/blib/lib/URPM/Build.pm line 453.
Use of uninitialized value in subroutine entry at /root/.local/share/.cpan/build/URPM-v5.225-yBVfiH/blib/lib/URPM/Build.pm line 453.
Use of uninitialized value in subroutine entry at /root/.local/share/.cpan/build/URPM-v5.225-yBVfiH/blib/lib/URPM/Build.pm line 453.
Use of uninitialized value in subroutine entry at /root/.local/share/.cpan/build/URPM-v5.225-yBVfiH/blib/lib/URPM/Build.pm line 453.
Use of uninitialized value in subroutine entry at /root/.local/share/.cpan/build/URPM-v5.225-yBVfiH/blib/lib/URPM/Build.pm line 453.
Use of uninitialized value in subroutine entry at /root/.local/share/.cpan/build/URPM-v5.225-yBVfiH/blib/lib/URPM/Build.pm line 453.
Use of uninitialized value in subroutine entry at /root/.local/share/.cpan/build/URPM-v5.225-yBVfiH/blib/lib/URPM/Build.pm line 453.
Use of uninitialized value in subroutine entry at /root/.local/share/.cpan/build/URPM-v5.225-yBVfiH/blib/lib/URPM/Build.pm line 453.
Use of uninitialized value in subroutine entry at /root/.local/share/.cpan/build/URPM-v5.225-yBVfiH/blib/lib/URPM/Build.pm line 453.
Use of uninitialized value in subroutine entry at /root/.local/share/.cpan/build/URPM-v5.225-yBVfiH/blib/lib/URPM/Build.pm line 453.
Use of uninitialized value in subroutine entry at /root/.local/share/.cpan/build/URPM-v5.225-yBVfiH/blib/lib/URPM/Build.pm line 453.
Use of uninitialized value in subroutine entry at /root/.local/share/.cpan/build/URPM-v5.225-yBVfiH/blib/lib/URPM/Build.pm line 453.
Use of uninitialized value in subroutine entry at /root/.local/share/.cpan/build/URPM-v5.225-yBVfiH/blib/lib/URPM/Build.pm line 453.
Use of uninitialized value in subroutine entry at /root/.local/share/.cpan/build/URPM-v5.225-yBVfiH/blib/lib/URPM/Build.pm line 453.
Use of uninitialized value in subroutine entry at /root/.local/share/.cpan/build/URPM-v5.225-yBVfiH/blib/lib/URPM/Build.pm line 453.
Use of uninitialized value in subroutine entry at /root/.local/share/.cpan/build/URPM-v5.225-yBVfiH/blib/lib/URPM/Build.pm line 453.
Use of uninitialized value in subroutine entry at /root/.local/share/.cpan/build/URPM-v5.225-yBVfiH/blib/lib/URPM/Build.pm line 453.
Use of uninitialized value in subroutine entry at /root/.local/share/.cpan/build/URPM-v5.225-yBVfiH/blib/lib/URPM/Build.pm line 453.
Use of uninitialized value in subroutine entry at /root/.local/share/.cpan/build/URPM-v5.225-yBVfiH/blib/lib/URPM/Build.pm line 453.
Use of uninitialized value in subroutine entry at /root/.local/share/.cpan/build/URPM-v5.225-yBVfiH/blib/lib/URPM/Build.pm line 453.
Use of uninitialized value in subroutine entry at /root/.local/share/.cpan/build/URPM-v5.225-yBVfiH/blib/lib/URPM/Build.pm line 453.
Use of uninitialized value in subroutine entry at /root/.local/share/.cpan/build/URPM-v5.225-yBVfiH/blib/lib/URPM/Build.pm line 453.
Use of uninitialized value in subroutine entry at /root/.local/share/.cpan/build/URPM-v5.225-yBVfiH/blib/lib/URPM/Build.pm line 453.
Use of uninitialized value in subroutine entry at /root/.local/share/.cpan/build/URPM-v5.225-yBVfiH/blib/lib/URPM/Build.pm line 453.
Use of uninitialized value in subroutine entry at /root/.local/share/.cpan/build/URPM-v5.225-yBVfiH/blib/lib/URPM/Build.pm line 453.
Use of uninitialized value in subroutine entry at /root/.local/share/.cpan/build/URPM-v5.225-yBVfiH/blib/lib/URPM/Build.pm line 453.
Use of uninitialized value in subroutine entry at /root/.local/share/.cpan/build/URPM-v5.225-yBVfiH/blib/lib/URPM/Build.pm line 453.
Use of uninitialized value in subroutine entry at /root/.local/share/.cpan/build/URPM-v5.225-yBVfiH/blib/lib/URPM/Build.pm line 453.
Use of uninitialized value in subroutine entry at /root/.local/share/.cpan/build/URPM-v5.225-yBVfiH/blib/lib/URPM/Build.pm line 453.
Use of uninitialized value in subroutine entry at /root/.local/share/.cpan/build/URPM-v5.225-yBVfiH/blib/lib/URPM/Build.pm line 453.
Use of uninitialized value in subroutine entry at /root/.local/share/.cpan/build/URPM-v5.225-yBVfiH/blib/lib/URPM/Build.pm line 453.
Use of uninitialized value in subroutine entry at /root/.local/share/.cpan/build/URPM-v5.225-yBVfiH/blib/lib/URPM/Build.pm line 453.
Use of uninitialized value in subroutine entry at /root/.local/share/.cpan/build/URPM-v5.225-yBVfiH/blib/lib/URPM/Build.pm line 453.
Use of uninitialized value in subroutine entry at /root/.local/share/.cpan/build/URPM-v5.225-yBVfiH/blib/lib/URPM/Build.pm line 453.
Use of uninitialized value in subroutine entry at /root/.local/share/.cpan/build/URPM-v5.225-yBVfiH/blib/lib/URPM/Build.pm line 453.
Use of uninitialized value in subroutine entry at /root/.local/share/.cpan/build/URPM-v5.225-yBVfiH/blib/lib/URPM/Build.pm line 453.
Use of uninitialized value in subroutine entry at /root/.local/share/.cpan/build/URPM-v5.225-yBVfiH/blib/lib/URPM/Build.pm line 453.
Use of uninitialized value in subroutine entry at /root/.local/share/.cpan/build/URPM-v5.225-yBVfiH/blib/lib/URPM/Build.pm line 453.
Use of uninitialized value in subroutine entry at /root/.local/share/.cpan/build/URPM-v5.225-yBVfiH/blib/lib/URPM/Build.pm line 453.
Use of uninitialized value in subroutine entry at /root/.local/share/.cpan/build/URPM-v5.225-yBVfiH/blib/lib/URPM/Build.pm line 453.
Use of uninitialized value in subroutine entry at /root/.local/share/.cpan/build/URPM-v5.225-yBVfiH/blib/lib/URPM/Build.pm line 453.
Use of uninitialized value in subroutine entry at /root/.local/share/.cpan/build/URPM-v5.225-yBVfiH/blib/lib/URPM/Build.pm line 453.
Use of uninitialized value in subroutine entry at /root/.local/share/.cpan/build/URPM-v5.225-yBVfiH/blib/lib/URPM/Build.pm line 453.
Use of uninitialized value in subroutine entry at /root/.local/share/.cpan/build/URPM-v5.225-yBVfiH/blib/lib/URPM/Build.pm line 453.
Use of uninitialized value in subroutine entry at /root/.local/share/.cpan/build/URPM-v5.225-yBVfiH/blib/lib/URPM/Build.pm line 453.
Use of uninitialized value in subroutine entry at /root/.local/share/.cpan/build/URPM-v5.225-yBVfiH/blib/lib/URPM/Build.pm line 453.
Use of uninitialized value in subroutine entry at /root/.local/share/.cpan/build/URPM-v5.225-yBVfiH/blib/lib/URPM/Build.pm line 453.
Use of uninitialized value in subroutine entry at /root/.local/share/.cpan/build/URPM-v5.225-yBVfiH/blib/lib/URPM/Build.pm line 453.
Use of uninitialized value in subroutine entry at /root/.local/share/.cpan/build/URPM-v5.225-yBVfiH/blib/lib/URPM/Build.pm line 453.
Use of uninitialized value in subroutine entry at /root/.local/share/.cpan/build/URPM-v5.225-yBVfiH/blib/lib/URPM/Build.pm line 453.
Use of uninitialized value in subroutine entry at /root/.local/share/.cpan/build/URPM-v5.225-yBVfiH/blib/lib/URPM/Build.pm line 453.
Use of uninitialized value in subroutine entry at /root/.local/share/.cpan/build/URPM-v5.225-yBVfiH/blib/lib/URPM/Build.pm line 453.
Use of uninitialized value in subroutine entry at /root/.local/share/.cpan/build/URPM-v5.225-yBVfiH/blib/lib/URPM/Build.pm line 453.
Use of uninitialized value in subroutine entry at /root/.local/share/.cpan/build/URPM-v5.225-yBVfiH/blib/lib/URPM/Build.pm line 453.
Use of uninitialized value in subroutine entry at /root/.local/share/.cpan/build/URPM-v5.225-yBVfiH/blib/lib/URPM/Build.pm line 453.
Use of uninitialized value in subroutine entry at /root/.local/share/.cpan/build/URPM-v5.225-yBVfiH/blib/lib/URPM/Build.pm line 453.
Use of uninitialized value in subroutine entry at /root/.local/share/.cpan/build/URPM-v5.225-yBVfiH/blib/lib/URPM/Build.pm line 453.
Use of uninitialized value in subroutine entry at /root/.local/share/.cpan/build/URPM-v5.225-yBVfiH/blib/lib/URPM/Build.pm line 453.
Use of uninitialized value in subroutine entry at /root/.local/share/.cpan/build/URPM-v5.225-yBVfiH/blib/lib/URPM/Build.pm line 453.
Use of uninitialized value in subroutine entry at /root/.local/share/.cpan/build/URPM-v5.225-yBVfiH/blib/lib/URPM/Build.pm line 453.
Use of uninitialized value in subroutine entry at /root/.local/share/.cpan/build/URPM-v5.225-yBVfiH/blib/lib/URPM/Build.pm line 453.
Use of uninitialized value in subroutine entry at /root/.local/share/.cpan/build/URPM-v5.225-yBVfiH/blib/lib/URPM/Build.pm line 453.
Use of uninitialized value in subroutine entry at /root/.local/share/.cpan/build/URPM-v5.225-yBVfiH/blib/lib/URPM/Build.pm line 453.
Use of uninitialized value in subroutine entry at /root/.local/share/.cpan/build/URPM-v5.225-yBVfiH/blib/lib/URPM/Build.pm line 453.
Use of uninitialized value in subroutine entry at /root/.local/share/.cpan/build/URPM-v5.225-yBVfiH/blib/lib/URPM/Build.pm line 453.
Use of uninitialized value in subroutine entry at /root/.local/share/.cpan/build/URPM-v5.225-yBVfiH/blib/lib/URPM/Build.pm line 453.
Use of uninitialized value in subroutine entry at /root/.local/share/.cpan/build/URPM-v5.225-yBVfiH/blib/lib/URPM/Build.pm line 453.
Use of uninitialized value in subroutine entry at /root/.local/share/.cpan/build/URPM-v5.225-yBVfiH/blib/lib/URPM/Build.pm line 453.
Use of uninitialized value in subroutine entry at /root/.local/share/.cpan/build/URPM-v5.225-yBVfiH/blib/lib/URPM/Build.pm line 453.
Use of uninitialized value in subroutine entry at /root/.local/share/.cpan/build/URPM-v5.225-yBVfiH/blib/lib/URPM/Build.pm line 453.
Use of uninitialized value in subroutine entry at /root/.local/share/.cpan/build/URPM-v5.225-yBVfiH/blib/lib/URPM/Build.pm line 453.
Use of uninitialized value in subroutine entry at /root/.local/share/.cpan/build/URPM-v5.225-yBVfiH/blib/lib/URPM/Build.pm line 453.
Use of uninitialized value in subroutine entry at /root/.local/share/.cpan/build/URPM-v5.225-yBVfiH/blib/lib/URPM/Build.pm line 453.
Use of uninitialized value in subroutine entry at /root/.local/share/.cpan/build/URPM-v5.225-yBVfiH/blib/lib/URPM/Build.pm line 453.
Use of uninitialized value in subroutine entry at /root/.local/share/.cpan/build/URPM-v5.225-yBVfiH/blib/lib/URPM/Build.pm line 453.
Use of uninitialized value in subroutine entry at /root/.local/share/.cpan/build/URPM-v5.225-yBVfiH/blib/lib/URPM/Build.pm line 453.
Use of uninitialized value in subroutine entry at /root/.local/share/.cpan/build/URPM-v5.225-yBVfiH/blib/lib/URPM/Build.pm line 453.
0 blocks
Use of uninitialized value in subroutine entry at /root/.local/share/.cpan/build/URPM-v5.225-yBVfiH/blib/lib/URPM/Build.pm line 453.
Use of uninitialized value in subroutine entry at /root/.local/share/.cpan/build/URPM-v5.225-yBVfiH/blib/lib/URPM/Build.pm line 453.
Use of uninitialized value in subroutine entry at /root/.local/share/.cpan/build/URPM-v5.225-yBVfiH/blib/lib/URPM/Build.pm line 453.
Use of uninitialized value in subroutine entry at /root/.local/share/.cpan/build/URPM-v5.225-yBVfiH/blib/lib/URPM/Build.pm line 453.
Use of uninitialized value in subroutine entry at /root/.local/share/.cpan/build/URPM-v5.225-yBVfiH/blib/lib/URPM/Build.pm line 453.
Use of uninitialized value in subroutine entry at /root/.local/share/.cpan/build/URPM-v5.225-yBVfiH/blib/lib/URPM/Build.pm line 453.
Use of uninitialized value in subroutine entry at /root/.local/share/.cpan/build/URPM-v5.225-yBVfiH/blib/lib/URPM/Build.pm line 453.
Use of uninitialized value in subroutine entry at /root/.local/share/.cpan/build/URPM-v5.225-yBVfiH/blib/lib/URPM/Build.pm line 453.
Use of uninitialized value in subroutine entry at /root/.local/share/.cpan/build/URPM-v5.225-yBVfiH/blib/lib/URPM/Build.pm line 453.
Use of uninitialized value in subroutine entry at /root/.local/share/.cpan/build/URPM-v5.225-yBVfiH/blib/lib/URPM/Build.pm line 453.
Use of uninitialized value in subroutine entry at /root/.local/share/.cpan/build/URPM-v5.225-yBVfiH/blib/lib/URPM/Build.pm line 453.
Use of uninitialized value in subroutine entry at /root/.local/share/.cpan/build/URPM-v5.225-yBVfiH/blib/lib/URPM/Build.pm line 453.
Use of uninitialized value in subroutine entry at /root/.local/share/.cpan/build/URPM-v5.225-yBVfiH/blib/lib/URPM/Build.pm line 453.
Use of uninitialized value in subroutine entry at /root/.local/share/.cpan/build/URPM-v5.225-yBVfiH/blib/lib/URPM/Build.pm line 453.
Use of uninitialized value in subroutine entry at /root/.local/share/.cpan/build/URPM-v5.225-yBVfiH/blib/lib/URPM/Build.pm line 453.
Use of uninitialized value in subroutine entry at /root/.local/share/.cpan/build/URPM-v5.225-yBVfiH/blib/lib/URPM/Build.pm line 453.
Use of uninitialized value in subroutine entry at /root/.local/share/.cpan/build/URPM-v5.225-yBVfiH/blib/lib/URPM/Build.pm line 453.
Use of uninitialized value in subroutine entry at /root/.local/share/.cpan/build/URPM-v5.225-yBVfiH/blib/lib/URPM/Build.pm line 453.
Use of uninitialized value in subroutine entry at /root/.local/share/.cpan/build/URPM-v5.225-yBVfiH/blib/lib/URPM/Build.pm line 453.
Use of uninitialized value in subroutine entry at /root/.local/share/.cpan/build/URPM-v5.225-yBVfiH/blib/lib/URPM/Build.pm line 453.
Use of uninitialized value in subroutine entry at /root/.local/share/.cpan/build/URPM-v5.225-yBVfiH/blib/lib/URPM/Build.pm line 453.
Use of uninitialized value in subroutine entry at /root/.local/share/.cpan/build/URPM-v5.225-yBVfiH/blib/lib/URPM/Build.pm line 453.
Use of uninitialized value in subroutine entry at /root/.local/share/.cpan/build/URPM-v5.225-yBVfiH/blib/lib/URPM/Build.pm line 453.
Use of uninitialized value in subroutine entry at /root/.local/share/.cpan/build/URPM-v5.225-yBVfiH/blib/lib/URPM/Build.pm line 453.
Use of uninitialized value in subroutine entry at /root/.local/share/.cpan/build/URPM-v5.225-yBVfiH/blib/lib/URPM/Build.pm line 453.
Use of uninitialized value in subroutine entry at /root/.local/share/.cpan/build/URPM-v5.225-yBVfiH/blib/lib/URPM/Build.pm line 453.
Use of uninitialized value in subroutine entry at /root/.local/share/.cpan/build/URPM-v5.225-yBVfiH/blib/lib/URPM/Build.pm line 453.
Use of uninitialized value in subroutine entry at /root/.local/share/.cpan/build/URPM-v5.225-yBVfiH/blib/lib/URPM/Build.pm line 453.
Use of uninitialized value in subroutine entry at /root/.local/share/.cpan/build/URPM-v5.225-yBVfiH/blib/lib/URPM/Build.pm line 453.
Use of uninitialized value in subroutine entry at /root/.local/share/.cpan/build/URPM-v5.225-yBVfiH/blib/lib/URPM/Build.pm line 453.
Use of uninitialized value in subroutine entry at /root/.local/share/.cpan/build/URPM-v5.225-yBVfiH/blib/lib/URPM/Build.pm line 453.
Use of uninitialized value in subroutine entry at /root/.local/share/.cpan/build/URPM-v5.225-yBVfiH/blib/lib/URPM/Build.pm line 453.
Use of uninitialized value in subroutine entry at /root/.local/share/.cpan/build/URPM-v5.225-yBVfiH/blib/lib/URPM/Build.pm line 453.
Use of uninitialized value in subroutine entry at /root/.local/share/.cpan/build/URPM-v5.225-yBVfiH/blib/lib/URPM/Build.pm line 453.
Use of uninitialized value in subroutine entry at /root/.local/share/.cpan/build/URPM-v5.225-yBVfiH/blib/lib/URPM/Build.pm line 453.
Use of uninitialized value in subroutine entry at /root/.local/share/.cpan/build/URPM-v5.225-yBVfiH/blib/lib/URPM/Build.pm line 453.
Use of uninitialized value in subroutine entry at /root/.local/share/.cpan/build/URPM-v5.225-yBVfiH/blib/lib/URPM/Build.pm line 453.
Use of uninitialized value in subroutine entry at /root/.local/share/.cpan/build/URPM-v5.225-yBVfiH/blib/lib/URPM/Build.pm line 453.
Use of uninitialized value in subroutine entry at /root/.local/share/.cpan/build/URPM-v5.225-yBVfiH/blib/lib/URPM/Build.pm line 453.
Use of uninitialized value in subroutine entry at /root/.local/share/.cpan/build/URPM-v5.225-yBVfiH/blib/lib/URPM/Build.pm line 453.
Use of uninitialized value in subroutine entry at /root/.local/share/.cpan/build/URPM-v5.225-yBVfiH/blib/lib/URPM/Build.pm line 453.
Use of uninitialized value in subroutine entry at /root/.local/share/.cpan/build/URPM-v5.225-yBVfiH/blib/lib/URPM/Build.pm line 453.
Use of uninitialized value in subroutine entry at /root/.local/share/.cpan/build/URPM-v5.225-yBVfiH/blib/lib/URPM/Build.pm line 453.
Use of uninitialized value in subroutine entry at /root/.local/share/.cpan/build/URPM-v5.225-yBVfiH/blib/lib/URPM/Build.pm line 453.
Use of uninitialized value in subroutine entry at /root/.local/share/.cpan/build/URPM-v5.225-yBVfiH/blib/lib/URPM/Build.pm line 453.
Use of uninitialized value in subroutine entry at /root/.local/share/.cpan/build/URPM-v5.225-yBVfiH/blib/lib/URPM/Build.pm line 453.
Use of uninitialized value in subroutine entry at /root/.local/share/.cpan/build/URPM-v5.225-yBVfiH/blib/lib/URPM/Build.pm line 453.
Use of uninitialized value in subroutine entry at /root/.local/share/.cpan/build/URPM-v5.225-yBVfiH/blib/lib/URPM/Build.pm line 453.
Use of uninitialized value in subroutine entry at /root/.local/share/.cpan/build/URPM-v5.225-yBVfiH/blib/lib/URPM/Build.pm line 453.
Use of uninitialized value in subroutine entry at /root/.local/share/.cpan/build/URPM-v5.225-yBVfiH/blib/lib/URPM/Build.pm line 453.
Use of uninitialized value in subroutine entry at /root/.local/share/.cpan/build/URPM-v5.225-yBVfiH/blib/lib/URPM/Build.pm line 453.
Use of uninitialized value in subroutine entry at /root/.local/share/.cpan/build/URPM-v5.225-yBVfiH/blib/lib/URPM/Build.pm line 453.
Use of uninitialized value in subroutine entry at /root/.local/share/.cpan/build/URPM-v5.225-yBVfiH/blib/lib/URPM/Build.pm line 453.
Use of uninitialized value in subroutine entry at /root/.local/share/.cpan/build/URPM-v5.225-yBVfiH/blib/lib/URPM/Build.pm line 453.
Use of uninitialized value in subroutine entry at /root/.local/share/.cpan/build/URPM-v5.225-yBVfiH/blib/lib/URPM/Build.pm line 453.
Use of uninitialized value in subroutine entry at /root/.local/share/.cpan/build/URPM-v5.225-yBVfiH/blib/lib/URPM/Build.pm line 453.
Use of uninitialized value in subroutine entry at /root/.local/share/.cpan/build/URPM-v5.225-yBVfiH/blib/lib/URPM/Build.pm line 453.
Use of uninitialized value in subroutine entry at /root/.local/share/.cpan/build/URPM-v5.225-yBVfiH/blib/lib/URPM/Build.pm line 453.
Use of uninitialized value in subroutine entry at /root/.local/share/.cpan/build/URPM-v5.225-yBVfiH/blib/lib/URPM/Build.pm line 453.
Use of uninitialized value in subroutine entry at /root/.local/share/.cpan/build/URPM-v5.225-yBVfiH/blib/lib/URPM/Build.pm line 453.
Use of uninitialized value in subroutine entry at /root/.local/share/.cpan/build/URPM-v5.225-yBVfiH/blib/lib/URPM/Build.pm line 453.
Use of uninitialized value in subroutine entry at /root/.local/share/.cpan/build/URPM-v5.225-yBVfiH/blib/lib/URPM/Build.pm line 453.
Use of uninitialized value in subroutine entry at /root/.local/share/.cpan/build/URPM-v5.225-yBVfiH/blib/lib/URPM/Build.pm line 453.
Use of uninitialized value in subroutine entry at /root/.local/share/.cpan/build/URPM-v5.225-yBVfiH/blib/lib/URPM/Build.pm line 453.
Use of uninitialized value in subroutine entry at /root/.local/share/.cpan/build/URPM-v5.225-yBVfiH/blib/lib/URPM/Build.pm line 453.
Use of uninitialized value in subroutine entry at /root/.local/share/.cpan/build/URPM-v5.225-yBVfiH/blib/lib/URPM/Build.pm line 453.
Use of uninitialized value in subroutine entry at /root/.local/share/.cpan/build/URPM-v5.225-yBVfiH/blib/lib/URPM/Build.pm line 453.
Use of uninitialized value in subroutine entry at /root/.local/share/.cpan/build/URPM-v5.225-yBVfiH/blib/lib/URPM/Build.pm line 453.
Use of uninitialized value in subroutine entry at /root/.local/share/.cpan/build/URPM-v5.225-yBVfiH/blib/lib/URPM/Build.pm line 453.
Use of uninitialized value in subroutine entry at /root/.local/share/.cpan/build/URPM-v5.225-yBVfiH/blib/lib/URPM/Build.pm line 453.
Use of uninitialized value in subroutine entry at /root/.local/share/.cpan/build/URPM-v5.225-yBVfiH/blib/lib/URPM/Build.pm line 453.
Use of uninitialized value in subroutine entry at /root/.local/share/.cpan/build/URPM-v5.225-yBVfiH/blib/lib/URPM/Build.pm line 453.
Use of uninitialized value in subroutine entry at /root/.local/share/.cpan/build/URPM-v5.225-yBVfiH/blib/lib/URPM/Build.pm line 453.
Use of uninitialized value in subroutine entry at /root/.local/share/.cpan/build/URPM-v5.225-yBVfiH/blib/lib/URPM/Build.pm line 453.
Use of uninitialized value in subroutine entry at /root/.local/share/.cpan/build/URPM-v5.225-yBVfiH/blib/lib/URPM/Build.pm line 453.
Use of uninitialized value in subroutine entry at /root/.local/share/.cpan/build/URPM-v5.225-yBVfiH/blib/lib/URPM/Build.pm line 453.
Use of uninitialized value in subroutine entry at /root/.local/share/.cpan/build/URPM-v5.225-yBVfiH/blib/lib/URPM/Build.pm line 453.
Use of uninitialized value in subroutine entry at /root/.local/share/.cpan/build/URPM-v5.225-yBVfiH/blib/lib/URPM/Build.pm line 453.
Use of uninitialized value in subroutine entry at /root/.local/share/.cpan/build/URPM-v5.225-yBVfiH/blib/lib/URPM/Build.pm line 453.
Use of uninitialized value in subroutine entry at /root/.local/share/.cpan/build/URPM-v5.225-yBVfiH/blib/lib/URPM/Build.pm line 453.
Use of uninitialized value in subroutine entry at /root/.local/share/.cpan/build/URPM-v5.225-yBVfiH/blib/lib/URPM/Build.pm line 453.
Use of uninitialized value in subroutine entry at /root/.local/share/.cpan/build/URPM-v5.225-yBVfiH/blib/lib/URPM/Build.pm line 453.
Use of uninitialized value in subroutine entry at /root/.local/share/.cpan/build/URPM-v5.225-yBVfiH/blib/lib/URPM/Build.pm line 453.
Use of uninitialized value in subroutine entry at /root/.local/share/.cpan/build/URPM-v5.225-yBVfiH/blib/lib/URPM/Build.pm line 453.
Use of uninitialized value in subroutine entry at /root/.local/share/.cpan/build/URPM-v5.225-yBVfiH/blib/lib/URPM/Build.pm line 453.
Use of uninitialized value in subroutine entry at /root/.local/share/.cpan/build/URPM-v5.225-yBVfiH/blib/lib/URPM/Build.pm line 453.
Use of uninitialized value in subroutine entry at /root/.local/share/.cpan/build/URPM-v5.225-yBVfiH/blib/lib/URPM/Build.pm line 453.
Use of uninitialized value in subroutine entry at /root/.local/share/.cpan/build/URPM-v5.225-yBVfiH/blib/lib/URPM/Build.pm line 453.
Use of uninitialized value in subroutine entry at /root/.local/share/.cpan/build/URPM-v5.225-yBVfiH/blib/lib/URPM/Build.pm line 453.
Use of uninitialized value in subroutine entry at /root/.local/share/.cpan/build/URPM-v5.225-yBVfiH/blib/lib/URPM/Build.pm line 453.
Use of uninitialized value in subroutine entry at /root/.local/share/.cpan/build/URPM-v5.225-yBVfiH/blib/lib/URPM/Build.pm line 453.
Use of uninitialized value in subroutine entry at /root/.local/share/.cpan/build/URPM-v5.225-yBVfiH/blib/lib/URPM/Build.pm line 453.
Use of uninitialized value in subroutine entry at /root/.local/share/.cpan/build/URPM-v5.225-yBVfiH/blib/lib/URPM/Build.pm line 453.
Use of uninitialized value in subroutine entry at /root/.local/share/.cpan/build/URPM-v5.225-yBVfiH/blib/lib/URPM/Build.pm line 453.
Use of uninitialized value in subroutine entry at /root/.local/share/.cpan/build/URPM-v5.225-yBVfiH/blib/lib/URPM/Build.pm line 453.
Use of uninitialized value in subroutine entry at /root/.local/share/.cpan/build/URPM-v5.225-yBVfiH/blib/lib/URPM/Build.pm line 453.
Use of uninitialized value in subroutine entry at /root/.local/share/.cpan/build/URPM-v5.225-yBVfiH/blib/lib/URPM/Build.pm line 453.
Use of uninitialized value in subroutine entry at /root/.local/share/.cpan/build/URPM-v5.225-yBVfiH/blib/lib/URPM/Build.pm line 453.
Use of uninitialized value in subroutine entry at /root/.local/share/.cpan/build/URPM-v5.225-yBVfiH/blib/lib/URPM/Build.pm line 453.
Use of uninitialized value in subroutine entry at /root/.local/share/.cpan/build/URPM-v5.225-yBVfiH/blib/lib/URPM/Build.pm line 453.
Use of uninitialized value in subroutine entry at /root/.local/share/.cpan/build/URPM-v5.225-yBVfiH/blib/lib/URPM/Build.pm line 453.
Use of uninitialized value in subroutine entry at /root/.local/share/.cpan/build/URPM-v5.225-yBVfiH/blib/lib/URPM/Build.pm line 453.
Use of uninitialized value in subroutine entry at /root/.local/share/.cpan/build/URPM-v5.225-yBVfiH/blib/lib/URPM/Build.pm line 453.
Use of uninitialized value in subroutine entry at /root/.local/share/.cpan/build/URPM-v5.225-yBVfiH/blib/lib/URPM/Build.pm line 453.
Use of uninitialized value in subroutine entry at /root/.local/share/.cpan/build/URPM-v5.225-yBVfiH/blib/lib/URPM/Build.pm line 453.
Use of uninitialized value in subroutine entry at /root/.local/share/.cpan/build/URPM-v5.225-yBVfiH/blib/lib/URPM/Build.pm line 453.
Use of uninitialized value in subroutine entry at /root/.local/share/.cpan/build/URPM-v5.225-yBVfiH/blib/lib/URPM/Build.pm line 453.
Use of uninitialized value in subroutine entry at /root/.local/share/.cpan/build/URPM-v5.225-yBVfiH/blib/lib/URPM/Build.pm line 453.
Use of uninitialized value in subroutine entry at /root/.local/share/.cpan/build/URPM-v5.225-yBVfiH/blib/lib/URPM/Build.pm line 453.
Use of uninitialized value in subroutine entry at /root/.local/share/.cpan/build/URPM-v5.225-yBVfiH/blib/lib/URPM/Build.pm line 453.
Use of uninitialized value in subroutine entry at /root/.local/share/.cpan/build/URPM-v5.225-yBVfiH/blib/lib/URPM/Build.pm line 453.
Use of uninitialized value in subroutine entry at /root/.local/share/.cpan/build/URPM-v5.225-yBVfiH/blib/lib/URPM/Build.pm line 453.
Use of uninitialized value in subroutine entry at /root/.local/share/.cpan/build/URPM-v5.225-yBVfiH/blib/lib/URPM/Build.pm line 453.
Use of uninitialized value in subroutine entry at /root/.local/share/.cpan/build/URPM-v5.225-yBVfiH/blib/lib/URPM/Build.pm line 453.
Use of uninitialized value in subroutine entry at /root/.local/share/.cpan/build/URPM-v5.225-yBVfiH/blib/lib/URPM/Build.pm line 453.
Use of uninitialized value in subroutine entry at /root/.local/share/.cpan/build/URPM-v5.225-yBVfiH/blib/lib/URPM/Build.pm line 453.
Use of uninitialized value in subroutine entry at /root/.local/share/.cpan/build/URPM-v5.225-yBVfiH/blib/lib/URPM/Build.pm line 453.
Use of uninitialized value in subroutine entry at /root/.local/share/.cpan/build/URPM-v5.225-yBVfiH/blib/lib/URPM/Build.pm line 453.
Use of uninitialized value in subroutine entry at /root/.local/share/.cpan/build/URPM-v5.225-yBVfiH/blib/lib/URPM/Build.pm line 453.
Use of uninitialized value in subroutine entry at /root/.local/share/.cpan/build/URPM-v5.225-yBVfiH/blib/lib/URPM/Build.pm line 453.
Use of uninitialized value in subroutine entry at /root/.local/share/.cpan/build/URPM-v5.225-yBVfiH/blib/lib/URPM/Build.pm line 453.
Use of uninitialized value in subroutine entry at /root/.local/share/.cpan/build/URPM-v5.225-yBVfiH/blib/lib/URPM/Build.pm line 453.
Use of uninitialized value in subroutine entry at /root/.local/share/.cpan/build/URPM-v5.225-yBVfiH/blib/lib/URPM/Build.pm line 453.
Use of uninitialized value in subroutine entry at /root/.local/share/.cpan/build/URPM-v5.225-yBVfiH/blib/lib/URPM/Build.pm line 453.
Use of uninitialized value in subroutine entry at /root/.local/share/.cpan/build/URPM-v5.225-yBVfiH/blib/lib/URPM/Build.pm line 453.
Use of uninitialized value in subroutine entry at /root/.local/share/.cpan/build/URPM-v5.225-yBVfiH/blib/lib/URPM/Build.pm line 453.
Use of uninitialized value in subroutine entry at /root/.local/share/.cpan/build/URPM-v5.225-yBVfiH/blib/lib/URPM/Build.pm line 453.
Use of uninitialized value in subroutine entry at /root/.local/share/.cpan/build/URPM-v5.225-yBVfiH/blib/lib/URPM/Build.pm line 453.
Use of uninitialized value in subroutine entry at /root/.local/share/.cpan/build/URPM-v5.225-yBVfiH/blib/lib/URPM/Build.pm line 453.
Use of uninitialized value in subroutine entry at /root/.local/share/.cpan/build/URPM-v5.225-yBVfiH/blib/lib/URPM/Build.pm line 453.
Use of uninitialized value in subroutine entry at /root/.local/share/.cpan/build/URPM-v5.225-yBVfiH/blib/lib/URPM/Build.pm line 453.
Use of uninitialized value in subroutine entry at /root/.local/share/.cpan/build/URPM-v5.225-yBVfiH/blib/lib/URPM/Build.pm line 453.
Use of uninitialized value in subroutine entry at /root/.local/share/.cpan/build/URPM-v5.225-yBVfiH/blib/lib/URPM/Build.pm line 453.
Use of uninitialized value in subroutine entry at /root/.local/share/.cpan/build/URPM-v5.225-yBVfiH/blib/lib/URPM/Build.pm line 453.
Use of uninitialized value in subroutine entry at /root/.local/share/.cpan/build/URPM-v5.225-yBVfiH/blib/lib/URPM/Build.pm line 453.
Use of uninitialized value in subroutine entry at /root/.local/share/.cpan/build/URPM-v5.225-yBVfiH/blib/lib/URPM/Build.pm line 453.
Use of uninitialized value in subroutine entry at /root/.local/share/.cpan/build/URPM-v5.225-yBVfiH/blib/lib/URPM/Build.pm line 453.
Use of uninitialized value in subroutine entry at /root/.local/share/.cpan/build/URPM-v5.225-yBVfiH/blib/lib/URPM/Build.pm line 453.
Use of uninitialized value in subroutine entry at /root/.local/share/.cpan/build/URPM-v5.225-yBVfiH/blib/lib/URPM/Build.pm line 453.
Use of uninitialized value in subroutine entry at /root/.local/share/.cpan/build/URPM-v5.225-yBVfiH/blib/lib/URPM/Build.pm line 453.
Use of uninitialized value in subroutine entry at /root/.local/share/.cpan/build/URPM-v5.225-yBVfiH/blib/lib/URPM/Build.pm line 453.
Use of uninitialized value in subroutine entry at /root/.local/share/.cpan/build/URPM-v5.225-yBVfiH/blib/lib/URPM/Build.pm line 453.
Use of uninitialized value in subroutine entry at /root/.local/share/.cpan/build/URPM-v5.225-yBVfiH/blib/lib/URPM/Build.pm line 453.
Use of uninitialized value in subroutine entry at /root/.local/share/.cpan/build/URPM-v5.225-yBVfiH/blib/lib/URPM/Build.pm line 453.
Use of uninitialized value in subroutine entry at /root/.local/share/.cpan/build/URPM-v5.225-yBVfiH/blib/lib/URPM/Build.pm line 453.
Use of uninitialized value in subroutine entry at /root/.local/share/.cpan/build/URPM-v5.225-yBVfiH/blib/lib/URPM/Build.pm line 453.
Use of uninitialized value in subroutine entry at /root/.local/share/.cpan/build/URPM-v5.225-yBVfiH/blib/lib/URPM/Build.pm line 453.
Use of uninitialized value in subroutine entry at /root/.local/share/.cpan/build/URPM-v5.225-yBVfiH/blib/lib/URPM/Build.pm line 453.
Use of uninitialized value in subroutine entry at /root/.local/share/.cpan/build/URPM-v5.225-yBVfiH/blib/lib/URPM/Build.pm line 453.
Use of uninitialized value in subroutine entry at /root/.local/share/.cpan/build/URPM-v5.225-yBVfiH/blib/lib/URPM/Build.pm line 453.
Use of uninitialized value in subroutine entry at /root/.local/share/.cpan/build/URPM-v5.225-yBVfiH/blib/lib/URPM/Build.pm line 453.
Use of uninitialized value in subroutine entry at /root/.local/share/.cpan/build/URPM-v5.225-yBVfiH/blib/lib/URPM/Build.pm line 453.
Use of uninitialized value in subroutine entry at /root/.local/share/.cpan/build/URPM-v5.225-yBVfiH/blib/lib/URPM/Build.pm line 453.
Use of uninitialized value in subroutine entry at /root/.local/share/.cpan/build/URPM-v5.225-yBVfiH/blib/lib/URPM/Build.pm line 453.
Use of uninitialized value in subroutine entry at /root/.local/share/.cpan/build/URPM-v5.225-yBVfiH/blib/lib/URPM/Build.pm line 453.
Use of uninitialized value in subroutine entry at /root/.local/share/.cpan/build/URPM-v5.225-yBVfiH/blib/lib/URPM/Build.pm line 453.
Use of uninitialized value in subroutine entry at /root/.local/share/.cpan/build/URPM-v5.225-yBVfiH/blib/lib/URPM/Build.pm line 453.
Use of uninitialized value in subroutine entry at /root/.local/share/.cpan/build/URPM-v5.225-yBVfiH/blib/lib/URPM/Build.pm line 453.
Use of uninitialized value in subroutine entry at /root/.local/share/.cpan/build/URPM-v5.225-yBVfiH/blib/lib/URPM/Build.pm line 453.
Use of uninitialized value in subroutine entry at /root/.local/share/.cpan/build/URPM-v5.225-yBVfiH/blib/lib/URPM/Build.pm line 453.
Use of uninitialized value in subroutine entry at /root/.local/share/.cpan/build/URPM-v5.225-yBVfiH/blib/lib/URPM/Build.pm line 453.
Use of uninitialized value in subroutine entry at /root/.local/share/.cpan/build/URPM-v5.225-yBVfiH/blib/lib/URPM/Build.pm line 453.
Use of uninitialized value in subroutine entry at /root/.local/share/.cpan/build/URPM-v5.225-yBVfiH/blib/lib/URPM/Build.pm line 453.
Use of uninitialized value in subroutine entry at /root/.local/share/.cpan/build/URPM-v5.225-yBVfiH/blib/lib/URPM/Build.pm line 453.
Use of uninitialized value in subroutine entry at /root/.local/share/.cpan/build/URPM-v5.225-yBVfiH/blib/lib/URPM/Build.pm line 453.
Use of uninitialized value in subroutine entry at /root/.local/share/.cpan/build/URPM-v5.225-yBVfiH/blib/lib/URPM/Build.pm line 453.
Use of uninitialized value in subroutine entry at /root/.local/share/.cpan/build/URPM-v5.225-yBVfiH/blib/lib/URPM/Build.pm line 453.
Use of uninitialized value in subroutine entry at /root/.local/share/.cpan/build/URPM-v5.225-yBVfiH/blib/lib/URPM/Build.pm line 453.
Use of uninitialized value in subroutine entry at /root/.local/share/.cpan/build/URPM-v5.225-yBVfiH/blib/lib/URPM/Build.pm line 453.
Use of uninitialized value in subroutine entry at /root/.local/share/.cpan/build/URPM-v5.225-yBVfiH/blib/lib/URPM/Build.pm line 453.
Use of uninitialized value in subroutine entry at /root/.local/share/.cpan/build/URPM-v5.225-yBVfiH/blib/lib/URPM/Build.pm line 453.
Use of uninitialized value in subroutine entry at /root/.local/share/.cpan/build/URPM-v5.225-yBVfiH/blib/lib/URPM/Build.pm line 453.
Use of uninitialized value in subroutine entry at /root/.local/share/.cpan/build/URPM-v5.225-yBVfiH/blib/lib/URPM/Build.pm line 453.
Use of uninitialized value in subroutine entry at /root/.local/share/.cpan/build/URPM-v5.225-yBVfiH/blib/lib/URPM/Build.pm line 453.
Use of uninitialized value in subroutine entry at /root/.local/share/.cpan/build/URPM-v5.225-yBVfiH/blib/lib/URPM/Build.pm line 453.
Use of uninitialized value in subroutine entry at /root/.local/share/.cpan/build/URPM-v5.225-yBVfiH/blib/lib/URPM/Build.pm line 453.
Use of uninitialized value in subroutine entry at /root/.local/share/.cpan/build/URPM-v5.225-yBVfiH/blib/lib/URPM/Build.pm line 453.
Use of uninitialized value in subroutine entry at /root/.local/share/.cpan/build/URPM-v5.225-yBVfiH/blib/lib/URPM/Build.pm line 453.
Use of uninitialized value in subroutine entry at /root/.local/share/.cpan/build/URPM-v5.225-yBVfiH/blib/lib/URPM/Build.pm line 453.
Use of uninitialized value in subroutine entry at /root/.local/share/.cpan/build/URPM-v5.225-yBVfiH/blib/lib/URPM/Build.pm line 453.
Use of uninitialized value in subroutine entry at /root/.local/share/.cpan/build/URPM-v5.225-yBVfiH/blib/lib/URPM/Build.pm line 453.
Use of uninitialized value in subroutine entry at /root/.local/share/.cpan/build/URPM-v5.225-yBVfiH/blib/lib/URPM/Build.pm line 453.
Use of uninitialized value in subroutine entry at /root/.local/share/.cpan/build/URPM-v5.225-yBVfiH/blib/lib/URPM/Build.pm line 453.
Use of uninitialized value in subroutine entry at /root/.local/share/.cpan/build/URPM-v5.225-yBVfiH/blib/lib/URPM/Build.pm line 453.
Use of uninitialized value in subroutine entry at /root/.local/share/.cpan/build/URPM-v5.225-yBVfiH/blib/lib/URPM/Build.pm line 453.
Use of uninitialized value in subroutine entry at /root/.local/share/.cpan/build/URPM-v5.225-yBVfiH/blib/lib/URPM/Build.pm line 453.
Use of uninitialized value in subroutine entry at /root/.local/share/.cpan/build/URPM-v5.225-yBVfiH/blib/lib/URPM/Build.pm line 453.
Use of uninitialized value in subroutine entry at /root/.local/share/.cpan/build/URPM-v5.225-yBVfiH/blib/lib/URPM/Build.pm line 453.
Use of uninitialized value in subroutine entry at /root/.local/share/.cpan/build/URPM-v5.225-yBVfiH/blib/lib/URPM/Build.pm line 453.
Use of uninitialized value in subroutine entry at /root/.local/share/.cpan/build/URPM-v5.225-yBVfiH/blib/lib/URPM/Build.pm line 453.
Use of uninitialized value in subroutine entry at /root/.local/share/.cpan/build/URPM-v5.225-yBVfiH/blib/lib/URPM/Build.pm line 453.
Use of uninitialized value in subroutine entry at /root/.local/share/.cpan/build/URPM-v5.225-yBVfiH/blib/lib/URPM/Build.pm line 453.
Use of uninitialized value in subroutine entry at /root/.local/share/.cpan/build/URPM-v5.225-yBVfiH/blib/lib/URPM/Build.pm line 453.
Use of uninitialized value in subroutine entry at /root/.local/share/.cpan/build/URPM-v5.225-yBVfiH/blib/lib/URPM/Build.pm line 453.
Use of uninitialized value in subroutine entry at /root/.local/share/.cpan/build/URPM-v5.225-yBVfiH/blib/lib/URPM/Build.pm line 453.
Use of uninitialized value in subroutine entry at /root/.local/share/.cpan/build/URPM-v5.225-yBVfiH/blib/lib/URPM/Build.pm line 453.
Use of uninitialized value in subroutine entry at /root/.local/share/.cpan/build/URPM-v5.225-yBVfiH/blib/lib/URPM/Build.pm line 453.
Use of uninitialized value in subroutine entry at /root/.local/share/.cpan/build/URPM-v5.225-yBVfiH/blib/lib/URPM/Build.pm line 453.
Use of uninitialized value in subroutine entry at /root/.local/share/.cpan/build/URPM-v5.225-yBVfiH/blib/lib/URPM/Build.pm line 453.
Use of uninitialized value in subroutine entry at /root/.local/share/.cpan/build/URPM-v5.225-yBVfiH/blib/lib/URPM/Build.pm line 453.
26118 blocks
Use of uninitialized value in subroutine entry at /root/.local/share/.cpan/build/URPM-v5.225-yBVfiH/blib/lib/URPM/Build.pm line 453.
Use of uninitialized value in subroutine entry at /root/.local/share/.cpan/build/URPM-v5.225-yBVfiH/blib/lib/URPM/Build.pm line 453.
Use of uninitialized value in subroutine entry at /root/.local/share/.cpan/build/URPM-v5.225-yBVfiH/blib/lib/URPM/Build.pm line 453.
Use of uninitialized value in subroutine entry at /root/.local/share/.cpan/build/URPM-v5.225-yBVfiH/blib/lib/URPM/Build.pm line 453.
Use of uninitialized value in subroutine entry at /root/.local/share/.cpan/build/URPM-v5.225-yBVfiH/blib/lib/URPM/Build.pm line 453.
Use of uninitialized value in subroutine entry at /root/.local/share/.cpan/build/URPM-v5.225-yBVfiH/blib/lib/URPM/Build.pm line 453.
Use of uninitialized value in subroutine entry at /root/.local/share/.cpan/build/URPM-v5.225-yBVfiH/blib/lib/URPM/Build.pm line 453.
Use of uninitialized value in subroutine entry at /root/.local/share/.cpan/build/URPM-v5.225-yBVfiH/blib/lib/URPM/Build.pm line 453.
Use of uninitialized value in subroutine entry at /root/.local/share/.cpan/build/URPM-v5.225-yBVfiH/blib/lib/URPM/Build.pm line 453.
Use of uninitialized value in subroutine entry at /root/.local/share/.cpan/build/URPM-v5.225-yBVfiH/blib/lib/URPM/Build.pm line 453.
Use of uninitialized value in subroutine entry at /root/.local/share/.cpan/build/URPM-v5.225-yBVfiH/blib/lib/URPM/Build.pm line 453.
Use of uninitialized value in subroutine entry at /root/.local/share/.cpan/build/URPM-v5.225-yBVfiH/blib/lib/URPM/Build.pm line 453.
Use of uninitialized value in subroutine entry at /root/.local/share/.cpan/build/URPM-v5.225-yBVfiH/blib/lib/URPM/Build.pm line 453.
Use of uninitialized value in subroutine entry at /root/.local/share/.cpan/build/URPM-v5.225-yBVfiH/blib/lib/URPM/Build.pm line 453.
Use of uninitialized value in subroutine entry at /root/.local/share/.cpan/build/URPM-v5.225-yBVfiH/blib/lib/URPM/Build.pm line 453.
Use of uninitialized value in subroutine entry at /root/.local/share/.cpan/build/URPM-v5.225-yBVfiH/blib/lib/URPM/Build.pm line 453.
missing ./media/various/media_info/pubkey, not creating alternate location ./media/media_info/pubkey_various
missing ./media/various2/media_info/pubkey, not creating alternate location ./media/media_info/pubkey_various_ii
missing ./media/various3/media_info/pubkey, not creating alternate location ./media/media_info/pubkey_various_iii
missing ./media/various-debug/media_info/pubkey, not creating alternate location ./media/media_info/pubkey_various_debug
missing ./media/SRPMS-srpm-bootstrapping/media_info/pubkey, not creating alternate location ./media/media_info/pubkey_various_sources
t/02create_pkgs.t ............................................... ok
t/03kwality.t ................................................... skipped: These tests are for authors only!
t/cfg.t ......................................................... ok
t/pod.t ......................................................... ok
Use of uninitialized value in subroutine entry at /root/.local/share/.cpan/build/URPM-v5.225-yBVfiH/blib/lib/URPM/Build.pm line 453.
Use of uninitialized value in subroutine entry at /root/.local/share/.cpan/build/URPM-v5.225-yBVfiH/blib/lib/URPM/Build.pm line 453.
t/superuser--addmedia.t ......................................... ok
t/superuser--arch_to_noarch.t ................................... ok
t/superuser--backtrack-promotion.t .............................. ok
t/superuser--best-versioned-provide.t ........................... ok
t/superuser--buggy-rpms.t ....................................... ok
t/superuser--dropped-provides.t ................................. ok
t/superuser--epochless-conflict-with-promotion.t ................ ok
t/superuser--exclude.t .......................................... ok
t/superuser--failing-promotion.t ................................ ok
error: %pre(pre-1-1.x86_64) scriptlet failed, exit status 127
error: pre-1-1.x86_64: install failed
error: %pretrans(pretrans-1-1.x86_64) scriptlet failed, exit status 127
error: pretrans-1-1.x86_64: install skipped
warning: %post(post-1-1.x86_64) scriptlet failed, exit status 127
error: %preun(preun-1-1.x86_64) scriptlet failed, exit status 127
warning: %postun(postun-1-1.x86_64) scriptlet failed, exit status 127
warning: %posttrans(posttrans-1-1.x86_64) scriptlet failed, exit status 127
warning: %triggerprein(triggerprein-1-1.x86_64) scriptlet failed, exit status 127
warning: %triggerprein(triggerprein-2-1.x86_64) scriptlet failed, exit status 127
warning: %triggerin(triggerin-1-1.x86_64) scriptlet failed, exit status 127
warning: %triggerin(triggerin-1-1.x86_64) scriptlet failed, exit status 127
warning: %triggerin(triggerin-1-1.x86_64) scriptlet failed, exit status 127
warning: %triggerin(triggerin-2-1.x86_64) scriptlet failed, exit status 127
warning: %triggerin(triggerin-2-1.x86_64) scriptlet failed, exit status 127
warning: %triggerun(triggerun-1-1.x86_64) scriptlet failed, exit status 127
warning: %triggerun(triggerun-1-1.x86_64) scriptlet failed, exit status 127
warning: %triggerun(triggerun-2-1.x86_64) scriptlet failed, exit status 127
warning: %triggerun(triggerun-2-1.x86_64) scriptlet failed, exit status 127
warning: %triggerun(triggerun-2-1.x86_64) scriptlet failed, exit status 127
warning: %triggerpostun(triggerpostun-1-1.x86_64) scriptlet failed, exit status 127
warning: %triggerpostun(triggerpostun-2-1.x86_64) scriptlet failed, exit status 127
warning: %triggerpostun(triggerpostun-2-1.x86_64) scriptlet failed, exit status 127
t/superuser--failing-scriptlets.t ............................... ok
	file /etc/foo conflicts between attempted installs of a-1-1.noarch and b-1-1.noarch
	file /etc/dir conflicts between attempted installs of a-1-1.noarch and e-1-1.noarch
	file /etc/foo from install of b-1-1.noarch conflicts with file from package a-1-1.noarch
	file /etc/dir from install of e-1-1.noarch conflicts with file from package a-1-1.noarch
t/superuser--file-conflicts.t ................................... ok
t/superuser--handle-conflict-deps.t ............................. ok
t/superuser--handle-conflict-deps2.t ............................ ok
SKIPing test_exotic_medium_name() due to nobody having no access to /root/rpm*
t/superuser--http.t ............................................. ok
Use of uninitialized value in subroutine entry at /root/.local/share/.cpan/build/URPM-v5.225-yBVfiH/blib/lib/URPM/Build.pm line 453.
Use of uninitialized value in subroutine entry at /root/.local/share/.cpan/build/URPM-v5.225-yBVfiH/blib/lib/URPM/Build.pm line 453.
No package named unknown-pkg
No package named unknown-pkg
warning: user bin does not exist - using root
warning: group bin does not exist - using root
warning: user bin does not exist - using root
warning: group bin does not exist - using root
Use of uninitialized value in subroutine entry at /root/.local/share/.cpan/build/URPM-v5.225-yBVfiH/blib/lib/URPM/Build.pm line 453.
Use of uninitialized value in subroutine entry at /root/.local/share/.cpan/build/URPM-v5.225-yBVfiH/blib/lib/URPM/Build.pm line 453.
Use of uninitialized value in subroutine entry at /root/.local/share/.cpan/build/URPM-v5.225-yBVfiH/blib/lib/URPM/Build.pm line 453.
Use of uninitialized value in subroutine entry at /root/.local/share/.cpan/build/URPM-v5.225-yBVfiH/blib/lib/URPM/Build.pm line 453.
warning: user bin does not exist - using root
warning: group bin does not exist - using root
warning: user bin does not exist - using root
warning: group bin does not exist - using root
t/superuser--media_info_dir.t ................................... ok
mirror list not found
mirror list not found
Could not find a mirror from mirrorlist $MIRRORLIST

#   Failed test 'perl  -I.. ../urpmi.addmedia --no-verify-rpm --urpmi-root /root/.local/share/.cpan/build/urpmi-v8.133-8gL0_A/t/root -q --mirrorlist \$MIRRORLIST core media/core/release'
#   at t/helper.pm line 151.
No package named sed

#   Failed test 'is sed available'
#   at t/superuser--mirrorlist.t line 26.
#          got: ''
#     expected: 'sed
# '
trying to select nonexistent medium "core"

#   Failed test 'perl  -I.. ../urpmi.removemedia --urpmi-root /root/.local/share/.cpan/build/urpmi-v8.133-8gL0_A/t/root -q core'
#   at t/helper.pm line 151.
mirror list not found
...retrieving failed: 
unable to access the distribution medium (no media.cfg file found)
unable to add medium

#   Failed test 'perl  -I.. ../urpmi.addmedia --no-verify-rpm --urpmi-root /root/.local/share/.cpan/build/urpmi-v8.133-8gL0_A/t/root -q --distrib --mirrorlist \$MIRRORLIST'
#   at t/helper.pm line 151.
No package named sed

#   Failed test 'is sed available'
#   at t/superuser--mirrorlist.t line 30.
#          got: ''
#     expected: 'sed
# '
nothing to remove (use urpmi.addmedia to add a media)
# Looks like you failed 5 tests of 8.
t/superuser--mirrorlist.t ....................................... 
Dubious, test returned 5 (wstat 1280, 0x500)
Failed 5/8 subtests 
t/superuser--obsolete-and-conflict.t ............................ ok
t/superuser--ordering-scriptlets.t .............................. ok
No package named virtualbox-kernel-desktop-latest-6.1.36-1.x86_64

#   Failed test 'perl  -I.. ../urpmi --urpmi-root /root/.local/share/.cpan/build/urpmi-v8.133-8gL0_A/t/root -q --ignoresize --media kernel-1 --auto virtualbox-kernel-desktop-latest-6.1.36-1.x86_64'
#   at t/helper.pm line 151.
No package named virtualbox-kernel-desktop-latest-6.1.36-2.x86_64

#   Failed test 'perl  -I.. ../urpmi --urpmi-root /root/.local/share/.cpan/build/urpmi-v8.133-8gL0_A/t/root -q --ignoresize --media kernel-1 --auto virtualbox-kernel-desktop-latest-6.1.36-2.x86_64'
#   at t/helper.pm line 151.
No package named virtualbox-kernel-desktop-latest-6.1.36-3.x86_64

#   Failed test 'perl  -I.. ../urpmi --urpmi-root /root/.local/share/.cpan/build/urpmi-v8.133-8gL0_A/t/root -q --ignoresize --media kernel-1 --auto virtualbox-kernel-desktop-latest-6.1.36-3.x86_64'
#   at t/helper.pm line 151.
No package named virtualbox-kernel-desktop-latest-6.1.36-4.x86_64

#   Failed test 'perl  -I.. ../urpmi --urpmi-root /root/.local/share/.cpan/build/urpmi-v8.133-8gL0_A/t/root -q --ignoresize --media kernel-1 --auto virtualbox-kernel-desktop-latest-6.1.36-4.x86_64'
#   at t/helper.pm line 151.
No package named virtualbox-kernel-desktop-latest-6.1.36-5.x86_64

#   Failed test 'perl  -I.. ../urpmi --urpmi-root /root/.local/share/.cpan/build/urpmi-v8.133-8gL0_A/t/root -q --ignoresize --media kernel-1 --auto virtualbox-kernel-desktop-latest-6.1.36-5.x86_64'
#   at t/helper.pm line 151.

#   Failed test 'pkgs are installed (fullnames)'
#   at t/helper.pm line 185.
#          got: 'kernel-desktop-5.15.45-1
# kernel-desktop-latest
# '
#     expected: 'kernel-desktop-5.15.45-1
# kernel-desktop-latest
# virtualbox-kernel-5.15.45-desktop-1
# virtualbox-kernel-desktop-latest
# '
error: package virtualbox-kernel-desktop-latest is not installed
error: package virtualbox-kernel-5.15.45-desktop-1 is not installed

#   Failed test 'rpm --root /root/.local/share/.cpan/build/urpmi-v8.133-8gL0_A/t/root -e kernel-desktop-latest virtualbox-kernel-desktop-latest kernel-desktop-5.15.45-1 virtualbox-kernel-5.15.45-desktop-1'
#   at t/helper.pm line 151.

#   Failed test 'nothing is installed'
#   at t/helper.pm line 189.
#          got: 'kernel-desktop-latest-5.15.45-1
# kernel-desktop-5.15.45-1-1-1
# '
#     expected: ''

#   Failed test 'perl  -I.. ../urpmi --urpmi-root /root/.local/share/.cpan/build/urpmi-v8.133-8gL0_A/t/root -q --ignoresize --media kernel-2 --auto kernel-desktop-latest-5.15.41-1'
#   at t/helper.pm line 151.
No package named virtualbox-kernel-desktop-latest-6.1.36-1.x86_64

#   Failed test 'perl  -I.. ../urpmi --urpmi-root /root/.local/share/.cpan/build/urpmi-v8.133-8gL0_A/t/root -q --ignoresize --media kernel-2 --auto virtualbox-kernel-desktop-latest-6.1.36-1.x86_64'
#   at t/helper.pm line 151.

#   Failed test 'perl  -I.. ../urpmi --urpmi-root /root/.local/share/.cpan/build/urpmi-v8.133-8gL0_A/t/root -q --ignoresize --media kernel-2 --auto kernel-desktop-latest-5.15.42-1'
#   at t/helper.pm line 151.
No package named virtualbox-kernel-desktop-latest-6.1.36-2.x86_64

#   Failed test 'perl  -I.. ../urpmi --urpmi-root /root/.local/share/.cpan/build/urpmi-v8.133-8gL0_A/t/root -q --ignoresize --media kernel-2 --auto virtualbox-kernel-desktop-latest-6.1.36-2.x86_64'
#   at t/helper.pm line 151.

#   Failed test 'perl  -I.. ../urpmi --urpmi-root /root/.local/share/.cpan/build/urpmi-v8.133-8gL0_A/t/root -q --ignoresize --media kernel-2 --auto kernel-desktop-latest-5.15.43-1'
#   at t/helper.pm line 151.
No package named virtualbox-kernel-desktop-latest-6.1.36-3.x86_64

#   Failed test 'perl  -I.. ../urpmi --urpmi-root /root/.local/share/.cpan/build/urpmi-v8.133-8gL0_A/t/root -q --ignoresize --media kernel-2 --auto virtualbox-kernel-desktop-latest-6.1.36-3.x86_64'
#   at t/helper.pm line 151.

#   Failed test 'perl  -I.. ../urpmi --urpmi-root /root/.local/share/.cpan/build/urpmi-v8.133-8gL0_A/t/root -q --ignoresize --media kernel-2 --auto kernel-desktop-latest-5.15.44-1'
#   at t/helper.pm line 151.
No package named virtualbox-kernel-desktop-latest-6.1.36-4.x86_64

#   Failed test 'perl  -I.. ../urpmi --urpmi-root /root/.local/share/.cpan/build/urpmi-v8.133-8gL0_A/t/root -q --ignoresize --media kernel-2 --auto virtualbox-kernel-desktop-latest-6.1.36-4.x86_64'
#   at t/helper.pm line 151.
No package named virtualbox-kernel-desktop-latest-6.1.36-5.x86_64

#   Failed test 'perl  -I.. ../urpmi --urpmi-root /root/.local/share/.cpan/build/urpmi-v8.133-8gL0_A/t/root -q --ignoresize --media kernel-2 --auto virtualbox-kernel-desktop-latest-6.1.36-5.x86_64'
#   at t/helper.pm line 151.

#   Failed test 'pkgs are installed (fullnames)'
#   at t/helper.pm line 185.
#          got: 'kernel-desktop-5.15.45-1
# kernel-desktop-latest
# '
#     expected: 'kernel-desktop
# kernel-desktop-latest
# virtualbox-kernel-5.15.45-desktop-1
# virtualbox-kernel-desktop-latest
# '
error: package virtualbox-kernel-desktop-latest is not installed
error: package kernel-desktop is not installed
error: package virtualbox-kernel-5.15.45-desktop-1 is not installed

#   Failed test 'rpm --root /root/.local/share/.cpan/build/urpmi-v8.133-8gL0_A/t/root -e kernel-desktop-latest virtualbox-kernel-desktop-latest kernel-desktop virtualbox-kernel-5.15.45-desktop-1'
#   at t/helper.pm line 151.

#   Failed test 'nothing is installed'
#   at t/helper.pm line 189.
#          got: 'kernel-desktop-latest-5.15.45-1
# kernel-desktop-5.15.45-1-1-1
# '
#     expected: ''
# Looks like you failed 20 tests of 34.
t/superuser--orphans-kernels.t .................................. 
Dubious, test returned 20 (wstat 5120, 0x1400)
Failed 20/34 subtests 
t/superuser--orphans.t .......................................... ok
t/superuser--prefer.t ........................................... ok
t/superuser--prefer2.t .......................................... ok
t/superuser--priority-upgrade.t ................................. ok
t/superuser--provide-and-no-obsolete.t .......................... ok
t/superuser--README-urpmi.t ..................................... ok
warning: Failed to read auxiliary vector, /proc not mounted?
warning: Failed to read auxiliary vector, /proc not mounted?
warning: Failed to read auxiliary vector, /proc not mounted?
error: Unable to open /usr/lib/rpm/rpmrc for reading: No such file or directory.
t/superuser--rpm.t .............................................. ok
warning: /etc/config saved as /etc/config.rpmorig
warning: /etc/config-noreplace created as /etc/config-noreplace.rpmnew
warning: /etc/config-noreplace created as /etc/config-noreplace.rpmnew
warning: /etc/config-noreplace saved as /etc/config-noreplace.rpmsave
warning: /etc/config saved as /etc/config.rpmorig
warning: /etc/config-noreplace created as /etc/config-noreplace.rpmnew
warning: /etc/config-noreplace created as /etc/config-noreplace.rpmnew
warning: /etc/config-noreplace saved as /etc/config-noreplace.rpmsave
t/superuser--rpmnew.t ........................................... ok
t/superuser--should-restart.t ................................... ok
t/superuser--specify-media.t .................................... ok
t/superuser--split-transactions--conflict.t ..................... ok
t/superuser--split-transactions--promote.t ...................... ok
t/superuser--split-transactions--strict-require-and-obsolete.t .. ok
search_packages: found g-2-1.x86_64 matching g
opening rpmdb (root=/root/.local/share/.cpan/build/urpmi-v8.133-8gL0_A/t/root, write=)
selecting g-2-1.x86_64
set_rejected: g-1-1.x86_64
installed f-1-1.x86_64 is conflicting because of unsatisfied gh[== 1]
promoting f-2-1.x86_64 because of conflict above
selecting f-2-1.x86_64
set_rejected: f-1-1.x86_64
requiring gh[== 2] for f-2-1.x86_64
chosen h-2-1.x86_64 for gh[== 2]
selecting h-2-1.x86_64
installed e-1-1.x86_64 is conflicting because of unsatisfied f[== 1]
promoting e-2-1.x86_64 because of conflict above
selecting e-2-1.x86_64
set_rejected: e-1-1.x86_64
opening rpmdb (root=/root/.local/share/.cpan/build/urpmi-v8.133-8gL0_A/t/root, write=)
getting graph of dependencies for sorting
sorting graph of dependencies
rpms sorted by dependencies:
g
h
f
e
selecting e-2-1.x86_64
set_rejected: e-1-1.x86_64
requiring f[== 2] for e-2-1.x86_64
chosen f-2-1.x86_64 for f[== 2]
selecting f-2-1.x86_64
set_rejected: f-1-1.x86_64
requiring gh[== 2] for f-2-1.x86_64
chosen h-2-1.x86_64 for gh[== 2]
selecting h-2-1.x86_64
selecting g-2-1.x86_64
set_rejected: g-1-1.x86_64
installed e-1-1.x86_64 is conflicting because of unsatisfied f[== 1]
promoting e-2-1.x86_64 because of conflict above
installed f-1-1.x86_64 is conflicting because of unsatisfied gh[== 1]
promoting f-2-1.x86_64 because of conflict above
transaction valid: remove= update=e,h,f,g
scheduled sets of transactions:
remove=0= update=4=e,h,f,g
verifying signature of /root/.local/share/.cpan/build/urpmi-v8.133-8gL0_A/t/media/split-transactions--strict-require-2/e-2-1.x86_64.rpm
verifying signature of /root/.local/share/.cpan/build/urpmi-v8.133-8gL0_A/t/media/split-transactions--strict-require-2/f-2-1.x86_64.rpm
verifying signature of /root/.local/share/.cpan/build/urpmi-v8.133-8gL0_A/t/media/split-transactions--strict-require-2/h-2-1.x86_64.rpm
verifying signature of /root/.local/share/.cpan/build/urpmi-v8.133-8gL0_A/t/media/split-transactions--strict-require-2/g-2-1.x86_64.rpm
opening rpmdb (root=/root/.local/share/.cpan/build/urpmi-v8.133-8gL0_A/t/root, write=1)
trans: scheduling update of e-2-1.x86_64 (id=6, file=/root/.local/share/.cpan/build/urpmi-v8.133-8gL0_A/t/media/split-transactions--strict-require-2/e-2-1.x86_64.rpm)
trans: scheduling update of f-2-1.x86_64 (id=4, file=/root/.local/share/.cpan/build/urpmi-v8.133-8gL0_A/t/media/split-transactions--strict-require-2/f-2-1.x86_64.rpm)
trans: scheduling update of h-2-1.x86_64 (id=1, file=/root/.local/share/.cpan/build/urpmi-v8.133-8gL0_A/t/media/split-transactions--strict-require-2/h-2-1.x86_64.rpm)
trans: scheduling update of g-2-1.x86_64 (id=0, file=/root/.local/share/.cpan/build/urpmi-v8.133-8gL0_A/t/media/split-transactions--strict-require-2/g-2-1.x86_64.rpm)
workaround bug in rpmlib by removing /root/.local/share/.cpan/build/urpmi-v8.133-8gL0_A/t/root/var/lib/rpm/__db*
EXITING (pid=3886455)
t/superuser--split-transactions--strict-require.t ............... ok
t/superuser--split-transactions.t ............................... ok
t/superuser--srpm-bootstrapping.t ............................... ok
t/superuser--suggests.t ......................................... skipped: Weak dependencies support is needed for those tests
warning: Generating 12 missing index(es), please wait...
No package named various
No package named various-debug
No package named various-debug
t/superuser--urpmi_update.t ..................................... ok

Test Summary Report
-------------------
t/superuser--mirrorlist.t                                     (Wstat: 1280 Tests: 8 Failed: 5)
  Failed tests:  3-7
  Non-zero exit status: 5
t/superuser--orphans-kernels.t                                (Wstat: 5120 Tests: 34 Failed: 20)
  Failed tests:  8, 10, 12, 14, 16, 18-28, 30, 32-34
  Non-zero exit status: 20
Files=42, Tests=3801, 219 wallclock secs ( 0.86 usr  0.11 sys + 170.47 cusr 42.37 csys = 213.81 CPU)
Result: FAIL
Failed 2/42 test programs. 25/3801 subtests failed.
make: *** [test_dynamic] Error 255

------------------------------
PREREQUISITES
------------------------------

Prerequisite modules loaded:

requires:

    Module              Need     Have    
    ------------------- -------- --------
    Filesys::Df         0        0.92    
    Getopt::Long        0        2.38    
    Locale::gettext     1.01     1.05    
    MDV::Distribconf    4.100    4.101   
    Net::LDAP           0        0.49    
    perl                5.010000 5.016003
    Time::ZoneInfo      0        0.3     
    URPM                v5.28.0  v5.225  
    XML::LibXML         0        2.0014  
    XML::LibXML::Reader 0        2.0014  

build_requires:

    Module              Need     Have    
    ------------------- -------- --------
    Expect              0        1.21    
    ExtUtils::MakeMaker 0        7.44    
    File::Slurp         0        9999.19 
    Net::Server         0        2.006   
    rpmtools            7.12     7.12    
    Test::More          1.302    1.302175
    Test::Pod           0        1.45    
    Test::Pod::Coverage 0        1.08    

configure_requires:

    Module              Need     Have    
    ------------------- -------- --------
    ExtUtils::MakeMaker 6.64     7.44    


------------------------------
ENVIRONMENT AND OTHER CONTEXT
------------------------------

Environment variables:

    LANG = br_FR.UTF-8
    LANGUAGE = br:fr_FR:fr
    LC_ADDRESS = br_FR.UTF-8
    LC_ALL = C
    LC_COLLATE = br_FR.UTF-8
    LC_CTYPE = br_FR.UTF-8
    LC_IDENTIFICATION = br_FR.UTF-8
    LC_MEASUREMENT = br_FR.UTF-8
    LC_MESSAGES = br_FR.UTF-8
    LC_MONETARY = br_FR.UTF-8
    LC_NAME = br_FR.UTF-8
    LC_NUMERIC = br_FR.UTF-8
    LC_PAPER = br_FR.UTF-8
    LC_SOURCED = 1
    LC_TELEPHONE = br_FR.UTF-8
    LC_TIME = br_FR.UTF-8
    PATH = /sbin:/bin:/usr/sbin:/usr/bin
    PERL5LIB = /root/.local/share/.cpan/build/URPM-v5.225-yBVfiH/blib/arch:/root/.local/share/.cpan/build/URPM-v5.225-yBVfiH/blib/lib
    PERL5OPT = 
    PERL5_CPANPLUS_IS_RUNNING = 3869180
    PERL5_CPAN_IS_RUNNING = 3869180
    SHELL = /bin/bash
    TERM = screen

Perl special variables (and OS-specific diagnostics, for MSWin32):

    $^X = /usr/bin/perl5.16.3
    $UID/$EUID = 0 / 0
    $GID = 0 0
    $EGID = 0 0

Perl module toolchain versions installed:

    Module              Have    
    ------------------- --------
    CPAN                1.9800  
    CPAN::Meta          2.143240
    Cwd                 3.39_02 
    ExtUtils::CBuilder  0.280206
    ExtUtils::Command   7.44    
    ExtUtils::Install   2.06    
    ExtUtils::MakeMaker 7.44    
    ExtUtils::Manifest  1.70    
    ExtUtils::ParseXS   3.16    
    File::Spec          3.39_02 
    JSON                2.53    
    JSON::PP            2.27203 
    Module::Build       0.39_01 
    Module::Signature   n/a     
    Parse::CPAN::Meta   1.4414  
    Test::Harness       3.23    
    Test::More          1.302175
    YAML                0.84    
    YAML::Syck          n/a     
    version             0.99    


--

Summary of my perl5 (revision 5 version 16 subversion 3) configuration:
   
  Platform:
    osname=linux, osvers=3.14.18-server-3.mga4, archname=x86_64-linux-thread-multi
    uname='linux valstar.mageia.org 3.14.18-server-3.mga4 #1 smp sat sep 13 12:39:25 utc 2014 x86_64 x86_64 x86_64 gnulinux '
    config_args='-des -Dinc_version_list=5.16.3 5.16.3/x86_64-linux-thread-multi 5.16.2 5.16.2/x86_64-linux-thread-multi 5.16.1 5.16.1/x86_64-linux-thread-multi 5.16.0 5.16.0/x86_64-linux-thread-multi 5.14.2 5.14.1 5.14.0 5.12.3 5.12.2 5.12.1 5.12.0 -Darchname=x86_64-linux -Dcc=gcc -Doptimize=-O2 -g -pipe -Wformat -Werror=format-security -Wp,-D_FORTIFY_SOURCE=2 -fstack-protector --param=ssp-buffer-size=4 -fPIC -Wl,--as-needed  -Wl,-z,relro -Wl,-O1 -Wl,--build-id -Wl,--enable-new-dtags -pthread -DDEBUGGING=-g -Dprefix=/usr -Dvendorprefix=/usr -Dsiteprefix=/usr -Dsitebin=/usr/local/bin -Dsiteman1dir=/usr/local/share/man/man1 -Dsiteman3dir=/usr/local/share/man/man3 -Dman3dir=/usr/share/man/man3pm -Dvendorman3dir=/usr/share/man/man3 -Dman3ext=3pm -Dcf_by=Mageia -Dmyhostname=localhost -Dperladmin=root@localhost -Dcf_email=root@localhost -Dperllibs=-lnsl -ldl -lm -lcrypt -lutil -lc -pthread -Ud_csh -Duseshrplib -Duseithreads -Di_db -Di_ndbm -Di_gdbm'
    hint=recommended, useposix=true, d_sigaction=define
    useithreads=define, usemultiplicity=define
    useperlio=define, d_sfio=undef, uselargefiles=define, usesocks=undef
    use64bitint=define, use64bitall=define, uselongdouble=undef
    usemymalloc=n, bincompat5005=undef
  Compiler:
    cc='gcc', ccflags ='-D_REENTRANT -D_GNU_SOURCE -fno-strict-aliasing -pipe -fstack-protector -I/usr/local/include -D_LARGEFILE_SOURCE -D_FILE_OFFSET_BITS=64',
    optimize='-O2 -g -pipe -Wformat -Werror=format-security -Wp,-D_FORTIFY_SOURCE=2 -fstack-protector --param=ssp-buffer-size=4 -fPIC -Wl,--as-needed -Wl,-z,relro -Wl,-O1 -Wl,--build-id -Wl,--enable-new-dtags -pthread',
    cppflags='-D_REENTRANT -D_GNU_SOURCE -fno-strict-aliasing -pipe -fstack-protector -I/usr/local/include'
    ccversion='', gccversion='4.7.2', gccosandvers=''
    intsize=4, longsize=8, ptrsize=8, doublesize=8, byteorder=12345678
    d_longlong=define, longlongsize=8, d_longdbl=define, longdblsize=16
    ivtype='long', ivsize=8, nvtype='double', nvsize=8, Off_t='off_t', lseeksize=8
    alignbytes=8, prototype=define
  Linker and Libraries:
    ld='gcc', ldflags =' -fstack-protector -L/usr/local/lib64'
    libpth=/usr/local/lib64 /lib/../lib64 /usr/lib/../lib64 /lib /usr/lib /lib64 /usr/lib64
    libs=-lnsl -lgdbm -ldb -ldl -lm -lcrypt -lutil -lpthread -lc -lgdbm_compat
    perllibs=-lnsl -ldl -lm -lcrypt -lutil -lpthread -lc
    libc=/lib/libc-2.17.so, so=so, useshrplib=true, libperl=libperl.so
    gnulibc_version='2.17'
  Dynamic Linking:
    dlsrc=dl_dlopen.xs, dlext=so, d_dlsymun=undef, ccdlflags='-Wl,-E -Wl,-rpath,/usr/lib/perl5/5.16.3/x86_64-linux-thread-multi/CORE'
    cccdlflags='-fPIC', lddlflags='-shared -O2 -g -pipe -Wformat -Werror=format-security -Wp,-D_FORTIFY_SOURCE=2 -fstack-protector --param=ssp-buffer-size=4 -fPIC -Wl,--as-needed -Wl,-z,relro -Wl,-O1 -Wl,--build-id -Wl,--enable-new-dtags -pthread -L/usr/local/lib64'


Characteristics of this binary (from libperl): 
  Compile-time options: HAS_TIMES MULTIPLICITY PERLIO_LAYERS
                        PERL_DONT_CREATE_GVSV PERL_IMPLICIT_CONTEXT
                        PERL_MALLOC_WRAP PERL_PRESERVE_IVUV USE_64_BIT_ALL
                        USE_64_BIT_INT USE_ITHREADS USE_LARGE_FILES
                        USE_LOCALE USE_LOCALE_COLLATE USE_LOCALE_CTYPE
                        USE_LOCALE_NUMERIC USE_PERLIO USE_PERL_ATOF
                        USE_REENTRANT_API
  Locally applied patches:
	Mageia patches
  Built under linux
  Compiled at Oct  7 2014 14:31:17
  %ENV:
    PERL5LIB="/root/.local/share/.cpan/build/URPM-v5.225-yBVfiH/blib/arch:/root/.local/share/.cpan/build/URPM-v5.225-yBVfiH/blib/lib"
    PERL5OPT=""
    PERL5_CPANPLUS_IS_RUNNING="3869180"
    PERL5_CPAN_IS_RUNNING="3869180"
  @INC:
    /root/.local/share/.cpan/build/URPM-v5.225-yBVfiH/blib/arch
    /root/.local/share/.cpan/build/URPM-v5.225-yBVfiH/blib/lib
    /usr/lib/perl5/site_perl/5.16.3/x86_64-linux-thread-multi
    /usr/lib/perl5/site_perl/5.16.3
    /usr/lib/perl5/vendor_perl/5.16.3/x86_64-linux-thread-multi
    /usr/lib/perl5/vendor_perl/5.16.3
    /usr/lib/perl5/5.16.3/x86_64-linux-thread-multi
    /usr/lib/perl5/5.16.3
    /usr/lib/perl5/site_perl/5.16.3
    /usr/lib/perl5/site_perl/5.16.3/x86_64-linux-thread-multi
    /usr/lib/perl5/site_perl
    /usr/lib/perl5/vendor_perl/5.16.3
    /usr/lib/perl5/vendor_perl/5.16.3/x86_64-linux-thread-multi
    /usr/lib/perl5/vendor_perl/5.16.2
    /usr/lib/perl5/vendor_perl/5.16.2/x86_64-linux-thread-multi
    /usr/lib/perl5/vendor_perl
    .