Crypt-ScryptKDF v0.010 Perl 5 v5.41.13 amd64-netbsd-thread-multi
- Status
- Fail
- From
- Carlos Guevara
- Dist
-
Crypt-ScryptKDF v0.010
- Platform
- Perl 5 v5.41.13 amd64-netbsd-thread-multi
- Date
- 2025-04-27 07:36:47
- ID
- 604f7a40-233a-11f0-8257-86e1700457c9
This distribution has been tested as part of the CPAN Testers
project, supporting the Perl programming language. See
http://wiki.cpantesters.org/ for more information or email
questions to cpan-testers-discuss@perl.org
--
Dear Karel Miko,
This is a computer-generated report for Crypt-ScryptKDF-0.010
on perl 5.41.13, created by CPAN-Reporter-1.2020.
Thank you for uploading your work to CPAN. However, there was a problem
testing your distribution.
If you think this report is invalid, please consult the CPAN Testers Wiki
for suggestions on how to avoid getting FAIL reports for missing library
or binary dependencies, unsupported operating systems, and so on:
http://wiki.cpantesters.org/wiki/CPANAuthorNotes
Sections of this report:
* Tester comments
* Program output
* Prerequisites
* Environment and other context
------------------------------
TESTER COMMENTS
------------------------------
Additional comments from tester:
this report is from an automated smoke testing program
and was not reviewed by a human for accuracy
------------------------------
PROGRAM OUTPUT
------------------------------
Output from './Build test':
t/compile.t ....... ok
# Failed test at t/interface.t line 32.
# 'SCRYPT:16384:8:1:QfGfd6Y5VlLHEyYp9a2zmbJ67XaCEG5B8/Q/5NxUxPc=:57f+fVfkYdcPrTMbZrxsL2K/O177t/9vJQgsr/y+e0A='
# doesn't match '(?^:^SCRYPT:\d+:\d+:\d+:.{8}:.{10,})'
# Failed test at t/interface.t line 33.
# 'SCRYPT:16384:8:1:U9FryasHs0WUB/qusXGMYLHZW2oRkyjvMPaX4TZ62pA=:WV0211KLfdIek3qDEDeKGW+SoZiqUQS53Y8X5hrK1XE='
# doesn't match '(?^:^SCRYPT:\d+:\d+:\d+:.{12}:.{10,})'
# Failed test at t/interface.t line 34.
# 'SCRYPT:16384:8:1:P0gPkjAxsnS++XDOEbsZmuR2pyHzAsjqMlSlV7l78uA=:xhEoCJtvqu9G3hF0UIiaj5Rd9QPokJbbKvCMh8p0ZC4='
# doesn't match '(?^:^SCRYPT:\d+:\d+:\d+:.{24}:.{10,})'
# Looks like you failed 3 tests of 16.
t/interface.t .....
Dubious, test returned 3 (wstat 768, 0x300)
Failed 3/16 subtests
t/internal.t ...... ok
t/test_vectors.t .. ok
Test Summary Report
-------------------
t/interface.t (Wstat: 768 (exited 3) Tests: 16 Failed: 3)
Failed tests: 13-15
Non-zero exit status: 3
Files=4, Tests=39, 1 wallclock secs ( 0.02 usr 0.00 sys + 0.63 cusr 0.07 csys = 0.72 CPU)
Result: FAIL
Failed 1/4 test programs. 3/39 subtests failed.
------------------------------
PREREQUISITES
------------------------------
Prerequisite modules loaded:
requires:
Module Need Have
------------------ ----- --------
Exporter 5.59 5.79
MIME::Base64 0 3.16_01
perl 5.006 5.041013
build_requires:
Module Need Have
------------------ ----- --------
ExtUtils::CBuilder 0 0.280241
MIME::Base64 0 3.16_01
Module::Build 0 0.4234
Test::More 0 1.302210
configure_requires:
Module Need Have
------------------ ----- --------
Module::Build 0 0.4234
------------------------------
ENVIRONMENT AND OTHER CONTEXT
------------------------------
Environment variables:
AUTOMATED_TESTING = 1
DATE_MANIP_TEST_DM5 = 1
LC_ALL = C
NONINTERACTIVE_TESTING = 1
NO_NETWORK_TESTING = 1
PATH = /home/cpan/bin/perl/bin:/home/cpan/bin:/home/cpan/bin:/bin:/sbin:/usr/bin:/usr/sbin:/usr/X11R7/bin:/usr/pkg/bin:/usr/pkg/sbin:/usr/games:/usr/local/bin:/usr/local/sbin
PERL5LIB =
PERL5OPT =
PERL5_CPANPLUS_IS_RUNNING = 27127
PERL5_CPAN_IS_RUNNING = 27127
PERL_MM_USE_DEFAULT = 1
PERL_USE_UNSAFE_INC = 1
SHELL = /usr/pkg/bin/bash
TERM = screen
TMPDIR = /home/cpan/tmp
Perl special variables (and OS-specific diagnostics, for MSWin32):
$^X = /home/cpan/bin/perl/bin/perl5.41.13
$UID/$EUID = 1002 / 1002
$GID = 100 100
$EGID = 100 100
Perl module toolchain versions installed:
Module Have
------------------- --------
CPAN 2.38
CPAN::Meta 2.150010
Cwd 3.94
ExtUtils::CBuilder 0.280241
ExtUtils::Command 7.74
ExtUtils::Install 2.22
ExtUtils::MakeMaker 7.74
ExtUtils::Manifest 1.75
ExtUtils::ParseXS 3.57
File::Spec 3.94
JSON 4.10
JSON::PP 4.16
Module::Build 0.4234
Module::Signature n/a
Parse::CPAN::Meta 2.150010
Test2 1.302210
Test::Harness 3.50
Test::More 1.302210
YAML 1.31
YAML::Syck n/a
version 0.9933
--
Summary of my perl5 (revision 5 version 41 subversion 13) configuration:
Commit id: ea0856c6750e984cdc3f73e06ba82601bb5f1a87
Platform:
osname=netbsd
osvers=10.1
archname=amd64-netbsd-thread-multi
uname='netbsd cjg-netbsd10 10.1 netbsd 10.1 (generic) #0: mon dec 16 13:08:11 utc 2024 mkrepro@mkrepro.netbsd.org:usrsrcsysarchamd64compilegeneric amd64 '
config_args='-des -Dprefix=/home/cpan/bin/perl -Dscriptdir=/home/cpan/bin/perl/bin -Dusedevel -Duse64bitall -Duseithreads'
hint=recommended
useposix=true
d_sigaction=define
useithreads=define
usemultiplicity=define
use64bitint=define
use64bitall=define
uselongdouble=undef
usemymalloc=n
default_inc_excludes_dot=define
Compiler:
cc='cc'
ccflags ='-fwrapv -fno-strict-aliasing -pipe -fstack-protector-strong -I/usr/pkg/include -D_FORTIFY_SOURCE=2'
optimize='-O'
cppflags='-fwrapv -fno-strict-aliasing -pipe -fstack-protector-strong -I/usr/pkg/include'
ccversion=''
gccversion='10.5.0'
gccosandvers=''
intsize=4
longsize=8
ptrsize=8
doublesize=8
byteorder=12345678
doublekind=3
d_longlong=define
longlongsize=8
d_longdbl=define
longdblsize=16
longdblkind=3
ivtype='long'
ivsize=8
nvtype='double'
nvsize=8
Off_t='off_t'
lseeksize=8
alignbytes=8
prototype=define
Linker and Libraries:
ld='cc'
ldflags =' -Wl,-rpath,/usr/pkg/lib -Wl,-rpath,/usr/local/lib -fstack-protector-strong -L/usr/pkg/lib'
libpth=/usr/lib /usr/pkg/lib /lib
libs=-lpthread -lm -lcrypt -lutil -lc -lposix
perllibs=-lpthread -lm -lcrypt -lutil -lc -lposix
libc=/lib/libc.so
so=so
useshrplib=false
libperl=libperl.a
gnulibc_version=''
Dynamic Linking:
dlsrc=dl_dlopen.xs
dlext=so
d_dlsymun=undef
ccdlflags='-Wl,-E '
cccdlflags='-DPIC -fPIC '
lddlflags='-shared -L/usr/pkg/lib -fstack-protector-strong'
Characteristics of this binary (from libperl):
Compile-time options:
HAS_LONG_DOUBLE
HAS_STRTOLD
HAS_TIMES
MULTIPLICITY
PERLIO_LAYERS
PERL_COPY_ON_WRITE
PERL_DONT_CREATE_GVSV
PERL_HASH_FUNC_SIPHASH13
PERL_HASH_USE_SBOX32
PERL_MALLOC_WRAP
PERL_OP_PARENT
PERL_PRESERVE_IVUV
PERL_USE_DEVEL
PERL_USE_SAFE_PUTENV
USE_64_BIT_ALL
USE_64_BIT_INT
USE_ITHREADS
USE_LARGE_FILES
USE_LOCALE
USE_LOCALE_COLLATE
USE_LOCALE_CTYPE
USE_LOCALE_NUMERIC
USE_LOCALE_TIME
USE_PERLIO
USE_PERL_ATOF
USE_REENTRANT_API
Built under netbsd
Compiled at Apr 26 2025 23:44:03
%ENV:
PERL5LIB=""
PERL5OPT=""
PERL5_CPANPLUS_IS_RUNNING="27127"
PERL5_CPAN_IS_RUNNING="27127"
PERL_MM_USE_DEFAULT="1"
PERL_USE_UNSAFE_INC="1"
@INC:
/home/cpan/bin/perl/lib/site_perl/5.41.13/amd64-netbsd-thread-multi
/home/cpan/bin/perl/lib/site_perl/5.41.13
/home/cpan/bin/perl/lib/5.41.13/amd64-netbsd-thread-multi
/home/cpan/bin/perl/lib/5.41.13
.