Statocles v0.094 Perl 5 v5.16.0 amd64-netbsd

Status
Fail
From
Chris Williams (BINGOS)
Dist
Statocles v0.094
Platform
Perl 5 v5.16.0 amd64-netbsd
Date
2019-08-17 14:29:07
ID
5f2c67ce-c0fb-11e9-89ab-a85732ad0e0c
This distribution has been tested as part of the CPAN Testers
project, supporting the Perl programming language.  See
http://wiki.cpantesters.org/ for more information or email
questions to cpan-testers-discuss@perl.org


--

Dear PREACTION,

This is a computer-generated error report created automatically by
CPANPLUS, version 0.9178. Testers personal comments may appear
at the end of this report.


Thank you for uploading your work to CPAN.  However, it appears that
there were some problems testing your distribution.

TEST RESULTS:

Below is the error stack from stage 'make test':

Skip blib/lib/auto/share/dist/Statocles/theme/bootstrap/blog/index.html.ep (unchanged)
Skip blib/lib/auto/share/dist/Statocles/create/script.yml (unchanged)
Skip blib/lib/auto/share/dist/Statocles/theme/default/site/header_after.html.ep (unchanged)
Skip blib/lib/auto/share/dist/Statocles/theme/bootstrap/site/sidebar_before.html.ep (unchanged)
Skip blib/lib/auto/share/dist/Statocles/theme/bootstrap/layout/full-width.html.ep (unchanged)
Skip blib/lib/auto/share/dist/Statocles/theme/default/css/skeleton.css (unchanged)
Skip blib/lib/auto/share/dist/Statocles/theme/default/site/sidebar_before.html.ep (unchanged)
Skip blib/lib/auto/share/dist/Statocles/theme/default/plugin/highlight/solarized-light.css (unchanged)
Skip blib/lib/auto/share/dist/Statocles/zsh/_statocles (unchanged)
Skip blib/lib/auto/share/dist/Statocles/theme/default/site/sitemap.xml.ep (unchanged)
Skip blib/lib/auto/share/dist/Statocles/theme/bootstrap/site/navbar_extra.html.ep (unchanged)
Skip blib/lib/auto/share/dist/Statocles/theme/bootstrap/site/head_after.html.ep (unchanged)
Skip blib/lib/auto/share/dist/Statocles/theme/bootstrap/plugin/highlight/solarized-light.css (unchanged)
Skip blib/lib/auto/share/dist/Statocles/create/page/index.markdown (unchanged)
Skip blib/lib/auto/share/dist/Statocles/theme/default/plugin/highlight/default.css (unchanged)
Skip blib/lib/auto/share/dist/Statocles/theme/bootstrap/site/robots.txt.ep (unchanged)
Skip blib/lib/auto/share/dist/Statocles/theme/default/blog/index.html.ep (unchanged)
Skip blib/lib/auto/share/dist/Statocles/theme/default/layout/blank.html.ep (unchanged)
Skip blib/lib/auto/share/dist/Statocles/theme/default/plugin/highlight/solarized-dark.css (unchanged)
Skip blib/lib/auto/share/dist/Statocles/theme/default/site/style.html (unchanged)
Skip blib/lib/auto/share/dist/Statocles/theme/bootstrap/site/sitemap.xml.ep (unchanged)
Skip blib/lib/auto/share/dist/Statocles/theme/bootstrap/perldoc/source.html.ep (unchanged)
Skip blib/lib/auto/share/dist/Statocles/theme/default/perldoc/pod.html.ep (unchanged)
Skip blib/lib/auto/share/dist/Statocles/theme/bootstrap/plugin/highlight/solarized-dark.css (unchanged)
Skip blib/lib/auto/share/dist/Statocles/theme/bootstrap/blog/post.html.ep (unchanged)
Skip blib/lib/auto/share/dist/Statocles/theme/default/site/head_after.html.ep (unchanged)
Skip blib/lib/auto/share/dist/Statocles/theme/default/perldoc/source.html.ep (unchanged)
Skip blib/lib/auto/share/dist/Statocles/create/blog/post.markdown (unchanged)
Skip blib/lib/auto/share/dist/Statocles/theme/default/blog/index.rss.ep (unchanged)
Skip blib/lib/auto/share/dist/Statocles/theme/default/blog/index.atom.ep (unchanged)
Skip blib/lib/auto/share/dist/Statocles/theme/bootstrap/site/style.html (unchanged)
Skip blib/lib/auto/share/dist/Statocles/theme/default/site/footer.html.ep (unchanged)
Skip blib/lib/auto/share/dist/Statocles/theme/bootstrap/plugin/highlight/default.css (unchanged)
Skip blib/lib/auto/share/dist/Statocles/theme/bootstrap/site/header_after.html.ep (unchanged)
Skip blib/lib/auto/share/dist/Statocles/theme/bootstrap/site/footer.html.ep (unchanged)
Skip blib/lib/auto/share/dist/Statocles/theme/default/blog/post.html.ep (unchanged)
Skip blib/lib/auto/share/dist/Statocles/theme/bootstrap/layout/default.html.ep (unchanged)
Skip blib/lib/auto/share/dist/Statocles/theme/default/layout/full-width.html.ep (unchanged)
Skip blib/lib/auto/share/dist/Statocles/theme/bootstrap/layout/blank.html.ep (unchanged)
Skip blib/lib/auto/share/dist/Statocles/theme/bootstrap/blog/index.atom.ep (unchanged)
Skip blib/lib/auto/share/dist/Statocles/create/site.yml (unchanged)
Skip blib/lib/auto/share/dist/Statocles/theme/bootstrap/blog/index.rss.ep (unchanged)
Skip blib/lib/auto/share/dist/Statocles/theme/default/site/robots.txt.ep (unchanged)
Skip blib/lib/auto/share/dist/Statocles/theme/default/css/normalize.css (unchanged)
Skip blib/lib/auto/share/dist/Statocles/theme/default/site/navbar_extra.html.ep (unchanged)
Skip blib/lib/auto/share/dist/Statocles/theme/default/layout/default.html.ep (unchanged)
Skip blib/lib/auto/share/dist/Statocles/theme/bootstrap/perldoc/pod.html.ep (unchanged)
Skip blib/lib/auto/share/dist/Statocles/theme/bootstrap/css/statocles-bootstrap.css (unchanged)
Skip blib/lib/auto/share/dist/Statocles/theme/default/css/statocles-default.css (unchanged)
PERL_DL_NONLAZY=1 "/home/cpan/pit/bare/perl-5.16.0/bin/perl" "-MExtUtils::Command::MM" "-MTest::Harness" "-e" "undef *Test::Harness::Switches; test_harness(0, 'blib/lib', 'blib/arch')" t/*.t t/app/*.t t/app/basic/*.t t/app/blog/*.t t/app/perldoc/*.t t/app/role/*.t t/command/*.t t/deploy/*.t t/link/*.t t/page/*.t t/plugin/*.t t/template/*.t t/theme/*.t
t/00-compile.t ................ ok
# 
# Versions for all modules listed in MYMETA.json (including optional ones):
# 
# === Configure Requires ===
# 
#     Module                  Want Have
#     ----------------------- ---- ----
#     ExtUtils::MakeMaker      any 7.36
#     File::ShareDir::Install 0.06 0.13
# 
# === Build Requires ===
# 
#     Module              Want Have
#     ------------------- ---- ----
#     ExtUtils::MakeMaker  any 7.36
# 
# === Test Requires ===
# 
#     Module                  Want     Have
#     ------------------- -------- --------
#     Capture::Tiny            any     0.48
#     Dir::Self                any     0.11
#     ExtUtils::MakeMaker      any     7.36
#     File::Spec               any     3.75
#     IO::Handle               any     1.33
#     IPC::Open3               any     1.12
#     Storable                 any     3.15
#     Test::Deep               any    1.128
#     Test::Differences       0.64     0.67
#     Test::Exception         0.42     0.43
#     Test::Lib                any    0.002
#     Test::More          1.001005 1.302164
# 
# === Test Recommends ===
# 
#     Module         Want     Have
#     ---------- -------- --------
#     CPAN::Meta 2.120900 2.150010
# 
# === Runtime Requires ===
# 
#     Module                 Want     Have
#     ------------------ -------- --------
#     Beam::Emitter         0.007    1.007
#     Beam::Wire            1.018    1.023
#     DateTime::Moonpig       any     1.03
#     Encode                  any     2.44
#     Encode::Locale          any     1.05
#     File::Share             any     0.25
#     Git::Repository         any    1.323
#     I18N::Langinfo          any  0.08_02
#     IPC::Open3              any     1.12
#     Import::Base          0.012    1.004
#     JSON::PP                any     4.04
#     List::UtilsBy          0.09     0.11
#     Mojolicious            6.54     8.23
#     Moo                2.000001 2.003004
#     Path::Tiny            0.084    0.108
#     Pod::Simple            3.31     3.39
#     Pod::Usage::Return      any    0.003
#     Role::Tiny         2.000008 2.000008
#     Text::Markdown          any 1.000031
#     Text::Unidecode         any     1.30
#     Type::Tiny              any 1.004004
#     Types::Path::Tiny       any    0.006
#     YAML                    any     1.29
#     strict                  any     1.07
#     warnings                any     1.13
# 
# === Runtime Recommends ===
# 
#     Module                           Want    Have
#     ------------------------------- ----- -------
#     HTML::Lint::Pluggable            0.06 missing
#     PPI                               any missing
#     Pod::Elemental                    any missing
#     Pod::Weaver                     4.015 missing
#     Syntax::Highlight::Engine::Kate   any missing
# 
t/00-report-prereqs.t ......... ok
t/app/basic/command.t ......... ok
t/app/basic/constructor.t ..... ok
t/app/basic/pages.t ........... ok
t/app/blog/command.t .......... ok
t/app/blog/constructor.t ...... ok
    # Current LC_TIME locale: C
    # Could not set locale to ru_RU. Still 
t/app/blog/pages.t ............ ok
t/app/blog/post_date.t ........ ok
t/app/blog/recent_posts.t ..... ok
t/app/blog/slugs.t ............ ok
t/app/events.t ................ ok
t/app/perldoc/constructor.t ... ok
t/app/perldoc/highlight.t ..... skipped: Syntax::Highlight::Engine::Kate needed
t/app/perldoc/pages.t ......... ok
t/app/role/store.t ............ ok
t/app/template.t .............. ok
t/app/url.t ................... ok
t/command/apps.t .............. ok
t/command/build.t ............. ok
t/command/bundle.t ............ ok
    # Git version: 2.022000
t/command/create.t ............ ok
t/command/daemon.t ............ ok
t/command/deploy.t ............ ok
t/command/error.t ............. ok
t/command/help_and_version.t .. ok
t/command/mojo_app.t .......... ok
t/deploy/file.t ............... ok
# Git version: 2.022000
[2019-08-17 15:27:22.02499] [774] [warn] No files changed
[2019-08-17 15:27:22.32685] [774] [warn] No files changed
[2019-08-17 15:27:28.46000] [774] [warn] Git remote "origin" does not exist. Not pushing.
[2019-08-17 15:27:29.25549] [774] [warn] Git remote "nondefault" does not exist. Not pushing.
t/deploy/git.t ................ ok
t/deprecated.t ................ ok
t/document.t .................. ok
t/image.t ..................... ok
t/link.t ...................... ok
t/link/tree.t ................. ok
t/page/basename.t ............. ok
t/page/content_sections.t ..... ok
Invalid data attribute in document "/required.markdown". Data attributes that are not hashes are deprecated and will be removed in v2.0. Please use a hash instead. See Statocles::Help::Upgrading
Invalid data attribute in document "/links/alternate_single.markdown". Data attributes that are not hashes are deprecated and will be removed in v2.0. Please use a hash instead. See Statocles::Help::Upgrading
t/page/document.t ............. ok
t/page/file.t ................. ok
t/page/images.t ............... ok
t/page/links.t ................ ok
t/page/list.t ................. ok
t/page/list_item.t ............ ok
[2019-08-17 15:28:01.02155] [1195] [debug] Render page: /path/to/page.html
t/page/plain.t ................ ok
t/page/type.t ................. ok
t/person.t .................... ok
t/plugin.t .................... ok
t/plugin/highlight.t .......... skipped: Syntax::Highlight::Engine::Kate needed
t/plugin/html_lint.t .......... skipped: HTML::Lint::Pluggable v0.06 or higher needed
t/plugin/link_check.t ......... ok
t/plugin/mermaid.t ............ ok
t/site.t ...................... ok
    # Current locale: C

        #   Failed test 'nothing on stderr'
        #   at t/statocles.t line 70.
        #          got: 'perl: warning: Setting locale failed.
        # perl: warning: Please check that your locale settings:
        # 	LC_ALL = "en_US.UTF-8",
        # 	LC_CTYPE = "en_US.UTF-8",
        # 	LANG = "en_US.UTF-8"
        #     are supported and installed on your system.
        # perl: warning: Falling back to the standard locale ("C").
        # ascii "\xC2" does not map to Unicode at /home/cpan/pit/bare/conf/perl-5.16.0/.cpanplus/5.16.0/build/cAe8Qmf5h7/Statocles-0.094/blib/lib/Statocles/Util.pm line 129.
        # ascii "\xA9" does not map to Unicode at /home/cpan/pit/bare/conf/perl-5.16.0/.cpanplus/5.16.0/build/cAe8Qmf5h7/Statocles-0.094/blib/lib/Statocles/Util.pm line 129.
        # '
        #     expected: undef

        #   Failed test 'contains blog post document path'
        #   at t/statocles.t line 73.
        #                   'New post at: /tmp/5yi4KrmnqW/blog/2019/08/17/test/index.markdown
        # '
        #     doesn't match '(?^:New post at: \/tmp\/5yi4KrmnqW\/blog\/2019\/08\/17\/test\-a\-a\-ay\/index\.markdown)'
        # Looks like you failed 2 tests of 3.

    #   Failed test 'run the command'
    #   at t/statocles.t line 75.
        # No tests run!

    #   Failed test 'No tests run for subtest "check the generated document"'
    #   at t/statocles.t line 94.
    # Looks like you failed 2 tests of 2.

#   Failed test 'handle locales on ARGV and STDIN'
#   at t/statocles.t line 95.
Error open (<:raw:encoding(UTF-8)) on '/tmp/5yi4KrmnqW/blog/2019/08/17/test-a-a-ay/index.markdown': No such file or directory at t/statocles.t line 79.
# Tests were run but no plan was declared and done_testing() was not seen.
# Looks like your test exited with 255 just after 2.
t/statocles.t ................. 
Dubious, test returned 255 (wstat 65280, 0xff00)
Failed 1/2 subtests 
t/store.t ..................... ok
t/template/basic.t ............ ok
t/template/content.t .......... ok
t/template/include.t .......... ok
t/template/markdown.t ......... ok
Odd number of elements in hash assignment at /home/cpan/pit/jail/be_gU0jd13/lib/perl5/Mojo/DOM/CSS.pm line 77.
Odd number of elements in hash assignment at /home/cpan/pit/jail/be_gU0jd13/lib/perl5/Mojo/DOM/CSS.pm line 77.
Odd number of elements in hash assignment at /home/cpan/pit/jail/be_gU0jd13/lib/perl5/Mojo/DOM/CSS.pm line 77.
Odd number of elements in hash assignment at /home/cpan/pit/jail/be_gU0jd13/lib/perl5/Mojo/DOM/CSS.pm line 77.
Odd number of elements in hash assignment at /home/cpan/pit/jail/be_gU0jd13/lib/perl5/Mojo/DOM/CSS.pm line 77.
Odd number of elements in hash assignment at /home/cpan/pit/jail/be_gU0jd13/lib/perl5/Mojo/DOM/CSS.pm line 77.
Odd number of elements in hash assignment at /home/cpan/pit/jail/be_gU0jd13/lib/perl5/Mojo/DOM/CSS.pm line 77.
Odd number of elements in hash assignment at /home/cpan/pit/jail/be_gU0jd13/lib/perl5/Mojo/DOM/CSS.pm line 77.
Odd number of elements in hash assignment at /home/cpan/pit/jail/be_gU0jd13/lib/perl5/Mojo/DOM/CSS.pm line 77.
Odd number of elements in hash assignment at /home/cpan/pit/jail/be_gU0jd13/lib/perl5/Mojo/DOM/CSS.pm line 77.
Odd number of elements in hash assignment at /home/cpan/pit/jail/be_gU0jd13/lib/perl5/Mojo/DOM/CSS.pm line 77.
Odd number of elements in hash assignment at /home/cpan/pit/jail/be_gU0jd13/lib/perl5/Mojo/DOM/CSS.pm line 77.
Odd number of elements in hash assignment at /home/cpan/pit/jail/be_gU0jd13/lib/perl5/Mojo/DOM/CSS.pm line 77.
Odd number of elements in hash assignment at /home/cpan/pit/jail/be_gU0jd13/lib/perl5/Mojo/DOM/CSS.pm line 77.
Odd number of elements in hash assignment at /home/cpan/pit/jail/be_gU0jd13/lib/perl5/Mojo/DOM/CSS.pm line 77.
Odd number of elements in hash assignment at /home/cpan/pit/jail/be_gU0jd13/lib/perl5/Mojo/DOM/CSS.pm line 77.
Odd number of elements in hash assignment at /home/cpan/pit/jail/be_gU0jd13/lib/perl5/Mojo/DOM/CSS.pm line 77.
Odd number of elements in hash assignment at /home/cpan/pit/jail/be_gU0jd13/lib/perl5/Mojo/DOM/CSS.pm line 77.
Odd number of elements in hash assignment at /home/cpan/pit/jail/be_gU0jd13/lib/perl5/Mojo/DOM/CSS.pm line 77.
Odd number of elements in hash assignment at /home/cpan/pit/jail/be_gU0jd13/lib/perl5/Mojo/DOM/CSS.pm line 77.
Odd number of elements in hash assignment at /home/cpan/pit/jail/be_gU0jd13/lib/perl5/Mojo/DOM/CSS.pm line 77.
Odd number of elements in hash assignment at /home/cpan/pit/jail/be_gU0jd13/lib/perl5/Mojo/DOM/CSS.pm line 77.
Odd number of elements in hash assignment at /home/cpan/pit/jail/be_gU0jd13/lib/perl5/Mojo/DOM/CSS.pm line 77.
Odd number of elements in hash assignment at /home/cpan/pit/jail/be_gU0jd13/lib/perl5/Mojo/DOM/CSS.pm line 77.
Odd number of elements in hash assignment at /home/cpan/pit/jail/be_gU0jd13/lib/perl5/Mojo/DOM/CSS.pm line 77.
Odd number of elements in hash assignment at /home/cpan/pit/jail/be_gU0jd13/lib/perl5/Mojo/DOM/CSS.pm line 77.
Odd number of elements in hash assignment at /home/cpan/pit/jail/be_gU0jd13/lib/perl5/Mojo/DOM/CSS.pm line 77.
Odd number of elements in hash assignment at /home/cpan/pit/jail/be_gU0jd13/lib/perl5/Mojo/DOM/CSS.pm line 77.
Odd number of elements in hash assignment at /home/cpan/pit/jail/be_gU0jd13/lib/perl5/Mojo/DOM/CSS.pm line 77.
Odd number of elements in hash assignment at /home/cpan/pit/jail/be_gU0jd13/lib/perl5/Mojo/DOM/CSS.pm line 77.
Odd number of elements in hash assignment at /home/cpan/pit/jail/be_gU0jd13/lib/perl5/Mojo/DOM/CSS.pm line 77.
Odd number of elements in hash assignment at /home/cpan/pit/jail/be_gU0jd13/lib/perl5/Mojo/DOM/CSS.pm line 77.
Odd number of elements in hash assignment at /home/cpan/pit/jail/be_gU0jd13/lib/perl5/Mojo/DOM/CSS.pm line 77.
Odd number of elements in hash assignment at /home/cpan/pit/jail/be_gU0jd13/lib/perl5/Mojo/DOM/CSS.pm line 77.
Odd number of elements in hash assignment at /home/cpan/pit/jail/be_gU0jd13/lib/perl5/Mojo/DOM/CSS.pm line 77.
Odd number of elements in hash assignment at /home/cpan/pit/jail/be_gU0jd13/lib/perl5/Mojo/DOM/CSS.pm line 77.
Odd number of elements in hash assignment at /home/cpan/pit/jail/be_gU0jd13/lib/perl5/Mojo/DOM/CSS.pm line 77.
Odd number of elements in hash assignment at /home/cpan/pit/jail/be_gU0jd13/lib/perl5/Mojo/DOM/CSS.pm line 77.
Odd number of elements in hash assignment at /home/cpan/pit/jail/be_gU0jd13/lib/perl5/Mojo/DOM/CSS.pm line 77.
Odd number of elements in hash assignment at /home/cpan/pit/jail/be_gU0jd13/lib/perl5/Mojo/DOM/CSS.pm line 77.
Odd number of elements in hash assignment at /home/cpan/pit/jail/be_gU0jd13/lib/perl5/Mojo/DOM/CSS.pm line 77.
Odd number of elements in hash assignment at /home/cpan/pit/jail/be_gU0jd13/lib/perl5/Mojo/DOM/CSS.pm line 77.
Odd number of elements in hash assignment at /home/cpan/pit/jail/be_gU0jd13/lib/perl5/Mojo/DOM/CSS.pm line 77.
Odd number of elements in hash assignment at /home/cpan/pit/jail/be_gU0jd13/lib/perl5/Mojo/DOM/CSS.pm line 77.
Odd number of elements in hash assignment at /home/cpan/pit/jail/be_gU0jd13/lib/perl5/Mojo/DOM/CSS.pm line 77.
Odd number of elements in hash assignment at /home/cpan/pit/jail/be_gU0jd13/lib/perl5/Mojo/DOM/CSS.pm line 77.
Odd number of elements in hash assignment at /home/cpan/pit/jail/be_gU0jd13/lib/perl5/Mojo/DOM/CSS.pm line 77.
Odd number of elements in hash assignment at /home/cpan/pit/jail/be_gU0jd13/lib/perl5/Mojo/DOM/CSS.pm line 77.
Odd number of elements in hash assignment at /home/cpan/pit/jail/be_gU0jd13/lib/perl5/Mojo/DOM/CSS.pm line 77.
Odd number of elements in hash assignment at /home/cpan/pit/jail/be_gU0jd13/lib/perl5/Mojo/DOM/CSS.pm line 77.
Odd number of elements in hash assignment at /home/cpan/pit/jail/be_gU0jd13/lib/perl5/Mojo/DOM/CSS.pm line 77.
Odd number of elements in hash assignment at /home/cpan/pit/jail/be_gU0jd13/lib/perl5/Mojo/DOM/CSS.pm line 77.
Odd number of elements in hash assignment at /home/cpan/pit/jail/be_gU0jd13/lib/perl5/Mojo/DOM/CSS.pm line 77.
Odd number of elements in hash assignment at /home/cpan/pit/jail/be_gU0jd13/lib/perl5/Mojo/DOM/CSS.pm line 77.
Odd number of elements in hash assignment at /home/cpan/pit/jail/be_gU0jd13/lib/perl5/Mojo/DOM/CSS.pm line 77.
Odd number of elements in hash assignment at /home/cpan/pit/jail/be_gU0jd13/lib/perl5/Mojo/DOM/CSS.pm line 77.
Odd number of elements in hash assignment at /home/cpan/pit/jail/be_gU0jd13/lib/perl5/Mojo/DOM/CSS.pm line 77.
Odd number of elements in hash assignment at /home/cpan/pit/jail/be_gU0jd13/lib/perl5/Mojo/DOM/CSS.pm line 77.
Odd number of elements in hash assignment at /home/cpan/pit/jail/be_gU0jd13/lib/perl5/Mojo/DOM/CSS.pm line 77.
Odd number of elements in hash assignment at /home/cpan/pit/jail/be_gU0jd13/lib/perl5/Mojo/DOM/CSS.pm line 77.
Odd number of elements in hash assignment at /home/cpan/pit/jail/be_gU0jd13/lib/perl5/Mojo/DOM/CSS.pm line 77.
Odd number of elements in hash assignment at /home/cpan/pit/jail/be_gU0jd13/lib/perl5/Mojo/DOM/CSS.pm line 77.
Odd number of elements in hash assignment at /home/cpan/pit/jail/be_gU0jd13/lib/perl5/Mojo/DOM/CSS.pm line 77.
Odd number of elements in hash assignment at /home/cpan/pit/jail/be_gU0jd13/lib/perl5/Mojo/DOM/CSS.pm line 77.
Odd number of elements in hash assignment at /home/cpan/pit/jail/be_gU0jd13/lib/perl5/Mojo/DOM/CSS.pm line 77.
Odd number of elements in hash assignment at /home/cpan/pit/jail/be_gU0jd13/lib/perl5/Mojo/DOM/CSS.pm line 77.
Odd number of elements in hash assignment at /home/cpan/pit/jail/be_gU0jd13/lib/perl5/Mojo/DOM/CSS.pm line 77.
Odd number of elements in hash assignment at /home/cpan/pit/jail/be_gU0jd13/lib/perl5/Mojo/DOM/CSS.pm line 77.
Odd number of elements in hash assignment at /home/cpan/pit/jail/be_gU0jd13/lib/perl5/Mojo/DOM/CSS.pm line 77.
Odd number of elements in hash assignment at /home/cpan/pit/jail/be_gU0jd13/lib/perl5/Mojo/DOM/CSS.pm line 77.
Odd number of elements in hash assignment at /home/cpan/pit/jail/be_gU0jd13/lib/perl5/Mojo/DOM/CSS.pm line 77.
Odd number of elements in hash assignment at /home/cpan/pit/jail/be_gU0jd13/lib/perl5/Mojo/DOM/CSS.pm line 77.
Odd number of elements in hash assignment at /home/cpan/pit/jail/be_gU0jd13/lib/perl5/Mojo/DOM/CSS.pm line 77.
Odd number of elements in hash assignment at /home/cpan/pit/jail/be_gU0jd13/lib/perl5/Mojo/DOM/CSS.pm line 77.
Odd number of elements in hash assignment at /home/cpan/pit/jail/be_gU0jd13/lib/perl5/Mojo/DOM/CSS.pm line 77.
Odd number of elements in hash assignment at /home/cpan/pit/jail/be_gU0jd13/lib/perl5/Mojo/DOM/CSS.pm line 77.
Odd number of elements in hash assignment at /home/cpan/pit/jail/be_gU0jd13/lib/perl5/Mojo/DOM/CSS.pm line 77.
Odd number of elements in hash assignment at /home/cpan/pit/jail/be_gU0jd13/lib/perl5/Mojo/DOM/CSS.pm line 77.
Odd number of elements in hash assignment at /home/cpan/pit/jail/be_gU0jd13/lib/perl5/Mojo/DOM/CSS.pm line 77.
Odd number of elements in hash assignment at /home/cpan/pit/jail/be_gU0jd13/lib/perl5/Mojo/DOM/CSS.pm line 77.
Odd number of elements in hash assignment at /home/cpan/pit/jail/be_gU0jd13/lib/perl5/Mojo/DOM/CSS.pm line 77.
Odd number of elements in hash assignment at /home/cpan/pit/jail/be_gU0jd13/lib/perl5/Mojo/DOM/CSS.pm line 77.
Odd number of elements in hash assignment at /home/cpan/pit/jail/be_gU0jd13/lib/perl5/Mojo/DOM/CSS.pm line 77.
Odd number of elements in hash assignment at /home/cpan/pit/jail/be_gU0jd13/lib/perl5/Mojo/DOM/CSS.pm line 77.
Odd number of elements in hash assignment at /home/cpan/pit/jail/be_gU0jd13/lib/perl5/Mojo/DOM/CSS.pm line 77.
Odd number of elements in hash assignment at /home/cpan/pit/jail/be_gU0jd13/lib/perl5/Mojo/DOM/CSS.pm line 77.
Odd number of elements in hash assignment at /home/cpan/pit/jail/be_gU0jd13/lib/perl5/Mojo/DOM/CSS.pm line 77.
Odd number of elements in hash assignment at /home/cpan/pit/jail/be_gU0jd13/lib/perl5/Mojo/DOM/CSS.pm line 77.
Odd number of elements in hash assignment at /home/cpan/pit/jail/be_gU0jd13/lib/perl5/Mojo/DOM/CSS.pm line 77.
Odd number of elements in hash assignment at /home/cpan/pit/jail/be_gU0jd13/lib/perl5/Mojo/DOM/CSS.pm line 77.
t/theme/check.t ............... ok
t/theme/helper.t .............. ok
t/theme/pages.t ............... ok
t/theme/template.t ............ ok
t/types.t ..................... ok
sh: HOPEFULLY_DOES_NOT_EXIST: not found
[1]   Terminated              "/home/cpan/pit/...
t/util.t ...................... ok

Test Summary Report
-------------------
t/statocles.t               (Wstat: 65280 Tests: 2 Failed: 1)
  Failed test:  2
  Non-zero exit status: 255
  Parse errors: No plan found in TAP output
Files=63, Tests=314, 231 wallclock secs ( 0.75 usr  0.62 sys + 140.49 cusr 74.12 csys = 215.98 CPU)
Result: FAIL
Failed 1/63 test programs. 1/314 subtests failed.
*** Error code 255

Stop.
make: stopped in /home/cpan/pit/bare/conf/perl-5.16.0/.cpanplus/5.16.0/build/cAe8Qmf5h7/Statocles-0.094


PREREQUISITES:

Here is a list of prerequisites you specified and versions we
managed to load:

	  Module Name                        Have     Want
	  Beam::Emitter                     1.007    0.007
	  Beam::Wire                        1.023    1.018
	  Capture::Tiny                      0.48        0
	  DateTime::Moonpig                  1.03        0
	  Dir::Self                          0.11        0
	  Encode                             2.44        0
	  Encode::Locale                     1.05        0
	  ExtUtils::MakeMaker                7.36        0
	  File::Share                        0.25        0
	  File::Spec                         3.75        0
	  Git::Repository                   1.323        0
	  I18N::Langinfo                  0.08_02        0
	  IO::Handle                         1.33        0
	  IPC::Open3                         1.12        0
	  Import::Base                      1.004    0.012
	  JSON::PP                           4.04        0
	  List::UtilsBy                      0.11     0.09
	  Mojolicious                        8.23     6.54
	  Moo                            2.003004 2.000001
	  Path::Tiny                        0.108    0.084
	  Pod::Simple                        3.39     3.31
	  Pod::Usage::Return                0.003        0
	  Role::Tiny                     2.000008 2.000008
	  Storable                           3.15        0
	  Test::Deep                        1.128        0
	  Test::Differences                  0.67     0.64
	  Test::Exception                    0.43     0.42
	  Test::Lib                         0.002        0
	  Test::More                     1.302164 1.001005
	  Text::Markdown                 1.000031        0
	  Text::Unidecode                    1.30        0
	  Type::Tiny                     1.004004        0
	  Types::Path::Tiny                 0.006        0
	  YAML                               1.29        0
	  strict                             1.07        0
	  warnings                           1.13        0

Perl module toolchain versions installed:
	Module Name                        Have
	CPANPLUS                         0.9178
	CPANPLUS::Dist::Build              0.90
	Cwd                                3.75
	ExtUtils::CBuilder             0.280231
	ExtUtils::Command                  7.36
	ExtUtils::Install                  2.14
	ExtUtils::MakeMaker                7.36
	ExtUtils::Manifest                 1.72
	ExtUtils::ParseXS                  3.35
	File::Spec                         3.75
	Module::Build                    0.4229
	Pod::Parser                        1.51
	Pod::Simple                        3.39
	Test2                          1.302164
	Test::Harness                      3.42
	Test::More                     1.302164
	version                          0.9924

******************************** NOTE ********************************
The comments above are created mechanically, possibly without manual
checking by the sender.  As there are many people performing automatic
tests on each upload to CPAN, it is likely that you will receive
identical messages about the same problem.

If you believe that the message is mistaken, please reply to the first
one with correction and/or additional informations, and do not take
it personally.  We appreciate your patience. :)
**********************************************************************

Additional comments:


This report was machine-generated by CPANPLUS::Dist::YACSmoke 1.08.
Powered by minismokebox version 0.68

CPANPLUS is prefering Build.PL

------------------------------
ENVIRONMENT AND OTHER CONTEXT
------------------------------

Environment variables:

    AUTOMATED_TESTING = 1
    NONINTERACTIVE_TESTING = 1
    PATH = /home/cpan/pit/bare/conf/perl-5.16.0/.cpanplus/5.16.0/build/cAe8Qmf5h7/Statocles-0.094/blib/script:/home/cpan/bin:/bin:/sbin:/usr/bin:/usr/sbin:/usr/X11R7/bin:/usr/pkg/bin:/usr/pkg/sbin:/usr/games:/usr/local/bin:/usr/local/sbin
    PERL5LIB = /home/cpan/pit/jail/be_gU0jd13/lib/perl5:/home/cpan/pit/bare/conf/perl-5.16.0/.cpanplus/5.16.0/build/cAe8Qmf5h7/Statocles-0.094/blib/lib:/home/cpan/pit/bare/conf/perl-5.16.0/.cpanplus/5.16.0/build/cAe8Qmf5h7/Statocles-0.094/blib/arch
    PERL5_CPANPLUS_IS_RUNNING = 24265
    PERL5_CPANPLUS_IS_VERSION = 0.9178
    PERL5_MINISMOKEBOX = 0.68
    PERL5_YACSMOKE_BASE = /home/cpan/pit/bare/conf/perl-5.16.0
    PERL_EXTUTILS_AUTOINSTALL = --defaultdeps
    PERL_LOCAL_LIB_ROOT = /home/cpan/pit/jail/be_gU0jd13
    PERL_MB_OPT = --install_base "/home/cpan/pit/jail/be_gU0jd13"
    PERL_MM_OPT = INSTALL_BASE=/home/cpan/pit/jail/be_gU0jd13
    PERL_MM_USE_DEFAULT = 1
    SHELL = /usr/pkg/bin/bash
    TERM = screen

Perl special variables (and OS-specific diagnostics, for MSWin32):

    Perl: $^X = /home/cpan/pit/bare/perl-5.16.0/bin/perl
    UID:  $<  = 1001
    EUID: $>  = 1001
    GID:  $(  = 100 100
    EGID: $)  = 100 100


-------------------------------


--

Summary of my perl5 (revision 5 version 16 subversion 0) configuration:
   
  Platform:
    osname=netbsd, osvers=8.1, archname=amd64-netbsd
    uname='netbsd nephilim.bingosnet.co.uk 8.1 netbsd 8.1 (generic) #0: fri may 31 08:43:59 utc 2019 mkrepro@mkrepro.netbsd.org:usrsrcsysarchamd64compilegeneric amd64 '
    config_args='-des -Dprefix=/home/cpan/pit/bare/perl-5.16.0'
    hint=recommended, useposix=true, d_sigaction=define
    useithreads=undef, usemultiplicity=undef
    useperlio=define, d_sfio=undef, uselargefiles=define, usesocks=undef
    use64bitint=define, use64bitall=define, uselongdouble=undef
    usemymalloc=n, bincompat5005=undef
  Compiler:
    cc='cc', ccflags ='-fwrapv -fno-strict-aliasing -pipe -fstack-protector -I/usr/pkg/include',
    optimize='-O',
    cppflags='-fwrapv -fno-strict-aliasing -pipe -fstack-protector -I/usr/pkg/include'
    ccversion='', gccversion='5.5.0', gccosandvers=''
    intsize=4, longsize=8, ptrsize=8, doublesize=8, byteorder=12345678
    d_longlong=define, longlongsize=8, d_longdbl=define, longdblsize=16
    ivtype='long', ivsize=8, nvtype='double', nvsize=8, Off_t='off_t', lseeksize=8
    alignbytes=8, prototype=define
  Linker and Libraries:
    ld='cc', ldflags =' -Wl,-rpath,/usr/pkg/lib -Wl,-rpath,/usr/local/lib -fstack-protector -L/usr/pkg/lib'
    libpth=/usr/pkg/lib /lib /usr/lib
    libs=-lgdbm -lm -lcrypt -lutil -lc -lposix
    perllibs=-lm -lcrypt -lutil -lc -lposix
    libc=/lib/libc.so, so=so, useshrplib=false, libperl=libperl.a
    gnulibc_version=''
  Dynamic Linking:
    dlsrc=dl_dlopen.xs, dlext=so, d_dlsymun=undef, ccdlflags='-Wl,-E '
    cccdlflags='-DPIC -fPIC ', lddlflags='-shared  -L/usr/pkg/lib -fstack-protector'


Characteristics of this binary (from libperl): 
  Compile-time options: HAS_TIMES PERLIO_LAYERS PERL_DONT_CREATE_GVSV
                        PERL_MALLOC_WRAP PERL_PRESERVE_IVUV USE_64_BIT_ALL
                        USE_64_BIT_INT USE_LARGE_FILES USE_LOCALE
                        USE_LOCALE_COLLATE USE_LOCALE_CTYPE
                        USE_LOCALE_NUMERIC USE_PERLIO USE_PERL_ATOF
  Locally applied patches:
	Devel::PatchPerl 1.64
  Built under netbsd
  Compiled at Jul 23 2019 05:17:47
  %ENV:
    PERL5LIB="/home/cpan/pit/jail/be_gU0jd13/lib/perl5:/home/cpan/pit/bare/conf/perl-5.16.0/.cpanplus/5.16.0/build/cAe8Qmf5h7/Statocles-0.094/blib/lib:/home/cpan/pit/bare/conf/perl-5.16.0/.cpanplus/5.16.0/build/cAe8Qmf5h7/Statocles-0.094/blib/arch"
    PERL5_CPANPLUS_IS_RUNNING="24265"
    PERL5_CPANPLUS_IS_VERSION="0.9178"
    PERL5_MINISMOKEBOX="0.68"
    PERL5_YACSMOKE_BASE="/home/cpan/pit/bare/conf/perl-5.16.0"
    PERL_EXTUTILS_AUTOINSTALL="--defaultdeps"
    PERL_LOCAL_LIB_ROOT="/home/cpan/pit/jail/be_gU0jd13"
    PERL_MB_OPT="--install_base "/home/cpan/pit/jail/be_gU0jd13""
    PERL_MM_OPT="INSTALL_BASE=/home/cpan/pit/jail/be_gU0jd13"
    PERL_MM_USE_DEFAULT="1"
  @INC:
    /home/cpan/pit/jail/be_gU0jd13/lib/perl5/5.16.0/amd64-netbsd
    /home/cpan/pit/jail/be_gU0jd13/lib/perl5/5.16.0
    /home/cpan/pit/jail/be_gU0jd13/lib/perl5/amd64-netbsd
    /home/cpan/pit/jail/be_gU0jd13/lib/perl5
    /home/cpan/pit/bare/conf/perl-5.16.0/.cpanplus/5.16.0/build/cAe8Qmf5h7/Statocles-0.094/blib/lib
    /home/cpan/pit/bare/conf/perl-5.16.0/.cpanplus/5.16.0/build/cAe8Qmf5h7/Statocles-0.094/blib/arch
    /home/cpan/pit/bare/perl-5.16.0/lib/site_perl/5.16.0/amd64-netbsd
    /home/cpan/pit/bare/perl-5.16.0/lib/site_perl/5.16.0
    /home/cpan/pit/bare/perl-5.16.0/lib/5.16.0/amd64-netbsd
    /home/cpan/pit/bare/perl-5.16.0/lib/5.16.0
    .