Statocles v0.093 Perl 5 v5.16.3 MSWin32-x86-multi-thread

Status
Fail
From
Alexandr Ciornii (CHORNY)
Dist
Statocles v0.093
Platform
Perl 5 v5.16.3 MSWin32-x86-multi-thread
Date
2018-03-31 01:24:03
ID
5c2923e5-6c3e-1014-9f69-080067c45773
This distribution has been tested as part of the CPAN Testers
project, supporting the Perl programming language.  See
http://wiki.cpantesters.org/ for more information or email
questions to cpan-testers-discuss@perl.org


--
Dear Doug Bell,

This is a computer-generated report for Statocles-0.093
on perl 5.16.3, created by CPAN-Reporter-1.2018.

Thank you for uploading your work to CPAN.  However, there was a problem
testing your distribution.

If you think this report is invalid, please consult the CPAN Testers Wiki
for suggestions on how to avoid getting FAIL reports for missing library
or binary dependencies, unsupported operating systems, and so on:

http://wiki.cpantesters.org/wiki/CPANAuthorNotes

Sections of this report:

    * Tester comments
    * Program output
    * Prerequisites
    * Environment and other context

------------------------------
TESTER COMMENTS
------------------------------

Additional comments from tester:

this report is from an automated smoke testing program
and was not reviewed by a human for accuracy

------------------------------
PROGRAM OUTPUT
------------------------------

Output from 'C:\strawberry163\c\bin\dmake.exe test':

Skip blib\lib\auto\share\dist\Statocles\theme\default\layout\blank.html.ep (unchanged)
Skip blib\lib\auto\share\dist\Statocles\theme\bootstrap\blog\index.rss.ep (unchanged)
Skip blib\lib\auto\share\dist\Statocles\theme\bootstrap\site\sitemap.xml.ep (unchanged)
Skip blib\lib\auto\share\dist\Statocles\theme\bootstrap\plugin\highlight\solarized-dark.css (unchanged)
Skip blib\lib\auto\share\dist\Statocles\theme\default\layout\default.html.ep (unchanged)
Skip blib\lib\auto\share\dist\Statocles\theme\default\css\skeleton.css (unchanged)
Skip blib\lib\auto\share\dist\Statocles\create\script.yml (unchanged)
Skip blib\lib\auto\share\dist\Statocles\theme\bootstrap\layout\default.html.ep (unchanged)
Skip blib\lib\auto\share\dist\Statocles\theme\default\site\footer.html.ep (unchanged)
Skip blib\lib\auto\share\dist\Statocles\theme\default\blog\index.atom.ep (unchanged)
Skip blib\lib\auto\share\dist\Statocles\theme\default\site\head_after.html.ep (unchanged)
Skip blib\lib\auto\share\dist\Statocles\theme\default\site\sitemap.xml.ep (unchanged)
Skip blib\lib\auto\share\dist\Statocles\theme\bootstrap\site\navbar_extra.html.ep (unchanged)
Skip blib\lib\auto\share\dist\Statocles\theme\bootstrap\blog\post.html.ep (unchanged)
Skip blib\lib\auto\share\dist\Statocles\theme\default\blog\post.html.ep (unchanged)
Skip blib\lib\auto\share\dist\Statocles\theme\bootstrap\perldoc\source.html.ep (unchanged)
Skip blib\lib\auto\share\dist\Statocles\theme\default\css\statocles-default.css (unchanged)
Skip blib\lib\auto\share\dist\Statocles\zsh\_statocles (unchanged)
Skip blib\lib\auto\share\dist\Statocles\theme\default\layout\full-width.html.ep (unchanged)
Skip blib\lib\auto\share\dist\Statocles\create\page\index.markdown (unchanged)
Skip blib\lib\auto\share\dist\Statocles\theme\default\site\header_after.html.ep (unchanged)
Skip blib\lib\auto\share\dist\Statocles\create\blog\post.markdown (unchanged)
Skip blib\lib\auto\share\dist\Statocles\theme\default\site\robots.txt.ep (unchanged)
Skip blib\lib\auto\share\dist\Statocles\theme\default\blog\index.html.ep (unchanged)
Skip blib\lib\auto\share\dist\Statocles\theme\bootstrap\site\head_after.html.ep (unchanged)
Skip blib\lib\auto\share\dist\Statocles\theme\default\css\normalize.css (unchanged)
Skip blib\lib\auto\share\dist\Statocles\theme\bootstrap\site\header_after.html.ep (unchanged)
Skip blib\lib\auto\share\dist\Statocles\theme\bootstrap\site\footer.html.ep (unchanged)
Skip blib\lib\auto\share\dist\Statocles\theme\bootstrap\perldoc\pod.html.ep (unchanged)
Skip blib\lib\auto\share\dist\Statocles\theme\default\site\sidebar_before.html.ep (unchanged)
Skip blib\lib\auto\share\dist\Statocles\theme\default\perldoc\pod.html.ep (unchanged)
Skip blib\lib\auto\share\dist\Statocles\theme\bootstrap\css\statocles-bootstrap.css (unchanged)
Skip blib\lib\auto\share\dist\Statocles\theme\default\plugin\highlight\solarized-dark.css (unchanged)
Skip blib\lib\auto\share\dist\Statocles\theme\default\plugin\highlight\solarized-light.css (unchanged)
Skip blib\lib\auto\share\dist\Statocles\theme\bootstrap\blog\index.atom.ep (unchanged)
Skip blib\lib\auto\share\dist\Statocles\theme\default\site\navbar_extra.html.ep (unchanged)
Skip blib\lib\auto\share\dist\Statocles\theme\bootstrap\site\style.html (unchanged)
Skip blib\lib\auto\share\dist\Statocles\theme\default\site\style.html (unchanged)
Skip blib\lib\auto\share\dist\Statocles\theme\default\blog\index.rss.ep (unchanged)
Skip blib\lib\auto\share\dist\Statocles\theme\bootstrap\blog\index.html.ep (unchanged)
Skip blib\lib\auto\share\dist\Statocles\theme\bootstrap\layout\full-width.html.ep (unchanged)
Skip blib\lib\auto\share\dist\Statocles\theme\bootstrap\plugin\highlight\solarized-light.css (unchanged)
Skip blib\lib\auto\share\dist\Statocles\theme\bootstrap\site\sidebar_before.html.ep (unchanged)
Skip blib\lib\auto\share\dist\Statocles\theme\bootstrap\plugin\highlight\default.css (unchanged)
Skip blib\lib\auto\share\dist\Statocles\theme\default\plugin\highlight\default.css (unchanged)
Skip blib\lib\auto\share\dist\Statocles\create\site.yml (unchanged)
Skip blib\lib\auto\share\dist\Statocles\theme\bootstrap\site\robots.txt.ep (unchanged)
Skip blib\lib\auto\share\dist\Statocles\theme\bootstrap\layout\blank.html.ep (unchanged)
Skip blib\lib\auto\share\dist\Statocles\theme\default\perldoc\source.html.ep (unchanged)
C:\strawberry163\perl\bin\perl.exe "-MExtUtils::Command::MM" "-e" "test_harness(0, 'blib\lib', 'blib\arch')" t/*.t t/app/*.t t/app/basic/*.t t/app/blog/*.t t/app/perldoc/*.t t/app/role/*.t t/command/*.t t/deploy/*.t t/link/*.t t/page/*.t t/plugin/*.t t/template/*.t t/theme/*.t
t/00-compile.t ................ ok
# 
# Versions for all modules listed in MYMETA.json (including optional ones):
# 
# === Configure Requires ===
# 
#     Module                  Want Have
#     ----------------------- ---- ----
#     ExtUtils::MakeMaker      any 6.64
#     File::ShareDir::Install 0.06 0.08
# 
# === Build Requires ===
# 
#     Module              Want Have
#     ------------------- ---- ----
#     ExtUtils::MakeMaker  any 6.64
# 
# === Test Requires ===
# 
#     Module                  Want     Have
#     ------------------- -------- --------
#     Capture::Tiny            any     0.46
#     Dir::Self                any     0.11
#     ExtUtils::MakeMaker      any     6.64
#     File::Spec               any     3.40
#     IO::Handle               any     1.33
#     IPC::Open3               any     1.12
#     Storable                 any     2.39
#     Test::Deep               any    0.110
#     Test::Differences       0.64     0.64
#     Test::Exception         0.42     0.43
#     Test::Lib                any    0.002
#     Test::More          1.001005 1.302135
# 
# === Test Recommends ===
# 
#     Module         Want     Have
#     ---------- -------- --------
#     CPAN::Meta 2.120900 2.140640
# 
# === Runtime Requires ===
# 
#     Module                 Want     Have
#     ------------------ -------- --------
#     Beam::Emitter         0.007    1.007
#     Beam::Wire            1.018    1.021
#     DateTime::Moonpig       any     1.03
#     Encode                  any     2.57
#     File::Share             any     0.25
#     Git::Repository         any    1.311
#     Import::Base          0.012    1.004
#     JSON::PP                any  2.27203
#     List::UtilsBy          0.09     0.09
#     Mojolicious            6.54     7.71
#     Moo                2.000001 2.003004
#     Path::Tiny            0.084    0.104
#     Pod::Simple            3.31     3.35
#     Pod::Usage::Return      any    0.003
#     Text::Markdown          any 1.000031
#     Text::Unidecode         any     0.04
#     Type::Tiny              any    0.038
#     Types::Path::Tiny       any    0.005
#     YAML                    any     0.90
#     strict                  any     1.07
#     warnings                any     1.13
# 
# === Runtime Recommends ===
# 
#     Module                           Want     Have
#     ------------------------------- ----- --------
#     HTML::Lint::Pluggable            0.06  missing
#     PPI                               any    1.215
#     Pod::Elemental                    any 0.103000
#     Pod::Weaver                     4.015    4.006
#     Syntax::Highlight::Engine::Kate   any     0.08
# 
t/00-report-prereqs.t ......... ok
Name "main::INC" used only once: possible typo at C:/strawberry163/perl/lib/Safe.pm line 365.
t/app/basic/command.t ......... ok
Name "main::INC" used only once: possible typo at C:/strawberry163/perl/lib/Safe.pm line 365.
t/app/basic/constructor.t ..... ok
Name "main::INC" used only once: possible typo at C:/strawberry163/perl/lib/Safe.pm line 365.
t/app/basic/pages.t ........... ok
Name "main::INC" used only once: possible typo at C:/strawberry163/perl/lib/Safe.pm line 365.

                #   Failed test at t/app/blog/command.t line 396.
                # Compared $data->{"content"}
                #    got : 'Draft body content
                # '
                # expect : 'Draft body content
                # '
                # Looks like you failed 1 test of 2.

            #   Failed test 'check the generated document'
            #   at t/app/blog/command.t line 406.
            # Looks like you failed 1 test of 2.

        #   Failed test 'title change creates different folder'
        #   at t/app/blog/command.t line 407.
        # Looks like you failed 1 test of 6.

    #   Failed test 'create new post'
    #   at t/app/blog/command.t line 409.
    # Looks like you failed 1 test of 1.

#   Failed test 'post'
#   at t/app/blog/command.t line 410.
# Looks like you failed 1 test of 3.
t/app/blog/command.t .......... 
Dubious, test returned 1 (wstat 256, 0x100)
Failed 1/3 subtests 
Name "main::INC" used only once: possible typo at C:/strawberry163/perl/lib/Safe.pm line 365.
t/app/blog/constructor.t ...... ok
Name "main::INC" used only once: possible typo at C:/strawberry163/perl/lib/Safe.pm line 365.
    # Current LC_TIME locale: Russian_Russia.1251
    # Could not set locale to ru_RU. Still 
t/app/blog/pages.t ............ ok
Name "main::INC" used only once: possible typo at C:/strawberry163/perl/lib/Safe.pm line 365.
t/app/blog/post_date.t ........ ok
Name "main::INC" used only once: possible typo at C:/strawberry163/perl/lib/Safe.pm line 365.
t/app/blog/recent_posts.t ..... ok
Name "main::INC" used only once: possible typo at C:/strawberry163/perl/lib/Safe.pm line 365.
t/app/blog/slugs.t ............ ok
Name "main::INC" used only once: possible typo at C:/strawberry163/perl/lib/Safe.pm line 365.
t/app/events.t ................ ok
Name "main::INC" used only once: possible typo at C:/strawberry163/perl/lib/Safe.pm line 365.
t/app/perldoc/constructor.t ... ok
Name "main::INC" used only once: possible typo at C:/strawberry163/perl/lib/Safe.pm line 365.
# C:/strawberry163/cpan/build/Statocles-0.093-ZgHNkG/t/share
t/app/perldoc/highlight.t ..... ok
Name "main::INC" used only once: possible typo at C:/strawberry163/perl/lib/Safe.pm line 365.
Class::MOP::load_class is deprecated at C:/strawberry163/perl/site/lib/Class/MOP.pm line 73.
	Class::MOP::load_class('MooseX::Role::Parameterized::Meta::Role::Parameterized') called at C:/strawberry163/perl/vendor/lib/MooseX/Role/Parameterized/Meta/Role/Parameterizable.pm line 60
	MooseX::Role::Parameterized::Meta::Role::Parameterizable::generate_role('MooseX::Role::Parameterized::Meta::Role::Parameterizable=HASH...', 'parameters', 'HASH(0x35903ac)') called at C:/strawberry163/perl/vendor/lib/MooseX/Role/Parameterized/Meta/Role/Parameterizable.pm line 94
	MooseX::Role::Parameterized::Meta::Role::Parameterizable::_role_for_combination('MooseX::Role::Parameterized::Meta::Role::Parameterizable=HASH...', 'HASH(0x35903ac)') called at C:/strawberry163/perl/site/lib/Moose/Meta/Role.pm line 492
	Moose::Meta::Role::combine('Moose::Meta::Role', 'ARRAY(0x35abd94)', 'ARRAY(0x359a794)', 'ARRAY(0x359a254)', 'ARRAY(0x36129e4)', 'ARRAY(0x35abc64)') called at C:/strawberry163/perl/site/lib/Moose/Util.pm line 169
	Moose::Util::_apply_all_roles('Moose::Meta::Class=HASH(0x359a204)', undef, 'Throwable', 'Role::Identifiable::HasIdent', 'Role::HasMessage', 'StackTrace::Auto', 'MooseX::OneArgNew', 'HASH(0x35903ac)') called at C:/strawberry163/perl/site/lib/Moose/Util.pm line 108
	Moose::Util::apply_all_roles('Moose::Meta::Class=HASH(0x359a204)', 'Throwable', 'Role::Identifiable::HasIdent', 'Role::HasMessage', 'StackTrace::Auto', 'MooseX::OneArgNew', 'HASH(0x35903ac)') called at C:/strawberry163/perl/site/lib/Moose.pm line 60
	Moose::with('Moose::Meta::Class=HASH(0x359a204)', 'Throwable', 'Role::Identifiable::HasIdent', 'Role::HasMessage', 'StackTrace::Auto', 'MooseX::OneArgNew', 'HASH(0x35903ac)') called at C:/strawberry163/perl/site/lib/Moose/Exporter.pm line 405
	Moose::with('Throwable', 'Role::Identifiable::HasIdent', 'Role::HasMessage', 'StackTrace::Auto', 'MooseX::OneArgNew', 'HASH(0x35903ac)') called at C:/strawberry163/perl/site/lib/Config/MVP/Error.pm line 21
	require Config/MVP/Error.pm called at C:/strawberry163/perl/site/lib/Config/MVP/Reader/Finder.pm line 25
	Config::MVP::Reader::Finder::BEGIN() called at C:/strawberry163/perl/site/lib/Config/MVP/Error.pm line 0
	eval {...} called at C:/strawberry163/perl/site/lib/Config/MVP/Error.pm line 0
	require Config/MVP/Reader/Finder.pm called at C:/strawberry163/perl/site/lib/Module/Runtime.pm line 317
	Module::Runtime::require_module('Config::MVP::Reader::Finder') called at C:/strawberry163/perl/site/lib/Module/Runtime.pm line 381
	eval {...} called at C:/strawberry163/perl/site/lib/Module/Runtime.pm line 381
	Module::Runtime::use_package_optimistically('Config::MVP::Reader::Finder') called at C:/strawberry163/perl/site/lib/Moose/Util.pm line 343
	Moose::Util::_load_user_class('Config::MVP::Reader::Finder', undef) called at C:/strawberry163/perl/site/lib/Moose/Meta/Class.pm line 561
	Moose::Meta::Class::superclasses(undef, 'Config::MVP::Reader::Finder') called at C:/strawberry163/perl/site/lib/Moose.pm line 56
	Moose::extends('Moose::Meta::Class=HASH(0x356ffcc)', 'Config::MVP::Reader::Finder') called at C:/strawberry163/perl/site/lib/Moose/Exporter.pm line 405
	Moose::extends('Config::MVP::Reader::Finder') called at C:/strawberry163/perl/site/lib/Pod/Weaver/Config/Finder.pm line 6
	require Pod/Weaver/Config/Finder.pm called at C:/strawberry163/perl/site/lib/Pod/Weaver.pm line 16
	Pod::Weaver::BEGIN() called at C:/strawberry163/perl/site/lib/Config/MVP/Error.pm line 0
	eval {...} called at C:/strawberry163/perl/site/lib/Config/MVP/Error.pm line 0
	require Pod/Weaver.pm called at t/app/perldoc/pages.t line 229
	eval {...} called at t/app/perldoc/pages.t line 229
	main::__ANON__() called at C:\strawberry163\cpan\build\Test-Simple-1.302135-a5PZCj/blib/lib/Test/Builder.pm line 339
	eval {...} called at C:\strawberry163\cpan\build\Test-Simple-1.302135-a5PZCj/blib/lib/Test/Builder.pm line 339
	Test::Builder::subtest('Test::Builder=HASH(0x20d9444)', 'with Pod::Weaver', 'CODE(0xaffe14)') called at C:\strawberry163\cpan\build\Test-Simple-1.302135-a5PZCj/blib/lib/Test/More.pm line 807
	Test::More::subtest('with Pod::Weaver', 'CODE(0xaffe14)') called at t/app/perldoc/pages.t line 347
t/app/perldoc/pages.t ......... ok
Name "main::INC" used only once: possible typo at C:/strawberry163/perl/lib/Safe.pm line 365.
t/app/role/store.t ............ ok
Name "main::INC" used only once: possible typo at C:/strawberry163/perl/lib/Safe.pm line 365.
t/app/template.t .............. ok
Name "main::INC" used only once: possible typo at C:/strawberry163/perl/lib/Safe.pm line 365.
t/app/url.t ................... ok
Name "main::INC" used only once: possible typo at C:/strawberry163/perl/lib/Safe.pm line 365.
t/command/apps.t .............. ok
Name "main::INC" used only once: possible typo at C:/strawberry163/perl/lib/Safe.pm line 365.
t/command/build.t ............. ok
Name "main::INC" used only once: possible typo at C:/strawberry163/perl/lib/Safe.pm line 365.
t/command/bundle.t ............ ok
Name "main::INC" used only once: possible typo at C:/strawberry163/perl/lib/Safe.pm line 365.
"git" ­¥ ï¥âáï ¢­ãâ७­¥© ¨«¨ ¢­¥è­¥©
ª®¬ ­¤®©, ¨á¯®«­ï¥¬®© ¯à®£à ¬¬®© ¨«¨ ¯ ª¥â­ë¬ ä ©«®¬.
Use of uninitialized value $git_version in concatenation (.) or string at t/command/create.t line 262.
    # Git version: 
Use of uninitialized value $git_version in numeric lt (<) at t/command/create.t line 263.
t/command/create.t ............ ok
Name "main::INC" used only once: possible typo at C:/strawberry163/perl/lib/Safe.pm line 365.
t/command/daemon.t ............ ok
Name "main::INC" used only once: possible typo at C:/strawberry163/perl/lib/Safe.pm line 365.
t/command/deploy.t ............ ok
Name "main::INC" used only once: possible typo at C:/strawberry163/perl/lib/Safe.pm line 365.
t/command/error.t ............. ok
Name "main::INC" used only once: possible typo at C:/strawberry163/perl/lib/Safe.pm line 365.
t/command/help_and_version.t .. ok
Name "main::INC" used only once: possible typo at C:/strawberry163/perl/lib/Safe.pm line 365.
    # No tests run!

#   Failed test 'No tests run for subtest "nonroot site"'
#   at t/command/mojo_app.t line 134.
Error utime () on 'C:/strawberry163/cpan/build/Statocles-0.093-ZgHNkG/.statocles/build/theme/css/normalize.css': Permission denied at C:\strawberry163\cpan\build\Statocles-0.093-ZgHNkG\blib\lib/Statocles/Store.pm line 153.
# Tests were run but no plan was declared and done_testing() was not seen.
# Looks like your test exited with 255 just after 2.
t/command/mojo_app.t .......... 
Dubious, test returned 255 (wstat 65280, 0xff00)
Failed 1/2 subtests 
Name "main::INC" used only once: possible typo at C:/strawberry163/perl/lib/Safe.pm line 365.
t/deploy/file.t ............... ok
"git" ­¥ ï¥âáï ¢­ãâ७­¥© ¨«¨ ¢­¥è­¥©
ª®¬ ­¤®©, ¨á¯®«­ï¥¬®© ¯à®£à ¬¬®© ¨«¨ ¯ ª¥â­ë¬ ä ©«®¬.
t/deploy/git.t ................ skipped: Git not installed
Name "main::INC" used only once: possible typo at C:/strawberry163/perl/lib/Safe.pm line 365.
t/deprecated.t ................ ok
Name "main::INC" used only once: possible typo at C:/strawberry163/perl/lib/Safe.pm line 365.
t/document.t .................. ok
Name "main::INC" used only once: possible typo at C:/strawberry163/perl/lib/Safe.pm line 365.
t/image.t ..................... ok
Name "main::INC" used only once: possible typo at C:/strawberry163/perl/lib/Safe.pm line 365.
t/link.t ...................... ok
Name "main::INC" used only once: possible typo at C:/strawberry163/perl/lib/Safe.pm line 365.
t/link/tree.t ................. ok
Name "main::INC" used only once: possible typo at C:/strawberry163/perl/lib/Safe.pm line 365.
t/page/basename.t ............. ok
Name "main::INC" used only once: possible typo at C:/strawberry163/perl/lib/Safe.pm line 365.
t/page/content_sections.t ..... ok
Name "main::INC" used only once: possible typo at C:/strawberry163/perl/lib/Safe.pm line 365.
Invalid data attribute in document "/required.markdown". Data attributes that are not hashes are deprecated and will be removed in v2.0. Please use a hash instead. See Statocles::Help::Upgrading
Invalid data attribute in document "/links/alternate_single.markdown". Data attributes that are not hashes are deprecated and will be removed in v2.0. Please use a hash instead. See Statocles::Help::Upgrading
t/page/document.t ............. ok
Name "main::INC" used only once: possible typo at C:/strawberry163/perl/lib/Safe.pm line 365.
t/page/file.t ................. ok
Name "main::INC" used only once: possible typo at C:/strawberry163/perl/lib/Safe.pm line 365.
t/page/images.t ............... ok
Name "main::INC" used only once: possible typo at C:/strawberry163/perl/lib/Safe.pm line 365.
t/page/links.t ................ ok
Name "main::INC" used only once: possible typo at C:/strawberry163/perl/lib/Safe.pm line 365.
t/page/list.t ................. ok
Name "main::INC" used only once: possible typo at C:/strawberry163/perl/lib/Safe.pm line 365.
t/page/list_item.t ............ ok
Name "main::INC" used only once: possible typo at C:/strawberry163/perl/lib/Safe.pm line 365.
[Sat Mar 31 04:22:32 2018] [debug] Render page: /path/to/page.html
t/page/plain.t ................ ok
Name "main::INC" used only once: possible typo at C:/strawberry163/perl/lib/Safe.pm line 365.
t/page/type.t ................. ok
Name "main::INC" used only once: possible typo at C:/strawberry163/perl/lib/Safe.pm line 365.
t/person.t .................... ok
Name "main::INC" used only once: possible typo at C:/strawberry163/perl/lib/Safe.pm line 365.
t/plugin.t .................... ok
Name "main::INC" used only once: possible typo at C:/strawberry163/perl/lib/Safe.pm line 365.
t/plugin/highlight.t .......... ok
t/plugin/html_lint.t .......... skipped: HTML::Lint::Pluggable v0.06 or higher needed
Name "main::INC" used only once: possible typo at C:/strawberry163/perl/lib/Safe.pm line 365.
t/plugin/link_check.t ......... ok
Name "main::INC" used only once: possible typo at C:/strawberry163/perl/lib/Safe.pm line 365.
t/plugin/mermaid.t ............ ok
Name "main::INC" used only once: possible typo at C:/strawberry163/perl/lib/Safe.pm line 365.
t/site.t ...................... ok
Name "main::INC" used only once: possible typo at C:/strawberry163/perl/lib/Safe.pm line 365.
[Sat Mar 31 04:23:10 2018] [warn] Store path "C:/strawberry163/cpan/build/Statocles-0.093-ZgHNkG/t/share/DOES_NOT_EXIST" does not exist
t/store.t ..................... ok
Name "main::INC" used only once: possible typo at C:/strawberry163/perl/lib/Safe.pm line 365.
t/template/basic.t ............ ok
Name "main::INC" used only once: possible typo at C:/strawberry163/perl/lib/Safe.pm line 365.
t/template/content.t .......... ok
Name "main::INC" used only once: possible typo at C:/strawberry163/perl/lib/Safe.pm line 365.
t/template/include.t .......... ok
Name "main::INC" used only once: possible typo at C:/strawberry163/perl/lib/Safe.pm line 365.
t/template/markdown.t ......... ok
Name "main::INC" used only once: possible typo at C:/strawberry163/perl/lib/Safe.pm line 365.
t/theme/check.t ............... ok
Name "main::INC" used only once: possible typo at C:/strawberry163/perl/lib/Safe.pm line 365.
t/theme/helper.t .............. ok
Name "main::INC" used only once: possible typo at C:/strawberry163/perl/lib/Safe.pm line 365.
t/theme/pages.t ............... ok
Name "main::INC" used only once: possible typo at C:/strawberry163/perl/lib/Safe.pm line 365.
t/theme/template.t ............ ok
Name "main::INC" used only once: possible typo at C:/strawberry163/perl/lib/Safe.pm line 365.
t/types.t ..................... ok
Name "main::INC" used only once: possible typo at C:/strawberry163/perl/lib/Safe.pm line 365.

        #   Failed test 'run_editor returns edited content'
        #   at t/util.t line 71.
        #          got: '---
        # title: Required Document
        # ---
        # No optional things in here, at all!
        # '
        #     expected: '---
        # title: Required Document
        # ---
        # No optional things in here, at all!
        # '
        # Looks like you failed 1 test of 2.

    #   Failed test 'editor found'
    #   at t/util.t line 72.
"HOPEFULLY_DOES_NOT_EXIST" ­¥ ï¥âáï ¢­ãâ७­¥© ¨«¨ ¢­¥è­¥©
ª®¬ ­¤®©, ¨á¯®«­ï¥¬®© ¯à®£à ¬¬®© ¨«¨ ¯ ª¥â­ë¬ ä ©«®¬.
    # Looks like you failed 1 test of 4.

#   Failed test 'run_editor'
#   at t/util.t line 99.

    #   Failed test 'STDIN content is correct'
    #   at t/util.t line 105.
    #          got: ''
    #     expected: 'Content on STDIN
    # '
    # Looks like you failed 1 test of 1.

#   Failed test 'read_stdin'
#   at t/util.t line 106.
# Looks like you failed 2 tests of 6.
t/util.t ...................... 
Dubious, test returned 2 (wstat 512, 0x200)
Failed 2/6 subtests 

Test Summary Report
-------------------
t/app/blog/command.t        (Wstat: 256 Tests: 3 Failed: 1)
  Failed test:  3
  Non-zero exit status: 1
t/command/mojo_app.t        (Wstat: 65280 Tests: 2 Failed: 1)
  Failed test:  2
  Non-zero exit status: 255
  Parse errors: No plan found in TAP output
t/util.t                    (Wstat: 512 Tests: 6 Failed: 2)
  Failed tests:  3-4
  Non-zero exit status: 2
Files=62, Tests=305, 389 wallclock secs ( 0.65 usr +  0.35 sys =  1.00 CPU)
Result: FAIL
Failed 3/62 test programs. 4/305 subtests failed.
dmake.exe:  Error code 130, while making 'test_dynamic'

------------------------------
PREREQUISITES
------------------------------

Prerequisite modules loaded:

requires:

    Module                  Need     Have    
    ----------------------- -------- --------
    Beam::Emitter           0.007    1.007   
    Beam::Wire              1.018    1.021   
    DateTime::Moonpig       0        1.03    
    Encode                  0        2.57    
    File::Share             0        0.25    
    Git::Repository         0        1.311   
    Import::Base            0.012    1.004   
    JSON::PP                0        2.27203 
    List::UtilsBy           0.09     0.09    
    Mojolicious             6.54     7.71    
    Moo                     2.000001 2.003004
    Path::Tiny              0.084    0.104   
    perl                    5.010    5.016003
    Pod::Simple             3.31     3.35    
    Pod::Usage::Return      0        0.003   
    strict                  0        1.07    
    Text::Markdown          0        1.000031
    Text::Unidecode         0        0.04    
    Type::Tiny              0        0.038   
    Types::Path::Tiny       0        0.005   
    warnings                0        1.13    
    YAML                    0        0.90    

build_requires:

    Module                  Need     Have    
    ----------------------- -------- --------
    Capture::Tiny           0        0.46    
    Dir::Self               0        0.11    
    ExtUtils::MakeMaker     0        6.64    
    File::Spec              0        3.40    
    IO::Handle              0        1.33    
    IPC::Open3              0        1.12    
    Storable                0        2.39    
    Test::Deep              0        0.110   
    Test::Differences       0.64     0.64    
    Test::Exception         0.42     0.43    
    Test::Lib               0        0.002   
    Test::More              1.001005 1.302135

configure_requires:

    Module                  Need     Have    
    ----------------------- -------- --------
    ExtUtils::MakeMaker     0        6.64    
    File::ShareDir::Install 0.06     0.08    


------------------------------
ENVIRONMENT AND OTHER CONTEXT
------------------------------

Environment variables:

    AUTOMATED_TESTING = 1
    COMSPEC = C:\WINDOWS\system32\cmd.exe
    NUMBER_OF_PROCESSORS = 1
    PATH = C:\WINDOWS\system32;C:\WINDOWS;C:\WINDOWS\System32\Wbem;C:\strawberry163\c\bin;C:\strawberry163\perl\site\bin;C:\strawberry163\perl\bin
    PERL5LIB = C:\strawberry163\cpan\build\Mojolicious-7.71-ShE7ov/blib/arch;C:\strawberry163\cpan\build\Mojolicious-7.71-ShE7ov/blib/lib;C:\strawberry163\cpan\build\IO-Socket-IP-0.39-1q6Yc9/blib/arch;C:\strawberry163\cpan\build\IO-Socket-IP-0.39-1q6Yc9/blib/lib;C:\strawberry163\cpan\build\Pod-Usage-Return-0.003-wD8OCu/blib/arch;C:\strawberry163\cpan\build\Pod-Usage-Return-0.003-wD8OCu/blib/lib;C:\strawberry163\cpan\build\File-Share-0.25-oMS2nI/blib/arch;C:\strawberry163\cpan\build\File-Share-0.25-oMS2nI/blib/lib;C:\strawberry163\cpan\build\DateTime-Moonpig-1.03-ViQSgn/blib/arch;C:\strawberry163\cpan\build\DateTime-Moonpig-1.03-ViQSgn/blib/lib;C:\strawberry163\cpan\build\Types-Path-Tiny-0.005-gpc7xD/blib/arch;C:\strawberry163\cpan\build\Types-Path-Tiny-0.005-gpc7xD/blib/lib;C:\strawberry163\cpan\build\Import-Base-1.004-cI0fqv/blib/arch;C:\strawberry163\cpan\build\Import-Base-1.004-cI0fqv/blib/lib;C:\strawberry163\cpan\build\Import-Into-1.002005-Y86IdE/blib/arch;C:\strawberry163\cpan\build\Import-Into-1.002005-Y86IdE/blib/lib;C:\strawberry163\cpan\build\Test-Exception-0.43-OsH9zX/blib/arch;C:\strawberry163\cpan\build\Test-Exception-0.43-OsH9zX/blib/lib;C:\strawberry163\cpan\build\Pod-Simple-3.35-82BSto/blib/arch;C:\strawberry163\cpan\build\Pod-Simple-3.35-82BSto/blib/lib;C:\strawberry163\cpan\build\Beam-Wire-1.021-ROtZvf/blib/arch;C:\strawberry163\cpan\build\Beam-Wire-1.021-ROtZvf/blib/lib;C:\strawberry163\cpan\build\Data-DPath-0.57-NHZEl5/blib/arch;C:\strawberry163\cpan\build\Data-DPath-0.57-NHZEl5/blib/lib;C:\strawberry163\cpan\build\aliased-0.34-wzQvZp/blib/arch;C:\strawberry163\cpan\build\aliased-0.34-wzQvZp/blib/lib;C:\strawberry163\cpan\build\Module-Build-Tiny-0.039-DM6czQ/blib/arch;C:\strawberry163\cpan\build\Module-Build-Tiny-0.039-DM6czQ/blib/lib;C:\strawberry163\cpan\build\Path-Tiny-0.104-26WXmI/blib/arch;C:\strawberry163\cpan\build\Path-Tiny-0.104-26WXmI/blib/lib;C:\strawberry163\cpan\build\Beam-Service-0.001-n_sSNa/blib/arch;C:\strawberry163\cpan\build\Beam-Service-0.001-n_sSNa/blib/lib;C:\strawberry163\cpan\build\Moo-2.003004-ybfcdY/blib/arch;C:\strawberry163\cpan\build\Moo-2.003004-ybfcdY/blib/lib;C:\strawberry163\cpan\build\Role-Tiny-2.000006-CIFY_L/blib/arch;C:\strawberry163\cpan\build\Role-Tiny-2.000006-CIFY_L/blib/lib;C:\strawberry163\cpan\build\Sub-Quote-2.005000-j4yfUQ/blib/arch;C:\strawberry163\cpan\build\Sub-Quote-2.005000-j4yfUQ/blib/lib;C:\strawberry163\cpan\build\Beam-Emitter-1.007-Sc56Zr/blib/arch;C:\strawberry163\cpan\build\Beam-Emitter-1.007-Sc56Zr/blib/lib;C:\strawberry163\cpan\build\Test-API-0.010-5e6AYU/blib/arch;C:\strawberry163\cpan\build\Test-API-0.010-5e6AYU/blib/lib;C:\strawberry163\cpan\build\Test-Differences-0.64-NcFmty/blib/arch;C:\strawberry163\cpan\build\Test-Differences-0.64-NcFmty/blib/lib;C:\strawberry163\cpan\build\Capture-Tiny-0.46-EHhTMp/blib/arch;C:\strawberry163\cpan\build\Capture-Tiny-0.46-EHhTMp/blib/lib;C:\strawberry163\cpan\build\Test-Simple-1.302135-a5PZCj/blib/arch;C:\strawberry163\cpan\build\Test-Simple-1.302135-a5PZCj/blib/lib;C:\strawberry163\cpan\build\Test-Lib-0.002-PSUrzP/blib/arch;C:\strawberry163\cpan\build\Test-Lib-0.002-PSUrzP/blib/lib
    PERL5OPT = 
    PERL5_CPANPLUS_IS_RUNNING = 1308
    PERL5_CPAN_IS_RUNNING = 1308
    PERL5_CPAN_IS_RUNNING_IN_RECURSION = 1184,1308
    PERL_CR_SMOKER_CURRENT = Statocles-0.093
    PERL_CR_SMOKER_RUNONCE = 1
    PERL_EXTUTILS_AUTOINSTALL = --defaultdeps
    PERL_MM_USE_DEFAULT = 1
    PROCESSOR_IDENTIFIER = x86 Family 18 Model 1 Stepping 0, AuthenticAMD
    TEMP = C:\DOCUME~1\c\LOCALS~1\Temp
    TERM = dumb

Perl special variables (and OS-specific diagnostics, for MSWin32):

    $^X = C:\strawberry163\perl\bin\perl.exe
    $UID/$EUID = 0 / 0
    $GID = 0
    $EGID = 0
    Win32::GetOSName = WinXP/.Net
    Win32::GetOSVersion = Service Pack 3, 5, 1, 2600, 2, 3, 0, 256, 1
    Win32::FsType = NTFS
    Win32::IsAdminUser = 1

Perl module toolchain versions installed:

    Module              Have    
    ------------------- --------
    CPAN                2.00    
    CPAN::Meta          2.140640
    Cwd                 3.40    
    ExtUtils::CBuilder  0.280206
    ExtUtils::Command   1.17    
    ExtUtils::Install   1.58    
    ExtUtils::MakeMaker 6.64    
    ExtUtils::Manifest  1.61    
    ExtUtils::ParseXS   3.24    
    File::Spec          3.40    
    JSON                2.90    
    JSON::PP            2.27203 
    Module::Build       0.4205  
    Module::Signature   0.70    
    Parse::CPAN::Meta   1.4414  
    Test::Harness       3.30    
    Test::More          1.302135
    YAML                0.90    
    YAML::Syck          1.24    
    version             0.9902  


--

Summary of my perl5 (revision 5 version 16 subversion 3) configuration:
   
  Platform:
    osname=MSWin32, osvers=4.0, archname=MSWin32-x86-multi-thread
    uname='Win32 strawberry-perl 5.16.3.1 #1 Tue Mar 12 13:55:20 2013 i386'
    config_args='undef'
    hint=recommended, useposix=true, d_sigaction=undef
    useithreads=define, usemultiplicity=define
    useperlio=define, d_sfio=undef, uselargefiles=define, usesocks=undef
    use64bitint=undef, use64bitall=undef, uselongdouble=undef
    usemymalloc=n, bincompat5005=undef
  Compiler:
    cc='gcc', ccflags =' -s -O2 -DWIN32  -DPERL_TEXTMODE_SCRIPTS -DPERL_IMPLICIT_CONTEXT -DPERL_IMPLICIT_SYS -fno-strict-aliasing -mms-bitfields',
    optimize='-s -O2',
    cppflags='-DWIN32'
    ccversion='', gccversion='4.6.3', gccosandvers=''
    intsize=4, longsize=4, ptrsize=4, doublesize=8, byteorder=1234
    d_longlong=undef, longlongsize=8, d_longdbl=define, longdblsize=12
    ivtype='long', ivsize=4, nvtype='double', nvsize=8, Off_t='long long', lseeksize=8
    alignbytes=8, prototype=define
  Linker and Libraries:
    ld='g++', ldflags ='-s -L"C:\strawberry163\perl\lib\CORE" -L"C:\strawberry163\c\lib"'
    libpth=C:\strawberry163\c\lib C:\strawberry163\c\i686-w64-mingw32\lib
    libs=-lmoldname -lkernel32 -luser32 -lgdi32 -lwinspool -lcomdlg32 -ladvapi32 -lshell32 -lole32 -loleaut32 -lnetapi32 -luuid -lws2_32 -lmpr -lwinmm -lversion -lodbc32 -lodbccp32 -lcomctl32
    perllibs=-lmoldname -lkernel32 -luser32 -lgdi32 -lwinspool -lcomdlg32 -ladvapi32 -lshell32 -lole32 -loleaut32 -lnetapi32 -luuid -lws2_32 -lmpr -lwinmm -lversion -lodbc32 -lodbccp32 -lcomctl32
    libc=, so=dll, useshrplib=true, libperl=libperl516.a
    gnulibc_version=''
  Dynamic Linking:
    dlsrc=dl_win32.xs, dlext=dll, d_dlsymun=undef, ccdlflags=' '
    cccdlflags=' ', lddlflags='-mdll -s -L"C:\strawberry163\perl\lib\CORE" -L"C:\strawberry163\c\lib"'


Characteristics of this binary (from libperl): 
  Compile-time options: HAS_TIMES HAVE_INTERP_INTERN MULTIPLICITY
                        PERLIO_LAYERS PERL_DONT_CREATE_GVSV
                        PERL_IMPLICIT_CONTEXT PERL_IMPLICIT_SYS
                        PERL_MALLOC_WRAP PERL_PRESERVE_IVUV PL_OP_SLAB_ALLOC
                        USE_ITHREADS USE_LARGE_FILES USE_LOCALE
                        USE_LOCALE_COLLATE USE_LOCALE_CTYPE
                        USE_LOCALE_NUMERIC USE_PERLIO USE_PERL_ATOF
  Built under MSWin32
  Compiled at Mar 12 2013 14:01:07
  %ENV:
    PERL5LIB="C:\strawberry163\cpan\build\Mojolicious-7.71-ShE7ov/blib/arch;C:\strawberry163\cpan\build\Mojolicious-7.71-ShE7ov/blib/lib;C:\strawberry163\cpan\build\IO-Socket-IP-0.39-1q6Yc9/blib/arch;C:\strawberry163\cpan\build\IO-Socket-IP-0.39-1q6Yc9/blib/lib;C:\strawberry163\cpan\build\Pod-Usage-Return-0.003-wD8OCu/blib/arch;C:\strawberry163\cpan\build\Pod-Usage-Return-0.003-wD8OCu/blib/lib;C:\strawberry163\cpan\build\File-Share-0.25-oMS2nI/blib/arch;C:\strawberry163\cpan\build\File-Share-0.25-oMS2nI/blib/lib;C:\strawberry163\cpan\build\DateTime-Moonpig-1.03-ViQSgn/blib/arch;C:\strawberry163\cpan\build\DateTime-Moonpig-1.03-ViQSgn/blib/lib;C:\strawberry163\cpan\build\Types-Path-Tiny-0.005-gpc7xD/blib/arch;C:\strawberry163\cpan\build\Types-Path-Tiny-0.005-gpc7xD/blib/lib;C:\strawberry163\cpan\build\Import-Base-1.004-cI0fqv/blib/arch;C:\strawberry163\cpan\build\Import-Base-1.004-cI0fqv/blib/lib;C:\strawberry163\cpan\build\Import-Into-1.002005-Y86IdE/blib/arch;C:\strawberry163\cpan\build\Import-Into-1.002005-Y86IdE/blib/lib;C:\strawberry163\cpan\build\Test-Exception-0.43-OsH9zX/blib/arch;C:\strawberry163\cpan\build\Test-Exception-0.43-OsH9zX/blib/lib;C:\strawberry163\cpan\build\Pod-Simple-3.35-82BSto/blib/arch;C:\strawberry163\cpan\build\Pod-Simple-3.35-82BSto/blib/lib;C:\strawberry163\cpan\build\Beam-Wire-1.021-ROtZvf/blib/arch;C:\strawberry163\cpan\build\Beam-Wire-1.021-ROtZvf/blib/lib;C:\strawberry163\cpan\build\Data-DPath-0.57-NHZEl5/blib/arch;C:\strawberry163\cpan\build\Data-DPath-0.57-NHZEl5/blib/lib;C:\strawberry163\cpan\build\aliased-0.34-wzQvZp/blib/arch;C:\strawberry163\cpan\build\aliased-0.34-wzQvZp/blib/lib;C:\strawberry163\cpan\build\Module-Build-Tiny-0.039-DM6czQ/blib/arch;C:\strawberry163\cpan\build\Module-Build-Tiny-0.039-DM6czQ/blib/lib;C:\strawberry163\cpan\build\Path-Tiny-0.104-26WXmI/blib/arch;C:\strawberry163\cpan\build\Path-Tiny-0.104-26WXmI/blib/lib;C:\strawberry163\cpan\build\Beam-Service-0.001-n_sSNa/blib/arch;C:\strawberry163\cpan\build\Beam-Service-0.001-n_sSNa/blib/lib;C:\strawberry163\cpan\build\Moo-2.003004-ybfcdY/blib/arch;C:\strawberry163\cpan\build\Moo-2.003004-ybfcdY/blib/lib;C:\strawberry163\cpan\build\Role-Tiny-2.000006-CIFY_L/blib/arch;C:\strawberry163\cpan\build\Role-Tiny-2.000006-CIFY_L/blib/lib;C:\strawberry163\cpan\build\Sub-Quote-2.005000-j4yfUQ/blib/arch;C:\strawberry163\cpan\build\Sub-Quote-2.005000-j4yfUQ/blib/lib;C:\strawberry163\cpan\build\Beam-Emitter-1.007-Sc56Zr/blib/arch;C:\strawberry163\cpan\build\Beam-Emitter-1.007-Sc56Zr/blib/lib;C:\strawberry163\cpan\build\Test-API-0.010-5e6AYU/blib/arch;C:\strawberry163\cpan\build\Test-API-0.010-5e6AYU/blib/lib;C:\strawberry163\cpan\build\Test-Differences-0.64-NcFmty/blib/arch;C:\strawberry163\cpan\build\Test-Differences-0.64-NcFmty/blib/lib;C:\strawberry163\cpan\build\Capture-Tiny-0.46-EHhTMp/blib/arch;C:\strawberry163\cpan\build\Capture-Tiny-0.46-EHhTMp/blib/lib;C:\strawberry163\cpan\build\Test-Simple-1.302135-a5PZCj/blib/arch;C:\strawberry163\cpan\build\Test-Simple-1.302135-a5PZCj/blib/lib;C:\strawberry163\cpan\build\Test-Lib-0.002-PSUrzP/blib/arch;C:\strawberry163\cpan\build\Test-Lib-0.002-PSUrzP/blib/lib"
    PERL5_CPANPLUS_IS_RUNNING="1308"
    PERL5_CPAN_IS_RUNNING="1308"
    PERL5_CPAN_IS_RUNNING_IN_RECURSION="1184,1308"
    PERL_CR_SMOKER_CURRENT="Statocles-0.093"
    PERL_CR_SMOKER_RUNONCE="1"
    PERL_EXTUTILS_AUTOINSTALL="--defaultdeps"
    PERL_MM_USE_DEFAULT="1"
  @INC:
    C:\strawberry163\cpan\build\Mojolicious-7.71-ShE7ov/blib/arch
    C:\strawberry163\cpan\build\Mojolicious-7.71-ShE7ov/blib/lib
    C:\strawberry163\cpan\build\IO-Socket-IP-0.39-1q6Yc9/blib/arch
    C:\strawberry163\cpan\build\IO-Socket-IP-0.39-1q6Yc9/blib/lib
    C:\strawberry163\cpan\build\Pod-Usage-Return-0.003-wD8OCu/blib/arch
    C:\strawberry163\cpan\build\Pod-Usage-Return-0.003-wD8OCu/blib/lib
    C:\strawberry163\cpan\build\File-Share-0.25-oMS2nI/blib/arch
    C:\strawberry163\cpan\build\File-Share-0.25-oMS2nI/blib/lib
    C:\strawberry163\cpan\build\DateTime-Moonpig-1.03-ViQSgn/blib/arch
    C:\strawberry163\cpan\build\DateTime-Moonpig-1.03-ViQSgn/blib/lib
    C:\strawberry163\cpan\build\Types-Path-Tiny-0.005-gpc7xD/blib/arch
    C:\strawberry163\cpan\build\Types-Path-Tiny-0.005-gpc7xD/blib/lib
    C:\strawberry163\cpan\build\Import-Base-1.004-cI0fqv/blib/arch
    C:\strawberry163\cpan\build\Import-Base-1.004-cI0fqv/blib/lib
    C:\strawberry163\cpan\build\Import-Into-1.002005-Y86IdE/blib/arch
    C:\strawberry163\cpan\build\Import-Into-1.002005-Y86IdE/blib/lib
    C:\strawberry163\cpan\build\Test-Exception-0.43-OsH9zX/blib/arch
    C:\strawberry163\cpan\build\Test-Exception-0.43-OsH9zX/blib/lib
    C:\strawberry163\cpan\build\Pod-Simple-3.35-82BSto/blib/arch
    C:\strawberry163\cpan\build\Pod-Simple-3.35-82BSto/blib/lib
    C:\strawberry163\cpan\build\Beam-Wire-1.021-ROtZvf/blib/arch
    C:\strawberry163\cpan\build\Beam-Wire-1.021-ROtZvf/blib/lib
    C:\strawberry163\cpan\build\Data-DPath-0.57-NHZEl5/blib/arch
    C:\strawberry163\cpan\build\Data-DPath-0.57-NHZEl5/blib/lib
    C:\strawberry163\cpan\build\aliased-0.34-wzQvZp/blib/arch
    C:\strawberry163\cpan\build\aliased-0.34-wzQvZp/blib/lib
    C:\strawberry163\cpan\build\Module-Build-Tiny-0.039-DM6czQ/blib/arch
    C:\strawberry163\cpan\build\Module-Build-Tiny-0.039-DM6czQ/blib/lib
    C:\strawberry163\cpan\build\Path-Tiny-0.104-26WXmI/blib/arch
    C:\strawberry163\cpan\build\Path-Tiny-0.104-26WXmI/blib/lib
    C:\strawberry163\cpan\build\Beam-Service-0.001-n_sSNa/blib/arch
    C:\strawberry163\cpan\build\Beam-Service-0.001-n_sSNa/blib/lib
    C:\strawberry163\cpan\build\Moo-2.003004-ybfcdY/blib/arch
    C:\strawberry163\cpan\build\Moo-2.003004-ybfcdY/blib/lib
    C:\strawberry163\cpan\build\Role-Tiny-2.000006-CIFY_L/blib/arch
    C:\strawberry163\cpan\build\Role-Tiny-2.000006-CIFY_L/blib/lib
    C:\strawberry163\cpan\build\Sub-Quote-2.005000-j4yfUQ/blib/arch
    C:\strawberry163\cpan\build\Sub-Quote-2.005000-j4yfUQ/blib/lib
    C:\strawberry163\cpan\build\Beam-Emitter-1.007-Sc56Zr/blib/arch
    C:\strawberry163\cpan\build\Beam-Emitter-1.007-Sc56Zr/blib/lib
    C:\strawberry163\cpan\build\Test-API-0.010-5e6AYU/blib/arch
    C:\strawberry163\cpan\build\Test-API-0.010-5e6AYU/blib/lib
    C:\strawberry163\cpan\build\Test-Differences-0.64-NcFmty/blib/arch
    C:\strawberry163\cpan\build\Test-Differences-0.64-NcFmty/blib/lib
    C:\strawberry163\cpan\build\Capture-Tiny-0.46-EHhTMp/blib/arch
    C:\strawberry163\cpan\build\Capture-Tiny-0.46-EHhTMp/blib/lib
    C:\strawberry163\cpan\build\Test-Simple-1.302135-a5PZCj/blib/arch
    C:\strawberry163\cpan\build\Test-Simple-1.302135-a5PZCj/blib/lib
    C:\strawberry163\cpan\build\Test-Lib-0.002-PSUrzP/blib/arch
    C:\strawberry163\cpan\build\Test-Lib-0.002-PSUrzP/blib/lib
    C:/strawberry163/perl/site/lib
    C:/strawberry163/perl/vendor/lib
    C:/strawberry163/perl/lib
    .