Net-Stomp v0.61 Perl 5 v5.8.9 amd64-freebsd

Status
Fail
From
Slaven Rezić
Dist
Net-Stomp v0.61
Platform
Perl 5 v5.8.9 amd64-freebsd
Date
2021-04-13 20:46:38
ID
57f2755e-9c99-11eb-b634-fe3f1f24ea8f
This distribution has been tested as part of the CPAN Testers
project, supporting the Perl programming language.  See
http://wiki.cpantesters.org/ for more information or email
questions to cpan-testers-discuss@perl.org


--
Dear Gianni Ceccarelli,

This is a computer-generated report for Net-Stomp-0.61
on perl 5.8.9, created by CPAN-Reporter-1.2018.

Thank you for uploading your work to CPAN.  However, there was a problem
testing your distribution.

If you think this report is invalid, please consult the CPAN Testers Wiki
for suggestions on how to avoid getting FAIL reports for missing library
or binary dependencies, unsupported operating systems, and so on:

http://wiki.cpantesters.org/wiki/CPANAuthorNotes

Sections of this report:

    * Tester comments
    * Program output
    * Prerequisites
    * Environment and other context

------------------------------
TESTER COMMENTS
------------------------------

Additional comments from tester:

none provided

------------------------------
PROGRAM OUTPUT
------------------------------

Output from './Build test':

Global symbol "$sub" requires explicit package name at /usr/home/cpansand/.cpan/build/2021041322/Net-Stomp-0.61-5/blib/lib/Net/Stomp.pm line 196.
Global symbol "$sub" requires explicit package name at /usr/home/cpansand/.cpan/build/2021041322/Net-Stomp-0.61-5/blib/lib/Net/Stomp.pm line 196.
Global symbol "$timeout" requires explicit package name at /usr/home/cpansand/.cpan/build/2021041322/Net-Stomp-0.61-5/blib/lib/Net/Stomp.pm line 196.
Global symbol "$timeout" requires explicit package name at /usr/home/cpansand/.cpan/build/2021041322/Net-Stomp-0.61-5/blib/lib/Net/Stomp.pm line 196.
Global symbol "$body" requires explicit package name at /usr/home/cpansand/.cpan/build/2021041322/Net-Stomp-0.61-5/blib/lib/Net/Stomp.pm line 196.
Global symbol "$body" requires explicit package name at /usr/home/cpansand/.cpan/build/2021041322/Net-Stomp-0.61-5/blib/lib/Net/Stomp.pm line 196.
Global symbol "$receipt_id" requires explicit package name at /usr/home/cpansand/.cpan/build/2021041322/Net-Stomp-0.61-5/blib/lib/Net/Stomp.pm line 196.
Global symbol "$receipt_id" requires explicit package name at /usr/home/cpansand/.cpan/build/2021041322/Net-Stomp-0.61-5/blib/lib/Net/Stomp.pm line 196.
Global symbol "$receipt_id" requires explicit package name at /usr/home/cpansand/.cpan/build/2021041322/Net-Stomp-0.61-5/blib/lib/Net/Stomp.pm line 196.
Global symbol "$receipt_timeout" requires explicit package name at /usr/home/cpansand/.cpan/build/2021041322/Net-Stomp-0.61-5/blib/lib/Net/Stomp.pm line 196.
Global symbol "$receipt_frame" requires explicit package name at /usr/home/cpansand/.cpan/build/2021041322/Net-Stomp-0.61-5/blib/lib/Net/Stomp.pm line 196.
Global symbol "$receipt_timeout" requires explicit package name at /usr/home/cpansand/.cpan/build/2021041322/Net-Stomp-0.61-5/blib/lib/Net/Stomp.pm line 196.
Global symbol "$receipt_timeout" requires explicit package name at /usr/home/cpansand/.cpan/build/2021041322/Net-Stomp-0.61-5/blib/lib/Net/Stomp.pm line 196.
Global symbol "$receipt_frame" requires explicit package name at /usr/home/cpansand/.cpan/build/2021041322/Net-Stomp-0.61-5/blib/lib/Net/Stomp.pm line 196.
Global symbol "$receipt_frame" requires explicit package name at /usr/home/cpansand/.cpan/build/2021041322/Net-Stomp-0.61-5/blib/lib/Net/Stomp.pm line 196.
Global symbol "$receipt_frame" requires explicit package name at /usr/home/cpansand/.cpan/build/2021041322/Net-Stomp-0.61-5/blib/lib/Net/Stomp.pm line 196.
Global symbol "$receipt_frame" requires explicit package name at /usr/home/cpansand/.cpan/build/2021041322/Net-Stomp-0.61-5/blib/lib/Net/Stomp.pm line 196.
Global symbol "$receipt_id" requires explicit package name at /usr/home/cpansand/.cpan/build/2021041322/Net-Stomp-0.61-5/blib/lib/Net/Stomp.pm line 196.
Global symbol "$receipt_frame" requires explicit package name at /usr/home/cpansand/.cpan/build/2021041322/Net-Stomp-0.61-5/blib/lib/Net/Stomp.pm line 196.
Global symbol "$receipt_frame" requires explicit package name at /usr/home/cpansand/.cpan/build/2021041322/Net-Stomp-0.61-5/blib/lib/Net/Stomp.pm line 196.
Global symbol "$transaction_id" requires explicit package name at /usr/home/cpansand/.cpan/build/2021041322/Net-Stomp-0.61-5/blib/lib/Net/Stomp.pm line 196.
Global symbol "$transaction_id" requires explicit package name at /usr/home/cpansand/.cpan/build/2021041322/Net-Stomp-0.61-5/blib/lib/Net/Stomp.pm line 196.
Global symbol "$begin_frame" requires explicit package name at /usr/home/cpansand/.cpan/build/2021041322/Net-Stomp-0.61-5/blib/lib/Net/Stomp.pm line 196.
Global symbol "$transaction_id" requires explicit package name at /usr/home/cpansand/.cpan/build/2021041322/Net-Stomp-0.61-5/blib/lib/Net/Stomp.pm line 196.
Global symbol "$begin_frame" requires explicit package name at /usr/home/cpansand/.cpan/build/2021041322/Net-Stomp-0.61-5/blib/lib/Net/Stomp.pm line 196.
Global symbol "$transaction_id" requires explicit package name at /usr/home/cpansand/.cpan/build/2021041322/Net-Stomp-0.61-5/blib/lib/Net/Stomp.pm line 196.
Global symbol "$receipt_frame" requires explicit package name at /usr/home/cpansand/.cpan/build/2021041322/Net-Stomp-0.61-5/blib/lib/Net/Stomp.pm line 196.
Global symbol "$ret" requires explicit package name at /usr/home/cpansand/.cpan/build/2021041322/Net-Stomp-0.61-5/blib/lib/Net/Stomp.pm line 196.
Global symbol "$receipt_frame" requires explicit package name at /usr/home/cpansand/.cpan/build/2021041322/Net-Stomp-0.61-5/blib/lib/Net/Stomp.pm line 196.
Global symbol "$receipt_frame" requires explicit package name at /usr/home/cpansand/.cpan/build/2021041322/Net-Stomp-0.61-5/blib/lib/Net/Stomp.pm line 196.
Global symbol "$ret" requires explicit package name at /usr/home/cpansand/.cpan/build/2021041322/Net-Stomp-0.61-5/blib/lib/Net/Stomp.pm line 196.
Global symbol "$transaction_id" requires explicit package name at /usr/home/cpansand/.cpan/build/2021041322/Net-Stomp-0.61-5/blib/lib/Net/Stomp.pm line 196.
Global symbol "$frame_commit" requires explicit package name at /usr/home/cpansand/.cpan/build/2021041322/Net-Stomp-0.61-5/blib/lib/Net/Stomp.pm line 196.
Global symbol "$transaction_id" requires explicit package name at /usr/home/cpansand/.cpan/build/2021041322/Net-Stomp-0.61-5/blib/lib/Net/Stomp.pm line 196.
Global symbol "$frame_commit" requires explicit package name at /usr/home/cpansand/.cpan/build/2021041322/Net-Stomp-0.61-5/blib/lib/Net/Stomp.pm line 196.
Global symbol "$transaction_id" requires explicit package name at /usr/home/cpansand/.cpan/build/2021041322/Net-Stomp-0.61-5/blib/lib/Net/Stomp.pm line 196.
Global symbol "$frame_abort" requires explicit package name at /usr/home/cpansand/.cpan/build/2021041322/Net-Stomp-0.61-5/blib/lib/Net/Stomp.pm line 196.
Global symbol "$transaction_id" requires explicit package name at /usr/home/cpansand/.cpan/build/2021041322/Net-Stomp-0.61-5/blib/lib/Net/Stomp.pm line 196.
Global symbol "$frame_abort" requires explicit package name at /usr/home/cpansand/.cpan/build/2021041322/Net-Stomp-0.61-5/blib/lib/Net/Stomp.pm line 196.
Global symbol "$ret" requires explicit package name at /usr/home/cpansand/.cpan/build/2021041322/Net-Stomp-0.61-5/blib/lib/Net/Stomp.pm line 196.
Global symbol "$subs" requires explicit package name at /usr/home/cpansand/.cpan/build/2021041322/Net-Stomp-0.61-5/blib/lib/Net/Stomp.pm line 196.
Global symbol "$subs" requires explicit package name at /usr/home/cpansand/.cpan/build/2021041322/Net-Stomp-0.61-5/blib/lib/Net/Stomp.pm line 196.
Global symbol "$subs" requires explicit package name at /usr/home/cpansand/.cpan/build/2021041322/Net-Stomp-0.61-5/blib/lib/Net/Stomp.pm line 196.
Global symbol "$subs" requires explicit package name at /usr/home/cpansand/.cpan/build/2021041322/Net-Stomp-0.61-5/blib/lib/Net/Stomp.pm line 196.
Global symbol "$id" requires explicit package name at /usr/home/cpansand/.cpan/build/2021041322/Net-Stomp-0.61-5/blib/lib/Net/Stomp.pm line 196.
Global symbol "$id" requires explicit package name at /usr/home/cpansand/.cpan/build/2021041322/Net-Stomp-0.61-5/blib/lib/Net/Stomp.pm line 196.
Global symbol "$id" requires explicit package name at /usr/home/cpansand/.cpan/build/2021041322/Net-Stomp-0.61-5/blib/lib/Net/Stomp.pm line 196.
Global symbol "$id" requires explicit package name at /usr/home/cpansand/.cpan/build/2021041322/Net-Stomp-0.61-5/blib/lib/Net/Stomp.pm line 196.
Global symbol "$id" requires explicit package name at /usr/home/cpansand/.cpan/build/2021041322/Net-Stomp-0.61-5/blib/lib/Net/Stomp.pm line 196.
Global symbol "$id" requires explicit package name at /usr/home/cpansand/.cpan/build/2021041322/Net-Stomp-0.61-5/blib/lib/Net/Stomp.pm line 196.
Global symbol "$to_write" requires explicit package name at /usr/home/cpansand/.cpan/build/2021041322/Net-Stomp-0.61-5/blib/lib/Net/Stomp.pm line 196.
Global symbol "$frame_string" requires explicit package name at /usr/home/cpansand/.cpan/build/2021041322/Net-Stomp-0.61-5/blib/lib/Net/Stomp.pm line 196.
Global symbol "$written" requires explicit package name at /usr/home/cpansand/.cpan/build/2021041322/Net-Stomp-0.61-5/blib/lib/Net/Stomp.pm line 196.
Global symbol "$to_write" requires explicit package name at /usr/home/cpansand/.cpan/build/2021041322/Net-Stomp-0.61-5/blib/lib/Net/Stomp.pm line 196.
Global symbol "$written" requires explicit package name at /usr/home/cpansand/.cpan/build/2021041322/Net-Stomp-0.61-5/blib/lib/Net/Stomp.pm line 196.
Global symbol "$to_write" requires explicit package name at /usr/home/cpansand/.cpan/build/2021041322/Net-Stomp-0.61-5/blib/lib/Net/Stomp.pm line 196.
Global symbol "$written" requires explicit package name at /usr/home/cpansand/.cpan/build/2021041322/Net-Stomp-0.61-5/blib/lib/Net/Stomp.pm line 196.
Global symbol "$to_write" requires explicit package name at /usr/home/cpansand/.cpan/build/2021041322/Net-Stomp-0.61-5/blib/lib/Net/Stomp.pm line 196.
Global symbol "$written" requires explicit package name at /usr/home/cpansand/.cpan/build/2021041322/Net-Stomp-0.61-5/blib/lib/Net/Stomp.pm line 196.
Global symbol "$written" requires explicit package name at /usr/home/cpansand/.cpan/build/2021041322/Net-Stomp-0.61-5/blib/lib/Net/Stomp.pm line 196.
Global symbol "$frame_string" requires explicit package name at /usr/home/cpansand/.cpan/build/2021041322/Net-Stomp-0.61-5/blib/lib/Net/Stomp.pm line 196.
Global symbol "$written" requires explicit package name at /usr/home/cpansand/.cpan/build/2021041322/Net-Stomp-0.61-5/blib/lib/Net/Stomp.pm line 196.
Global symbol "$timeout" requires explicit package name at /usr/home/cpansand/.cpan/build/2021041322/Net-Stomp-0.61-5/blib/lib/Net/Stomp.pm line 196.
Global symbol "$timeout" requires explicit package name at /usr/home/cpansand/.cpan/build/2021041322/Net-Stomp-0.61-5/blib/lib/Net/Stomp.pm line 196.
Global symbol "$len" requires explicit package name at /usr/home/cpansand/.cpan/build/2021041322/Net-Stomp-0.61-5/blib/lib/Net/Stomp.pm line 196.
Global symbol "$len" requires explicit package name at /usr/home/cpansand/.cpan/build/2021041322/Net-Stomp-0.61-5/blib/lib/Net/Stomp.pm line 196.
Global symbol "$len" requires explicit package name at /usr/home/cpansand/.cpan/build/2021041322/Net-Stomp-0.61-5/blib/lib/Net/Stomp.pm line 196.
Global symbol "$len" requires explicit package name at /usr/home/cpansand/.cpan/build/2021041322/Net-Stomp-0.61-5/blib/lib/Net/Stomp.pm line 196.
Global symbol "$len" requires explicit package name at /usr/home/cpansand/.cpan/build/2021041322/Net-Stomp-0.61-5/blib/lib/Net/Stomp.pm line 196.
syntax error at /usr/home/cpansand/.cpan/build/2021041322/Net-Stomp-0.61-5/blib/lib/Net/Stomp.pm line 453, near "[^"
  (Might be a runaway multi-line // string starting on line 196)
/usr/home/cpansand/.cpan/build/2021041322/Net-Stomp-0.61-5/blib/lib/Net/Stomp.pm has too many errors.
Compilation failed in require at t/lib/TestHelp.pm line 10.
BEGIN failed--compilation aborted at t/lib/TestHelp.pm line 10.
Compilation failed in require at t/connect-disconnect.t line 2.
BEGIN failed--compilation aborted at t/connect-disconnect.t line 2.
t/connect-disconnect.t .. 
Dubious, test returned 2 (wstat 512, 0x200)
No subtests run 
Global symbol "$sub" requires explicit package name at /usr/home/cpansand/.cpan/build/2021041322/Net-Stomp-0.61-5/blib/lib/Net/Stomp.pm line 196.
Global symbol "$sub" requires explicit package name at /usr/home/cpansand/.cpan/build/2021041322/Net-Stomp-0.61-5/blib/lib/Net/Stomp.pm line 196.
Global symbol "$timeout" requires explicit package name at /usr/home/cpansand/.cpan/build/2021041322/Net-Stomp-0.61-5/blib/lib/Net/Stomp.pm line 196.
Global symbol "$timeout" requires explicit package name at /usr/home/cpansand/.cpan/build/2021041322/Net-Stomp-0.61-5/blib/lib/Net/Stomp.pm line 196.
Global symbol "$body" requires explicit package name at /usr/home/cpansand/.cpan/build/2021041322/Net-Stomp-0.61-5/blib/lib/Net/Stomp.pm line 196.
Global symbol "$body" requires explicit package name at /usr/home/cpansand/.cpan/build/2021041322/Net-Stomp-0.61-5/blib/lib/Net/Stomp.pm line 196.
Global symbol "$receipt_id" requires explicit package name at /usr/home/cpansand/.cpan/build/2021041322/Net-Stomp-0.61-5/blib/lib/Net/Stomp.pm line 196.
Global symbol "$receipt_id" requires explicit package name at /usr/home/cpansand/.cpan/build/2021041322/Net-Stomp-0.61-5/blib/lib/Net/Stomp.pm line 196.
Global symbol "$receipt_id" requires explicit package name at /usr/home/cpansand/.cpan/build/2021041322/Net-Stomp-0.61-5/blib/lib/Net/Stomp.pm line 196.
Global symbol "$receipt_timeout" requires explicit package name at /usr/home/cpansand/.cpan/build/2021041322/Net-Stomp-0.61-5/blib/lib/Net/Stomp.pm line 196.
Global symbol "$receipt_frame" requires explicit package name at /usr/home/cpansand/.cpan/build/2021041322/Net-Stomp-0.61-5/blib/lib/Net/Stomp.pm line 196.
Global symbol "$receipt_timeout" requires explicit package name at /usr/home/cpansand/.cpan/build/2021041322/Net-Stomp-0.61-5/blib/lib/Net/Stomp.pm line 196.
Global symbol "$receipt_timeout" requires explicit package name at /usr/home/cpansand/.cpan/build/2021041322/Net-Stomp-0.61-5/blib/lib/Net/Stomp.pm line 196.
Global symbol "$receipt_frame" requires explicit package name at /usr/home/cpansand/.cpan/build/2021041322/Net-Stomp-0.61-5/blib/lib/Net/Stomp.pm line 196.
Global symbol "$receipt_frame" requires explicit package name at /usr/home/cpansand/.cpan/build/2021041322/Net-Stomp-0.61-5/blib/lib/Net/Stomp.pm line 196.
Global symbol "$receipt_frame" requires explicit package name at /usr/home/cpansand/.cpan/build/2021041322/Net-Stomp-0.61-5/blib/lib/Net/Stomp.pm line 196.
Global symbol "$receipt_frame" requires explicit package name at /usr/home/cpansand/.cpan/build/2021041322/Net-Stomp-0.61-5/blib/lib/Net/Stomp.pm line 196.
Global symbol "$receipt_id" requires explicit package name at /usr/home/cpansand/.cpan/build/2021041322/Net-Stomp-0.61-5/blib/lib/Net/Stomp.pm line 196.
Global symbol "$receipt_frame" requires explicit package name at /usr/home/cpansand/.cpan/build/2021041322/Net-Stomp-0.61-5/blib/lib/Net/Stomp.pm line 196.
Global symbol "$receipt_frame" requires explicit package name at /usr/home/cpansand/.cpan/build/2021041322/Net-Stomp-0.61-5/blib/lib/Net/Stomp.pm line 196.
Global symbol "$transaction_id" requires explicit package name at /usr/home/cpansand/.cpan/build/2021041322/Net-Stomp-0.61-5/blib/lib/Net/Stomp.pm line 196.
Global symbol "$transaction_id" requires explicit package name at /usr/home/cpansand/.cpan/build/2021041322/Net-Stomp-0.61-5/blib/lib/Net/Stomp.pm line 196.
Global symbol "$begin_frame" requires explicit package name at /usr/home/cpansand/.cpan/build/2021041322/Net-Stomp-0.61-5/blib/lib/Net/Stomp.pm line 196.
Global symbol "$transaction_id" requires explicit package name at /usr/home/cpansand/.cpan/build/2021041322/Net-Stomp-0.61-5/blib/lib/Net/Stomp.pm line 196.
Global symbol "$begin_frame" requires explicit package name at /usr/home/cpansand/.cpan/build/2021041322/Net-Stomp-0.61-5/blib/lib/Net/Stomp.pm line 196.
Global symbol "$transaction_id" requires explicit package name at /usr/home/cpansand/.cpan/build/2021041322/Net-Stomp-0.61-5/blib/lib/Net/Stomp.pm line 196.
Global symbol "$receipt_frame" requires explicit package name at /usr/home/cpansand/.cpan/build/2021041322/Net-Stomp-0.61-5/blib/lib/Net/Stomp.pm line 196.
Global symbol "$ret" requires explicit package name at /usr/home/cpansand/.cpan/build/2021041322/Net-Stomp-0.61-5/blib/lib/Net/Stomp.pm line 196.
Global symbol "$receipt_frame" requires explicit package name at /usr/home/cpansand/.cpan/build/2021041322/Net-Stomp-0.61-5/blib/lib/Net/Stomp.pm line 196.
Global symbol "$receipt_frame" requires explicit package name at /usr/home/cpansand/.cpan/build/2021041322/Net-Stomp-0.61-5/blib/lib/Net/Stomp.pm line 196.
Global symbol "$ret" requires explicit package name at /usr/home/cpansand/.cpan/build/2021041322/Net-Stomp-0.61-5/blib/lib/Net/Stomp.pm line 196.
Global symbol "$transaction_id" requires explicit package name at /usr/home/cpansand/.cpan/build/2021041322/Net-Stomp-0.61-5/blib/lib/Net/Stomp.pm line 196.
Global symbol "$frame_commit" requires explicit package name at /usr/home/cpansand/.cpan/build/2021041322/Net-Stomp-0.61-5/blib/lib/Net/Stomp.pm line 196.
Global symbol "$transaction_id" requires explicit package name at /usr/home/cpansand/.cpan/build/2021041322/Net-Stomp-0.61-5/blib/lib/Net/Stomp.pm line 196.
Global symbol "$frame_commit" requires explicit package name at /usr/home/cpansand/.cpan/build/2021041322/Net-Stomp-0.61-5/blib/lib/Net/Stomp.pm line 196.
Global symbol "$transaction_id" requires explicit package name at /usr/home/cpansand/.cpan/build/2021041322/Net-Stomp-0.61-5/blib/lib/Net/Stomp.pm line 196.
Global symbol "$frame_abort" requires explicit package name at /usr/home/cpansand/.cpan/build/2021041322/Net-Stomp-0.61-5/blib/lib/Net/Stomp.pm line 196.
Global symbol "$transaction_id" requires explicit package name at /usr/home/cpansand/.cpan/build/2021041322/Net-Stomp-0.61-5/blib/lib/Net/Stomp.pm line 196.
Global symbol "$frame_abort" requires explicit package name at /usr/home/cpansand/.cpan/build/2021041322/Net-Stomp-0.61-5/blib/lib/Net/Stomp.pm line 196.
Global symbol "$ret" requires explicit package name at /usr/home/cpansand/.cpan/build/2021041322/Net-Stomp-0.61-5/blib/lib/Net/Stomp.pm line 196.
Global symbol "$subs" requires explicit package name at /usr/home/cpansand/.cpan/build/2021041322/Net-Stomp-0.61-5/blib/lib/Net/Stomp.pm line 196.
Global symbol "$subs" requires explicit package name at /usr/home/cpansand/.cpan/build/2021041322/Net-Stomp-0.61-5/blib/lib/Net/Stomp.pm line 196.
Global symbol "$subs" requires explicit package name at /usr/home/cpansand/.cpan/build/2021041322/Net-Stomp-0.61-5/blib/lib/Net/Stomp.pm line 196.
Global symbol "$subs" requires explicit package name at /usr/home/cpansand/.cpan/build/2021041322/Net-Stomp-0.61-5/blib/lib/Net/Stomp.pm line 196.
Global symbol "$id" requires explicit package name at /usr/home/cpansand/.cpan/build/2021041322/Net-Stomp-0.61-5/blib/lib/Net/Stomp.pm line 196.
Global symbol "$id" requires explicit package name at /usr/home/cpansand/.cpan/build/2021041322/Net-Stomp-0.61-5/blib/lib/Net/Stomp.pm line 196.
Global symbol "$id" requires explicit package name at /usr/home/cpansand/.cpan/build/2021041322/Net-Stomp-0.61-5/blib/lib/Net/Stomp.pm line 196.
Global symbol "$id" requires explicit package name at /usr/home/cpansand/.cpan/build/2021041322/Net-Stomp-0.61-5/blib/lib/Net/Stomp.pm line 196.
Global symbol "$id" requires explicit package name at /usr/home/cpansand/.cpan/build/2021041322/Net-Stomp-0.61-5/blib/lib/Net/Stomp.pm line 196.
Global symbol "$id" requires explicit package name at /usr/home/cpansand/.cpan/build/2021041322/Net-Stomp-0.61-5/blib/lib/Net/Stomp.pm line 196.
Global symbol "$to_write" requires explicit package name at /usr/home/cpansand/.cpan/build/2021041322/Net-Stomp-0.61-5/blib/lib/Net/Stomp.pm line 196.
Global symbol "$frame_string" requires explicit package name at /usr/home/cpansand/.cpan/build/2021041322/Net-Stomp-0.61-5/blib/lib/Net/Stomp.pm line 196.
Global symbol "$written" requires explicit package name at /usr/home/cpansand/.cpan/build/2021041322/Net-Stomp-0.61-5/blib/lib/Net/Stomp.pm line 196.
Global symbol "$to_write" requires explicit package name at /usr/home/cpansand/.cpan/build/2021041322/Net-Stomp-0.61-5/blib/lib/Net/Stomp.pm line 196.
Global symbol "$written" requires explicit package name at /usr/home/cpansand/.cpan/build/2021041322/Net-Stomp-0.61-5/blib/lib/Net/Stomp.pm line 196.
Global symbol "$to_write" requires explicit package name at /usr/home/cpansand/.cpan/build/2021041322/Net-Stomp-0.61-5/blib/lib/Net/Stomp.pm line 196.
Global symbol "$written" requires explicit package name at /usr/home/cpansand/.cpan/build/2021041322/Net-Stomp-0.61-5/blib/lib/Net/Stomp.pm line 196.
Global symbol "$to_write" requires explicit package name at /usr/home/cpansand/.cpan/build/2021041322/Net-Stomp-0.61-5/blib/lib/Net/Stomp.pm line 196.
Global symbol "$written" requires explicit package name at /usr/home/cpansand/.cpan/build/2021041322/Net-Stomp-0.61-5/blib/lib/Net/Stomp.pm line 196.
Global symbol "$written" requires explicit package name at /usr/home/cpansand/.cpan/build/2021041322/Net-Stomp-0.61-5/blib/lib/Net/Stomp.pm line 196.
Global symbol "$frame_string" requires explicit package name at /usr/home/cpansand/.cpan/build/2021041322/Net-Stomp-0.61-5/blib/lib/Net/Stomp.pm line 196.
Global symbol "$written" requires explicit package name at /usr/home/cpansand/.cpan/build/2021041322/Net-Stomp-0.61-5/blib/lib/Net/Stomp.pm line 196.
Global symbol "$timeout" requires explicit package name at /usr/home/cpansand/.cpan/build/2021041322/Net-Stomp-0.61-5/blib/lib/Net/Stomp.pm line 196.
Global symbol "$timeout" requires explicit package name at /usr/home/cpansand/.cpan/build/2021041322/Net-Stomp-0.61-5/blib/lib/Net/Stomp.pm line 196.
Global symbol "$len" requires explicit package name at /usr/home/cpansand/.cpan/build/2021041322/Net-Stomp-0.61-5/blib/lib/Net/Stomp.pm line 196.
Global symbol "$len" requires explicit package name at /usr/home/cpansand/.cpan/build/2021041322/Net-Stomp-0.61-5/blib/lib/Net/Stomp.pm line 196.
Global symbol "$len" requires explicit package name at /usr/home/cpansand/.cpan/build/2021041322/Net-Stomp-0.61-5/blib/lib/Net/Stomp.pm line 196.
Global symbol "$len" requires explicit package name at /usr/home/cpansand/.cpan/build/2021041322/Net-Stomp-0.61-5/blib/lib/Net/Stomp.pm line 196.
Global symbol "$len" requires explicit package name at /usr/home/cpansand/.cpan/build/2021041322/Net-Stomp-0.61-5/blib/lib/Net/Stomp.pm line 196.
syntax error at /usr/home/cpansand/.cpan/build/2021041322/Net-Stomp-0.61-5/blib/lib/Net/Stomp.pm line 453, near "[^"
  (Might be a runaway multi-line // string starting on line 196)
/usr/home/cpansand/.cpan/build/2021041322/Net-Stomp-0.61-5/blib/lib/Net/Stomp.pm has too many errors.
Compilation failed in require at t/lib/TestHelp.pm line 10.
BEGIN failed--compilation aborted at t/lib/TestHelp.pm line 10.
Compilation failed in require at t/constructor.t line 3.
BEGIN failed--compilation aborted at t/constructor.t line 3.
t/constructor.t ......... 
Dubious, test returned 2 (wstat 512, 0x200)
No subtests run 
Global symbol "$sub" requires explicit package name at /usr/home/cpansand/.cpan/build/2021041322/Net-Stomp-0.61-5/blib/lib/Net/Stomp.pm line 196.
Global symbol "$sub" requires explicit package name at /usr/home/cpansand/.cpan/build/2021041322/Net-Stomp-0.61-5/blib/lib/Net/Stomp.pm line 196.
Global symbol "$timeout" requires explicit package name at /usr/home/cpansand/.cpan/build/2021041322/Net-Stomp-0.61-5/blib/lib/Net/Stomp.pm line 196.
Global symbol "$timeout" requires explicit package name at /usr/home/cpansand/.cpan/build/2021041322/Net-Stomp-0.61-5/blib/lib/Net/Stomp.pm line 196.
Global symbol "$body" requires explicit package name at /usr/home/cpansand/.cpan/build/2021041322/Net-Stomp-0.61-5/blib/lib/Net/Stomp.pm line 196.
Global symbol "$body" requires explicit package name at /usr/home/cpansand/.cpan/build/2021041322/Net-Stomp-0.61-5/blib/lib/Net/Stomp.pm line 196.
Global symbol "$receipt_id" requires explicit package name at /usr/home/cpansand/.cpan/build/2021041322/Net-Stomp-0.61-5/blib/lib/Net/Stomp.pm line 196.
Global symbol "$receipt_id" requires explicit package name at /usr/home/cpansand/.cpan/build/2021041322/Net-Stomp-0.61-5/blib/lib/Net/Stomp.pm line 196.
Global symbol "$receipt_id" requires explicit package name at /usr/home/cpansand/.cpan/build/2021041322/Net-Stomp-0.61-5/blib/lib/Net/Stomp.pm line 196.
Global symbol "$receipt_timeout" requires explicit package name at /usr/home/cpansand/.cpan/build/2021041322/Net-Stomp-0.61-5/blib/lib/Net/Stomp.pm line 196.
Global symbol "$receipt_frame" requires explicit package name at /usr/home/cpansand/.cpan/build/2021041322/Net-Stomp-0.61-5/blib/lib/Net/Stomp.pm line 196.
Global symbol "$receipt_timeout" requires explicit package name at /usr/home/cpansand/.cpan/build/2021041322/Net-Stomp-0.61-5/blib/lib/Net/Stomp.pm line 196.
Global symbol "$receipt_timeout" requires explicit package name at /usr/home/cpansand/.cpan/build/2021041322/Net-Stomp-0.61-5/blib/lib/Net/Stomp.pm line 196.
Global symbol "$receipt_frame" requires explicit package name at /usr/home/cpansand/.cpan/build/2021041322/Net-Stomp-0.61-5/blib/lib/Net/Stomp.pm line 196.
Global symbol "$receipt_frame" requires explicit package name at /usr/home/cpansand/.cpan/build/2021041322/Net-Stomp-0.61-5/blib/lib/Net/Stomp.pm line 196.
Global symbol "$receipt_frame" requires explicit package name at /usr/home/cpansand/.cpan/build/2021041322/Net-Stomp-0.61-5/blib/lib/Net/Stomp.pm line 196.
Global symbol "$receipt_frame" requires explicit package name at /usr/home/cpansand/.cpan/build/2021041322/Net-Stomp-0.61-5/blib/lib/Net/Stomp.pm line 196.
Global symbol "$receipt_id" requires explicit package name at /usr/home/cpansand/.cpan/build/2021041322/Net-Stomp-0.61-5/blib/lib/Net/Stomp.pm line 196.
Global symbol "$receipt_frame" requires explicit package name at /usr/home/cpansand/.cpan/build/2021041322/Net-Stomp-0.61-5/blib/lib/Net/Stomp.pm line 196.
Global symbol "$receipt_frame" requires explicit package name at /usr/home/cpansand/.cpan/build/2021041322/Net-Stomp-0.61-5/blib/lib/Net/Stomp.pm line 196.
Global symbol "$transaction_id" requires explicit package name at /usr/home/cpansand/.cpan/build/2021041322/Net-Stomp-0.61-5/blib/lib/Net/Stomp.pm line 196.
Global symbol "$transaction_id" requires explicit package name at /usr/home/cpansand/.cpan/build/2021041322/Net-Stomp-0.61-5/blib/lib/Net/Stomp.pm line 196.
Global symbol "$begin_frame" requires explicit package name at /usr/home/cpansand/.cpan/build/2021041322/Net-Stomp-0.61-5/blib/lib/Net/Stomp.pm line 196.
Global symbol "$transaction_id" requires explicit package name at /usr/home/cpansand/.cpan/build/2021041322/Net-Stomp-0.61-5/blib/lib/Net/Stomp.pm line 196.
Global symbol "$begin_frame" requires explicit package name at /usr/home/cpansand/.cpan/build/2021041322/Net-Stomp-0.61-5/blib/lib/Net/Stomp.pm line 196.
Global symbol "$transaction_id" requires explicit package name at /usr/home/cpansand/.cpan/build/2021041322/Net-Stomp-0.61-5/blib/lib/Net/Stomp.pm line 196.
Global symbol "$receipt_frame" requires explicit package name at /usr/home/cpansand/.cpan/build/2021041322/Net-Stomp-0.61-5/blib/lib/Net/Stomp.pm line 196.
Global symbol "$ret" requires explicit package name at /usr/home/cpansand/.cpan/build/2021041322/Net-Stomp-0.61-5/blib/lib/Net/Stomp.pm line 196.
Global symbol "$receipt_frame" requires explicit package name at /usr/home/cpansand/.cpan/build/2021041322/Net-Stomp-0.61-5/blib/lib/Net/Stomp.pm line 196.
Global symbol "$receipt_frame" requires explicit package name at /usr/home/cpansand/.cpan/build/2021041322/Net-Stomp-0.61-5/blib/lib/Net/Stomp.pm line 196.
Global symbol "$ret" requires explicit package name at /usr/home/cpansand/.cpan/build/2021041322/Net-Stomp-0.61-5/blib/lib/Net/Stomp.pm line 196.
Global symbol "$transaction_id" requires explicit package name at /usr/home/cpansand/.cpan/build/2021041322/Net-Stomp-0.61-5/blib/lib/Net/Stomp.pm line 196.
Global symbol "$frame_commit" requires explicit package name at /usr/home/cpansand/.cpan/build/2021041322/Net-Stomp-0.61-5/blib/lib/Net/Stomp.pm line 196.
Global symbol "$transaction_id" requires explicit package name at /usr/home/cpansand/.cpan/build/2021041322/Net-Stomp-0.61-5/blib/lib/Net/Stomp.pm line 196.
Global symbol "$frame_commit" requires explicit package name at /usr/home/cpansand/.cpan/build/2021041322/Net-Stomp-0.61-5/blib/lib/Net/Stomp.pm line 196.
Global symbol "$transaction_id" requires explicit package name at /usr/home/cpansand/.cpan/build/2021041322/Net-Stomp-0.61-5/blib/lib/Net/Stomp.pm line 196.
Global symbol "$frame_abort" requires explicit package name at /usr/home/cpansand/.cpan/build/2021041322/Net-Stomp-0.61-5/blib/lib/Net/Stomp.pm line 196.
Global symbol "$transaction_id" requires explicit package name at /usr/home/cpansand/.cpan/build/2021041322/Net-Stomp-0.61-5/blib/lib/Net/Stomp.pm line 196.
Global symbol "$frame_abort" requires explicit package name at /usr/home/cpansand/.cpan/build/2021041322/Net-Stomp-0.61-5/blib/lib/Net/Stomp.pm line 196.
Global symbol "$ret" requires explicit package name at /usr/home/cpansand/.cpan/build/2021041322/Net-Stomp-0.61-5/blib/lib/Net/Stomp.pm line 196.
Global symbol "$subs" requires explicit package name at /usr/home/cpansand/.cpan/build/2021041322/Net-Stomp-0.61-5/blib/lib/Net/Stomp.pm line 196.
Global symbol "$subs" requires explicit package name at /usr/home/cpansand/.cpan/build/2021041322/Net-Stomp-0.61-5/blib/lib/Net/Stomp.pm line 196.
Global symbol "$subs" requires explicit package name at /usr/home/cpansand/.cpan/build/2021041322/Net-Stomp-0.61-5/blib/lib/Net/Stomp.pm line 196.
Global symbol "$subs" requires explicit package name at /usr/home/cpansand/.cpan/build/2021041322/Net-Stomp-0.61-5/blib/lib/Net/Stomp.pm line 196.
Global symbol "$id" requires explicit package name at /usr/home/cpansand/.cpan/build/2021041322/Net-Stomp-0.61-5/blib/lib/Net/Stomp.pm line 196.
Global symbol "$id" requires explicit package name at /usr/home/cpansand/.cpan/build/2021041322/Net-Stomp-0.61-5/blib/lib/Net/Stomp.pm line 196.
Global symbol "$id" requires explicit package name at /usr/home/cpansand/.cpan/build/2021041322/Net-Stomp-0.61-5/blib/lib/Net/Stomp.pm line 196.
Global symbol "$id" requires explicit package name at /usr/home/cpansand/.cpan/build/2021041322/Net-Stomp-0.61-5/blib/lib/Net/Stomp.pm line 196.
Global symbol "$id" requires explicit package name at /usr/home/cpansand/.cpan/build/2021041322/Net-Stomp-0.61-5/blib/lib/Net/Stomp.pm line 196.
Global symbol "$id" requires explicit package name at /usr/home/cpansand/.cpan/build/2021041322/Net-Stomp-0.61-5/blib/lib/Net/Stomp.pm line 196.
Global symbol "$to_write" requires explicit package name at /usr/home/cpansand/.cpan/build/2021041322/Net-Stomp-0.61-5/blib/lib/Net/Stomp.pm line 196.
Global symbol "$frame_string" requires explicit package name at /usr/home/cpansand/.cpan/build/2021041322/Net-Stomp-0.61-5/blib/lib/Net/Stomp.pm line 196.
Global symbol "$written" requires explicit package name at /usr/home/cpansand/.cpan/build/2021041322/Net-Stomp-0.61-5/blib/lib/Net/Stomp.pm line 196.
Global symbol "$to_write" requires explicit package name at /usr/home/cpansand/.cpan/build/2021041322/Net-Stomp-0.61-5/blib/lib/Net/Stomp.pm line 196.
Global symbol "$written" requires explicit package name at /usr/home/cpansand/.cpan/build/2021041322/Net-Stomp-0.61-5/blib/lib/Net/Stomp.pm line 196.
Global symbol "$to_write" requires explicit package name at /usr/home/cpansand/.cpan/build/2021041322/Net-Stomp-0.61-5/blib/lib/Net/Stomp.pm line 196.
Global symbol "$written" requires explicit package name at /usr/home/cpansand/.cpan/build/2021041322/Net-Stomp-0.61-5/blib/lib/Net/Stomp.pm line 196.
Global symbol "$to_write" requires explicit package name at /usr/home/cpansand/.cpan/build/2021041322/Net-Stomp-0.61-5/blib/lib/Net/Stomp.pm line 196.
Global symbol "$written" requires explicit package name at /usr/home/cpansand/.cpan/build/2021041322/Net-Stomp-0.61-5/blib/lib/Net/Stomp.pm line 196.
Global symbol "$written" requires explicit package name at /usr/home/cpansand/.cpan/build/2021041322/Net-Stomp-0.61-5/blib/lib/Net/Stomp.pm line 196.
Global symbol "$frame_string" requires explicit package name at /usr/home/cpansand/.cpan/build/2021041322/Net-Stomp-0.61-5/blib/lib/Net/Stomp.pm line 196.
Global symbol "$written" requires explicit package name at /usr/home/cpansand/.cpan/build/2021041322/Net-Stomp-0.61-5/blib/lib/Net/Stomp.pm line 196.
Global symbol "$timeout" requires explicit package name at /usr/home/cpansand/.cpan/build/2021041322/Net-Stomp-0.61-5/blib/lib/Net/Stomp.pm line 196.
Global symbol "$timeout" requires explicit package name at /usr/home/cpansand/.cpan/build/2021041322/Net-Stomp-0.61-5/blib/lib/Net/Stomp.pm line 196.
Global symbol "$len" requires explicit package name at /usr/home/cpansand/.cpan/build/2021041322/Net-Stomp-0.61-5/blib/lib/Net/Stomp.pm line 196.
Global symbol "$len" requires explicit package name at /usr/home/cpansand/.cpan/build/2021041322/Net-Stomp-0.61-5/blib/lib/Net/Stomp.pm line 196.
Global symbol "$len" requires explicit package name at /usr/home/cpansand/.cpan/build/2021041322/Net-Stomp-0.61-5/blib/lib/Net/Stomp.pm line 196.
Global symbol "$len" requires explicit package name at /usr/home/cpansand/.cpan/build/2021041322/Net-Stomp-0.61-5/blib/lib/Net/Stomp.pm line 196.
Global symbol "$len" requires explicit package name at /usr/home/cpansand/.cpan/build/2021041322/Net-Stomp-0.61-5/blib/lib/Net/Stomp.pm line 196.
syntax error at /usr/home/cpansand/.cpan/build/2021041322/Net-Stomp-0.61-5/blib/lib/Net/Stomp.pm line 453, near "[^"
  (Might be a runaway multi-line // string starting on line 196)
/usr/home/cpansand/.cpan/build/2021041322/Net-Stomp-0.61-5/blib/lib/Net/Stomp.pm has too many errors.
Compilation failed in require at t/lib/TestHelp.pm line 10.
BEGIN failed--compilation aborted at t/lib/TestHelp.pm line 10.
Compilation failed in require at t/failover.t line 3.
BEGIN failed--compilation aborted at t/failover.t line 3.
t/failover.t ............ 
Dubious, test returned 2 (wstat 512, 0x200)
No subtests run 
Global symbol "$sub" requires explicit package name at /usr/home/cpansand/.cpan/build/2021041322/Net-Stomp-0.61-5/blib/lib/Net/Stomp.pm line 196.
Global symbol "$sub" requires explicit package name at /usr/home/cpansand/.cpan/build/2021041322/Net-Stomp-0.61-5/blib/lib/Net/Stomp.pm line 196.
Global symbol "$timeout" requires explicit package name at /usr/home/cpansand/.cpan/build/2021041322/Net-Stomp-0.61-5/blib/lib/Net/Stomp.pm line 196.
Global symbol "$timeout" requires explicit package name at /usr/home/cpansand/.cpan/build/2021041322/Net-Stomp-0.61-5/blib/lib/Net/Stomp.pm line 196.
Global symbol "$body" requires explicit package name at /usr/home/cpansand/.cpan/build/2021041322/Net-Stomp-0.61-5/blib/lib/Net/Stomp.pm line 196.
Global symbol "$body" requires explicit package name at /usr/home/cpansand/.cpan/build/2021041322/Net-Stomp-0.61-5/blib/lib/Net/Stomp.pm line 196.
Global symbol "$receipt_id" requires explicit package name at /usr/home/cpansand/.cpan/build/2021041322/Net-Stomp-0.61-5/blib/lib/Net/Stomp.pm line 196.
Global symbol "$receipt_id" requires explicit package name at /usr/home/cpansand/.cpan/build/2021041322/Net-Stomp-0.61-5/blib/lib/Net/Stomp.pm line 196.
Global symbol "$receipt_id" requires explicit package name at /usr/home/cpansand/.cpan/build/2021041322/Net-Stomp-0.61-5/blib/lib/Net/Stomp.pm line 196.
Global symbol "$receipt_timeout" requires explicit package name at /usr/home/cpansand/.cpan/build/2021041322/Net-Stomp-0.61-5/blib/lib/Net/Stomp.pm line 196.
Global symbol "$receipt_frame" requires explicit package name at /usr/home/cpansand/.cpan/build/2021041322/Net-Stomp-0.61-5/blib/lib/Net/Stomp.pm line 196.
Global symbol "$receipt_timeout" requires explicit package name at /usr/home/cpansand/.cpan/build/2021041322/Net-Stomp-0.61-5/blib/lib/Net/Stomp.pm line 196.
Global symbol "$receipt_timeout" requires explicit package name at /usr/home/cpansand/.cpan/build/2021041322/Net-Stomp-0.61-5/blib/lib/Net/Stomp.pm line 196.
Global symbol "$receipt_frame" requires explicit package name at /usr/home/cpansand/.cpan/build/2021041322/Net-Stomp-0.61-5/blib/lib/Net/Stomp.pm line 196.
Global symbol "$receipt_frame" requires explicit package name at /usr/home/cpansand/.cpan/build/2021041322/Net-Stomp-0.61-5/blib/lib/Net/Stomp.pm line 196.
Global symbol "$receipt_frame" requires explicit package name at /usr/home/cpansand/.cpan/build/2021041322/Net-Stomp-0.61-5/blib/lib/Net/Stomp.pm line 196.
Global symbol "$receipt_frame" requires explicit package name at /usr/home/cpansand/.cpan/build/2021041322/Net-Stomp-0.61-5/blib/lib/Net/Stomp.pm line 196.
Global symbol "$receipt_id" requires explicit package name at /usr/home/cpansand/.cpan/build/2021041322/Net-Stomp-0.61-5/blib/lib/Net/Stomp.pm line 196.
Global symbol "$receipt_frame" requires explicit package name at /usr/home/cpansand/.cpan/build/2021041322/Net-Stomp-0.61-5/blib/lib/Net/Stomp.pm line 196.
Global symbol "$receipt_frame" requires explicit package name at /usr/home/cpansand/.cpan/build/2021041322/Net-Stomp-0.61-5/blib/lib/Net/Stomp.pm line 196.
Global symbol "$transaction_id" requires explicit package name at /usr/home/cpansand/.cpan/build/2021041322/Net-Stomp-0.61-5/blib/lib/Net/Stomp.pm line 196.
Global symbol "$transaction_id" requires explicit package name at /usr/home/cpansand/.cpan/build/2021041322/Net-Stomp-0.61-5/blib/lib/Net/Stomp.pm line 196.
Global symbol "$begin_frame" requires explicit package name at /usr/home/cpansand/.cpan/build/2021041322/Net-Stomp-0.61-5/blib/lib/Net/Stomp.pm line 196.
Global symbol "$transaction_id" requires explicit package name at /usr/home/cpansand/.cpan/build/2021041322/Net-Stomp-0.61-5/blib/lib/Net/Stomp.pm line 196.
Global symbol "$begin_frame" requires explicit package name at /usr/home/cpansand/.cpan/build/2021041322/Net-Stomp-0.61-5/blib/lib/Net/Stomp.pm line 196.
Global symbol "$transaction_id" requires explicit package name at /usr/home/cpansand/.cpan/build/2021041322/Net-Stomp-0.61-5/blib/lib/Net/Stomp.pm line 196.
Global symbol "$receipt_frame" requires explicit package name at /usr/home/cpansand/.cpan/build/2021041322/Net-Stomp-0.61-5/blib/lib/Net/Stomp.pm line 196.
Global symbol "$ret" requires explicit package name at /usr/home/cpansand/.cpan/build/2021041322/Net-Stomp-0.61-5/blib/lib/Net/Stomp.pm line 196.
Global symbol "$receipt_frame" requires explicit package name at /usr/home/cpansand/.cpan/build/2021041322/Net-Stomp-0.61-5/blib/lib/Net/Stomp.pm line 196.
Global symbol "$receipt_frame" requires explicit package name at /usr/home/cpansand/.cpan/build/2021041322/Net-Stomp-0.61-5/blib/lib/Net/Stomp.pm line 196.
Global symbol "$ret" requires explicit package name at /usr/home/cpansand/.cpan/build/2021041322/Net-Stomp-0.61-5/blib/lib/Net/Stomp.pm line 196.
Global symbol "$transaction_id" requires explicit package name at /usr/home/cpansand/.cpan/build/2021041322/Net-Stomp-0.61-5/blib/lib/Net/Stomp.pm line 196.
Global symbol "$frame_commit" requires explicit package name at /usr/home/cpansand/.cpan/build/2021041322/Net-Stomp-0.61-5/blib/lib/Net/Stomp.pm line 196.
Global symbol "$transaction_id" requires explicit package name at /usr/home/cpansand/.cpan/build/2021041322/Net-Stomp-0.61-5/blib/lib/Net/Stomp.pm line 196.
Global symbol "$frame_commit" requires explicit package name at /usr/home/cpansand/.cpan/build/2021041322/Net-Stomp-0.61-5/blib/lib/Net/Stomp.pm line 196.
Global symbol "$transaction_id" requires explicit package name at /usr/home/cpansand/.cpan/build/2021041322/Net-Stomp-0.61-5/blib/lib/Net/Stomp.pm line 196.
Global symbol "$frame_abort" requires explicit package name at /usr/home/cpansand/.cpan/build/2021041322/Net-Stomp-0.61-5/blib/lib/Net/Stomp.pm line 196.
Global symbol "$transaction_id" requires explicit package name at /usr/home/cpansand/.cpan/build/2021041322/Net-Stomp-0.61-5/blib/lib/Net/Stomp.pm line 196.
Global symbol "$frame_abort" requires explicit package name at /usr/home/cpansand/.cpan/build/2021041322/Net-Stomp-0.61-5/blib/lib/Net/Stomp.pm line 196.
Global symbol "$ret" requires explicit package name at /usr/home/cpansand/.cpan/build/2021041322/Net-Stomp-0.61-5/blib/lib/Net/Stomp.pm line 196.
Global symbol "$subs" requires explicit package name at /usr/home/cpansand/.cpan/build/2021041322/Net-Stomp-0.61-5/blib/lib/Net/Stomp.pm line 196.
Global symbol "$subs" requires explicit package name at /usr/home/cpansand/.cpan/build/2021041322/Net-Stomp-0.61-5/blib/lib/Net/Stomp.pm line 196.
Global symbol "$subs" requires explicit package name at /usr/home/cpansand/.cpan/build/2021041322/Net-Stomp-0.61-5/blib/lib/Net/Stomp.pm line 196.
Global symbol "$subs" requires explicit package name at /usr/home/cpansand/.cpan/build/2021041322/Net-Stomp-0.61-5/blib/lib/Net/Stomp.pm line 196.
Global symbol "$id" requires explicit package name at /usr/home/cpansand/.cpan/build/2021041322/Net-Stomp-0.61-5/blib/lib/Net/Stomp.pm line 196.
Global symbol "$id" requires explicit package name at /usr/home/cpansand/.cpan/build/2021041322/Net-Stomp-0.61-5/blib/lib/Net/Stomp.pm line 196.
Global symbol "$id" requires explicit package name at /usr/home/cpansand/.cpan/build/2021041322/Net-Stomp-0.61-5/blib/lib/Net/Stomp.pm line 196.
Global symbol "$id" requires explicit package name at /usr/home/cpansand/.cpan/build/2021041322/Net-Stomp-0.61-5/blib/lib/Net/Stomp.pm line 196.
Global symbol "$id" requires explicit package name at /usr/home/cpansand/.cpan/build/2021041322/Net-Stomp-0.61-5/blib/lib/Net/Stomp.pm line 196.
Global symbol "$id" requires explicit package name at /usr/home/cpansand/.cpan/build/2021041322/Net-Stomp-0.61-5/blib/lib/Net/Stomp.pm line 196.
Global symbol "$to_write" requires explicit package name at /usr/home/cpansand/.cpan/build/2021041322/Net-Stomp-0.61-5/blib/lib/Net/Stomp.pm line 196.
Global symbol "$frame_string" requires explicit package name at /usr/home/cpansand/.cpan/build/2021041322/Net-Stomp-0.61-5/blib/lib/Net/Stomp.pm line 196.
Global symbol "$written" requires explicit package name at /usr/home/cpansand/.cpan/build/2021041322/Net-Stomp-0.61-5/blib/lib/Net/Stomp.pm line 196.
Global symbol "$to_write" requires explicit package name at /usr/home/cpansand/.cpan/build/2021041322/Net-Stomp-0.61-5/blib/lib/Net/Stomp.pm line 196.
Global symbol "$written" requires explicit package name at /usr/home/cpansand/.cpan/build/2021041322/Net-Stomp-0.61-5/blib/lib/Net/Stomp.pm line 196.
Global symbol "$to_write" requires explicit package name at /usr/home/cpansand/.cpan/build/2021041322/Net-Stomp-0.61-5/blib/lib/Net/Stomp.pm line 196.
Global symbol "$written" requires explicit package name at /usr/home/cpansand/.cpan/build/2021041322/Net-Stomp-0.61-5/blib/lib/Net/Stomp.pm line 196.
Global symbol "$to_write" requires explicit package name at /usr/home/cpansand/.cpan/build/2021041322/Net-Stomp-0.61-5/blib/lib/Net/Stomp.pm line 196.
Global symbol "$written" requires explicit package name at /usr/home/cpansand/.cpan/build/2021041322/Net-Stomp-0.61-5/blib/lib/Net/Stomp.pm line 196.
Global symbol "$written" requires explicit package name at /usr/home/cpansand/.cpan/build/2021041322/Net-Stomp-0.61-5/blib/lib/Net/Stomp.pm line 196.
Global symbol "$frame_string" requires explicit package name at /usr/home/cpansand/.cpan/build/2021041322/Net-Stomp-0.61-5/blib/lib/Net/Stomp.pm line 196.
Global symbol "$written" requires explicit package name at /usr/home/cpansand/.cpan/build/2021041322/Net-Stomp-0.61-5/blib/lib/Net/Stomp.pm line 196.
Global symbol "$timeout" requires explicit package name at /usr/home/cpansand/.cpan/build/2021041322/Net-Stomp-0.61-5/blib/lib/Net/Stomp.pm line 196.
Global symbol "$timeout" requires explicit package name at /usr/home/cpansand/.cpan/build/2021041322/Net-Stomp-0.61-5/blib/lib/Net/Stomp.pm line 196.
Global symbol "$len" requires explicit package name at /usr/home/cpansand/.cpan/build/2021041322/Net-Stomp-0.61-5/blib/lib/Net/Stomp.pm line 196.
Global symbol "$len" requires explicit package name at /usr/home/cpansand/.cpan/build/2021041322/Net-Stomp-0.61-5/blib/lib/Net/Stomp.pm line 196.
Global symbol "$len" requires explicit package name at /usr/home/cpansand/.cpan/build/2021041322/Net-Stomp-0.61-5/blib/lib/Net/Stomp.pm line 196.
Global symbol "$len" requires explicit package name at /usr/home/cpansand/.cpan/build/2021041322/Net-Stomp-0.61-5/blib/lib/Net/Stomp.pm line 196.
Global symbol "$len" requires explicit package name at /usr/home/cpansand/.cpan/build/2021041322/Net-Stomp-0.61-5/blib/lib/Net/Stomp.pm line 196.
syntax error at /usr/home/cpansand/.cpan/build/2021041322/Net-Stomp-0.61-5/blib/lib/Net/Stomp.pm line 453, near "[^"
  (Might be a runaway multi-line // string starting on line 196)
/usr/home/cpansand/.cpan/build/2021041322/Net-Stomp-0.61-5/blib/lib/Net/Stomp.pm has too many errors.
Compilation failed in require at t/lib/TestHelp.pm line 10.
BEGIN failed--compilation aborted at t/lib/TestHelp.pm line 10.
Compilation failed in require at t/frame-accessors.t line 3.
BEGIN failed--compilation aborted at t/frame-accessors.t line 3.
t/frame-accessors.t ..... 
Dubious, test returned 2 (wstat 512, 0x200)
No subtests run 
Global symbol "$sub" requires explicit package name at /usr/home/cpansand/.cpan/build/2021041322/Net-Stomp-0.61-5/blib/lib/Net/Stomp.pm line 196.
Global symbol "$sub" requires explicit package name at /usr/home/cpansand/.cpan/build/2021041322/Net-Stomp-0.61-5/blib/lib/Net/Stomp.pm line 196.
Global symbol "$timeout" requires explicit package name at /usr/home/cpansand/.cpan/build/2021041322/Net-Stomp-0.61-5/blib/lib/Net/Stomp.pm line 196.
Global symbol "$timeout" requires explicit package name at /usr/home/cpansand/.cpan/build/2021041322/Net-Stomp-0.61-5/blib/lib/Net/Stomp.pm line 196.
Global symbol "$body" requires explicit package name at /usr/home/cpansand/.cpan/build/2021041322/Net-Stomp-0.61-5/blib/lib/Net/Stomp.pm line 196.
Global symbol "$body" requires explicit package name at /usr/home/cpansand/.cpan/build/2021041322/Net-Stomp-0.61-5/blib/lib/Net/Stomp.pm line 196.
Global symbol "$receipt_id" requires explicit package name at /usr/home/cpansand/.cpan/build/2021041322/Net-Stomp-0.61-5/blib/lib/Net/Stomp.pm line 196.
Global symbol "$receipt_id" requires explicit package name at /usr/home/cpansand/.cpan/build/2021041322/Net-Stomp-0.61-5/blib/lib/Net/Stomp.pm line 196.
Global symbol "$receipt_id" requires explicit package name at /usr/home/cpansand/.cpan/build/2021041322/Net-Stomp-0.61-5/blib/lib/Net/Stomp.pm line 196.
Global symbol "$receipt_timeout" requires explicit package name at /usr/home/cpansand/.cpan/build/2021041322/Net-Stomp-0.61-5/blib/lib/Net/Stomp.pm line 196.
Global symbol "$receipt_frame" requires explicit package name at /usr/home/cpansand/.cpan/build/2021041322/Net-Stomp-0.61-5/blib/lib/Net/Stomp.pm line 196.
Global symbol "$receipt_timeout" requires explicit package name at /usr/home/cpansand/.cpan/build/2021041322/Net-Stomp-0.61-5/blib/lib/Net/Stomp.pm line 196.
Global symbol "$receipt_timeout" requires explicit package name at /usr/home/cpansand/.cpan/build/2021041322/Net-Stomp-0.61-5/blib/lib/Net/Stomp.pm line 196.
Global symbol "$receipt_frame" requires explicit package name at /usr/home/cpansand/.cpan/build/2021041322/Net-Stomp-0.61-5/blib/lib/Net/Stomp.pm line 196.
Global symbol "$receipt_frame" requires explicit package name at /usr/home/cpansand/.cpan/build/2021041322/Net-Stomp-0.61-5/blib/lib/Net/Stomp.pm line 196.
Global symbol "$receipt_frame" requires explicit package name at /usr/home/cpansand/.cpan/build/2021041322/Net-Stomp-0.61-5/blib/lib/Net/Stomp.pm line 196.
Global symbol "$receipt_frame" requires explicit package name at /usr/home/cpansand/.cpan/build/2021041322/Net-Stomp-0.61-5/blib/lib/Net/Stomp.pm line 196.
Global symbol "$receipt_id" requires explicit package name at /usr/home/cpansand/.cpan/build/2021041322/Net-Stomp-0.61-5/blib/lib/Net/Stomp.pm line 196.
Global symbol "$receipt_frame" requires explicit package name at /usr/home/cpansand/.cpan/build/2021041322/Net-Stomp-0.61-5/blib/lib/Net/Stomp.pm line 196.
Global symbol "$receipt_frame" requires explicit package name at /usr/home/cpansand/.cpan/build/2021041322/Net-Stomp-0.61-5/blib/lib/Net/Stomp.pm line 196.
Global symbol "$transaction_id" requires explicit package name at /usr/home/cpansand/.cpan/build/2021041322/Net-Stomp-0.61-5/blib/lib/Net/Stomp.pm line 196.
Global symbol "$transaction_id" requires explicit package name at /usr/home/cpansand/.cpan/build/2021041322/Net-Stomp-0.61-5/blib/lib/Net/Stomp.pm line 196.
Global symbol "$begin_frame" requires explicit package name at /usr/home/cpansand/.cpan/build/2021041322/Net-Stomp-0.61-5/blib/lib/Net/Stomp.pm line 196.
Global symbol "$transaction_id" requires explicit package name at /usr/home/cpansand/.cpan/build/2021041322/Net-Stomp-0.61-5/blib/lib/Net/Stomp.pm line 196.
Global symbol "$begin_frame" requires explicit package name at /usr/home/cpansand/.cpan/build/2021041322/Net-Stomp-0.61-5/blib/lib/Net/Stomp.pm line 196.
Global symbol "$transaction_id" requires explicit package name at /usr/home/cpansand/.cpan/build/2021041322/Net-Stomp-0.61-5/blib/lib/Net/Stomp.pm line 196.
Global symbol "$receipt_frame" requires explicit package name at /usr/home/cpansand/.cpan/build/2021041322/Net-Stomp-0.61-5/blib/lib/Net/Stomp.pm line 196.
Global symbol "$ret" requires explicit package name at /usr/home/cpansand/.cpan/build/2021041322/Net-Stomp-0.61-5/blib/lib/Net/Stomp.pm line 196.
Global symbol "$receipt_frame" requires explicit package name at /usr/home/cpansand/.cpan/build/2021041322/Net-Stomp-0.61-5/blib/lib/Net/Stomp.pm line 196.
Global symbol "$receipt_frame" requires explicit package name at /usr/home/cpansand/.cpan/build/2021041322/Net-Stomp-0.61-5/blib/lib/Net/Stomp.pm line 196.
Global symbol "$ret" requires explicit package name at /usr/home/cpansand/.cpan/build/2021041322/Net-Stomp-0.61-5/blib/lib/Net/Stomp.pm line 196.
Global symbol "$transaction_id" requires explicit package name at /usr/home/cpansand/.cpan/build/2021041322/Net-Stomp-0.61-5/blib/lib/Net/Stomp.pm line 196.
Global symbol "$frame_commit" requires explicit package name at /usr/home/cpansand/.cpan/build/2021041322/Net-Stomp-0.61-5/blib/lib/Net/Stomp.pm line 196.
Global symbol "$transaction_id" requires explicit package name at /usr/home/cpansand/.cpan/build/2021041322/Net-Stomp-0.61-5/blib/lib/Net/Stomp.pm line 196.
Global symbol "$frame_commit" requires explicit package name at /usr/home/cpansand/.cpan/build/2021041322/Net-Stomp-0.61-5/blib/lib/Net/Stomp.pm line 196.
Global symbol "$transaction_id" requires explicit package name at /usr/home/cpansand/.cpan/build/2021041322/Net-Stomp-0.61-5/blib/lib/Net/Stomp.pm line 196.
Global symbol "$frame_abort" requires explicit package name at /usr/home/cpansand/.cpan/build/2021041322/Net-Stomp-0.61-5/blib/lib/Net/Stomp.pm line 196.
Global symbol "$transaction_id" requires explicit package name at /usr/home/cpansand/.cpan/build/2021041322/Net-Stomp-0.61-5/blib/lib/Net/Stomp.pm line 196.
Global symbol "$frame_abort" requires explicit package name at /usr/home/cpansand/.cpan/build/2021041322/Net-Stomp-0.61-5/blib/lib/Net/Stomp.pm line 196.
Global symbol "$ret" requires explicit package name at /usr/home/cpansand/.cpan/build/2021041322/Net-Stomp-0.61-5/blib/lib/Net/Stomp.pm line 196.
Global symbol "$subs" requires explicit package name at /usr/home/cpansand/.cpan/build/2021041322/Net-Stomp-0.61-5/blib/lib/Net/Stomp.pm line 196.
Global symbol "$subs" requires explicit package name at /usr/home/cpansand/.cpan/build/2021041322/Net-Stomp-0.61-5/blib/lib/Net/Stomp.pm line 196.
Global symbol "$subs" requires explicit package name at /usr/home/cpansand/.cpan/build/2021041322/Net-Stomp-0.61-5/blib/lib/Net/Stomp.pm line 196.
Global symbol "$subs" requires explicit package name at /usr/home/cpansand/.cpan/build/2021041322/Net-Stomp-0.61-5/blib/lib/Net/Stomp.pm line 196.
Global symbol "$id" requires explicit package name at /usr/home/cpansand/.cpan/build/2021041322/Net-Stomp-0.61-5/blib/lib/Net/Stomp.pm line 196.
Global symbol "$id" requires explicit package name at /usr/home/cpansand/.cpan/build/2021041322/Net-Stomp-0.61-5/blib/lib/Net/Stomp.pm line 196.
Global symbol "$id" requires explicit package name at /usr/home/cpansand/.cpan/build/2021041322/Net-Stomp-0.61-5/blib/lib/Net/Stomp.pm line 196.
Global symbol "$id" requires explicit package name at /usr/home/cpansand/.cpan/build/2021041322/Net-Stomp-0.61-5/blib/lib/Net/Stomp.pm line 196.
Global symbol "$id" requires explicit package name at /usr/home/cpansand/.cpan/build/2021041322/Net-Stomp-0.61-5/blib/lib/Net/Stomp.pm line 196.
Global symbol "$id" requires explicit package name at /usr/home/cpansand/.cpan/build/2021041322/Net-Stomp-0.61-5/blib/lib/Net/Stomp.pm line 196.
Global symbol "$to_write" requires explicit package name at /usr/home/cpansand/.cpan/build/2021041322/Net-Stomp-0.61-5/blib/lib/Net/Stomp.pm line 196.
Global symbol "$frame_string" requires explicit package name at /usr/home/cpansand/.cpan/build/2021041322/Net-Stomp-0.61-5/blib/lib/Net/Stomp.pm line 196.
Global symbol "$written" requires explicit package name at /usr/home/cpansand/.cpan/build/2021041322/Net-Stomp-0.61-5/blib/lib/Net/Stomp.pm line 196.
Global symbol "$to_write" requires explicit package name at /usr/home/cpansand/.cpan/build/2021041322/Net-Stomp-0.61-5/blib/lib/Net/Stomp.pm line 196.
Global symbol "$written" requires explicit package name at /usr/home/cpansand/.cpan/build/2021041322/Net-Stomp-0.61-5/blib/lib/Net/Stomp.pm line 196.
Global symbol "$to_write" requires explicit package name at /usr/home/cpansand/.cpan/build/2021041322/Net-Stomp-0.61-5/blib/lib/Net/Stomp.pm line 196.
Global symbol "$written" requires explicit package name at /usr/home/cpansand/.cpan/build/2021041322/Net-Stomp-0.61-5/blib/lib/Net/Stomp.pm line 196.
Global symbol "$to_write" requires explicit package name at /usr/home/cpansand/.cpan/build/2021041322/Net-Stomp-0.61-5/blib/lib/Net/Stomp.pm line 196.
Global symbol "$written" requires explicit package name at /usr/home/cpansand/.cpan/build/2021041322/Net-Stomp-0.61-5/blib/lib/Net/Stomp.pm line 196.
Global symbol "$written" requires explicit package name at /usr/home/cpansand/.cpan/build/2021041322/Net-Stomp-0.61-5/blib/lib/Net/Stomp.pm line 196.
Global symbol "$frame_string" requires explicit package name at /usr/home/cpansand/.cpan/build/2021041322/Net-Stomp-0.61-5/blib/lib/Net/Stomp.pm line 196.
Global symbol "$written" requires explicit package name at /usr/home/cpansand/.cpan/build/2021041322/Net-Stomp-0.61-5/blib/lib/Net/Stomp.pm line 196.
Global symbol "$timeout" requires explicit package name at /usr/home/cpansand/.cpan/build/2021041322/Net-Stomp-0.61-5/blib/lib/Net/Stomp.pm line 196.
Global symbol "$timeout" requires explicit package name at /usr/home/cpansand/.cpan/build/2021041322/Net-Stomp-0.61-5/blib/lib/Net/Stomp.pm line 196.
Global symbol "$len" requires explicit package name at /usr/home/cpansand/.cpan/build/2021041322/Net-Stomp-0.61-5/blib/lib/Net/Stomp.pm line 196.
Global symbol "$len" requires explicit package name at /usr/home/cpansand/.cpan/build/2021041322/Net-Stomp-0.61-5/blib/lib/Net/Stomp.pm line 196.
Global symbol "$len" requires explicit package name at /usr/home/cpansand/.cpan/build/2021041322/Net-Stomp-0.61-5/blib/lib/Net/Stomp.pm line 196.
Global symbol "$len" requires explicit package name at /usr/home/cpansand/.cpan/build/2021041322/Net-Stomp-0.61-5/blib/lib/Net/Stomp.pm line 196.
Global symbol "$len" requires explicit package name at /usr/home/cpansand/.cpan/build/2021041322/Net-Stomp-0.61-5/blib/lib/Net/Stomp.pm line 196.
syntax error at /usr/home/cpansand/.cpan/build/2021041322/Net-Stomp-0.61-5/blib/lib/Net/Stomp.pm line 453, near "[^"
  (Might be a runaway multi-line // string starting on line 196)
/usr/home/cpansand/.cpan/build/2021041322/Net-Stomp-0.61-5/blib/lib/Net/Stomp.pm has too many errors.
Compilation failed in require at t/lib/TestHelp.pm line 10.
BEGIN failed--compilation aborted at t/lib/TestHelp.pm line 10.
Compilation failed in require at t/initial-connect.t line 3.
BEGIN failed--compilation aborted at t/initial-connect.t line 3.
t/initial-connect.t ..... 
Dubious, test returned 2 (wstat 512, 0x200)
No subtests run 
t/pod.t ................. ok

#   Failed test 'Pod coverage on Net::Stomp'
#   at /usr/perl5.8.9/lib/site_perl/5.8.9/Test/Pod/Coverage.pm line 133.
# Net::Stomp: requiring 'Net::Stomp' failed
# Looks like you failed 1 test of 3.
t/pod_coverage.t ........ 
Dubious, test returned 1 (wstat 256, 0x100)
Failed 1/3 subtests 
Global symbol "$sub" requires explicit package name at /usr/home/cpansand/.cpan/build/2021041322/Net-Stomp-0.61-5/blib/lib/Net/Stomp.pm line 196.
Global symbol "$sub" requires explicit package name at /usr/home/cpansand/.cpan/build/2021041322/Net-Stomp-0.61-5/blib/lib/Net/Stomp.pm line 196.
Global symbol "$timeout" requires explicit package name at /usr/home/cpansand/.cpan/build/2021041322/Net-Stomp-0.61-5/blib/lib/Net/Stomp.pm line 196.
Global symbol "$timeout" requires explicit package name at /usr/home/cpansand/.cpan/build/2021041322/Net-Stomp-0.61-5/blib/lib/Net/Stomp.pm line 196.
Global symbol "$body" requires explicit package name at /usr/home/cpansand/.cpan/build/2021041322/Net-Stomp-0.61-5/blib/lib/Net/Stomp.pm line 196.
Global symbol "$body" requires explicit package name at /usr/home/cpansand/.cpan/build/2021041322/Net-Stomp-0.61-5/blib/lib/Net/Stomp.pm line 196.
Global symbol "$receipt_id" requires explicit package name at /usr/home/cpansand/.cpan/build/2021041322/Net-Stomp-0.61-5/blib/lib/Net/Stomp.pm line 196.
Global symbol "$receipt_id" requires explicit package name at /usr/home/cpansand/.cpan/build/2021041322/Net-Stomp-0.61-5/blib/lib/Net/Stomp.pm line 196.
Global symbol "$receipt_id" requires explicit package name at /usr/home/cpansand/.cpan/build/2021041322/Net-Stomp-0.61-5/blib/lib/Net/Stomp.pm line 196.
Global symbol "$receipt_timeout" requires explicit package name at /usr/home/cpansand/.cpan/build/2021041322/Net-Stomp-0.61-5/blib/lib/Net/Stomp.pm line 196.
Global symbol "$receipt_frame" requires explicit package name at /usr/home/cpansand/.cpan/build/2021041322/Net-Stomp-0.61-5/blib/lib/Net/Stomp.pm line 196.
Global symbol "$receipt_timeout" requires explicit package name at /usr/home/cpansand/.cpan/build/2021041322/Net-Stomp-0.61-5/blib/lib/Net/Stomp.pm line 196.
Global symbol "$receipt_timeout" requires explicit package name at /usr/home/cpansand/.cpan/build/2021041322/Net-Stomp-0.61-5/blib/lib/Net/Stomp.pm line 196.
Global symbol "$receipt_frame" requires explicit package name at /usr/home/cpansand/.cpan/build/2021041322/Net-Stomp-0.61-5/blib/lib/Net/Stomp.pm line 196.
Global symbol "$receipt_frame" requires explicit package name at /usr/home/cpansand/.cpan/build/2021041322/Net-Stomp-0.61-5/blib/lib/Net/Stomp.pm line 196.
Global symbol "$receipt_frame" requires explicit package name at /usr/home/cpansand/.cpan/build/2021041322/Net-Stomp-0.61-5/blib/lib/Net/Stomp.pm line 196.
Global symbol "$receipt_frame" requires explicit package name at /usr/home/cpansand/.cpan/build/2021041322/Net-Stomp-0.61-5/blib/lib/Net/Stomp.pm line 196.
Global symbol "$receipt_id" requires explicit package name at /usr/home/cpansand/.cpan/build/2021041322/Net-Stomp-0.61-5/blib/lib/Net/Stomp.pm line 196.
Global symbol "$receipt_frame" requires explicit package name at /usr/home/cpansand/.cpan/build/2021041322/Net-Stomp-0.61-5/blib/lib/Net/Stomp.pm line 196.
Global symbol "$receipt_frame" requires explicit package name at /usr/home/cpansand/.cpan/build/2021041322/Net-Stomp-0.61-5/blib/lib/Net/Stomp.pm line 196.
Global symbol "$transaction_id" requires explicit package name at /usr/home/cpansand/.cpan/build/2021041322/Net-Stomp-0.61-5/blib/lib/Net/Stomp.pm line 196.
Global symbol "$transaction_id" requires explicit package name at /usr/home/cpansand/.cpan/build/2021041322/Net-Stomp-0.61-5/blib/lib/Net/Stomp.pm line 196.
Global symbol "$begin_frame" requires explicit package name at /usr/home/cpansand/.cpan/build/2021041322/Net-Stomp-0.61-5/blib/lib/Net/Stomp.pm line 196.
Global symbol "$transaction_id" requires explicit package name at /usr/home/cpansand/.cpan/build/2021041322/Net-Stomp-0.61-5/blib/lib/Net/Stomp.pm line 196.
Global symbol "$begin_frame" requires explicit package name at /usr/home/cpansand/.cpan/build/2021041322/Net-Stomp-0.61-5/blib/lib/Net/Stomp.pm line 196.
Global symbol "$transaction_id" requires explicit package name at /usr/home/cpansand/.cpan/build/2021041322/Net-Stomp-0.61-5/blib/lib/Net/Stomp.pm line 196.
Global symbol "$receipt_frame" requires explicit package name at /usr/home/cpansand/.cpan/build/2021041322/Net-Stomp-0.61-5/blib/lib/Net/Stomp.pm line 196.
Global symbol "$ret" requires explicit package name at /usr/home/cpansand/.cpan/build/2021041322/Net-Stomp-0.61-5/blib/lib/Net/Stomp.pm line 196.
Global symbol "$receipt_frame" requires explicit package name at /usr/home/cpansand/.cpan/build/2021041322/Net-Stomp-0.61-5/blib/lib/Net/Stomp.pm line 196.
Global symbol "$receipt_frame" requires explicit package name at /usr/home/cpansand/.cpan/build/2021041322/Net-Stomp-0.61-5/blib/lib/Net/Stomp.pm line 196.
Global symbol "$ret" requires explicit package name at /usr/home/cpansand/.cpan/build/2021041322/Net-Stomp-0.61-5/blib/lib/Net/Stomp.pm line 196.
Global symbol "$transaction_id" requires explicit package name at /usr/home/cpansand/.cpan/build/2021041322/Net-Stomp-0.61-5/blib/lib/Net/Stomp.pm line 196.
Global symbol "$frame_commit" requires explicit package name at /usr/home/cpansand/.cpan/build/2021041322/Net-Stomp-0.61-5/blib/lib/Net/Stomp.pm line 196.
Global symbol "$transaction_id" requires explicit package name at /usr/home/cpansand/.cpan/build/2021041322/Net-Stomp-0.61-5/blib/lib/Net/Stomp.pm line 196.
Global symbol "$frame_commit" requires explicit package name at /usr/home/cpansand/.cpan/build/2021041322/Net-Stomp-0.61-5/blib/lib/Net/Stomp.pm line 196.
Global symbol "$transaction_id" requires explicit package name at /usr/home/cpansand/.cpan/build/2021041322/Net-Stomp-0.61-5/blib/lib/Net/Stomp.pm line 196.
Global symbol "$frame_abort" requires explicit package name at /usr/home/cpansand/.cpan/build/2021041322/Net-Stomp-0.61-5/blib/lib/Net/Stomp.pm line 196.
Global symbol "$transaction_id" requires explicit package name at /usr/home/cpansand/.cpan/build/2021041322/Net-Stomp-0.61-5/blib/lib/Net/Stomp.pm line 196.
Global symbol "$frame_abort" requires explicit package name at /usr/home/cpansand/.cpan/build/2021041322/Net-Stomp-0.61-5/blib/lib/Net/Stomp.pm line 196.
Global symbol "$ret" requires explicit package name at /usr/home/cpansand/.cpan/build/2021041322/Net-Stomp-0.61-5/blib/lib/Net/Stomp.pm line 196.
Global symbol "$subs" requires explicit package name at /usr/home/cpansand/.cpan/build/2021041322/Net-Stomp-0.61-5/blib/lib/Net/Stomp.pm line 196.
Global symbol "$subs" requires explicit package name at /usr/home/cpansand/.cpan/build/2021041322/Net-Stomp-0.61-5/blib/lib/Net/Stomp.pm line 196.
Global symbol "$subs" requires explicit package name at /usr/home/cpansand/.cpan/build/2021041322/Net-Stomp-0.61-5/blib/lib/Net/Stomp.pm line 196.
Global symbol "$subs" requires explicit package name at /usr/home/cpansand/.cpan/build/2021041322/Net-Stomp-0.61-5/blib/lib/Net/Stomp.pm line 196.
Global symbol "$id" requires explicit package name at /usr/home/cpansand/.cpan/build/2021041322/Net-Stomp-0.61-5/blib/lib/Net/Stomp.pm line 196.
Global symbol "$id" requires explicit package name at /usr/home/cpansand/.cpan/build/2021041322/Net-Stomp-0.61-5/blib/lib/Net/Stomp.pm line 196.
Global symbol "$id" requires explicit package name at /usr/home/cpansand/.cpan/build/2021041322/Net-Stomp-0.61-5/blib/lib/Net/Stomp.pm line 196.
Global symbol "$id" requires explicit package name at /usr/home/cpansand/.cpan/build/2021041322/Net-Stomp-0.61-5/blib/lib/Net/Stomp.pm line 196.
Global symbol "$id" requires explicit package name at /usr/home/cpansand/.cpan/build/2021041322/Net-Stomp-0.61-5/blib/lib/Net/Stomp.pm line 196.
Global symbol "$id" requires explicit package name at /usr/home/cpansand/.cpan/build/2021041322/Net-Stomp-0.61-5/blib/lib/Net/Stomp.pm line 196.
Global symbol "$to_write" requires explicit package name at /usr/home/cpansand/.cpan/build/2021041322/Net-Stomp-0.61-5/blib/lib/Net/Stomp.pm line 196.
Global symbol "$frame_string" requires explicit package name at /usr/home/cpansand/.cpan/build/2021041322/Net-Stomp-0.61-5/blib/lib/Net/Stomp.pm line 196.
Global symbol "$written" requires explicit package name at /usr/home/cpansand/.cpan/build/2021041322/Net-Stomp-0.61-5/blib/lib/Net/Stomp.pm line 196.
Global symbol "$to_write" requires explicit package name at /usr/home/cpansand/.cpan/build/2021041322/Net-Stomp-0.61-5/blib/lib/Net/Stomp.pm line 196.
Global symbol "$written" requires explicit package name at /usr/home/cpansand/.cpan/build/2021041322/Net-Stomp-0.61-5/blib/lib/Net/Stomp.pm line 196.
Global symbol "$to_write" requires explicit package name at /usr/home/cpansand/.cpan/build/2021041322/Net-Stomp-0.61-5/blib/lib/Net/Stomp.pm line 196.
Global symbol "$written" requires explicit package name at /usr/home/cpansand/.cpan/build/2021041322/Net-Stomp-0.61-5/blib/lib/Net/Stomp.pm line 196.
Global symbol "$to_write" requires explicit package name at /usr/home/cpansand/.cpan/build/2021041322/Net-Stomp-0.61-5/blib/lib/Net/Stomp.pm line 196.
Global symbol "$written" requires explicit package name at /usr/home/cpansand/.cpan/build/2021041322/Net-Stomp-0.61-5/blib/lib/Net/Stomp.pm line 196.
Global symbol "$written" requires explicit package name at /usr/home/cpansand/.cpan/build/2021041322/Net-Stomp-0.61-5/blib/lib/Net/Stomp.pm line 196.
Global symbol "$frame_string" requires explicit package name at /usr/home/cpansand/.cpan/build/2021041322/Net-Stomp-0.61-5/blib/lib/Net/Stomp.pm line 196.
Global symbol "$written" requires explicit package name at /usr/home/cpansand/.cpan/build/2021041322/Net-Stomp-0.61-5/blib/lib/Net/Stomp.pm line 196.
Global symbol "$timeout" requires explicit package name at /usr/home/cpansand/.cpan/build/2021041322/Net-Stomp-0.61-5/blib/lib/Net/Stomp.pm line 196.
Global symbol "$timeout" requires explicit package name at /usr/home/cpansand/.cpan/build/2021041322/Net-Stomp-0.61-5/blib/lib/Net/Stomp.pm line 196.
Global symbol "$len" requires explicit package name at /usr/home/cpansand/.cpan/build/2021041322/Net-Stomp-0.61-5/blib/lib/Net/Stomp.pm line 196.
Global symbol "$len" requires explicit package name at /usr/home/cpansand/.cpan/build/2021041322/Net-Stomp-0.61-5/blib/lib/Net/Stomp.pm line 196.
Global symbol "$len" requires explicit package name at /usr/home/cpansand/.cpan/build/2021041322/Net-Stomp-0.61-5/blib/lib/Net/Stomp.pm line 196.
Global symbol "$len" requires explicit package name at /usr/home/cpansand/.cpan/build/2021041322/Net-Stomp-0.61-5/blib/lib/Net/Stomp.pm line 196.
Global symbol "$len" requires explicit package name at /usr/home/cpansand/.cpan/build/2021041322/Net-Stomp-0.61-5/blib/lib/Net/Stomp.pm line 196.
syntax error at /usr/home/cpansand/.cpan/build/2021041322/Net-Stomp-0.61-5/blib/lib/Net/Stomp.pm line 453, near "[^"
  (Might be a runaway multi-line // string starting on line 196)
/usr/home/cpansand/.cpan/build/2021041322/Net-Stomp-0.61-5/blib/lib/Net/Stomp.pm has too many errors.
Compilation failed in require at t/lib/TestHelp.pm line 10.
BEGIN failed--compilation aborted at t/lib/TestHelp.pm line 10.
Compilation failed in require at t/read-timeout.t line 2.
BEGIN failed--compilation aborted at t/read-timeout.t line 2.
t/read-timeout.t ........ 
Dubious, test returned 2 (wstat 512, 0x200)
No subtests run 
Global symbol "$sub" requires explicit package name at /usr/home/cpansand/.cpan/build/2021041322/Net-Stomp-0.61-5/blib/lib/Net/Stomp.pm line 196.
Global symbol "$sub" requires explicit package name at /usr/home/cpansand/.cpan/build/2021041322/Net-Stomp-0.61-5/blib/lib/Net/Stomp.pm line 196.
Global symbol "$timeout" requires explicit package name at /usr/home/cpansand/.cpan/build/2021041322/Net-Stomp-0.61-5/blib/lib/Net/Stomp.pm line 196.
Global symbol "$timeout" requires explicit package name at /usr/home/cpansand/.cpan/build/2021041322/Net-Stomp-0.61-5/blib/lib/Net/Stomp.pm line 196.
Global symbol "$body" requires explicit package name at /usr/home/cpansand/.cpan/build/2021041322/Net-Stomp-0.61-5/blib/lib/Net/Stomp.pm line 196.
Global symbol "$body" requires explicit package name at /usr/home/cpansand/.cpan/build/2021041322/Net-Stomp-0.61-5/blib/lib/Net/Stomp.pm line 196.
Global symbol "$receipt_id" requires explicit package name at /usr/home/cpansand/.cpan/build/2021041322/Net-Stomp-0.61-5/blib/lib/Net/Stomp.pm line 196.
Global symbol "$receipt_id" requires explicit package name at /usr/home/cpansand/.cpan/build/2021041322/Net-Stomp-0.61-5/blib/lib/Net/Stomp.pm line 196.
Global symbol "$receipt_id" requires explicit package name at /usr/home/cpansand/.cpan/build/2021041322/Net-Stomp-0.61-5/blib/lib/Net/Stomp.pm line 196.
Global symbol "$receipt_timeout" requires explicit package name at /usr/home/cpansand/.cpan/build/2021041322/Net-Stomp-0.61-5/blib/lib/Net/Stomp.pm line 196.
Global symbol "$receipt_frame" requires explicit package name at /usr/home/cpansand/.cpan/build/2021041322/Net-Stomp-0.61-5/blib/lib/Net/Stomp.pm line 196.
Global symbol "$receipt_timeout" requires explicit package name at /usr/home/cpansand/.cpan/build/2021041322/Net-Stomp-0.61-5/blib/lib/Net/Stomp.pm line 196.
Global symbol "$receipt_timeout" requires explicit package name at /usr/home/cpansand/.cpan/build/2021041322/Net-Stomp-0.61-5/blib/lib/Net/Stomp.pm line 196.
Global symbol "$receipt_frame" requires explicit package name at /usr/home/cpansand/.cpan/build/2021041322/Net-Stomp-0.61-5/blib/lib/Net/Stomp.pm line 196.
Global symbol "$receipt_frame" requires explicit package name at /usr/home/cpansand/.cpan/build/2021041322/Net-Stomp-0.61-5/blib/lib/Net/Stomp.pm line 196.
Global symbol "$receipt_frame" requires explicit package name at /usr/home/cpansand/.cpan/build/2021041322/Net-Stomp-0.61-5/blib/lib/Net/Stomp.pm line 196.
Global symbol "$receipt_frame" requires explicit package name at /usr/home/cpansand/.cpan/build/2021041322/Net-Stomp-0.61-5/blib/lib/Net/Stomp.pm line 196.
Global symbol "$receipt_id" requires explicit package name at /usr/home/cpansand/.cpan/build/2021041322/Net-Stomp-0.61-5/blib/lib/Net/Stomp.pm line 196.
Global symbol "$receipt_frame" requires explicit package name at /usr/home/cpansand/.cpan/build/2021041322/Net-Stomp-0.61-5/blib/lib/Net/Stomp.pm line 196.
Global symbol "$receipt_frame" requires explicit package name at /usr/home/cpansand/.cpan/build/2021041322/Net-Stomp-0.61-5/blib/lib/Net/Stomp.pm line 196.
Global symbol "$transaction_id" requires explicit package name at /usr/home/cpansand/.cpan/build/2021041322/Net-Stomp-0.61-5/blib/lib/Net/Stomp.pm line 196.
Global symbol "$transaction_id" requires explicit package name at /usr/home/cpansand/.cpan/build/2021041322/Net-Stomp-0.61-5/blib/lib/Net/Stomp.pm line 196.
Global symbol "$begin_frame" requires explicit package name at /usr/home/cpansand/.cpan/build/2021041322/Net-Stomp-0.61-5/blib/lib/Net/Stomp.pm line 196.
Global symbol "$transaction_id" requires explicit package name at /usr/home/cpansand/.cpan/build/2021041322/Net-Stomp-0.61-5/blib/lib/Net/Stomp.pm line 196.
Global symbol "$begin_frame" requires explicit package name at /usr/home/cpansand/.cpan/build/2021041322/Net-Stomp-0.61-5/blib/lib/Net/Stomp.pm line 196.
Global symbol "$transaction_id" requires explicit package name at /usr/home/cpansand/.cpan/build/2021041322/Net-Stomp-0.61-5/blib/lib/Net/Stomp.pm line 196.
Global symbol "$receipt_frame" requires explicit package name at /usr/home/cpansand/.cpan/build/2021041322/Net-Stomp-0.61-5/blib/lib/Net/Stomp.pm line 196.
Global symbol "$ret" requires explicit package name at /usr/home/cpansand/.cpan/build/2021041322/Net-Stomp-0.61-5/blib/lib/Net/Stomp.pm line 196.
Global symbol "$receipt_frame" requires explicit package name at /usr/home/cpansand/.cpan/build/2021041322/Net-Stomp-0.61-5/blib/lib/Net/Stomp.pm line 196.
Global symbol "$receipt_frame" requires explicit package name at /usr/home/cpansand/.cpan/build/2021041322/Net-Stomp-0.61-5/blib/lib/Net/Stomp.pm line 196.
Global symbol "$ret" requires explicit package name at /usr/home/cpansand/.cpan/build/2021041322/Net-Stomp-0.61-5/blib/lib/Net/Stomp.pm line 196.
Global symbol "$transaction_id" requires explicit package name at /usr/home/cpansand/.cpan/build/2021041322/Net-Stomp-0.61-5/blib/lib/Net/Stomp.pm line 196.
Global symbol "$frame_commit" requires explicit package name at /usr/home/cpansand/.cpan/build/2021041322/Net-Stomp-0.61-5/blib/lib/Net/Stomp.pm line 196.
Global symbol "$transaction_id" requires explicit package name at /usr/home/cpansand/.cpan/build/2021041322/Net-Stomp-0.61-5/blib/lib/Net/Stomp.pm line 196.
Global symbol "$frame_commit" requires explicit package name at /usr/home/cpansand/.cpan/build/2021041322/Net-Stomp-0.61-5/blib/lib/Net/Stomp.pm line 196.
Global symbol "$transaction_id" requires explicit package name at /usr/home/cpansand/.cpan/build/2021041322/Net-Stomp-0.61-5/blib/lib/Net/Stomp.pm line 196.
Global symbol "$frame_abort" requires explicit package name at /usr/home/cpansand/.cpan/build/2021041322/Net-Stomp-0.61-5/blib/lib/Net/Stomp.pm line 196.
Global symbol "$transaction_id" requires explicit package name at /usr/home/cpansand/.cpan/build/2021041322/Net-Stomp-0.61-5/blib/lib/Net/Stomp.pm line 196.
Global symbol "$frame_abort" requires explicit package name at /usr/home/cpansand/.cpan/build/2021041322/Net-Stomp-0.61-5/blib/lib/Net/Stomp.pm line 196.
Global symbol "$ret" requires explicit package name at /usr/home/cpansand/.cpan/build/2021041322/Net-Stomp-0.61-5/blib/lib/Net/Stomp.pm line 196.
Global symbol "$subs" requires explicit package name at /usr/home/cpansand/.cpan/build/2021041322/Net-Stomp-0.61-5/blib/lib/Net/Stomp.pm line 196.
Global symbol "$subs" requires explicit package name at /usr/home/cpansand/.cpan/build/2021041322/Net-Stomp-0.61-5/blib/lib/Net/Stomp.pm line 196.
Global symbol "$subs" requires explicit package name at /usr/home/cpansand/.cpan/build/2021041322/Net-Stomp-0.61-5/blib/lib/Net/Stomp.pm line 196.
Global symbol "$subs" requires explicit package name at /usr/home/cpansand/.cpan/build/2021041322/Net-Stomp-0.61-5/blib/lib/Net/Stomp.pm line 196.
Global symbol "$id" requires explicit package name at /usr/home/cpansand/.cpan/build/2021041322/Net-Stomp-0.61-5/blib/lib/Net/Stomp.pm line 196.
Global symbol "$id" requires explicit package name at /usr/home/cpansand/.cpan/build/2021041322/Net-Stomp-0.61-5/blib/lib/Net/Stomp.pm line 196.
Global symbol "$id" requires explicit package name at /usr/home/cpansand/.cpan/build/2021041322/Net-Stomp-0.61-5/blib/lib/Net/Stomp.pm line 196.
Global symbol "$id" requires explicit package name at /usr/home/cpansand/.cpan/build/2021041322/Net-Stomp-0.61-5/blib/lib/Net/Stomp.pm line 196.
Global symbol "$id" requires explicit package name at /usr/home/cpansand/.cpan/build/2021041322/Net-Stomp-0.61-5/blib/lib/Net/Stomp.pm line 196.
Global symbol "$id" requires explicit package name at /usr/home/cpansand/.cpan/build/2021041322/Net-Stomp-0.61-5/blib/lib/Net/Stomp.pm line 196.
Global symbol "$to_write" requires explicit package name at /usr/home/cpansand/.cpan/build/2021041322/Net-Stomp-0.61-5/blib/lib/Net/Stomp.pm line 196.
Global symbol "$frame_string" requires explicit package name at /usr/home/cpansand/.cpan/build/2021041322/Net-Stomp-0.61-5/blib/lib/Net/Stomp.pm line 196.
Global symbol "$written" requires explicit package name at /usr/home/cpansand/.cpan/build/2021041322/Net-Stomp-0.61-5/blib/lib/Net/Stomp.pm line 196.
Global symbol "$to_write" requires explicit package name at /usr/home/cpansand/.cpan/build/2021041322/Net-Stomp-0.61-5/blib/lib/Net/Stomp.pm line 196.
Global symbol "$written" requires explicit package name at /usr/home/cpansand/.cpan/build/2021041322/Net-Stomp-0.61-5/blib/lib/Net/Stomp.pm line 196.
Global symbol "$to_write" requires explicit package name at /usr/home/cpansand/.cpan/build/2021041322/Net-Stomp-0.61-5/blib/lib/Net/Stomp.pm line 196.
Global symbol "$written" requires explicit package name at /usr/home/cpansand/.cpan/build/2021041322/Net-Stomp-0.61-5/blib/lib/Net/Stomp.pm line 196.
Global symbol "$to_write" requires explicit package name at /usr/home/cpansand/.cpan/build/2021041322/Net-Stomp-0.61-5/blib/lib/Net/Stomp.pm line 196.
Global symbol "$written" requires explicit package name at /usr/home/cpansand/.cpan/build/2021041322/Net-Stomp-0.61-5/blib/lib/Net/Stomp.pm line 196.
Global symbol "$written" requires explicit package name at /usr/home/cpansand/.cpan/build/2021041322/Net-Stomp-0.61-5/blib/lib/Net/Stomp.pm line 196.
Global symbol "$frame_string" requires explicit package name at /usr/home/cpansand/.cpan/build/2021041322/Net-Stomp-0.61-5/blib/lib/Net/Stomp.pm line 196.
Global symbol "$written" requires explicit package name at /usr/home/cpansand/.cpan/build/2021041322/Net-Stomp-0.61-5/blib/lib/Net/Stomp.pm line 196.
Global symbol "$timeout" requires explicit package name at /usr/home/cpansand/.cpan/build/2021041322/Net-Stomp-0.61-5/blib/lib/Net/Stomp.pm line 196.
Global symbol "$timeout" requires explicit package name at /usr/home/cpansand/.cpan/build/2021041322/Net-Stomp-0.61-5/blib/lib/Net/Stomp.pm line 196.
Global symbol "$len" requires explicit package name at /usr/home/cpansand/.cpan/build/2021041322/Net-Stomp-0.61-5/blib/lib/Net/Stomp.pm line 196.
Global symbol "$len" requires explicit package name at /usr/home/cpansand/.cpan/build/2021041322/Net-Stomp-0.61-5/blib/lib/Net/Stomp.pm line 196.
Global symbol "$len" requires explicit package name at /usr/home/cpansand/.cpan/build/2021041322/Net-Stomp-0.61-5/blib/lib/Net/Stomp.pm line 196.
Global symbol "$len" requires explicit package name at /usr/home/cpansand/.cpan/build/2021041322/Net-Stomp-0.61-5/blib/lib/Net/Stomp.pm line 196.
Global symbol "$len" requires explicit package name at /usr/home/cpansand/.cpan/build/2021041322/Net-Stomp-0.61-5/blib/lib/Net/Stomp.pm line 196.
syntax error at /usr/home/cpansand/.cpan/build/2021041322/Net-Stomp-0.61-5/blib/lib/Net/Stomp.pm line 453, near "[^"
  (Might be a runaway multi-line // string starting on line 196)
/usr/home/cpansand/.cpan/build/2021041322/Net-Stomp-0.61-5/blib/lib/Net/Stomp.pm has too many errors.
Compilation failed in require at t/lib/TestHelp.pm line 10.
BEGIN failed--compilation aborted at t/lib/TestHelp.pm line 10.
Compilation failed in require at t/receiving-frames.t line 2.
BEGIN failed--compilation aborted at t/receiving-frames.t line 2.
t/receiving-frames.t .... 
Dubious, test returned 2 (wstat 512, 0x200)
No subtests run 
Global symbol "$sub" requires explicit package name at /usr/home/cpansand/.cpan/build/2021041322/Net-Stomp-0.61-5/blib/lib/Net/Stomp.pm line 196.
Global symbol "$sub" requires explicit package name at /usr/home/cpansand/.cpan/build/2021041322/Net-Stomp-0.61-5/blib/lib/Net/Stomp.pm line 196.
Global symbol "$timeout" requires explicit package name at /usr/home/cpansand/.cpan/build/2021041322/Net-Stomp-0.61-5/blib/lib/Net/Stomp.pm line 196.
Global symbol "$timeout" requires explicit package name at /usr/home/cpansand/.cpan/build/2021041322/Net-Stomp-0.61-5/blib/lib/Net/Stomp.pm line 196.
Global symbol "$body" requires explicit package name at /usr/home/cpansand/.cpan/build/2021041322/Net-Stomp-0.61-5/blib/lib/Net/Stomp.pm line 196.
Global symbol "$body" requires explicit package name at /usr/home/cpansand/.cpan/build/2021041322/Net-Stomp-0.61-5/blib/lib/Net/Stomp.pm line 196.
Global symbol "$receipt_id" requires explicit package name at /usr/home/cpansand/.cpan/build/2021041322/Net-Stomp-0.61-5/blib/lib/Net/Stomp.pm line 196.
Global symbol "$receipt_id" requires explicit package name at /usr/home/cpansand/.cpan/build/2021041322/Net-Stomp-0.61-5/blib/lib/Net/Stomp.pm line 196.
Global symbol "$receipt_id" requires explicit package name at /usr/home/cpansand/.cpan/build/2021041322/Net-Stomp-0.61-5/blib/lib/Net/Stomp.pm line 196.
Global symbol "$receipt_timeout" requires explicit package name at /usr/home/cpansand/.cpan/build/2021041322/Net-Stomp-0.61-5/blib/lib/Net/Stomp.pm line 196.
Global symbol "$receipt_frame" requires explicit package name at /usr/home/cpansand/.cpan/build/2021041322/Net-Stomp-0.61-5/blib/lib/Net/Stomp.pm line 196.
Global symbol "$receipt_timeout" requires explicit package name at /usr/home/cpansand/.cpan/build/2021041322/Net-Stomp-0.61-5/blib/lib/Net/Stomp.pm line 196.
Global symbol "$receipt_timeout" requires explicit package name at /usr/home/cpansand/.cpan/build/2021041322/Net-Stomp-0.61-5/blib/lib/Net/Stomp.pm line 196.
Global symbol "$receipt_frame" requires explicit package name at /usr/home/cpansand/.cpan/build/2021041322/Net-Stomp-0.61-5/blib/lib/Net/Stomp.pm line 196.
Global symbol "$receipt_frame" requires explicit package name at /usr/home/cpansand/.cpan/build/2021041322/Net-Stomp-0.61-5/blib/lib/Net/Stomp.pm line 196.
Global symbol "$receipt_frame" requires explicit package name at /usr/home/cpansand/.cpan/build/2021041322/Net-Stomp-0.61-5/blib/lib/Net/Stomp.pm line 196.
Global symbol "$receipt_frame" requires explicit package name at /usr/home/cpansand/.cpan/build/2021041322/Net-Stomp-0.61-5/blib/lib/Net/Stomp.pm line 196.
Global symbol "$receipt_id" requires explicit package name at /usr/home/cpansand/.cpan/build/2021041322/Net-Stomp-0.61-5/blib/lib/Net/Stomp.pm line 196.
Global symbol "$receipt_frame" requires explicit package name at /usr/home/cpansand/.cpan/build/2021041322/Net-Stomp-0.61-5/blib/lib/Net/Stomp.pm line 196.
Global symbol "$receipt_frame" requires explicit package name at /usr/home/cpansand/.cpan/build/2021041322/Net-Stomp-0.61-5/blib/lib/Net/Stomp.pm line 196.
Global symbol "$transaction_id" requires explicit package name at /usr/home/cpansand/.cpan/build/2021041322/Net-Stomp-0.61-5/blib/lib/Net/Stomp.pm line 196.
Global symbol "$transaction_id" requires explicit package name at /usr/home/cpansand/.cpan/build/2021041322/Net-Stomp-0.61-5/blib/lib/Net/Stomp.pm line 196.
Global symbol "$begin_frame" requires explicit package name at /usr/home/cpansand/.cpan/build/2021041322/Net-Stomp-0.61-5/blib/lib/Net/Stomp.pm line 196.
Global symbol "$transaction_id" requires explicit package name at /usr/home/cpansand/.cpan/build/2021041322/Net-Stomp-0.61-5/blib/lib/Net/Stomp.pm line 196.
Global symbol "$begin_frame" requires explicit package name at /usr/home/cpansand/.cpan/build/2021041322/Net-Stomp-0.61-5/blib/lib/Net/Stomp.pm line 196.
Global symbol "$transaction_id" requires explicit package name at /usr/home/cpansand/.cpan/build/2021041322/Net-Stomp-0.61-5/blib/lib/Net/Stomp.pm line 196.
Global symbol "$receipt_frame" requires explicit package name at /usr/home/cpansand/.cpan/build/2021041322/Net-Stomp-0.61-5/blib/lib/Net/Stomp.pm line 196.
Global symbol "$ret" requires explicit package name at /usr/home/cpansand/.cpan/build/2021041322/Net-Stomp-0.61-5/blib/lib/Net/Stomp.pm line 196.
Global symbol "$receipt_frame" requires explicit package name at /usr/home/cpansand/.cpan/build/2021041322/Net-Stomp-0.61-5/blib/lib/Net/Stomp.pm line 196.
Global symbol "$receipt_frame" requires explicit package name at /usr/home/cpansand/.cpan/build/2021041322/Net-Stomp-0.61-5/blib/lib/Net/Stomp.pm line 196.
Global symbol "$ret" requires explicit package name at /usr/home/cpansand/.cpan/build/2021041322/Net-Stomp-0.61-5/blib/lib/Net/Stomp.pm line 196.
Global symbol "$transaction_id" requires explicit package name at /usr/home/cpansand/.cpan/build/2021041322/Net-Stomp-0.61-5/blib/lib/Net/Stomp.pm line 196.
Global symbol "$frame_commit" requires explicit package name at /usr/home/cpansand/.cpan/build/2021041322/Net-Stomp-0.61-5/blib/lib/Net/Stomp.pm line 196.
Global symbol "$transaction_id" requires explicit package name at /usr/home/cpansand/.cpan/build/2021041322/Net-Stomp-0.61-5/blib/lib/Net/Stomp.pm line 196.
Global symbol "$frame_commit" requires explicit package name at /usr/home/cpansand/.cpan/build/2021041322/Net-Stomp-0.61-5/blib/lib/Net/Stomp.pm line 196.
Global symbol "$transaction_id" requires explicit package name at /usr/home/cpansand/.cpan/build/2021041322/Net-Stomp-0.61-5/blib/lib/Net/Stomp.pm line 196.
Global symbol "$frame_abort" requires explicit package name at /usr/home/cpansand/.cpan/build/2021041322/Net-Stomp-0.61-5/blib/lib/Net/Stomp.pm line 196.
Global symbol "$transaction_id" requires explicit package name at /usr/home/cpansand/.cpan/build/2021041322/Net-Stomp-0.61-5/blib/lib/Net/Stomp.pm line 196.
Global symbol "$frame_abort" requires explicit package name at /usr/home/cpansand/.cpan/build/2021041322/Net-Stomp-0.61-5/blib/lib/Net/Stomp.pm line 196.
Global symbol "$ret" requires explicit package name at /usr/home/cpansand/.cpan/build/2021041322/Net-Stomp-0.61-5/blib/lib/Net/Stomp.pm line 196.
Global symbol "$subs" requires explicit package name at /usr/home/cpansand/.cpan/build/2021041322/Net-Stomp-0.61-5/blib/lib/Net/Stomp.pm line 196.
Global symbol "$subs" requires explicit package name at /usr/home/cpansand/.cpan/build/2021041322/Net-Stomp-0.61-5/blib/lib/Net/Stomp.pm line 196.
Global symbol "$subs" requires explicit package name at /usr/home/cpansand/.cpan/build/2021041322/Net-Stomp-0.61-5/blib/lib/Net/Stomp.pm line 196.
Global symbol "$subs" requires explicit package name at /usr/home/cpansand/.cpan/build/2021041322/Net-Stomp-0.61-5/blib/lib/Net/Stomp.pm line 196.
Global symbol "$id" requires explicit package name at /usr/home/cpansand/.cpan/build/2021041322/Net-Stomp-0.61-5/blib/lib/Net/Stomp.pm line 196.
Global symbol "$id" requires explicit package name at /usr/home/cpansand/.cpan/build/2021041322/Net-Stomp-0.61-5/blib/lib/Net/Stomp.pm line 196.
Global symbol "$id" requires explicit package name at /usr/home/cpansand/.cpan/build/2021041322/Net-Stomp-0.61-5/blib/lib/Net/Stomp.pm line 196.
Global symbol "$id" requires explicit package name at /usr/home/cpansand/.cpan/build/2021041322/Net-Stomp-0.61-5/blib/lib/Net/Stomp.pm line 196.
Global symbol "$id" requires explicit package name at /usr/home/cpansand/.cpan/build/2021041322/Net-Stomp-0.61-5/blib/lib/Net/Stomp.pm line 196.
Global symbol "$id" requires explicit package name at /usr/home/cpansand/.cpan/build/2021041322/Net-Stomp-0.61-5/blib/lib/Net/Stomp.pm line 196.
Global symbol "$to_write" requires explicit package name at /usr/home/cpansand/.cpan/build/2021041322/Net-Stomp-0.61-5/blib/lib/Net/Stomp.pm line 196.
Global symbol "$frame_string" requires explicit package name at /usr/home/cpansand/.cpan/build/2021041322/Net-Stomp-0.61-5/blib/lib/Net/Stomp.pm line 196.
Global symbol "$written" requires explicit package name at /usr/home/cpansand/.cpan/build/2021041322/Net-Stomp-0.61-5/blib/lib/Net/Stomp.pm line 196.
Global symbol "$to_write" requires explicit package name at /usr/home/cpansand/.cpan/build/2021041322/Net-Stomp-0.61-5/blib/lib/Net/Stomp.pm line 196.
Global symbol "$written" requires explicit package name at /usr/home/cpansand/.cpan/build/2021041322/Net-Stomp-0.61-5/blib/lib/Net/Stomp.pm line 196.
Global symbol "$to_write" requires explicit package name at /usr/home/cpansand/.cpan/build/2021041322/Net-Stomp-0.61-5/blib/lib/Net/Stomp.pm line 196.
Global symbol "$written" requires explicit package name at /usr/home/cpansand/.cpan/build/2021041322/Net-Stomp-0.61-5/blib/lib/Net/Stomp.pm line 196.
Global symbol "$to_write" requires explicit package name at /usr/home/cpansand/.cpan/build/2021041322/Net-Stomp-0.61-5/blib/lib/Net/Stomp.pm line 196.
Global symbol "$written" requires explicit package name at /usr/home/cpansand/.cpan/build/2021041322/Net-Stomp-0.61-5/blib/lib/Net/Stomp.pm line 196.
Global symbol "$written" requires explicit package name at /usr/home/cpansand/.cpan/build/2021041322/Net-Stomp-0.61-5/blib/lib/Net/Stomp.pm line 196.
Global symbol "$frame_string" requires explicit package name at /usr/home/cpansand/.cpan/build/2021041322/Net-Stomp-0.61-5/blib/lib/Net/Stomp.pm line 196.
Global symbol "$written" requires explicit package name at /usr/home/cpansand/.cpan/build/2021041322/Net-Stomp-0.61-5/blib/lib/Net/Stomp.pm line 196.
Global symbol "$timeout" requires explicit package name at /usr/home/cpansand/.cpan/build/2021041322/Net-Stomp-0.61-5/blib/lib/Net/Stomp.pm line 196.
Global symbol "$timeout" requires explicit package name at /usr/home/cpansand/.cpan/build/2021041322/Net-Stomp-0.61-5/blib/lib/Net/Stomp.pm line 196.
Global symbol "$len" requires explicit package name at /usr/home/cpansand/.cpan/build/2021041322/Net-Stomp-0.61-5/blib/lib/Net/Stomp.pm line 196.
Global symbol "$len" requires explicit package name at /usr/home/cpansand/.cpan/build/2021041322/Net-Stomp-0.61-5/blib/lib/Net/Stomp.pm line 196.
Global symbol "$len" requires explicit package name at /usr/home/cpansand/.cpan/build/2021041322/Net-Stomp-0.61-5/blib/lib/Net/Stomp.pm line 196.
Global symbol "$len" requires explicit package name at /usr/home/cpansand/.cpan/build/2021041322/Net-Stomp-0.61-5/blib/lib/Net/Stomp.pm line 196.
Global symbol "$len" requires explicit package name at /usr/home/cpansand/.cpan/build/2021041322/Net-Stomp-0.61-5/blib/lib/Net/Stomp.pm line 196.
syntax error at /usr/home/cpansand/.cpan/build/2021041322/Net-Stomp-0.61-5/blib/lib/Net/Stomp.pm line 453, near "[^"
  (Might be a runaway multi-line // string starting on line 196)
/usr/home/cpansand/.cpan/build/2021041322/Net-Stomp-0.61-5/blib/lib/Net/Stomp.pm has too many errors.
Compilation failed in require at t/lib/TestHelp.pm line 10.
BEGIN failed--compilation aborted at t/lib/TestHelp.pm line 10.
Compilation failed in require at t/reconnect.t line 3.
BEGIN failed--compilation aborted at t/reconnect.t line 3.
t/reconnect.t ........... 
Dubious, test returned 2 (wstat 512, 0x200)
No subtests run 
Global symbol "$sub" requires explicit package name at /usr/home/cpansand/.cpan/build/2021041322/Net-Stomp-0.61-5/blib/lib/Net/Stomp.pm line 196.
Global symbol "$sub" requires explicit package name at /usr/home/cpansand/.cpan/build/2021041322/Net-Stomp-0.61-5/blib/lib/Net/Stomp.pm line 196.
Global symbol "$timeout" requires explicit package name at /usr/home/cpansand/.cpan/build/2021041322/Net-Stomp-0.61-5/blib/lib/Net/Stomp.pm line 196.
Global symbol "$timeout" requires explicit package name at /usr/home/cpansand/.cpan/build/2021041322/Net-Stomp-0.61-5/blib/lib/Net/Stomp.pm line 196.
Global symbol "$body" requires explicit package name at /usr/home/cpansand/.cpan/build/2021041322/Net-Stomp-0.61-5/blib/lib/Net/Stomp.pm line 196.
Global symbol "$body" requires explicit package name at /usr/home/cpansand/.cpan/build/2021041322/Net-Stomp-0.61-5/blib/lib/Net/Stomp.pm line 196.
Global symbol "$receipt_id" requires explicit package name at /usr/home/cpansand/.cpan/build/2021041322/Net-Stomp-0.61-5/blib/lib/Net/Stomp.pm line 196.
Global symbol "$receipt_id" requires explicit package name at /usr/home/cpansand/.cpan/build/2021041322/Net-Stomp-0.61-5/blib/lib/Net/Stomp.pm line 196.
Global symbol "$receipt_id" requires explicit package name at /usr/home/cpansand/.cpan/build/2021041322/Net-Stomp-0.61-5/blib/lib/Net/Stomp.pm line 196.
Global symbol "$receipt_timeout" requires explicit package name at /usr/home/cpansand/.cpan/build/2021041322/Net-Stomp-0.61-5/blib/lib/Net/Stomp.pm line 196.
Global symbol "$receipt_frame" requires explicit package name at /usr/home/cpansand/.cpan/build/2021041322/Net-Stomp-0.61-5/blib/lib/Net/Stomp.pm line 196.
Global symbol "$receipt_timeout" requires explicit package name at /usr/home/cpansand/.cpan/build/2021041322/Net-Stomp-0.61-5/blib/lib/Net/Stomp.pm line 196.
Global symbol "$receipt_timeout" requires explicit package name at /usr/home/cpansand/.cpan/build/2021041322/Net-Stomp-0.61-5/blib/lib/Net/Stomp.pm line 196.
Global symbol "$receipt_frame" requires explicit package name at /usr/home/cpansand/.cpan/build/2021041322/Net-Stomp-0.61-5/blib/lib/Net/Stomp.pm line 196.
Global symbol "$receipt_frame" requires explicit package name at /usr/home/cpansand/.cpan/build/2021041322/Net-Stomp-0.61-5/blib/lib/Net/Stomp.pm line 196.
Global symbol "$receipt_frame" requires explicit package name at /usr/home/cpansand/.cpan/build/2021041322/Net-Stomp-0.61-5/blib/lib/Net/Stomp.pm line 196.
Global symbol "$receipt_frame" requires explicit package name at /usr/home/cpansand/.cpan/build/2021041322/Net-Stomp-0.61-5/blib/lib/Net/Stomp.pm line 196.
Global symbol "$receipt_id" requires explicit package name at /usr/home/cpansand/.cpan/build/2021041322/Net-Stomp-0.61-5/blib/lib/Net/Stomp.pm line 196.
Global symbol "$receipt_frame" requires explicit package name at /usr/home/cpansand/.cpan/build/2021041322/Net-Stomp-0.61-5/blib/lib/Net/Stomp.pm line 196.
Global symbol "$receipt_frame" requires explicit package name at /usr/home/cpansand/.cpan/build/2021041322/Net-Stomp-0.61-5/blib/lib/Net/Stomp.pm line 196.
Global symbol "$transaction_id" requires explicit package name at /usr/home/cpansand/.cpan/build/2021041322/Net-Stomp-0.61-5/blib/lib/Net/Stomp.pm line 196.
Global symbol "$transaction_id" requires explicit package name at /usr/home/cpansand/.cpan/build/2021041322/Net-Stomp-0.61-5/blib/lib/Net/Stomp.pm line 196.
Global symbol "$begin_frame" requires explicit package name at /usr/home/cpansand/.cpan/build/2021041322/Net-Stomp-0.61-5/blib/lib/Net/Stomp.pm line 196.
Global symbol "$transaction_id" requires explicit package name at /usr/home/cpansand/.cpan/build/2021041322/Net-Stomp-0.61-5/blib/lib/Net/Stomp.pm line 196.
Global symbol "$begin_frame" requires explicit package name at /usr/home/cpansand/.cpan/build/2021041322/Net-Stomp-0.61-5/blib/lib/Net/Stomp.pm line 196.
Global symbol "$transaction_id" requires explicit package name at /usr/home/cpansand/.cpan/build/2021041322/Net-Stomp-0.61-5/blib/lib/Net/Stomp.pm line 196.
Global symbol "$receipt_frame" requires explicit package name at /usr/home/cpansand/.cpan/build/2021041322/Net-Stomp-0.61-5/blib/lib/Net/Stomp.pm line 196.
Global symbol "$ret" requires explicit package name at /usr/home/cpansand/.cpan/build/2021041322/Net-Stomp-0.61-5/blib/lib/Net/Stomp.pm line 196.
Global symbol "$receipt_frame" requires explicit package name at /usr/home/cpansand/.cpan/build/2021041322/Net-Stomp-0.61-5/blib/lib/Net/Stomp.pm line 196.
Global symbol "$receipt_frame" requires explicit package name at /usr/home/cpansand/.cpan/build/2021041322/Net-Stomp-0.61-5/blib/lib/Net/Stomp.pm line 196.
Global symbol "$ret" requires explicit package name at /usr/home/cpansand/.cpan/build/2021041322/Net-Stomp-0.61-5/blib/lib/Net/Stomp.pm line 196.
Global symbol "$transaction_id" requires explicit package name at /usr/home/cpansand/.cpan/build/2021041322/Net-Stomp-0.61-5/blib/lib/Net/Stomp.pm line 196.
Global symbol "$frame_commit" requires explicit package name at /usr/home/cpansand/.cpan/build/2021041322/Net-Stomp-0.61-5/blib/lib/Net/Stomp.pm line 196.
Global symbol "$transaction_id" requires explicit package name at /usr/home/cpansand/.cpan/build/2021041322/Net-Stomp-0.61-5/blib/lib/Net/Stomp.pm line 196.
Global symbol "$frame_commit" requires explicit package name at /usr/home/cpansand/.cpan/build/2021041322/Net-Stomp-0.61-5/blib/lib/Net/Stomp.pm line 196.
Global symbol "$transaction_id" requires explicit package name at /usr/home/cpansand/.cpan/build/2021041322/Net-Stomp-0.61-5/blib/lib/Net/Stomp.pm line 196.
Global symbol "$frame_abort" requires explicit package name at /usr/home/cpansand/.cpan/build/2021041322/Net-Stomp-0.61-5/blib/lib/Net/Stomp.pm line 196.
Global symbol "$transaction_id" requires explicit package name at /usr/home/cpansand/.cpan/build/2021041322/Net-Stomp-0.61-5/blib/lib/Net/Stomp.pm line 196.
Global symbol "$frame_abort" requires explicit package name at /usr/home/cpansand/.cpan/build/2021041322/Net-Stomp-0.61-5/blib/lib/Net/Stomp.pm line 196.
Global symbol "$ret" requires explicit package name at /usr/home/cpansand/.cpan/build/2021041322/Net-Stomp-0.61-5/blib/lib/Net/Stomp.pm line 196.
Global symbol "$subs" requires explicit package name at /usr/home/cpansand/.cpan/build/2021041322/Net-Stomp-0.61-5/blib/lib/Net/Stomp.pm line 196.
Global symbol "$subs" requires explicit package name at /usr/home/cpansand/.cpan/build/2021041322/Net-Stomp-0.61-5/blib/lib/Net/Stomp.pm line 196.
Global symbol "$subs" requires explicit package name at /usr/home/cpansand/.cpan/build/2021041322/Net-Stomp-0.61-5/blib/lib/Net/Stomp.pm line 196.
Global symbol "$subs" requires explicit package name at /usr/home/cpansand/.cpan/build/2021041322/Net-Stomp-0.61-5/blib/lib/Net/Stomp.pm line 196.
Global symbol "$id" requires explicit package name at /usr/home/cpansand/.cpan/build/2021041322/Net-Stomp-0.61-5/blib/lib/Net/Stomp.pm line 196.
Global symbol "$id" requires explicit package name at /usr/home/cpansand/.cpan/build/2021041322/Net-Stomp-0.61-5/blib/lib/Net/Stomp.pm line 196.
Global symbol "$id" requires explicit package name at /usr/home/cpansand/.cpan/build/2021041322/Net-Stomp-0.61-5/blib/lib/Net/Stomp.pm line 196.
Global symbol "$id" requires explicit package name at /usr/home/cpansand/.cpan/build/2021041322/Net-Stomp-0.61-5/blib/lib/Net/Stomp.pm line 196.
Global symbol "$id" requires explicit package name at /usr/home/cpansand/.cpan/build/2021041322/Net-Stomp-0.61-5/blib/lib/Net/Stomp.pm line 196.
Global symbol "$id" requires explicit package name at /usr/home/cpansand/.cpan/build/2021041322/Net-Stomp-0.61-5/blib/lib/Net/Stomp.pm line 196.
Global symbol "$to_write" requires explicit package name at /usr/home/cpansand/.cpan/build/2021041322/Net-Stomp-0.61-5/blib/lib/Net/Stomp.pm line 196.
Global symbol "$frame_string" requires explicit package name at /usr/home/cpansand/.cpan/build/2021041322/Net-Stomp-0.61-5/blib/lib/Net/Stomp.pm line 196.
Global symbol "$written" requires explicit package name at /usr/home/cpansand/.cpan/build/2021041322/Net-Stomp-0.61-5/blib/lib/Net/Stomp.pm line 196.
Global symbol "$to_write" requires explicit package name at /usr/home/cpansand/.cpan/build/2021041322/Net-Stomp-0.61-5/blib/lib/Net/Stomp.pm line 196.
Global symbol "$written" requires explicit package name at /usr/home/cpansand/.cpan/build/2021041322/Net-Stomp-0.61-5/blib/lib/Net/Stomp.pm line 196.
Global symbol "$to_write" requires explicit package name at /usr/home/cpansand/.cpan/build/2021041322/Net-Stomp-0.61-5/blib/lib/Net/Stomp.pm line 196.
Global symbol "$written" requires explicit package name at /usr/home/cpansand/.cpan/build/2021041322/Net-Stomp-0.61-5/blib/lib/Net/Stomp.pm line 196.
Global symbol "$to_write" requires explicit package name at /usr/home/cpansand/.cpan/build/2021041322/Net-Stomp-0.61-5/blib/lib/Net/Stomp.pm line 196.
Global symbol "$written" requires explicit package name at /usr/home/cpansand/.cpan/build/2021041322/Net-Stomp-0.61-5/blib/lib/Net/Stomp.pm line 196.
Global symbol "$written" requires explicit package name at /usr/home/cpansand/.cpan/build/2021041322/Net-Stomp-0.61-5/blib/lib/Net/Stomp.pm line 196.
Global symbol "$frame_string" requires explicit package name at /usr/home/cpansand/.cpan/build/2021041322/Net-Stomp-0.61-5/blib/lib/Net/Stomp.pm line 196.
Global symbol "$written" requires explicit package name at /usr/home/cpansand/.cpan/build/2021041322/Net-Stomp-0.61-5/blib/lib/Net/Stomp.pm line 196.
Global symbol "$timeout" requires explicit package name at /usr/home/cpansand/.cpan/build/2021041322/Net-Stomp-0.61-5/blib/lib/Net/Stomp.pm line 196.
Global symbol "$timeout" requires explicit package name at /usr/home/cpansand/.cpan/build/2021041322/Net-Stomp-0.61-5/blib/lib/Net/Stomp.pm line 196.
Global symbol "$len" requires explicit package name at /usr/home/cpansand/.cpan/build/2021041322/Net-Stomp-0.61-5/blib/lib/Net/Stomp.pm line 196.
Global symbol "$len" requires explicit package name at /usr/home/cpansand/.cpan/build/2021041322/Net-Stomp-0.61-5/blib/lib/Net/Stomp.pm line 196.
Global symbol "$len" requires explicit package name at /usr/home/cpansand/.cpan/build/2021041322/Net-Stomp-0.61-5/blib/lib/Net/Stomp.pm line 196.
Global symbol "$len" requires explicit package name at /usr/home/cpansand/.cpan/build/2021041322/Net-Stomp-0.61-5/blib/lib/Net/Stomp.pm line 196.
Global symbol "$len" requires explicit package name at /usr/home/cpansand/.cpan/build/2021041322/Net-Stomp-0.61-5/blib/lib/Net/Stomp.pm line 196.
syntax error at /usr/home/cpansand/.cpan/build/2021041322/Net-Stomp-0.61-5/blib/lib/Net/Stomp.pm line 453, near "[^"
  (Might be a runaway multi-line // string starting on line 196)
/usr/home/cpansand/.cpan/build/2021041322/Net-Stomp-0.61-5/blib/lib/Net/Stomp.pm has too many errors.
Compilation failed in require at t/lib/TestHelp.pm line 10.
BEGIN failed--compilation aborted at t/lib/TestHelp.pm line 10.
Compilation failed in require at t/send-transactional.t line 2.
BEGIN failed--compilation aborted at t/send-transactional.t line 2.
t/send-transactional.t .. 
Dubious, test returned 2 (wstat 512, 0x200)
No subtests run 
Global symbol "$sub" requires explicit package name at /usr/home/cpansand/.cpan/build/2021041322/Net-Stomp-0.61-5/blib/lib/Net/Stomp.pm line 196.
Global symbol "$sub" requires explicit package name at /usr/home/cpansand/.cpan/build/2021041322/Net-Stomp-0.61-5/blib/lib/Net/Stomp.pm line 196.
Global symbol "$timeout" requires explicit package name at /usr/home/cpansand/.cpan/build/2021041322/Net-Stomp-0.61-5/blib/lib/Net/Stomp.pm line 196.
Global symbol "$timeout" requires explicit package name at /usr/home/cpansand/.cpan/build/2021041322/Net-Stomp-0.61-5/blib/lib/Net/Stomp.pm line 196.
Global symbol "$body" requires explicit package name at /usr/home/cpansand/.cpan/build/2021041322/Net-Stomp-0.61-5/blib/lib/Net/Stomp.pm line 196.
Global symbol "$body" requires explicit package name at /usr/home/cpansand/.cpan/build/2021041322/Net-Stomp-0.61-5/blib/lib/Net/Stomp.pm line 196.
Global symbol "$receipt_id" requires explicit package name at /usr/home/cpansand/.cpan/build/2021041322/Net-Stomp-0.61-5/blib/lib/Net/Stomp.pm line 196.
Global symbol "$receipt_id" requires explicit package name at /usr/home/cpansand/.cpan/build/2021041322/Net-Stomp-0.61-5/blib/lib/Net/Stomp.pm line 196.
Global symbol "$receipt_id" requires explicit package name at /usr/home/cpansand/.cpan/build/2021041322/Net-Stomp-0.61-5/blib/lib/Net/Stomp.pm line 196.
Global symbol "$receipt_timeout" requires explicit package name at /usr/home/cpansand/.cpan/build/2021041322/Net-Stomp-0.61-5/blib/lib/Net/Stomp.pm line 196.
Global symbol "$receipt_frame" requires explicit package name at /usr/home/cpansand/.cpan/build/2021041322/Net-Stomp-0.61-5/blib/lib/Net/Stomp.pm line 196.
Global symbol "$receipt_timeout" requires explicit package name at /usr/home/cpansand/.cpan/build/2021041322/Net-Stomp-0.61-5/blib/lib/Net/Stomp.pm line 196.
Global symbol "$receipt_timeout" requires explicit package name at /usr/home/cpansand/.cpan/build/2021041322/Net-Stomp-0.61-5/blib/lib/Net/Stomp.pm line 196.
Global symbol "$receipt_frame" requires explicit package name at /usr/home/cpansand/.cpan/build/2021041322/Net-Stomp-0.61-5/blib/lib/Net/Stomp.pm line 196.
Global symbol "$receipt_frame" requires explicit package name at /usr/home/cpansand/.cpan/build/2021041322/Net-Stomp-0.61-5/blib/lib/Net/Stomp.pm line 196.
Global symbol "$receipt_frame" requires explicit package name at /usr/home/cpansand/.cpan/build/2021041322/Net-Stomp-0.61-5/blib/lib/Net/Stomp.pm line 196.
Global symbol "$receipt_frame" requires explicit package name at /usr/home/cpansand/.cpan/build/2021041322/Net-Stomp-0.61-5/blib/lib/Net/Stomp.pm line 196.
Global symbol "$receipt_id" requires explicit package name at /usr/home/cpansand/.cpan/build/2021041322/Net-Stomp-0.61-5/blib/lib/Net/Stomp.pm line 196.
Global symbol "$receipt_frame" requires explicit package name at /usr/home/cpansand/.cpan/build/2021041322/Net-Stomp-0.61-5/blib/lib/Net/Stomp.pm line 196.
Global symbol "$receipt_frame" requires explicit package name at /usr/home/cpansand/.cpan/build/2021041322/Net-Stomp-0.61-5/blib/lib/Net/Stomp.pm line 196.
Global symbol "$transaction_id" requires explicit package name at /usr/home/cpansand/.cpan/build/2021041322/Net-Stomp-0.61-5/blib/lib/Net/Stomp.pm line 196.
Global symbol "$transaction_id" requires explicit package name at /usr/home/cpansand/.cpan/build/2021041322/Net-Stomp-0.61-5/blib/lib/Net/Stomp.pm line 196.
Global symbol "$begin_frame" requires explicit package name at /usr/home/cpansand/.cpan/build/2021041322/Net-Stomp-0.61-5/blib/lib/Net/Stomp.pm line 196.
Global symbol "$transaction_id" requires explicit package name at /usr/home/cpansand/.cpan/build/2021041322/Net-Stomp-0.61-5/blib/lib/Net/Stomp.pm line 196.
Global symbol "$begin_frame" requires explicit package name at /usr/home/cpansand/.cpan/build/2021041322/Net-Stomp-0.61-5/blib/lib/Net/Stomp.pm line 196.
Global symbol "$transaction_id" requires explicit package name at /usr/home/cpansand/.cpan/build/2021041322/Net-Stomp-0.61-5/blib/lib/Net/Stomp.pm line 196.
Global symbol "$receipt_frame" requires explicit package name at /usr/home/cpansand/.cpan/build/2021041322/Net-Stomp-0.61-5/blib/lib/Net/Stomp.pm line 196.
Global symbol "$ret" requires explicit package name at /usr/home/cpansand/.cpan/build/2021041322/Net-Stomp-0.61-5/blib/lib/Net/Stomp.pm line 196.
Global symbol "$receipt_frame" requires explicit package name at /usr/home/cpansand/.cpan/build/2021041322/Net-Stomp-0.61-5/blib/lib/Net/Stomp.pm line 196.
Global symbol "$receipt_frame" requires explicit package name at /usr/home/cpansand/.cpan/build/2021041322/Net-Stomp-0.61-5/blib/lib/Net/Stomp.pm line 196.
Global symbol "$ret" requires explicit package name at /usr/home/cpansand/.cpan/build/2021041322/Net-Stomp-0.61-5/blib/lib/Net/Stomp.pm line 196.
Global symbol "$transaction_id" requires explicit package name at /usr/home/cpansand/.cpan/build/2021041322/Net-Stomp-0.61-5/blib/lib/Net/Stomp.pm line 196.
Global symbol "$frame_commit" requires explicit package name at /usr/home/cpansand/.cpan/build/2021041322/Net-Stomp-0.61-5/blib/lib/Net/Stomp.pm line 196.
Global symbol "$transaction_id" requires explicit package name at /usr/home/cpansand/.cpan/build/2021041322/Net-Stomp-0.61-5/blib/lib/Net/Stomp.pm line 196.
Global symbol "$frame_commit" requires explicit package name at /usr/home/cpansand/.cpan/build/2021041322/Net-Stomp-0.61-5/blib/lib/Net/Stomp.pm line 196.
Global symbol "$transaction_id" requires explicit package name at /usr/home/cpansand/.cpan/build/2021041322/Net-Stomp-0.61-5/blib/lib/Net/Stomp.pm line 196.
Global symbol "$frame_abort" requires explicit package name at /usr/home/cpansand/.cpan/build/2021041322/Net-Stomp-0.61-5/blib/lib/Net/Stomp.pm line 196.
Global symbol "$transaction_id" requires explicit package name at /usr/home/cpansand/.cpan/build/2021041322/Net-Stomp-0.61-5/blib/lib/Net/Stomp.pm line 196.
Global symbol "$frame_abort" requires explicit package name at /usr/home/cpansand/.cpan/build/2021041322/Net-Stomp-0.61-5/blib/lib/Net/Stomp.pm line 196.
Global symbol "$ret" requires explicit package name at /usr/home/cpansand/.cpan/build/2021041322/Net-Stomp-0.61-5/blib/lib/Net/Stomp.pm line 196.
Global symbol "$subs" requires explicit package name at /usr/home/cpansand/.cpan/build/2021041322/Net-Stomp-0.61-5/blib/lib/Net/Stomp.pm line 196.
Global symbol "$subs" requires explicit package name at /usr/home/cpansand/.cpan/build/2021041322/Net-Stomp-0.61-5/blib/lib/Net/Stomp.pm line 196.
Global symbol "$subs" requires explicit package name at /usr/home/cpansand/.cpan/build/2021041322/Net-Stomp-0.61-5/blib/lib/Net/Stomp.pm line 196.
Global symbol "$subs" requires explicit package name at /usr/home/cpansand/.cpan/build/2021041322/Net-Stomp-0.61-5/blib/lib/Net/Stomp.pm line 196.
Global symbol "$id" requires explicit package name at /usr/home/cpansand/.cpan/build/2021041322/Net-Stomp-0.61-5/blib/lib/Net/Stomp.pm line 196.
Global symbol "$id" requires explicit package name at /usr/home/cpansand/.cpan/build/2021041322/Net-Stomp-0.61-5/blib/lib/Net/Stomp.pm line 196.
Global symbol "$id" requires explicit package name at /usr/home/cpansand/.cpan/build/2021041322/Net-Stomp-0.61-5/blib/lib/Net/Stomp.pm line 196.
Global symbol "$id" requires explicit package name at /usr/home/cpansand/.cpan/build/2021041322/Net-Stomp-0.61-5/blib/lib/Net/Stomp.pm line 196.
Global symbol "$id" requires explicit package name at /usr/home/cpansand/.cpan/build/2021041322/Net-Stomp-0.61-5/blib/lib/Net/Stomp.pm line 196.
Global symbol "$id" requires explicit package name at /usr/home/cpansand/.cpan/build/2021041322/Net-Stomp-0.61-5/blib/lib/Net/Stomp.pm line 196.
Global symbol "$to_write" requires explicit package name at /usr/home/cpansand/.cpan/build/2021041322/Net-Stomp-0.61-5/blib/lib/Net/Stomp.pm line 196.
Global symbol "$frame_string" requires explicit package name at /usr/home/cpansand/.cpan/build/2021041322/Net-Stomp-0.61-5/blib/lib/Net/Stomp.pm line 196.
Global symbol "$written" requires explicit package name at /usr/home/cpansand/.cpan/build/2021041322/Net-Stomp-0.61-5/blib/lib/Net/Stomp.pm line 196.
Global symbol "$to_write" requires explicit package name at /usr/home/cpansand/.cpan/build/2021041322/Net-Stomp-0.61-5/blib/lib/Net/Stomp.pm line 196.
Global symbol "$written" requires explicit package name at /usr/home/cpansand/.cpan/build/2021041322/Net-Stomp-0.61-5/blib/lib/Net/Stomp.pm line 196.
Global symbol "$to_write" requires explicit package name at /usr/home/cpansand/.cpan/build/2021041322/Net-Stomp-0.61-5/blib/lib/Net/Stomp.pm line 196.
Global symbol "$written" requires explicit package name at /usr/home/cpansand/.cpan/build/2021041322/Net-Stomp-0.61-5/blib/lib/Net/Stomp.pm line 196.
Global symbol "$to_write" requires explicit package name at /usr/home/cpansand/.cpan/build/2021041322/Net-Stomp-0.61-5/blib/lib/Net/Stomp.pm line 196.
Global symbol "$written" requires explicit package name at /usr/home/cpansand/.cpan/build/2021041322/Net-Stomp-0.61-5/blib/lib/Net/Stomp.pm line 196.
Global symbol "$written" requires explicit package name at /usr/home/cpansand/.cpan/build/2021041322/Net-Stomp-0.61-5/blib/lib/Net/Stomp.pm line 196.
Global symbol "$frame_string" requires explicit package name at /usr/home/cpansand/.cpan/build/2021041322/Net-Stomp-0.61-5/blib/lib/Net/Stomp.pm line 196.
Global symbol "$written" requires explicit package name at /usr/home/cpansand/.cpan/build/2021041322/Net-Stomp-0.61-5/blib/lib/Net/Stomp.pm line 196.
Global symbol "$timeout" requires explicit package name at /usr/home/cpansand/.cpan/build/2021041322/Net-Stomp-0.61-5/blib/lib/Net/Stomp.pm line 196.
Global symbol "$timeout" requires explicit package name at /usr/home/cpansand/.cpan/build/2021041322/Net-Stomp-0.61-5/blib/lib/Net/Stomp.pm line 196.
Global symbol "$len" requires explicit package name at /usr/home/cpansand/.cpan/build/2021041322/Net-Stomp-0.61-5/blib/lib/Net/Stomp.pm line 196.
Global symbol "$len" requires explicit package name at /usr/home/cpansand/.cpan/build/2021041322/Net-Stomp-0.61-5/blib/lib/Net/Stomp.pm line 196.
Global symbol "$len" requires explicit package name at /usr/home/cpansand/.cpan/build/2021041322/Net-Stomp-0.61-5/blib/lib/Net/Stomp.pm line 196.
Global symbol "$len" requires explicit package name at /usr/home/cpansand/.cpan/build/2021041322/Net-Stomp-0.61-5/blib/lib/Net/Stomp.pm line 196.
Global symbol "$len" requires explicit package name at /usr/home/cpansand/.cpan/build/2021041322/Net-Stomp-0.61-5/blib/lib/Net/Stomp.pm line 196.
syntax error at /usr/home/cpansand/.cpan/build/2021041322/Net-Stomp-0.61-5/blib/lib/Net/Stomp.pm line 453, near "[^"
  (Might be a runaway multi-line // string starting on line 196)
/usr/home/cpansand/.cpan/build/2021041322/Net-Stomp-0.61-5/blib/lib/Net/Stomp.pm has too many errors.
Compilation failed in require at t/lib/TestHelp.pm line 10.
BEGIN failed--compilation aborted at t/lib/TestHelp.pm line 10.
Compilation failed in require at t/send-with-receipt.t line 2.
BEGIN failed--compilation aborted at t/send-with-receipt.t line 2.
t/send-with-receipt.t ... 
Dubious, test returned 2 (wstat 512, 0x200)
No subtests run 
Global symbol "$sub" requires explicit package name at /usr/home/cpansand/.cpan/build/2021041322/Net-Stomp-0.61-5/blib/lib/Net/Stomp.pm line 196.
Global symbol "$sub" requires explicit package name at /usr/home/cpansand/.cpan/build/2021041322/Net-Stomp-0.61-5/blib/lib/Net/Stomp.pm line 196.
Global symbol "$timeout" requires explicit package name at /usr/home/cpansand/.cpan/build/2021041322/Net-Stomp-0.61-5/blib/lib/Net/Stomp.pm line 196.
Global symbol "$timeout" requires explicit package name at /usr/home/cpansand/.cpan/build/2021041322/Net-Stomp-0.61-5/blib/lib/Net/Stomp.pm line 196.
Global symbol "$body" requires explicit package name at /usr/home/cpansand/.cpan/build/2021041322/Net-Stomp-0.61-5/blib/lib/Net/Stomp.pm line 196.
Global symbol "$body" requires explicit package name at /usr/home/cpansand/.cpan/build/2021041322/Net-Stomp-0.61-5/blib/lib/Net/Stomp.pm line 196.
Global symbol "$receipt_id" requires explicit package name at /usr/home/cpansand/.cpan/build/2021041322/Net-Stomp-0.61-5/blib/lib/Net/Stomp.pm line 196.
Global symbol "$receipt_id" requires explicit package name at /usr/home/cpansand/.cpan/build/2021041322/Net-Stomp-0.61-5/blib/lib/Net/Stomp.pm line 196.
Global symbol "$receipt_id" requires explicit package name at /usr/home/cpansand/.cpan/build/2021041322/Net-Stomp-0.61-5/blib/lib/Net/Stomp.pm line 196.
Global symbol "$receipt_timeout" requires explicit package name at /usr/home/cpansand/.cpan/build/2021041322/Net-Stomp-0.61-5/blib/lib/Net/Stomp.pm line 196.
Global symbol "$receipt_frame" requires explicit package name at /usr/home/cpansand/.cpan/build/2021041322/Net-Stomp-0.61-5/blib/lib/Net/Stomp.pm line 196.
Global symbol "$receipt_timeout" requires explicit package name at /usr/home/cpansand/.cpan/build/2021041322/Net-Stomp-0.61-5/blib/lib/Net/Stomp.pm line 196.
Global symbol "$receipt_timeout" requires explicit package name at /usr/home/cpansand/.cpan/build/2021041322/Net-Stomp-0.61-5/blib/lib/Net/Stomp.pm line 196.
Global symbol "$receipt_frame" requires explicit package name at /usr/home/cpansand/.cpan/build/2021041322/Net-Stomp-0.61-5/blib/lib/Net/Stomp.pm line 196.
Global symbol "$receipt_frame" requires explicit package name at /usr/home/cpansand/.cpan/build/2021041322/Net-Stomp-0.61-5/blib/lib/Net/Stomp.pm line 196.
Global symbol "$receipt_frame" requires explicit package name at /usr/home/cpansand/.cpan/build/2021041322/Net-Stomp-0.61-5/blib/lib/Net/Stomp.pm line 196.
Global symbol "$receipt_frame" requires explicit package name at /usr/home/cpansand/.cpan/build/2021041322/Net-Stomp-0.61-5/blib/lib/Net/Stomp.pm line 196.
Global symbol "$receipt_id" requires explicit package name at /usr/home/cpansand/.cpan/build/2021041322/Net-Stomp-0.61-5/blib/lib/Net/Stomp.pm line 196.
Global symbol "$receipt_frame" requires explicit package name at /usr/home/cpansand/.cpan/build/2021041322/Net-Stomp-0.61-5/blib/lib/Net/Stomp.pm line 196.
Global symbol "$receipt_frame" requires explicit package name at /usr/home/cpansand/.cpan/build/2021041322/Net-Stomp-0.61-5/blib/lib/Net/Stomp.pm line 196.
Global symbol "$transaction_id" requires explicit package name at /usr/home/cpansand/.cpan/build/2021041322/Net-Stomp-0.61-5/blib/lib/Net/Stomp.pm line 196.
Global symbol "$transaction_id" requires explicit package name at /usr/home/cpansand/.cpan/build/2021041322/Net-Stomp-0.61-5/blib/lib/Net/Stomp.pm line 196.
Global symbol "$begin_frame" requires explicit package name at /usr/home/cpansand/.cpan/build/2021041322/Net-Stomp-0.61-5/blib/lib/Net/Stomp.pm line 196.
Global symbol "$transaction_id" requires explicit package name at /usr/home/cpansand/.cpan/build/2021041322/Net-Stomp-0.61-5/blib/lib/Net/Stomp.pm line 196.
Global symbol "$begin_frame" requires explicit package name at /usr/home/cpansand/.cpan/build/2021041322/Net-Stomp-0.61-5/blib/lib/Net/Stomp.pm line 196.
Global symbol "$transaction_id" requires explicit package name at /usr/home/cpansand/.cpan/build/2021041322/Net-Stomp-0.61-5/blib/lib/Net/Stomp.pm line 196.
Global symbol "$receipt_frame" requires explicit package name at /usr/home/cpansand/.cpan/build/2021041322/Net-Stomp-0.61-5/blib/lib/Net/Stomp.pm line 196.
Global symbol "$ret" requires explicit package name at /usr/home/cpansand/.cpan/build/2021041322/Net-Stomp-0.61-5/blib/lib/Net/Stomp.pm line 196.
Global symbol "$receipt_frame" requires explicit package name at /usr/home/cpansand/.cpan/build/2021041322/Net-Stomp-0.61-5/blib/lib/Net/Stomp.pm line 196.
Global symbol "$receipt_frame" requires explicit package name at /usr/home/cpansand/.cpan/build/2021041322/Net-Stomp-0.61-5/blib/lib/Net/Stomp.pm line 196.
Global symbol "$ret" requires explicit package name at /usr/home/cpansand/.cpan/build/2021041322/Net-Stomp-0.61-5/blib/lib/Net/Stomp.pm line 196.
Global symbol "$transaction_id" requires explicit package name at /usr/home/cpansand/.cpan/build/2021041322/Net-Stomp-0.61-5/blib/lib/Net/Stomp.pm line 196.
Global symbol "$frame_commit" requires explicit package name at /usr/home/cpansand/.cpan/build/2021041322/Net-Stomp-0.61-5/blib/lib/Net/Stomp.pm line 196.
Global symbol "$transaction_id" requires explicit package name at /usr/home/cpansand/.cpan/build/2021041322/Net-Stomp-0.61-5/blib/lib/Net/Stomp.pm line 196.
Global symbol "$frame_commit" requires explicit package name at /usr/home/cpansand/.cpan/build/2021041322/Net-Stomp-0.61-5/blib/lib/Net/Stomp.pm line 196.
Global symbol "$transaction_id" requires explicit package name at /usr/home/cpansand/.cpan/build/2021041322/Net-Stomp-0.61-5/blib/lib/Net/Stomp.pm line 196.
Global symbol "$frame_abort" requires explicit package name at /usr/home/cpansand/.cpan/build/2021041322/Net-Stomp-0.61-5/blib/lib/Net/Stomp.pm line 196.
Global symbol "$transaction_id" requires explicit package name at /usr/home/cpansand/.cpan/build/2021041322/Net-Stomp-0.61-5/blib/lib/Net/Stomp.pm line 196.
Global symbol "$frame_abort" requires explicit package name at /usr/home/cpansand/.cpan/build/2021041322/Net-Stomp-0.61-5/blib/lib/Net/Stomp.pm line 196.
Global symbol "$ret" requires explicit package name at /usr/home/cpansand/.cpan/build/2021041322/Net-Stomp-0.61-5/blib/lib/Net/Stomp.pm line 196.
Global symbol "$subs" requires explicit package name at /usr/home/cpansand/.cpan/build/2021041322/Net-Stomp-0.61-5/blib/lib/Net/Stomp.pm line 196.
Global symbol "$subs" requires explicit package name at /usr/home/cpansand/.cpan/build/2021041322/Net-Stomp-0.61-5/blib/lib/Net/Stomp.pm line 196.
Global symbol "$subs" requires explicit package name at /usr/home/cpansand/.cpan/build/2021041322/Net-Stomp-0.61-5/blib/lib/Net/Stomp.pm line 196.
Global symbol "$subs" requires explicit package name at /usr/home/cpansand/.cpan/build/2021041322/Net-Stomp-0.61-5/blib/lib/Net/Stomp.pm line 196.
Global symbol "$id" requires explicit package name at /usr/home/cpansand/.cpan/build/2021041322/Net-Stomp-0.61-5/blib/lib/Net/Stomp.pm line 196.
Global symbol "$id" requires explicit package name at /usr/home/cpansand/.cpan/build/2021041322/Net-Stomp-0.61-5/blib/lib/Net/Stomp.pm line 196.
Global symbol "$id" requires explicit package name at /usr/home/cpansand/.cpan/build/2021041322/Net-Stomp-0.61-5/blib/lib/Net/Stomp.pm line 196.
Global symbol "$id" requires explicit package name at /usr/home/cpansand/.cpan/build/2021041322/Net-Stomp-0.61-5/blib/lib/Net/Stomp.pm line 196.
Global symbol "$id" requires explicit package name at /usr/home/cpansand/.cpan/build/2021041322/Net-Stomp-0.61-5/blib/lib/Net/Stomp.pm line 196.
Global symbol "$id" requires explicit package name at /usr/home/cpansand/.cpan/build/2021041322/Net-Stomp-0.61-5/blib/lib/Net/Stomp.pm line 196.
Global symbol "$to_write" requires explicit package name at /usr/home/cpansand/.cpan/build/2021041322/Net-Stomp-0.61-5/blib/lib/Net/Stomp.pm line 196.
Global symbol "$frame_string" requires explicit package name at /usr/home/cpansand/.cpan/build/2021041322/Net-Stomp-0.61-5/blib/lib/Net/Stomp.pm line 196.
Global symbol "$written" requires explicit package name at /usr/home/cpansand/.cpan/build/2021041322/Net-Stomp-0.61-5/blib/lib/Net/Stomp.pm line 196.
Global symbol "$to_write" requires explicit package name at /usr/home/cpansand/.cpan/build/2021041322/Net-Stomp-0.61-5/blib/lib/Net/Stomp.pm line 196.
Global symbol "$written" requires explicit package name at /usr/home/cpansand/.cpan/build/2021041322/Net-Stomp-0.61-5/blib/lib/Net/Stomp.pm line 196.
Global symbol "$to_write" requires explicit package name at /usr/home/cpansand/.cpan/build/2021041322/Net-Stomp-0.61-5/blib/lib/Net/Stomp.pm line 196.
Global symbol "$written" requires explicit package name at /usr/home/cpansand/.cpan/build/2021041322/Net-Stomp-0.61-5/blib/lib/Net/Stomp.pm line 196.
Global symbol "$to_write" requires explicit package name at /usr/home/cpansand/.cpan/build/2021041322/Net-Stomp-0.61-5/blib/lib/Net/Stomp.pm line 196.
Global symbol "$written" requires explicit package name at /usr/home/cpansand/.cpan/build/2021041322/Net-Stomp-0.61-5/blib/lib/Net/Stomp.pm line 196.
Global symbol "$written" requires explicit package name at /usr/home/cpansand/.cpan/build/2021041322/Net-Stomp-0.61-5/blib/lib/Net/Stomp.pm line 196.
Global symbol "$frame_string" requires explicit package name at /usr/home/cpansand/.cpan/build/2021041322/Net-Stomp-0.61-5/blib/lib/Net/Stomp.pm line 196.
Global symbol "$written" requires explicit package name at /usr/home/cpansand/.cpan/build/2021041322/Net-Stomp-0.61-5/blib/lib/Net/Stomp.pm line 196.
Global symbol "$timeout" requires explicit package name at /usr/home/cpansand/.cpan/build/2021041322/Net-Stomp-0.61-5/blib/lib/Net/Stomp.pm line 196.
Global symbol "$timeout" requires explicit package name at /usr/home/cpansand/.cpan/build/2021041322/Net-Stomp-0.61-5/blib/lib/Net/Stomp.pm line 196.
Global symbol "$len" requires explicit package name at /usr/home/cpansand/.cpan/build/2021041322/Net-Stomp-0.61-5/blib/lib/Net/Stomp.pm line 196.
Global symbol "$len" requires explicit package name at /usr/home/cpansand/.cpan/build/2021041322/Net-Stomp-0.61-5/blib/lib/Net/Stomp.pm line 196.
Global symbol "$len" requires explicit package name at /usr/home/cpansand/.cpan/build/2021041322/Net-Stomp-0.61-5/blib/lib/Net/Stomp.pm line 196.
Global symbol "$len" requires explicit package name at /usr/home/cpansand/.cpan/build/2021041322/Net-Stomp-0.61-5/blib/lib/Net/Stomp.pm line 196.
Global symbol "$len" requires explicit package name at /usr/home/cpansand/.cpan/build/2021041322/Net-Stomp-0.61-5/blib/lib/Net/Stomp.pm line 196.
syntax error at /usr/home/cpansand/.cpan/build/2021041322/Net-Stomp-0.61-5/blib/lib/Net/Stomp.pm line 453, near "[^"
  (Might be a runaway multi-line // string starting on line 196)
/usr/home/cpansand/.cpan/build/2021041322/Net-Stomp-0.61-5/blib/lib/Net/Stomp.pm has too many errors.
Compilation failed in require at t/lib/TestHelp.pm line 10.
BEGIN failed--compilation aborted at t/lib/TestHelp.pm line 10.
Compilation failed in require at t/sending-frames.t line 2.
BEGIN failed--compilation aborted at t/sending-frames.t line 2.
t/sending-frames.t ...... 
Dubious, test returned 2 (wstat 512, 0x200)
No subtests run 

Test Summary Report
-------------------
t/connect-disconnect.t (Wstat: 512 Tests: 0 Failed: 0)
  Non-zero exit status: 2
  Parse errors: No plan found in TAP output
t/constructor.t       (Wstat: 512 Tests: 0 Failed: 0)
  Non-zero exit status: 2
  Parse errors: No plan found in TAP output
t/failover.t          (Wstat: 512 Tests: 0 Failed: 0)
  Non-zero exit status: 2
  Parse errors: No plan found in TAP output
t/frame-accessors.t   (Wstat: 512 Tests: 0 Failed: 0)
  Non-zero exit status: 2
  Parse errors: No plan found in TAP output
t/initial-connect.t   (Wstat: 512 Tests: 0 Failed: 0)
  Non-zero exit status: 2
  Parse errors: No plan found in TAP output
t/pod_coverage.t      (Wstat: 256 Tests: 3 Failed: 1)
  Failed test:  1
  Non-zero exit status: 1
t/read-timeout.t      (Wstat: 512 Tests: 0 Failed: 0)
  Non-zero exit status: 2
  Parse errors: No plan found in TAP output
t/receiving-frames.t  (Wstat: 512 Tests: 0 Failed: 0)
  Non-zero exit status: 2
  Parse errors: No plan found in TAP output
t/reconnect.t         (Wstat: 512 Tests: 0 Failed: 0)
  Non-zero exit status: 2
  Parse errors: No plan found in TAP output
t/send-transactional.t (Wstat: 512 Tests: 0 Failed: 0)
  Non-zero exit status: 2
  Parse errors: No plan found in TAP output
t/send-with-receipt.t (Wstat: 512 Tests: 0 Failed: 0)
  Non-zero exit status: 2
  Parse errors: No plan found in TAP output
t/sending-frames.t    (Wstat: 512 Tests: 0 Failed: 0)
  Non-zero exit status: 2
  Parse errors: No plan found in TAP output
Files=13, Tests=6,  1 wallclock secs ( 0.02 usr  0.05 sys +  0.30 cusr  0.09 csys =  0.47 CPU)
Result: FAIL
Failed 12/13 test programs. 1/6 subtests failed.

------------------------------
PREREQUISITES
------------------------------

Prerequisite modules loaded:

requires:

    Module                 Need     Have    
    ---------------------- -------- --------
    Class::Accessor::Fast  0        0.51    
    IO::Select             0        1.45    
    IO::Socket::INET       0        1.45    
    Log::Any               1.707    1.709   

build_requires:

    Module                 Need     Have    
    ---------------------- -------- --------
    Log::Any::Adapter::TAP 0.003003 0.003003
    Test::Deep             0        1.130   
    Test::Fatal            0        0.016   
    Test::More             0        1.302183
    Test::NiceDump         v1.0.0   1.0.1   

configure_requires:

    Module                 Need     Have    
    ---------------------- -------- --------
    Module::Build          0.42     0.4231  

opt_requires:

    Module                 Need     Have    
    ---------------------- -------- --------
    IO::Socket::IP         0.20     0.41    
    IO::Socket::SSL        1.75     2.070   


------------------------------
ENVIRONMENT AND OTHER CONTEXT
------------------------------

Environment variables:

    LC_ALL = de_DE.ISO8859-1
    PATH = /usr/local/bin:/usr/bin:/bin:/usr/local/sbin:/usr/sbin:/sbin:/home/cpansand/bin/freebsd9.3:/home/cpansand/bin/sh:/home/cpansand/bin:/usr/games:/home/cpansand/devel:/usr/home/eserte/src/srezic-misc/scripts
    PERL5LIB = 
    PERL5OPT = 
    PERL5_CPANPLUS_IS_RUNNING = 74538
    PERL5_CPAN_IS_RUNNING = 74538
    PERL5_CPAN_IS_RUNNING_IN_RECURSION = 73603,74538
    PERLDOC = -MPod::Perldoc::ToTextOverstrike
    PERL_BATCH = yes
    PERL_CANARY_STABILITY_NOPROMPT = 1
    PERL_CPAN_REPORTER_CONFIG = /var/tmp/cpansmoker-1023/2021041322/cpanreporter_000_config.ini
    PERL_EXTUTILS_AUTOINSTALL = --defaultdeps
    PERL_USE_UNSAFE_INC = 1
    SHELL = /usr/local/bin/zsh
    TERM = screen
    TMPDIR = /var/tmp/cpansmoker-1023/2021041322

Perl special variables (and OS-specific diagnostics, for MSWin32):

    $^X = /usr/perl5.8.9/bin/perl
    $UID/$EUID = 1023 / 1023
    $GID = 1023 1023
    $EGID = 1023 1023

Perl module toolchain versions installed:

    Module              Have    
    ------------------- --------
    CPAN                2.27    
    CPAN::Meta          2.150010
    Cwd                 3.75    
    ExtUtils::CBuilder  0.280231
    ExtUtils::Command   7.58    
    ExtUtils::Install   2.20    
    ExtUtils::MakeMaker 7.58    
    ExtUtils::Manifest  1.73    
    ExtUtils::ParseXS   3.35    
    File::Spec          3.75    
    JSON                4.03    
    JSON::PP            4.05    
    Module::Build       0.4231  
    Module::Signature   0.86    
    Parse::CPAN::Meta   2.150010
    Test::Harness       3.42    
    Test::More          1.302183
    YAML                1.30    
    YAML::Syck          1.33    
    version             0.9924  


--

Summary of my perl5 (revision 5 version 8 subversion 9) configuration:
  Platform:
    osname=freebsd, osvers=9.2-release-p4, archname=amd64-freebsd
    uname='freebsd cvrsnica-freebsd-92 9.2-release-p4 freebsd 9.2-release-p4 #0: tue apr 8 18:08:22 utc 2014 root@amd64-builder.daemonology.net:usrobjusrsrcsysgeneric amd64 '
    config_args='-ds -e -Dprefix=/usr/perl5.8.9'
    hint=recommended, useposix=true, d_sigaction=define
    usethreads=undef use5005threads=undef useithreads=undef usemultiplicity=undef
    useperlio=define d_sfio=undef uselargefiles=define usesocks=undef
    use64bitint=define use64bitall=define uselongdouble=undef
    usemymalloc=n, bincompat5005=undef
  Compiler:
    cc='cc', ccflags ='-DHAS_FPSETMASK -DHAS_FLOATINGPOINT_H -fno-strict-aliasing -pipe -I/usr/local/include',
    optimize='-O',
    cppflags='-DHAS_FPSETMASK -DHAS_FLOATINGPOINT_H -fno-strict-aliasing -pipe -I/usr/local/include'
    ccversion='', gccversion='4.2.1 20070831 patched [FreeBSD]', gccosandvers=''
    intsize=4, longsize=8, ptrsize=8, doublesize=8, byteorder=12345678
    d_longlong=define, longlongsize=8, d_longdbl=define, longdblsize=16
    ivtype='long', ivsize=8, nvtype='double', nvsize=8, Off_t='off_t', lseeksize=8
    alignbytes=8, prototype=define
  Linker and Libraries:
    ld='cc', ldflags ='-Wl,-E  -L/usr/local/lib'
    libpth=/usr/lib /usr/local/lib
    libs=-lgdbm -lm -lcrypt -lutil -lc
    perllibs=-lm -lcrypt -lutil -lc
    libc=, so=so, useshrplib=false, libperl=libperl.a
    gnulibc_version=''
  Dynamic Linking:
    dlsrc=dl_dlopen.xs, dlext=so, d_dlsymun=undef, ccdlflags=' '
    cccdlflags='-DPIC -fPIC', lddlflags='-shared  -L/usr/local/lib'


Characteristics of this binary (from libperl): 
  Compile-time options: PERL_MALLOC_WRAP USE_64_BIT_ALL USE_64_BIT_INT
                        USE_FAST_STDIO USE_LARGE_FILES USE_PERLIO
  Built under freebsd
  Compiled at May 15 2014 22:27:57
  %ENV:
    PERL5LIB=""
    PERL5OPT=""
    PERL5_CPANPLUS_IS_RUNNING="74538"
    PERL5_CPAN_IS_RUNNING="74538"
    PERL5_CPAN_IS_RUNNING_IN_RECURSION="73603,74538"
    PERLDOC="-MPod::Perldoc::ToTextOverstrike"
    PERL_BATCH="yes"
    PERL_CANARY_STABILITY_NOPROMPT="1"
    PERL_CPAN_REPORTER_CONFIG="/var/tmp/cpansmoker-1023/2021041322/cpanreporter_000_config.ini"
    PERL_EXTUTILS_AUTOINSTALL="--defaultdeps"
    PERL_USE_UNSAFE_INC="1"
  @INC:
    /usr/perl5.8.9/lib/5.8.9/amd64-freebsd
    /usr/perl5.8.9/lib/5.8.9
    /usr/perl5.8.9/lib/site_perl/5.8.9/amd64-freebsd
    /usr/perl5.8.9/lib/site_perl/5.8.9
    .