Encode v3.15 Perl 5 v5.26.1 x86_64-linux-thread-multi

Status
Fail
From
Michael Roberts
Dist
Encode v3.15
Platform
Perl 5 v5.26.1 x86_64-linux-thread-multi
Date
2021-10-11 05:51:44
ID
5088fb98-2a57-11ec-adc0-8a7e26cb7d45
This distribution has been tested as part of the CPAN Testers
project, supporting the Perl programming language.  See
http://wiki.cpantesters.org/ for more information or email
questions to cpan-testers-discuss@perl.org


--
Dear Dan Kogai,

This is a computer-generated report for Encode-3.15
on perl 5.26.1, created by CPAN-Reporter-1.2018.

Thank you for uploading your work to CPAN.  However, there was a problem
testing your distribution.

If you think this report is invalid, please consult the CPAN Testers Wiki
for suggestions on how to avoid getting FAIL reports for missing library
or binary dependencies, unsupported operating systems, and so on:

http://wiki.cpantesters.org/wiki/CPANAuthorNotes

Sections of this report:

    * Tester comments
    * Program output
    * Prerequisites
    * Environment and other context

------------------------------
TESTER COMMENTS
------------------------------

Additional comments from tester:

none provided

------------------------------
PROGRAM OUTPUT
------------------------------

Output from '/usr/bin/make test':

perl: warning: Setting locale failed.
perl: warning: Please check that your locale settings:
	LANGUAGE = "en_GB:de",
	LC_ALL = (unset),
	LC_MEASUREMENT = "en_DE.UTF-8",
	LC_MONETARY = "en_DE.UTF-8",
	LANG = "en_GB.UTF-8"
    are supported and installed on your system.
perl: warning: Falling back to a fallback locale ("en_GB.UTF-8").
perl: warning: Setting locale failed.
perl: warning: Please check that your locale settings:
	LANGUAGE = "en_GB:de",
	LC_ALL = (unset),
	LC_MEASUREMENT = "en_DE.UTF-8",
	LC_MONETARY = "en_DE.UTF-8",
	LANG = "en_GB.UTF-8"
    are supported and installed on your system.
perl: warning: Falling back to a fallback locale ("en_GB.UTF-8").
"/usr/bin/perl" -MExtUtils::Command::MM -e 'cp_nonempty' -- Encode.bs blib/arch/auto/Encode/Encode.bs 644
perl: warning: Setting locale failed.
perl: warning: Please check that your locale settings:
	LANGUAGE = "en_GB:de",
	LC_ALL = (unset),
	LC_MEASUREMENT = "en_DE.UTF-8",
	LC_MONETARY = "en_DE.UTF-8",
	LANG = "en_GB.UTF-8"
    are supported and installed on your system.
perl: warning: Falling back to a fallback locale ("en_GB.UTF-8").
/home/mike/.local/share/.cpan/build/Encode-3.15-0/Byte
make[1]: Entering directory '/home/mike/.local/share/.cpan/build/Encode-3.15-0/Byte'
"/usr/bin/perl" -MExtUtils::Command::MM -e 'cp_nonempty' -- Byte.bs ../blib/arch/auto/Encode/Byte/Byte.bs 644
perl: warning: Setting locale failed.
perl: warning: Please check that your locale settings:
	LANGUAGE = "en_GB:de",
	LC_ALL = (unset),
	LC_MEASUREMENT = "en_DE.UTF-8",
	LC_MONETARY = "en_DE.UTF-8",
	LANG = "en_GB.UTF-8"
    are supported and installed on your system.
perl: warning: Falling back to a fallback locale ("en_GB.UTF-8").
make[1]: Leaving directory '/home/mike/.local/share/.cpan/build/Encode-3.15-0/Byte'
/home/mike/.local/share/.cpan/build/Encode-3.15-0/CN
make[1]: Entering directory '/home/mike/.local/share/.cpan/build/Encode-3.15-0/CN'
"/usr/bin/perl" -MExtUtils::Command::MM -e 'cp_nonempty' -- CN.bs ../blib/arch/auto/Encode/CN/CN.bs 644
perl: warning: Setting locale failed.
perl: warning: Please check that your locale settings:
	LANGUAGE = "en_GB:de",
	LC_ALL = (unset),
	LC_MEASUREMENT = "en_DE.UTF-8",
	LC_MONETARY = "en_DE.UTF-8",
	LANG = "en_GB.UTF-8"
    are supported and installed on your system.
perl: warning: Falling back to a fallback locale ("en_GB.UTF-8").
make[1]: Leaving directory '/home/mike/.local/share/.cpan/build/Encode-3.15-0/CN'
/home/mike/.local/share/.cpan/build/Encode-3.15-0/EBCDIC
make[1]: Entering directory '/home/mike/.local/share/.cpan/build/Encode-3.15-0/EBCDIC'
"/usr/bin/perl" -MExtUtils::Command::MM -e 'cp_nonempty' -- EBCDIC.bs ../blib/arch/auto/Encode/EBCDIC/EBCDIC.bs 644
perl: warning: Setting locale failed.
perl: warning: Please check that your locale settings:
	LANGUAGE = "en_GB:de",
	LC_ALL = (unset),
	LC_MEASUREMENT = "en_DE.UTF-8",
	LC_MONETARY = "en_DE.UTF-8",
	LANG = "en_GB.UTF-8"
    are supported and installed on your system.
perl: warning: Falling back to a fallback locale ("en_GB.UTF-8").
make[1]: Leaving directory '/home/mike/.local/share/.cpan/build/Encode-3.15-0/EBCDIC'
/home/mike/.local/share/.cpan/build/Encode-3.15-0/JP
make[1]: Entering directory '/home/mike/.local/share/.cpan/build/Encode-3.15-0/JP'
"/usr/bin/perl" -MExtUtils::Command::MM -e 'cp_nonempty' -- JP.bs ../blib/arch/auto/Encode/JP/JP.bs 644
perl: warning: Setting locale failed.
perl: warning: Please check that your locale settings:
	LANGUAGE = "en_GB:de",
	LC_ALL = (unset),
	LC_MEASUREMENT = "en_DE.UTF-8",
	LC_MONETARY = "en_DE.UTF-8",
	LANG = "en_GB.UTF-8"
    are supported and installed on your system.
perl: warning: Falling back to a fallback locale ("en_GB.UTF-8").
make[1]: Leaving directory '/home/mike/.local/share/.cpan/build/Encode-3.15-0/JP'
/home/mike/.local/share/.cpan/build/Encode-3.15-0/KR
make[1]: Entering directory '/home/mike/.local/share/.cpan/build/Encode-3.15-0/KR'
"/usr/bin/perl" -MExtUtils::Command::MM -e 'cp_nonempty' -- KR.bs ../blib/arch/auto/Encode/KR/KR.bs 644
perl: warning: Setting locale failed.
perl: warning: Please check that your locale settings:
	LANGUAGE = "en_GB:de",
	LC_ALL = (unset),
	LC_MEASUREMENT = "en_DE.UTF-8",
	LC_MONETARY = "en_DE.UTF-8",
	LANG = "en_GB.UTF-8"
    are supported and installed on your system.
perl: warning: Falling back to a fallback locale ("en_GB.UTF-8").
make[1]: Leaving directory '/home/mike/.local/share/.cpan/build/Encode-3.15-0/KR'
/home/mike/.local/share/.cpan/build/Encode-3.15-0/Symbol
make[1]: Entering directory '/home/mike/.local/share/.cpan/build/Encode-3.15-0/Symbol'
"/usr/bin/perl" -MExtUtils::Command::MM -e 'cp_nonempty' -- Symbol.bs ../blib/arch/auto/Encode/Symbol/Symbol.bs 644
perl: warning: Setting locale failed.
perl: warning: Please check that your locale settings:
	LANGUAGE = "en_GB:de",
	LC_ALL = (unset),
	LC_MEASUREMENT = "en_DE.UTF-8",
	LC_MONETARY = "en_DE.UTF-8",
	LANG = "en_GB.UTF-8"
    are supported and installed on your system.
perl: warning: Falling back to a fallback locale ("en_GB.UTF-8").
make[1]: Leaving directory '/home/mike/.local/share/.cpan/build/Encode-3.15-0/Symbol'
/home/mike/.local/share/.cpan/build/Encode-3.15-0/TW
make[1]: Entering directory '/home/mike/.local/share/.cpan/build/Encode-3.15-0/TW'
"/usr/bin/perl" -MExtUtils::Command::MM -e 'cp_nonempty' -- TW.bs ../blib/arch/auto/Encode/TW/TW.bs 644
perl: warning: Setting locale failed.
perl: warning: Please check that your locale settings:
	LANGUAGE = "en_GB:de",
	LC_ALL = (unset),
	LC_MEASUREMENT = "en_DE.UTF-8",
	LC_MONETARY = "en_DE.UTF-8",
	LANG = "en_GB.UTF-8"
    are supported and installed on your system.
perl: warning: Falling back to a fallback locale ("en_GB.UTF-8").
make[1]: Leaving directory '/home/mike/.local/share/.cpan/build/Encode-3.15-0/TW'
/home/mike/.local/share/.cpan/build/Encode-3.15-0/Unicode
make[1]: Entering directory '/home/mike/.local/share/.cpan/build/Encode-3.15-0/Unicode'
"/usr/bin/perl" -MExtUtils::Command::MM -e 'cp_nonempty' -- Unicode.bs ../blib/arch/auto/Encode/Unicode/Unicode.bs 644
perl: warning: Setting locale failed.
perl: warning: Please check that your locale settings:
	LANGUAGE = "en_GB:de",
	LC_ALL = (unset),
	LC_MEASUREMENT = "en_DE.UTF-8",
	LC_MONETARY = "en_DE.UTF-8",
	LANG = "en_GB.UTF-8"
    are supported and installed on your system.
perl: warning: Falling back to a fallback locale ("en_GB.UTF-8").
make[1]: Leaving directory '/home/mike/.local/share/.cpan/build/Encode-3.15-0/Unicode'
/home/mike/.local/share/.cpan/build/Encode-3.15-0/Byte
make[1]: Entering directory '/home/mike/.local/share/.cpan/build/Encode-3.15-0/Byte'
"/usr/bin/perl" -MExtUtils::Command::MM -e 'cp_nonempty' -- Byte.bs ../blib/arch/auto/Encode/Byte/Byte.bs 644
perl: warning: Setting locale failed.
perl: warning: Please check that your locale settings:
	LANGUAGE = "en_GB:de",
	LC_ALL = (unset),
	LC_MEASUREMENT = "en_DE.UTF-8",
	LC_MONETARY = "en_DE.UTF-8",
	LANG = "en_GB.UTF-8"
    are supported and installed on your system.
perl: warning: Falling back to a fallback locale ("en_GB.UTF-8").
No tests defined for Encode::Byte extension.
make[1]: Leaving directory '/home/mike/.local/share/.cpan/build/Encode-3.15-0/Byte'
/home/mike/.local/share/.cpan/build/Encode-3.15-0/CN
make[1]: Entering directory '/home/mike/.local/share/.cpan/build/Encode-3.15-0/CN'
"/usr/bin/perl" -MExtUtils::Command::MM -e 'cp_nonempty' -- CN.bs ../blib/arch/auto/Encode/CN/CN.bs 644
perl: warning: Setting locale failed.
perl: warning: Please check that your locale settings:
	LANGUAGE = "en_GB:de",
	LC_ALL = (unset),
	LC_MEASUREMENT = "en_DE.UTF-8",
	LC_MONETARY = "en_DE.UTF-8",
	LANG = "en_GB.UTF-8"
    are supported and installed on your system.
perl: warning: Falling back to a fallback locale ("en_GB.UTF-8").
No tests defined for Encode::CN extension.
make[1]: Leaving directory '/home/mike/.local/share/.cpan/build/Encode-3.15-0/CN'
/home/mike/.local/share/.cpan/build/Encode-3.15-0/EBCDIC
make[1]: Entering directory '/home/mike/.local/share/.cpan/build/Encode-3.15-0/EBCDIC'
"/usr/bin/perl" -MExtUtils::Command::MM -e 'cp_nonempty' -- EBCDIC.bs ../blib/arch/auto/Encode/EBCDIC/EBCDIC.bs 644
perl: warning: Setting locale failed.
perl: warning: Please check that your locale settings:
	LANGUAGE = "en_GB:de",
	LC_ALL = (unset),
	LC_MEASUREMENT = "en_DE.UTF-8",
	LC_MONETARY = "en_DE.UTF-8",
	LANG = "en_GB.UTF-8"
    are supported and installed on your system.
perl: warning: Falling back to a fallback locale ("en_GB.UTF-8").
No tests defined for Encode::EBCDIC extension.
make[1]: Leaving directory '/home/mike/.local/share/.cpan/build/Encode-3.15-0/EBCDIC'
/home/mike/.local/share/.cpan/build/Encode-3.15-0/JP
make[1]: Entering directory '/home/mike/.local/share/.cpan/build/Encode-3.15-0/JP'
"/usr/bin/perl" -MExtUtils::Command::MM -e 'cp_nonempty' -- JP.bs ../blib/arch/auto/Encode/JP/JP.bs 644
perl: warning: Setting locale failed.
perl: warning: Please check that your locale settings:
	LANGUAGE = "en_GB:de",
	LC_ALL = (unset),
	LC_MEASUREMENT = "en_DE.UTF-8",
	LC_MONETARY = "en_DE.UTF-8",
	LANG = "en_GB.UTF-8"
    are supported and installed on your system.
perl: warning: Falling back to a fallback locale ("en_GB.UTF-8").
No tests defined for Encode::JP extension.
make[1]: Leaving directory '/home/mike/.local/share/.cpan/build/Encode-3.15-0/JP'
/home/mike/.local/share/.cpan/build/Encode-3.15-0/KR
make[1]: Entering directory '/home/mike/.local/share/.cpan/build/Encode-3.15-0/KR'
"/usr/bin/perl" -MExtUtils::Command::MM -e 'cp_nonempty' -- KR.bs ../blib/arch/auto/Encode/KR/KR.bs 644
perl: warning: Setting locale failed.
perl: warning: Please check that your locale settings:
	LANGUAGE = "en_GB:de",
	LC_ALL = (unset),
	LC_MEASUREMENT = "en_DE.UTF-8",
	LC_MONETARY = "en_DE.UTF-8",
	LANG = "en_GB.UTF-8"
    are supported and installed on your system.
perl: warning: Falling back to a fallback locale ("en_GB.UTF-8").
No tests defined for Encode::KR extension.
make[1]: Leaving directory '/home/mike/.local/share/.cpan/build/Encode-3.15-0/KR'
/home/mike/.local/share/.cpan/build/Encode-3.15-0/Symbol
make[1]: Entering directory '/home/mike/.local/share/.cpan/build/Encode-3.15-0/Symbol'
"/usr/bin/perl" -MExtUtils::Command::MM -e 'cp_nonempty' -- Symbol.bs ../blib/arch/auto/Encode/Symbol/Symbol.bs 644
perl: warning: Setting locale failed.
perl: warning: Please check that your locale settings:
	LANGUAGE = "en_GB:de",
	LC_ALL = (unset),
	LC_MEASUREMENT = "en_DE.UTF-8",
	LC_MONETARY = "en_DE.UTF-8",
	LANG = "en_GB.UTF-8"
    are supported and installed on your system.
perl: warning: Falling back to a fallback locale ("en_GB.UTF-8").
No tests defined for Encode::Symbol extension.
make[1]: Leaving directory '/home/mike/.local/share/.cpan/build/Encode-3.15-0/Symbol'
/home/mike/.local/share/.cpan/build/Encode-3.15-0/TW
make[1]: Entering directory '/home/mike/.local/share/.cpan/build/Encode-3.15-0/TW'
"/usr/bin/perl" -MExtUtils::Command::MM -e 'cp_nonempty' -- TW.bs ../blib/arch/auto/Encode/TW/TW.bs 644
perl: warning: Setting locale failed.
perl: warning: Please check that your locale settings:
	LANGUAGE = "en_GB:de",
	LC_ALL = (unset),
	LC_MEASUREMENT = "en_DE.UTF-8",
	LC_MONETARY = "en_DE.UTF-8",
	LANG = "en_GB.UTF-8"
    are supported and installed on your system.
perl: warning: Falling back to a fallback locale ("en_GB.UTF-8").
No tests defined for Encode::TW extension.
make[1]: Leaving directory '/home/mike/.local/share/.cpan/build/Encode-3.15-0/TW'
/home/mike/.local/share/.cpan/build/Encode-3.15-0/Unicode
make[1]: Entering directory '/home/mike/.local/share/.cpan/build/Encode-3.15-0/Unicode'
"/usr/bin/perl" -MExtUtils::Command::MM -e 'cp_nonempty' -- Unicode.bs ../blib/arch/auto/Encode/Unicode/Unicode.bs 644
perl: warning: Setting locale failed.
perl: warning: Please check that your locale settings:
	LANGUAGE = "en_GB:de",
	LC_ALL = (unset),
	LC_MEASUREMENT = "en_DE.UTF-8",
	LC_MONETARY = "en_DE.UTF-8",
	LANG = "en_GB.UTF-8"
    are supported and installed on your system.
perl: warning: Falling back to a fallback locale ("en_GB.UTF-8").
No tests defined for Encode::Unicode extension.
make[1]: Leaving directory '/home/mike/.local/share/.cpan/build/Encode-3.15-0/Unicode'
PERL_DL_NONLAZY=1 "/usr/bin/perl" "-MExtUtils::Command::MM" "-MTest::Harness" "-e" "undef *Test::Harness::Switches; test_harness(0, 'blib/lib', 'blib/arch')" t/*.t
perl: warning: Setting locale failed.
perl: warning: Please check that your locale settings:
	LANGUAGE = "en_GB:de",
	LC_ALL = (unset),
	LC_MEASUREMENT = "en_DE.UTF-8",
	LC_MONETARY = "en_DE.UTF-8",
	LANG = "en_GB.UTF-8"
    are supported and installed on your system.
perl: warning: Falling back to a fallback locale ("en_GB.UTF-8").
perl: warning: Setting locale failed.
perl: warning: Please check that your locale settings:
	LANGUAGE = "en_GB:de",
	LC_ALL = (unset),
	LC_MEASUREMENT = "en_DE.UTF-8",
	LC_MONETARY = "en_DE.UTF-8",
	LANG = "en_GB.UTF-8"
    are supported and installed on your system.
perl: warning: Falling back to a fallback locale ("en_GB.UTF-8").
perl: warning: Setting locale failed.
perl: warning: Please check that your locale settings:
	LANGUAGE = "en_GB:de",
	LC_ALL = (unset),
	LC_MEASUREMENT = "en_DE.UTF-8",
	LC_MONETARY = "en_DE.UTF-8",
	LANG = "en_GB.UTF-8"
    are supported and installed on your system.
perl: warning: Falling back to a fallback locale ("en_GB.UTF-8").
t/Aliases.t ................ ok
perl: warning: Setting locale failed.
perl: warning: Please check that your locale settings:
	LANGUAGE = "en_GB:de",
	LC_ALL = (unset),
	LC_MEASUREMENT = "en_DE.UTF-8",
	LC_MONETARY = "en_DE.UTF-8",
	LANG = "en_GB.UTF-8"
    are supported and installed on your system.
perl: warning: Falling back to a fallback locale ("en_GB.UTF-8").
t/at-cn.t .................. ok
perl: warning: Setting locale failed.
perl: warning: Please check that your locale settings:
	LANGUAGE = "en_GB:de",
	LC_ALL = (unset),
	LC_MEASUREMENT = "en_DE.UTF-8",
	LC_MONETARY = "en_DE.UTF-8",
	LANG = "en_GB.UTF-8"
    are supported and installed on your system.
perl: warning: Falling back to a fallback locale ("en_GB.UTF-8").
t/at-tw.t .................. ok
perl: warning: Setting locale failed.
perl: warning: Please check that your locale settings:
	LANGUAGE = "en_GB:de",
	LC_ALL = (unset),
	LC_MEASUREMENT = "en_DE.UTF-8",
	LC_MONETARY = "en_DE.UTF-8",
	LANG = "en_GB.UTF-8"
    are supported and installed on your system.
perl: warning: Falling back to a fallback locale ("en_GB.UTF-8").
t/CJKT.t ................... ok
perl: warning: Setting locale failed.
perl: warning: Please check that your locale settings:
	LANGUAGE = "en_GB:de",
	LC_ALL = (unset),
	LC_MEASUREMENT = "en_DE.UTF-8",
	LC_MONETARY = "en_DE.UTF-8",
	LANG = "en_GB.UTF-8"
    are supported and installed on your system.
perl: warning: Falling back to a fallback locale ("en_GB.UTF-8").
t/cow.t .................... ok
perl: warning: Setting locale failed.
perl: warning: Please check that your locale settings:
	LANGUAGE = "en_GB:de",
	LC_ALL = (unset),
	LC_MEASUREMENT = "en_DE.UTF-8",
	LC_MONETARY = "en_DE.UTF-8",
	LANG = "en_GB.UTF-8"
    are supported and installed on your system.
perl: warning: Falling back to a fallback locale ("en_GB.UTF-8").
t/decode.t ................. ok
perl: warning: Setting locale failed.
perl: warning: Please check that your locale settings:
	LANGUAGE = "en_GB:de",
	LC_ALL = (unset),
	LC_MEASUREMENT = "en_DE.UTF-8",
	LC_MONETARY = "en_DE.UTF-8",
	LANG = "en_GB.UTF-8"
    are supported and installed on your system.
perl: warning: Falling back to a fallback locale ("en_GB.UTF-8").
t/enc_data.t ............... skipped: encoding pragma not supported in Perl 5.26
perl: warning: Setting locale failed.
perl: warning: Please check that your locale settings:
	LANGUAGE = "en_GB:de",
	LC_ALL = (unset),
	LC_MEASUREMENT = "en_DE.UTF-8",
	LC_MONETARY = "en_DE.UTF-8",
	LANG = "en_GB.UTF-8"
    are supported and installed on your system.
perl: warning: Falling back to a fallback locale ("en_GB.UTF-8").
t/enc_eucjp.t .............. skipped: Perl <=5.25.2 or cperl required
perl: warning: Setting locale failed.
perl: warning: Please check that your locale settings:
	LANGUAGE = "en_GB:de",
	LC_ALL = (unset),
	LC_MEASUREMENT = "en_DE.UTF-8",
	LC_MONETARY = "en_DE.UTF-8",
	LANG = "en_GB.UTF-8"
    are supported and installed on your system.
perl: warning: Falling back to a fallback locale ("en_GB.UTF-8").
t/enc_module.t ............. skipped: encoding pragma not supported in Perl 5.26
perl: warning: Setting locale failed.
perl: warning: Please check that your locale settings:
	LANGUAGE = "en_GB:de",
	LC_ALL = (unset),
	LC_MEASUREMENT = "en_DE.UTF-8",
	LC_MONETARY = "en_DE.UTF-8",
	LANG = "en_GB.UTF-8"
    are supported and installed on your system.
perl: warning: Falling back to a fallback locale ("en_GB.UTF-8").
t/enc_utf8.t ............... skipped: Perl <=5.25.2 or cperl required
perl: warning: Setting locale failed.
perl: warning: Please check that your locale settings:
	LANGUAGE = "en_GB:de",
	LC_ALL = (unset),
	LC_MEASUREMENT = "en_DE.UTF-8",
	LC_MONETARY = "en_DE.UTF-8",
	LANG = "en_GB.UTF-8"
    are supported and installed on your system.
perl: warning: Falling back to a fallback locale ("en_GB.UTF-8").
t/Encode.t ................. ok
perl: warning: Setting locale failed.
perl: warning: Please check that your locale settings:
	LANGUAGE = "en_GB:de",
	LC_ALL = (unset),
	LC_MEASUREMENT = "en_DE.UTF-8",
	LC_MONETARY = "en_DE.UTF-8",
	LANG = "en_GB.UTF-8"
    are supported and installed on your system.
perl: warning: Falling back to a fallback locale ("en_GB.UTF-8").
t/Encoder.t ................ ok
perl: warning: Setting locale failed.
perl: warning: Please check that your locale settings:
	LANGUAGE = "en_GB:de",
	LC_ALL = (unset),
	LC_MEASUREMENT = "en_DE.UTF-8",
	LC_MONETARY = "en_DE.UTF-8",
	LANG = "en_GB.UTF-8"
    are supported and installed on your system.
perl: warning: Falling back to a fallback locale ("en_GB.UTF-8").
t/encoding-locale.t ........ ok
perl: warning: Setting locale failed.
perl: warning: Please check that your locale settings:
	LANGUAGE = "en_GB:de",
	LC_ALL = (unset),
	LC_MEASUREMENT = "en_DE.UTF-8",
	LC_MONETARY = "en_DE.UTF-8",
	LANG = "en_GB.UTF-8"
    are supported and installed on your system.
perl: warning: Falling back to a fallback locale ("en_GB.UTF-8").
t/encoding.t ............... skipped: encoding pragma not supported in Perl 5.26
perl: warning: Setting locale failed.
perl: warning: Please check that your locale settings:
	LANGUAGE = "en_GB:de",
	LC_ALL = (unset),
	LC_MEASUREMENT = "en_DE.UTF-8",
	LC_MONETARY = "en_DE.UTF-8",
	LANG = "en_GB.UTF-8"
    are supported and installed on your system.
perl: warning: Falling back to a fallback locale ("en_GB.UTF-8").
t/fallback.t ............... ok
perl: warning: Setting locale failed.
perl: warning: Please check that your locale settings:
	LANGUAGE = "en_GB:de",
	LC_ALL = (unset),
	LC_MEASUREMENT = "en_DE.UTF-8",
	LC_MONETARY = "en_DE.UTF-8",
	LANG = "en_GB.UTF-8"
    are supported and installed on your system.
perl: warning: Falling back to a fallback locale ("en_GB.UTF-8").
t/from_to.t ................ ok
perl: warning: Setting locale failed.
perl: warning: Please check that your locale settings:
	LANGUAGE = "en_GB:de",
	LC_ALL = (unset),
	LC_MEASUREMENT = "en_DE.UTF-8",
	LC_MONETARY = "en_DE.UTF-8",
	LANG = "en_GB.UTF-8"
    are supported and installed on your system.
perl: warning: Falling back to a fallback locale ("en_GB.UTF-8").
t/grow.t ................... ok
perl: warning: Setting locale failed.
perl: warning: Please check that your locale settings:
	LANGUAGE = "en_GB:de",
	LC_ALL = (unset),
	LC_MEASUREMENT = "en_DE.UTF-8",
	LC_MONETARY = "en_DE.UTF-8",
	LANG = "en_GB.UTF-8"
    are supported and installed on your system.
perl: warning: Falling back to a fallback locale ("en_GB.UTF-8").
t/gsm0338.t ................ ok
perl: warning: Setting locale failed.
perl: warning: Please check that your locale settings:
	LANGUAGE = "en_GB:de",
	LC_ALL = (unset),
	LC_MEASUREMENT = "en_DE.UTF-8",
	LC_MONETARY = "en_DE.UTF-8",
	LANG = "en_GB.UTF-8"
    are supported and installed on your system.
perl: warning: Falling back to a fallback locale ("en_GB.UTF-8").
t/guess.t .................. ok
perl: warning: Setting locale failed.
perl: warning: Please check that your locale settings:
	LANGUAGE = "en_GB:de",
	LC_ALL = (unset),
	LC_MEASUREMENT = "en_DE.UTF-8",
	LC_MONETARY = "en_DE.UTF-8",
	LANG = "en_GB.UTF-8"
    are supported and installed on your system.
perl: warning: Falling back to a fallback locale ("en_GB.UTF-8").
t/isa.t .................... ok
perl: warning: Setting locale failed.
perl: warning: Please check that your locale settings:
	LANGUAGE = "en_GB:de",
	LC_ALL = (unset),
	LC_MEASUREMENT = "en_DE.UTF-8",
	LC_MONETARY = "en_DE.UTF-8",
	LANG = "en_GB.UTF-8"
    are supported and installed on your system.
perl: warning: Falling back to a fallback locale ("en_GB.UTF-8").
t/jis7-fallback.t .......... ok
perl: warning: Setting locale failed.
perl: warning: Please check that your locale settings:
	LANGUAGE = "en_GB:de",
	LC_ALL = (unset),
	LC_MEASUREMENT = "en_DE.UTF-8",
	LC_MONETARY = "en_DE.UTF-8",
	LANG = "en_GB.UTF-8"
    are supported and installed on your system.
perl: warning: Falling back to a fallback locale ("en_GB.UTF-8").
t/jperl.t .................. skipped: encoding pragma not supported in Perl 5.26
perl: warning: Setting locale failed.
perl: warning: Please check that your locale settings:
	LANGUAGE = "en_GB:de",
	LC_ALL = (unset),
	LC_MEASUREMENT = "en_DE.UTF-8",
	LC_MONETARY = "en_DE.UTF-8",
	LANG = "en_GB.UTF-8"
    are supported and installed on your system.
perl: warning: Falling back to a fallback locale ("en_GB.UTF-8").
t/magic.t .................. ok
perl: warning: Setting locale failed.
perl: warning: Please check that your locale settings:
	LANGUAGE = "en_GB:de",
	LC_ALL = (unset),
	LC_MEASUREMENT = "en_DE.UTF-8",
	LC_MONETARY = "en_DE.UTF-8",
	LANG = "en_GB.UTF-8"
    are supported and installed on your system.
perl: warning: Falling back to a fallback locale ("en_GB.UTF-8").
t/mime-header.t ............ ok
perl: warning: Setting locale failed.
perl: warning: Please check that your locale settings:
	LANGUAGE = "en_GB:de",
	LC_ALL = (unset),
	LC_MEASUREMENT = "en_DE.UTF-8",
	LC_MONETARY = "en_DE.UTF-8",
	LANG = "en_GB.UTF-8"
    are supported and installed on your system.
perl: warning: Falling back to a fallback locale ("en_GB.UTF-8").
t/mime-name.t .............. ok
perl: warning: Setting locale failed.
perl: warning: Please check that your locale settings:
	LANGUAGE = "en_GB:de",
	LC_ALL = (unset),
	LC_MEASUREMENT = "en_DE.UTF-8",
	LC_MONETARY = "en_DE.UTF-8",
	LANG = "en_GB.UTF-8"
    are supported and installed on your system.
perl: warning: Falling back to a fallback locale ("en_GB.UTF-8").
t/mime_header_iso2022jp.t .. ok
perl: warning: Setting locale failed.
perl: warning: Please check that your locale settings:
	LANGUAGE = "en_GB:de",
	LC_ALL = (unset),
	LC_MEASUREMENT = "en_DE.UTF-8",
	LC_MONETARY = "en_DE.UTF-8",
	LANG = "en_GB.UTF-8"
    are supported and installed on your system.
perl: warning: Falling back to a fallback locale ("en_GB.UTF-8").
t/perlio.t ................. ok
perl: warning: Setting locale failed.
perl: warning: Please check that your locale settings:
	LANGUAGE = "en_GB:de",
	LC_ALL = (unset),
	LC_MEASUREMENT = "en_DE.UTF-8",
	LC_MONETARY = "en_DE.UTF-8",
	LANG = "en_GB.UTF-8"
    are supported and installed on your system.
perl: warning: Falling back to a fallback locale ("en_GB.UTF-8").

#   Failed test 'usage'
#   at t/piconv.t line 40.
#                   'perl: warning: Setting locale failed.
# perl: warning: Please check that your locale settings:
# 	LANGUAGE = "en_GB:de",
# 	LC_ALL = (unset),
# 	LC_MEASUREMENT = "en_DE.UTF-8",
# 	LC_MONETARY = "en_DE.UTF-8",
# 	LANG = "en_GB.UTF-8"
#     are supported and installed on your system.
# perl: warning: Falling back to a fallback locale ("en_GB.UTF-8").
# piconv [-f from_encoding] [-t to_encoding]
#       [-p|--perlqq|--htmlcref|--xmlcref] [-C N|-c] [-D] [-S scheme]
#       [-s string|file...]
# piconv -l
# piconv -r encoding_alias
# piconv -h
# Common options:
#   -l,--list
#      lists all available encodings
#   -r,--resolve encoding_alias
#     resolve encoding to its (Encode) canonical name
#   -f,--from from_encoding  
#      when omitted, the current locale will be used
#   -t,--to to_encoding    
#      when omitted, the current locale will be used
#   -s,--string string         
#      "string" will be the input instead of STDIN or files
# The following are mainly of interest to Encode hackers:
#   -C N | -c           check the validity of the input
#   -D,--debug          show debug information
#   -S,--scheme scheme  use the scheme for conversion
# Those are handy when you can only see ASCII characters:
#   -p,--perlqq         transliterate characters missing in encoding to \x{HHHH}
#                       where HHHH is the hexadecimal Unicode code point
#   --htmlcref          transliterate characters missing in encoding to &#NNN;
#                       where NNN is the decimal Unicode code point
#   --xmlcref           transliterate characters missing in encoding to &#xHHHH;
#                       where HHHH is the hexadecimal Unicode code point
# 
# '
#     doesn't match '(?^:^piconv)'
# Looks like you failed 1 test of 5.
t/piconv.t ................. 
Dubious, test returned 1 (wstat 256, 0x100)
Failed 1/5 subtests 
perl: warning: Setting locale failed.
perl: warning: Please check that your locale settings:
	LANGUAGE = "en_GB:de",
	LC_ALL = (unset),
	LC_MEASUREMENT = "en_DE.UTF-8",
	LC_MONETARY = "en_DE.UTF-8",
	LANG = "en_GB.UTF-8"
    are supported and installed on your system.
perl: warning: Falling back to a fallback locale ("en_GB.UTF-8").
t/rt113164.t ............... ok
perl: warning: Setting locale failed.
perl: warning: Please check that your locale settings:
	LANGUAGE = "en_GB:de",
	LC_ALL = (unset),
	LC_MEASUREMENT = "en_DE.UTF-8",
	LC_MONETARY = "en_DE.UTF-8",
	LANG = "en_GB.UTF-8"
    are supported and installed on your system.
perl: warning: Falling back to a fallback locale ("en_GB.UTF-8").
t/rt65541.t ................ ok
perl: warning: Setting locale failed.
perl: warning: Please check that your locale settings:
	LANGUAGE = "en_GB:de",
	LC_ALL = (unset),
	LC_MEASUREMENT = "en_DE.UTF-8",
	LC_MONETARY = "en_DE.UTF-8",
	LANG = "en_GB.UTF-8"
    are supported and installed on your system.
perl: warning: Falling back to a fallback locale ("en_GB.UTF-8").
t/rt76824.t ................ ok
perl: warning: Setting locale failed.
perl: warning: Please check that your locale settings:
	LANGUAGE = "en_GB:de",
	LC_ALL = (unset),
	LC_MEASUREMENT = "en_DE.UTF-8",
	LC_MONETARY = "en_DE.UTF-8",
	LANG = "en_GB.UTF-8"
    are supported and installed on your system.
perl: warning: Falling back to a fallback locale ("en_GB.UTF-8").
t/rt85489.t ................ ok
perl: warning: Setting locale failed.
perl: warning: Please check that your locale settings:
	LANGUAGE = "en_GB:de",
	LC_ALL = (unset),
	LC_MEASUREMENT = "en_DE.UTF-8",
	LC_MONETARY = "en_DE.UTF-8",
	LANG = "en_GB.UTF-8"
    are supported and installed on your system.
perl: warning: Falling back to a fallback locale ("en_GB.UTF-8").
t/rt86327.t ................ ok
perl: warning: Setting locale failed.
perl: warning: Please check that your locale settings:
	LANGUAGE = "en_GB:de",
	LC_ALL = (unset),
	LC_MEASUREMENT = "en_DE.UTF-8",
	LC_MONETARY = "en_DE.UTF-8",
	LANG = "en_GB.UTF-8"
    are supported and installed on your system.
perl: warning: Falling back to a fallback locale ("en_GB.UTF-8").
t/taint.t .................. ok
perl: warning: Setting locale failed.
perl: warning: Please check that your locale settings:
	LANGUAGE = "en_GB:de",
	LC_ALL = (unset),
	LC_MEASUREMENT = "en_DE.UTF-8",
	LC_MONETARY = "en_DE.UTF-8",
	LANG = "en_GB.UTF-8"
    are supported and installed on your system.
perl: warning: Falling back to a fallback locale ("en_GB.UTF-8").
t/truncated_utf8.t ......... ok
perl: warning: Setting locale failed.
perl: warning: Please check that your locale settings:
	LANGUAGE = "en_GB:de",
	LC_ALL = (unset),
	LC_MEASUREMENT = "en_DE.UTF-8",
	LC_MONETARY = "en_DE.UTF-8",
	LANG = "en_GB.UTF-8"
    are supported and installed on your system.
perl: warning: Falling back to a fallback locale ("en_GB.UTF-8").
t/undef.t .................. ok
perl: warning: Setting locale failed.
perl: warning: Please check that your locale settings:
	LANGUAGE = "en_GB:de",
	LC_ALL = (unset),
	LC_MEASUREMENT = "en_DE.UTF-8",
	LC_MONETARY = "en_DE.UTF-8",
	LANG = "en_GB.UTF-8"
    are supported and installed on your system.
perl: warning: Falling back to a fallback locale ("en_GB.UTF-8").
t/Unicode.t ................ ok
perl: warning: Setting locale failed.
perl: warning: Please check that your locale settings:
	LANGUAGE = "en_GB:de",
	LC_ALL = (unset),
	LC_MEASUREMENT = "en_DE.UTF-8",
	LC_MONETARY = "en_DE.UTF-8",
	LANG = "en_GB.UTF-8"
    are supported and installed on your system.
perl: warning: Falling back to a fallback locale ("en_GB.UTF-8").
# temp file: /tmp/Znu0sRz7ax
perl: warning: Setting locale failed.
perl: warning: Please check that your locale settings:
	LANGUAGE = "en_GB:de",
	LC_ALL = (unset),
	LC_MEASUREMENT = "en_DE.UTF-8",
	LC_MONETARY = "en_DE.UTF-8",
	LANG = "en_GB.UTF-8"
    are supported and installed on your system.
perl: warning: Falling back to a fallback locale ("en_GB.UTF-8").
t/Unicode_trailing_nul.t ... ok
perl: warning: Setting locale failed.
perl: warning: Please check that your locale settings:
	LANGUAGE = "en_GB:de",
	LC_ALL = (unset),
	LC_MEASUREMENT = "en_DE.UTF-8",
	LC_MONETARY = "en_DE.UTF-8",
	LANG = "en_GB.UTF-8"
    are supported and installed on your system.
perl: warning: Falling back to a fallback locale ("en_GB.UTF-8").
t/use-Encode-Alias.t ....... ok
perl: warning: Setting locale failed.
perl: warning: Please check that your locale settings:
	LANGUAGE = "en_GB:de",
	LC_ALL = (unset),
	LC_MEASUREMENT = "en_DE.UTF-8",
	LC_MONETARY = "en_DE.UTF-8",
	LANG = "en_GB.UTF-8"
    are supported and installed on your system.
perl: warning: Falling back to a fallback locale ("en_GB.UTF-8").
t/utf8ref.t ................ ok
perl: warning: Setting locale failed.
perl: warning: Please check that your locale settings:
	LANGUAGE = "en_GB:de",
	LC_ALL = (unset),
	LC_MEASUREMENT = "en_DE.UTF-8",
	LC_MONETARY = "en_DE.UTF-8",
	LANG = "en_GB.UTF-8"
    are supported and installed on your system.
perl: warning: Falling back to a fallback locale ("en_GB.UTF-8").
t/utf8strict.t ............. ok
perl: warning: Setting locale failed.
perl: warning: Please check that your locale settings:
	LANGUAGE = "en_GB:de",
	LC_ALL = (unset),
	LC_MEASUREMENT = "en_DE.UTF-8",
	LC_MONETARY = "en_DE.UTF-8",
	LANG = "en_GB.UTF-8"
    are supported and installed on your system.
perl: warning: Falling back to a fallback locale ("en_GB.UTF-8").
t/utf8warnings.t ........... ok
perl: warning: Setting locale failed.
perl: warning: Please check that your locale settings:
	LANGUAGE = "en_GB:de",
	LC_ALL = (unset),
	LC_MEASUREMENT = "en_DE.UTF-8",
	LC_MONETARY = "en_DE.UTF-8",
	LANG = "en_GB.UTF-8"
    are supported and installed on your system.
perl: warning: Falling back to a fallback locale ("en_GB.UTF-8").
t/whatwg-aliases.t ......... skipped: For maintainers only
perl: warning: Setting locale failed.
perl: warning: Please check that your locale settings:
	LANGUAGE = "en_GB:de",
	LC_ALL = (unset),
	LC_MEASUREMENT = "en_DE.UTF-8",
	LC_MONETARY = "en_DE.UTF-8",
	LANG = "en_GB.UTF-8"
    are supported and installed on your system.
perl: warning: Falling back to a fallback locale ("en_GB.UTF-8").
t/xml.t .................... ok

Test Summary Report
-------------------
t/piconv.t               (Wstat: 256 Tests: 5 Failed: 1)
  Failed test:  3
  Non-zero exit status: 1
t/truncated_utf8.t       (Wstat: 0 Tests: 9 Failed: 0)
  TODO passed:   9
Files=44, Tests=7711,  4 wallclock secs ( 0.33 usr  0.03 sys +  3.27 cusr  0.24 csys =  3.87 CPU)
Result: FAIL
Failed 1/44 test programs. 1/7711 subtests failed.
make: *** [Makefile:1384: test_dynamic] Error 255

------------------------------
PREREQUISITES
------------------------------

Prerequisite modules loaded:

requires:

    Module              Need  Have    
    ------------------- ----- --------
    Exporter            5.57  5.74    
    parent              0.221 0.238   
    Storable            0     3.25    

build_requires:

    Module              Need  Have    
    ------------------- ----- --------
    ExtUtils::MakeMaker 0     7.62    
    Test::More          0.92  1.302188

configure_requires:

    Module              Need  Have    
    ------------------- ----- --------
    ExtUtils::MakeMaker 0     7.62    


------------------------------
ENVIRONMENT AND OTHER CONTEXT
------------------------------

Environment variables:

    LANG = en_GB.UTF-8
    LANGUAGE = en_GB:de
    LC_MEASUREMENT = en_DE.UTF-8
    LC_MONETARY = en_DE.UTF-8
    NONINTERACTIVE_TESTING = 1
    PATH = /data/mike/bin:/data/mike/bin:/home/mike/bin:/usr/local/bin:/usr/bin:/bin
    PERL5LIB = 
    PERL5OPT = 
    PERL5_CPANPLUS_IS_RUNNING = 615
    PERL5_CPAN_IS_RUNNING = 615
    PERL_MM_USE_DEFAULT = 1
    PERL_USE_UNSAFE_INC = 1
    SHELL = /bin/bash
    TERM = xterm-256color

Perl special variables (and OS-specific diagnostics, for MSWin32):

    $^X = /usr/bin/perl
    $UID/$EUID = 1000 / 1000
    $GID = 100 100 486 495
    $EGID = 100 100 486 495

Perl module toolchain versions installed:

    Module              Have    
    ------------------- --------
    CPAN                2.28    
    CPAN::Meta          2.150010
    Cwd                 3.75    
    ExtUtils::CBuilder  0.280236
    ExtUtils::Command   7.62    
    ExtUtils::Install   2.20    
    ExtUtils::MakeMaker 7.62    
    ExtUtils::Manifest  1.73    
    ExtUtils::ParseXS   3.35    
    File::Spec          3.75    
    JSON                4.03    
    JSON::PP            4.06    
    Module::Build       0.4231  
    Module::Signature   0.87    
    Parse::CPAN::Meta   2.150010
    Test::Harness       3.42    
    Test::More          1.302188
    YAML                1.30    
    YAML::Syck          n/a     
    version             0.9929  


--

Summary of my perl5 (revision 5 version 26 subversion 1) configuration:
   
  Platform:
    osname=linux
    osvers=5.3.18-57-default
    archname=x86_64-linux-thread-multi
    uname='reproducible'
    config_args='-ds -e -Dprefix=/usr -Dvendorprefix=/usr -Dinstallusrbinperl -Dusethreads -Di_db -Di_dbm -Di_ndbm -Di_gdbm -Dd_dbm_open -Duseshrplib=true -Doptimize=-fmessage-length=0 -grecord-gcc-switches -O2 -Wall -D_FORTIFY_SOURCE=2 -fstack-protector-strong -funwind-tables -fasynchronous-unwind-tables -fstack-clash-protection -g -Wall -pipe -Accflags=-DPERL_USE_SAFE_PUTENV -Dotherlibdirs=/usr/lib/perl5/site_perl -Dinc_version_list=none'
    hint=recommended
    useposix=true
    d_sigaction=define
    useithreads=define
    usemultiplicity=define
    use64bitint=define
    use64bitall=define
    uselongdouble=undef
    usemymalloc=n
    default_inc_excludes_dot=define
    bincompat5005=undef
  Compiler:
    cc='cc'
    ccflags ='-D_REENTRANT -D_GNU_SOURCE -DPERL_USE_SAFE_PUTENV -fwrapv -fno-strict-aliasing -pipe -fstack-protector-strong -D_LARGEFILE_SOURCE -D_FILE_OFFSET_BITS=64'
    optimize='-fmessage-length=0 -grecord-gcc-switches -O2 -Wall -D_FORTIFY_SOURCE=2 -fstack-protector-strong -funwind-tables -fasynchronous-unwind-tables -fstack-clash-protection -g -Wall -pipe'
    cppflags='-D_REENTRANT -D_GNU_SOURCE -DPERL_USE_SAFE_PUTENV -fwrapv -fno-strict-aliasing -pipe -fstack-protector-strong'
    ccversion=''
    gccversion='7.5.0'
    gccosandvers=''
    intsize=4
    longsize=8
    ptrsize=8
    doublesize=8
    byteorder=12345678
    doublekind=3
    d_longlong=define
    longlongsize=8
    d_longdbl=define
    longdblsize=16
    longdblkind=3
    ivtype='long'
    ivsize=8
    nvtype='double'
    nvsize=8
    Off_t='off_t'
    lseeksize=8
    alignbytes=8
    prototype=define
  Linker and Libraries:
    ld='cc'
    ldflags =' -L/usr/local/lib64 -fstack-protector-strong'
    libpth=/usr/local/lib /usr/lib64/gcc/x86_64-suse-linux/7/include-fixed /usr/lib64/gcc/x86_64-suse-linux/7/../../../../x86_64-suse-linux/lib /usr/lib /lib/../lib64 /usr/lib/../lib64 /lib /lib64 /usr/lib64 /usr/local/lib64
    libs=-lm -ldl -lcrypt -lpthread
    perllibs=-lm -ldl -lcrypt -lpthread
    libc=/lib64/libc-2.31.so
    so=so
    useshrplib=true
    libperl=libperl.so
    gnulibc_version='2.31'
  Dynamic Linking:
    dlsrc=dl_dlopen.xs
    dlext=so
    d_dlsymun=undef
    ccdlflags='-Wl,-E -Wl,-rpath,/usr/lib/perl5/5.26.1/x86_64-linux-thread-multi/CORE'
    cccdlflags='-fPIC'
    lddlflags='-shared -L/usr/local/lib64 -fstack-protector-strong'


Characteristics of this binary (from libperl): 
  Compile-time options:
    HAS_TIMES
    MULTIPLICITY
    PERLIO_LAYERS
    PERL_COPY_ON_WRITE
    PERL_DONT_CREATE_GVSV
    PERL_IMPLICIT_CONTEXT
    PERL_MALLOC_WRAP
    PERL_OP_PARENT
    PERL_PRESERVE_IVUV
    PERL_USE_SAFE_PUTENV
    USE_64_BIT_ALL
    USE_64_BIT_INT
    USE_ITHREADS
    USE_LARGE_FILES
    USE_LOCALE
    USE_LOCALE_COLLATE
    USE_LOCALE_CTYPE
    USE_LOCALE_NUMERIC
    USE_LOCALE_TIME
    USE_PERLIO
    USE_PERL_ATOF
    USE_REENTRANT_API
  Built under linux
  Compiled at Oct 30 2020 12:00:00
  %ENV:
    PERL5LIB=""
    PERL5OPT=""
    PERL5_CPANPLUS_IS_RUNNING="615"
    PERL5_CPAN_IS_RUNNING="615"
    PERL_MM_USE_DEFAULT="1"
    PERL_USE_UNSAFE_INC="1"
  @INC:
    /usr/lib/perl5/site_perl/5.26.1/x86_64-linux-thread-multi
    /usr/lib/perl5/site_perl/5.26.1
    /usr/lib/perl5/vendor_perl/5.26.1/x86_64-linux-thread-multi
    /usr/lib/perl5/vendor_perl/5.26.1
    /usr/lib/perl5/5.26.1/x86_64-linux-thread-multi
    /usr/lib/perl5/5.26.1
    /usr/lib/perl5/site_perl
    .