FunctionalPerl v0.72.66 Perl 5 v5.36.0 amd64-freebsd-ld
- Status
- Fail
- From
- Slaven Rezić
- Dist
-
FunctionalPerl v0.72.66
- Platform
- Perl 5 v5.36.0 amd64-freebsd-ld
- Date
- 2022-10-25 21:02:19
- ID
- 50671484-54a8-11ed-80ec-8b016e8775ea
This distribution has been tested as part of the CPAN Testers
project, supporting the Perl programming language. See
http://wiki.cpantesters.org/ for more information or email
questions to cpan-testers-discuss@perl.org
--
Dear Christian Jaeger,
This is a computer-generated report for FunctionalPerl-0.72.66
on perl 5.36.0, created by CPAN-Reporter-1.2018.
Thank you for uploading your work to CPAN. However, there was a problem
testing your distribution.
If you think this report is invalid, please consult the CPAN Testers Wiki
for suggestions on how to avoid getting FAIL reports for missing library
or binary dependencies, unsupported operating systems, and so on:
http://wiki.cpantesters.org/wiki/CPANAuthorNotes
Sections of this report:
* Tester comments
* Program output
* Prerequisites
* Environment and other context
------------------------------
TESTER COMMENTS
------------------------------
Additional comments from tester:
none provided
------------------------------
PROGRAM OUTPUT
------------------------------
Output from '/usr/bin/make test':
PERL_DL_NONLAZY=1 "/usr/perl5.36.0Dp/bin/perl" "-MExtUtils::Command::MM" "-MTest::Harness" "-e" "undef *Test::Harness::Switches; test_harness(0, 'blib/lib', 'blib/arch')" t/*.t
t/csv_to_xml.t ........................... ok
t/dbi.t .................................. ok
t/examples-csv-to-json.t ................. ok
times for fib: user = 0.0859375, system = 0, cuser = 0, csystem = 0
times for fibonacci: user = 0.984375, system = 0, cuser = 0, csystem = 0
t/examples-fibs.t ........................ ok
t/examples-functional-classes.t .......... ok
t/examples-hiring-without-whiteboards.t .. skipped: dependency Term::ReadLine::Gnu not present at lib/FP/Repl/Dependencies.pm line 44.
t/examples-logic.t ....................... skipped: could not use FP::Repl::Dependencies
t/examples-perlweekly-111-1.t ............ ok
times: user = 0.015625, system = 0.0078125, cuser = 0, csystem = 0
times: user = 0.03125, system = 0, cuser = 0, csystem = 0
times: user = 0.0234375, system = 0, cuser = 0, csystem = 0
t/examples-perlweekly-113-1.t ............ ok
t/examples-perlweekly-113-2.t ............ ok
t/examples-primes.t ...................... skipped: could not use Method::Signatures
t/functional_XML-t-div.t ................. ok
t/functional_XML-test.t .................. ok
Use of @_ in list assignment with signatured subroutine is experimental at ../.htmlgen/FunctionalPerl/Htmlgen/PathTranslate.pm line 77.
Implicit use of @_ in goto with signatured subroutine is experimental at ../.htmlgen/FunctionalPerl/Htmlgen/PathTranslate.pm line 77.
Use of @_ in list assignment with signatured subroutine is experimental at ../.htmlgen/FunctionalPerl/Htmlgen/PathTranslate.pm line 81.
Implicit use of @_ in goto with signatured subroutine is experimental at ../.htmlgen/FunctionalPerl/Htmlgen/PathTranslate.pm line 81.
Use of @_ in list assignment with signatured subroutine is experimental at ../.htmlgen/FunctionalPerl/Htmlgen/PathTranslate.pm line 83.
Implicit use of @_ in goto with signatured subroutine is experimental at ../.htmlgen/FunctionalPerl/Htmlgen/PathTranslate.pm line 83.
not activating since running in test mode at ../.htmlgen//../lib/FP/Repl/AutoTrap.pm line 64.
t/htmlgen.t .............................. ok
t/intro-basics.t ......................... skipped: could not use FP::Repl::Dependencies
t/perl-goto-leak.t ....................... ok
t/perl-weaken-coderef-correctness.t ...... ok
t/perl-weaken-coderef.t .................. ok
t/pod_snippets.t ......................... ok
t/predicates.t ........................... ok
t/repl.t ................................. skipped: dependency Term::ReadLine::Gnu not present at lib/FP/Repl/Dependencies.pm line 44.
Use of @_ in list assignment with signatured subroutine is experimental at .htmlgen/FunctionalPerl/Htmlgen/PathTranslate.pm line 77.
Implicit use of @_ in goto with signatured subroutine is experimental at .htmlgen/FunctionalPerl/Htmlgen/PathTranslate.pm line 77.
Use of @_ in list assignment with signatured subroutine is experimental at .htmlgen/FunctionalPerl/Htmlgen/PathTranslate.pm line 81.
Implicit use of @_ in goto with signatured subroutine is experimental at .htmlgen/FunctionalPerl/Htmlgen/PathTranslate.pm line 81.
Use of @_ in list assignment with signatured subroutine is experimental at .htmlgen/FunctionalPerl/Htmlgen/PathTranslate.pm line 83.
Implicit use of @_ in goto with signatured subroutine is experimental at .htmlgen/FunctionalPerl/Htmlgen/PathTranslate.pm line 83.
not activating since running in test mode at lib/FP/Repl/AutoTrap.pm line 64.
Reference is already weak at lib/FP/Stream.pm line 769.
# Failed test 'at .htmlgen/FunctionalPerl/Htmlgen/Mediawiki.pm line 202'
# at lib/Chj/TEST.pm line 347.
# got: [' ', A(+{href => '//Foo.md#yah_Hey%5B1%5D'}, 'Foo (yah Hey[1])'), ' ']
# expected: [' ', A(+{href => '//Foo.md#yah_Hey[1]'}, 'Foo (yah Hey[1])'), ' ']
# Looks like you failed 1 test of 8.
# Failed test 'Package FunctionalPerl::Htmlgen::Mediawiki'
# at lib/Chj/TEST.pm line 419.
# Looks like you failed 1 test of 38.
# Failed test 'run_tests'
# at t/require_and_run_tests.t line 61.
# Looks like you failed 1 test of 2.
t/require_and_run_tests.t ................
Dubious, test returned 1 (wstat 256, 0x100)
Failed 1/2 subtests
t/skip-internal.t ........................ ok
t/skip-leak.t ............................ ok
t/skip.t ................................. ok
t/testlazy.t ............................. ok
t/testlazy10.t ........................... ok
t/trampoline-fix.t ....................... skipped: Test requires module 'Method::Signatures' but it's not found
Test Summary Report
-------------------
t/require_and_run_tests.t (Wstat: 256 (exited 1) Tests: 2 Failed: 1)
Failed test: 2
Non-zero exit status: 1
Files=28, Tests=164, 14 wallclock secs ( 0.15 usr 0.08 sys + 12.15 cusr 2.01 csys = 14.38 CPU)
Result: FAIL
Failed 1/28 test programs. 1/164 subtests failed.
*** Error code 255
Stop.
make: stopped in /usr/home/cpansand/.cpan/build/2022102520/FunctionalPerl-0.72.66-1
------------------------------
PREREQUISITES
------------------------------
Prerequisite modules loaded:
requires:
Module Need Have
------------------- -------- --------
autobox 0 v3.0.1
base 0 2.27
Digest 0 1.20
File::Path 0 2.18
Getopt::Long 0 2.52
Import::Into 0 1.002005
Math::BigInt 0 1.999837
NEXT 0 0.69
overload 0 1.35
perl 5.016004 5.036000
PerlIO::utf8_strict 0 0.009
Safe::Isa 0 1.000010
Scalar::Util 0 1.63
Symbol 0 1.09
Test::More 0.96 1.302191
utf8 0 1.24
warnings 0 1.58
build_requires:
Module Need Have
------------------- -------- --------
BSD::Resource 0 1.2911
Capture::Tiny 0 0.48
DBD::CSV 0 0.59
DBI 0 1.643
ExtUtils::MakeMaker 0 7.64
Sub::Util 0 1.63
Test::Pod::Snippets 0 0.07
Test::Requires 0 0.11
Text::CSV 0 2.02
URI 0 5.16
configure_requires:
Module Need Have
------------------- -------- --------
ExtUtils::MakeMaker 0 7.64
------------------------------
ENVIRONMENT AND OTHER CONTEXT
------------------------------
Environment variables:
PATH = /usr/local/bin:/usr/bin:/bin:/usr/local/sbin:/usr/sbin:/sbin:/home/cpansand/bin/freebsd13.1:/home/cpansand/bin/sh:/home/cpansand/bin:/usr/games:/home/cpansand/devel:/usr/home/eserte/src/srezic-misc/scripts
PERL5LIB = /home/cpansand/.cpan/build/2022102520/Test-Pod-Snippets-0.07-1/blib/arch:/home/cpansand/.cpan/build/2022102520/Test-Pod-Snippets-0.07-1/blib/lib:/home/cpansand/.cpan/build/2022102520/Module-Locate-1.80-1/blib/arch:/home/cpansand/.cpan/build/2022102520/Module-Locate-1.80-1/blib/lib:/home/cpansand/.cpan/build/2022102520/DBD-CSV-0.59-1/blib/arch:/home/cpansand/.cpan/build/2022102520/DBD-CSV-0.59-1/blib/lib:/home/cpansand/.cpan/build/2022102520/SQL-Statement-1.414-1/blib/arch:/home/cpansand/.cpan/build/2022102520/SQL-Statement-1.414-1/blib/lib:/home/cpansand/.cpan/build/2022102520/Math-Base-Convert-0.11-1/blib/arch:/home/cpansand/.cpan/build/2022102520/Math-Base-Convert-0.11-1/blib/lib:/home/cpansand/.cpan/build/2022102520/BSD-Resource-1.2911-1/blib/arch:/home/cpansand/.cpan/build/2022102520/BSD-Resource-1.2911-1/blib/lib
PERL5OPT =
PERL5_CPANPLUS_IS_RUNNING = 31141
PERL5_CPAN_IS_RUNNING = 31141
PERL5_CPAN_IS_RUNNING_IN_RECURSION = 30152,31141
PERLDOC = -MPod::Perldoc::ToTextOverstrike
PERL_BATCH = yes
PERL_CANARY_STABILITY_NOPROMPT = 1
PERL_CPAN_REPORTER_CONFIG = /var/tmp/cpansmoker-1023/2022102520/cpanreporter_001_config.ini
PERL_EXTUTILS_AUTOINSTALL = --defaultdeps
PERL_USE_UNSAFE_INC = 1
SHELL = /usr/local/bin/zsh
TERM = screen
TMPDIR = /var/tmp/cpansmoker-1023/2022102520
Perl special variables (and OS-specific diagnostics, for MSWin32):
$^X = /usr/perl5.36.0Dp/bin/perl
$UID/$EUID = 1023 / 1023
$GID = 1023 1023
$EGID = 1023 1023
Perl module toolchain versions installed:
Module Have
------------------- --------
CPAN 2.33
CPAN::Meta 2.150010
Cwd 3.84
ExtUtils::CBuilder 0.280236
ExtUtils::Command 7.64
ExtUtils::Install 2.20
ExtUtils::MakeMaker 7.64
ExtUtils::Manifest 1.73
ExtUtils::ParseXS 3.45
File::Spec 3.84
JSON 4.09
JSON::PP 4.12
Module::Build 0.4231
Module::Signature n/a
Parse::CPAN::Meta 2.150010
Test::Harness 3.44
Test::More 1.302191
YAML 1.30
YAML::Syck 1.34
version 0.9929
--
Summary of my perl5 (revision 5 version 36 subversion 0) configuration:
Platform:
osname=freebsd
osvers=13.1-stable
archname=amd64-freebsd-ld
uname='freebsd cloud10.bbbike.org 13.1-stable freebsd 13.1-stable #1 stable13-249d205cb: thu may 5 07:39:11 utc 2022 root@cloud10.bbbike.org:usrobjusrhomeprojectsfreebsd-srcamd64.amd64sysgeneric amd64 '
config_args='-ds -e -Dprefix=/usr/perl5.36.0Dp -Duselongdouble -Dcf_email=srezic@cpan.org -Doptimize=-O2 -pipe'
hint=recommended
useposix=true
d_sigaction=define
useithreads=undef
usemultiplicity=undef
use64bitint=define
use64bitall=define
uselongdouble=define
usemymalloc=n
default_inc_excludes_dot=define
Compiler:
cc='cc'
ccflags ='-DHAS_FPSETMASK -DHAS_FLOATINGPOINT_H -fno-strict-aliasing -pipe -fstack-protector-strong -I/usr/local/include'
optimize='-O2 -pipe'
cppflags='-DHAS_FPSETMASK -DHAS_FLOATINGPOINT_H -fno-strict-aliasing -pipe -fstack-protector-strong -I/usr/local/include'
ccversion=''
gccversion='FreeBSD Clang 13.0.0 (git@github.com:llvm/llvm-project.git llvmorg-13.0.0-0-gd7b669b3a303)'
gccosandvers=''
intsize=4
longsize=8
ptrsize=8
doublesize=8
byteorder=12345678
doublekind=3
d_longlong=define
longlongsize=8
d_longdbl=define
longdblsize=16
longdblkind=3
ivtype='long'
ivsize=8
nvtype='long double'
nvsize=16
Off_t='off_t'
lseeksize=8
alignbytes=16
prototype=define
Linker and Libraries:
ld='cc'
ldflags ='-pthread -Wl,-E -fstack-protector-strong -L/usr/local/lib'
libpth=/usr/lib /usr/local/lib /usr/lib/clang/13.0.0/lib
libs=-lpthread -lgdbm -ldl -lm -lcrypt -lutil -lc
perllibs=-lpthread -ldl -lm -lcrypt -lutil -lc
libc=
so=so
useshrplib=false
libperl=libperl.a
gnulibc_version=''
Dynamic Linking:
dlsrc=dl_dlopen.xs
dlext=so
d_dlsymun=undef
ccdlflags=' '
cccdlflags='-DPIC -fPIC'
lddlflags='-shared -L/usr/local/lib -fstack-protector-strong'
Characteristics of this binary (from libperl):
Compile-time options:
HAS_TIMES
PERLIO_LAYERS
PERL_COPY_ON_WRITE
PERL_DONT_CREATE_GVSV
PERL_MALLOC_WRAP
PERL_OP_PARENT
PERL_PRESERVE_IVUV
USE_64_BIT_ALL
USE_64_BIT_INT
USE_LARGE_FILES
USE_LOCALE
USE_LOCALE_COLLATE
USE_LOCALE_CTYPE
USE_LOCALE_NUMERIC
USE_LOCALE_TIME
USE_LONG_DOUBLE
USE_PERLIO
USE_PERL_ATOF
Built under freebsd
Compiled at May 31 2022 04:58:10
%ENV:
PERL5LIB="/home/cpansand/.cpan/build/2022102520/Test-Pod-Snippets-0.07-1/blib/arch:/home/cpansand/.cpan/build/2022102520/Test-Pod-Snippets-0.07-1/blib/lib:/home/cpansand/.cpan/build/2022102520/Module-Locate-1.80-1/blib/arch:/home/cpansand/.cpan/build/2022102520/Module-Locate-1.80-1/blib/lib:/home/cpansand/.cpan/build/2022102520/DBD-CSV-0.59-1/blib/arch:/home/cpansand/.cpan/build/2022102520/DBD-CSV-0.59-1/blib/lib:/home/cpansand/.cpan/build/2022102520/SQL-Statement-1.414-1/blib/arch:/home/cpansand/.cpan/build/2022102520/SQL-Statement-1.414-1/blib/lib:/home/cpansand/.cpan/build/2022102520/Math-Base-Convert-0.11-1/blib/arch:/home/cpansand/.cpan/build/2022102520/Math-Base-Convert-0.11-1/blib/lib:/home/cpansand/.cpan/build/2022102520/BSD-Resource-1.2911-1/blib/arch:/home/cpansand/.cpan/build/2022102520/BSD-Resource-1.2911-1/blib/lib"
PERL5OPT=""
PERL5_CPANPLUS_IS_RUNNING="31141"
PERL5_CPAN_IS_RUNNING="31141"
PERL5_CPAN_IS_RUNNING_IN_RECURSION="30152,31141"
PERLDOC="-MPod::Perldoc::ToTextOverstrike"
PERL_BATCH="yes"
PERL_CANARY_STABILITY_NOPROMPT="1"
PERL_CPAN_REPORTER_CONFIG="/var/tmp/cpansmoker-1023/2022102520/cpanreporter_001_config.ini"
PERL_EXTUTILS_AUTOINSTALL="--defaultdeps"
PERL_USE_UNSAFE_INC="1"
@INC:
/home/cpansand/.cpan/build/2022102520/Test-Pod-Snippets-0.07-1/blib/arch
/home/cpansand/.cpan/build/2022102520/Test-Pod-Snippets-0.07-1/blib/lib
/home/cpansand/.cpan/build/2022102520/Module-Locate-1.80-1/blib/arch
/home/cpansand/.cpan/build/2022102520/Module-Locate-1.80-1/blib/lib
/home/cpansand/.cpan/build/2022102520/DBD-CSV-0.59-1/blib/arch
/home/cpansand/.cpan/build/2022102520/DBD-CSV-0.59-1/blib/lib
/home/cpansand/.cpan/build/2022102520/SQL-Statement-1.414-1/blib/arch
/home/cpansand/.cpan/build/2022102520/SQL-Statement-1.414-1/blib/lib
/home/cpansand/.cpan/build/2022102520/Math-Base-Convert-0.11-1/blib/arch
/home/cpansand/.cpan/build/2022102520/Math-Base-Convert-0.11-1/blib/lib
/home/cpansand/.cpan/build/2022102520/BSD-Resource-1.2911-1/blib/arch
/home/cpansand/.cpan/build/2022102520/BSD-Resource-1.2911-1/blib/lib
/usr/perl5.36.0Dp/lib/site_perl/5.36.0/amd64-freebsd-ld
/usr/perl5.36.0Dp/lib/site_perl/5.36.0
/usr/perl5.36.0Dp/lib/5.36.0/amd64-freebsd-ld
/usr/perl5.36.0Dp/lib/5.36.0
.