FFI-Platypus v2.08 Perl 5 v5.38.0 i86pc-solaris-64
- Status
- Fail
- From
- Nigel Horne
- Dist
-
FFI-Platypus v2.08
- Platform
- Perl 5 v5.38.0 i86pc-solaris-64
- Date
- 2023-07-20 19:04:50
- ID
- 4d35983e-2730-11ee-aac5-ab57a9ecfa97
This distribution has been tested as part of the CPAN Testers
project, supporting the Perl programming language. See
http://wiki.cpantesters.org/ for more information or email
questions to cpan-testers-discuss@perl.org
--
Dear Graham Ollis,
This is a computer-generated report for FFI-Platypus-2.08
on perl 5.38.0, created by CPAN-Reporter-1.2019.
Thank you for uploading your work to CPAN. However, there was a problem
testing your distribution.
If you think this report is invalid, please consult the CPAN Testers Wiki
for suggestions on how to avoid getting FAIL reports for missing library
or binary dependencies, unsupported operating systems, and so on:
http://wiki.cpantesters.org/wiki/CPANAuthorNotes
Sections of this report:
* Tester comments
* Program output
* Prerequisites
* Environment and other context
------------------------------
TESTER COMMENTS
------------------------------
Additional comments from tester:
this report is from an automated smoke testing program
and was not reviewed by a human for accuracy
------------------------------
PROGRAM OUTPUT
------------------------------
Output from '/usr/bin/make test':
"/export/home/njh/perl5/perlbrew/perls/perl-5.38.0-64all/bin/perl5.38.0" -MExtUtils::Command::MM -e 'cp_nonempty' -- lib/FFI/Platypus.bs blib/arch/auto/FFI/Platypus/Platypus.bs 644
CC t/ffi/align.c
CC t/ffi/align_array.c
CC t/ffi/align_fixed.c
CC t/ffi/align_string.c
CC t/ffi/basic.c
CC t/ffi/closure.c
CC t/ffi/color.c
CC t/ffi/complex_double.c
CC t/ffi/complex_float.c
CC t/ffi/double.c
CC t/ffi/float.c
CC t/ffi/gh117.c
CC t/ffi/gh174.c
CC t/ffi/longdouble.c
CC t/ffi/memcmp4.c
CC t/ffi/meta.c
CC t/ffi/pointer.c
CC t/ffi/record.c
CC t/ffi/sint16.c
CC t/ffi/sint32.c
CC t/ffi/sint64.c
CC t/ffi/sint8.c
CC t/ffi/string.c
CC t/ffi/string_array.c
CC t/ffi/uint16.c
CC t/ffi/uint32.c
CC t/ffi/uint64.c
CC t/ffi/uint8.c
CC t/ffi/variadic.c
LD t/ffi/libtest.so
PERL_DL_NONLAZY=1 "/export/home/njh/perl5/perlbrew/perls/perl-5.38.0-64all/bin/perl5.38.0" "-MExtUtils::Command::MM" "-MTest::Harness" "-e" "undef *Test::Harness::Switches; test_harness(0, 'blib/lib', 'blib/arch')" t/*.t
#
#
#
# HARNESS_ACTIVE=1
# HARNESS_VERSION=3.44
# PERL5LIB=/export/home/njh/.cpan/build/FFI-Platypus-2.08-1/blib/lib:/export/home/njh/.cpan/build/FFI-Platypus-2.08-1/blib/arch:/export/home/njh/.cpan/build/FFI-CheckLib-0.31-1/blib/arch:/export/home/njh/.cpan/build/FFI-CheckLib-0.31-1/blib/lib:/export/home/njh/.cpan/build/Data-Cmp-0.010-1/blib/arch:/export/home/njh/.cpan/build/Data-Cmp-0.010-1/blib/lib:/export/home/njh/.cpan/build/Attribute-Util-1.07-1/blib/arch:/export/home/njh/.cpan/build/Attribute-Util-1.07-1/blib/lib:/export/home/njh/.cpan/build/Sys-Binmode-0.04_91-1/blib/arch:/export/home/njh/.cpan/build/Sys-Binmode-0.04_91-1/blib/lib:/export/home/njh/.cpan/build/FFI-CheckLib-0.31-1/blib/arch:/export/home/njh/.cpan/build/FFI-CheckLib-0.31-1/blib/lib:/export/home/njh/.cpan/build/Data-Cmp-0.010-1/blib/arch:/export/home/njh/.cpan/build/Data-Cmp-0.010-1/blib/lib:/export/home/njh/.cpan/build/Attribute-Util-1.07-1/blib/arch:/export/home/njh/.cpan/build/Attribute-Util-1.07-1/blib/lib:/export/home/njh/.cpan/build/Sys-Binmode-0.04_91-1/blib/arch:/export/home/njh/.cpan/build/Sys-Binmode-0.04_91-1/blib/lib
# PERL5OPT=
# PERL5_CPANPLUS_IS_RUNNING=7841
# PERL5_CPAN_IS_RUNNING=7841
# PERL5_CPAN_IS_RUNNING_IN_RECURSION=7830,7841
# PERLBREW_LIB=
# PERLBREW_MANPATH=/export/home/njh/perl5/perlbrew/perls/perl-5.38.0-64all/man
# PERLBREW_PATH=/export/home/njh/perl5/perlbrew/bin:/export/home/njh/perl5/perlbrew/perls/perl-5.38.0-64all/bin
# PERLBREW_PERL=perl-5.38.0-64all
# PERLBREW_ROOT=/export/home/njh/perl5/perlbrew
# PERLBREW_SHELLRC_VERSION=0.97
# PERLBREW_VERSION=0.97
# PERL_DL_NONLAZY=1
# PERL_LOCAL_LIB_ROOT=
# PERL_MM_USE_DEFAULT=1
# PERL_USE_UNSAFE_INC=1
# SHELL=/usr/bin/bash
#
#
#
# PERL5LIB path
# /export/home/njh/.cpan/build/FFI-Platypus-2.08-1/blib/lib
# /export/home/njh/.cpan/build/FFI-Platypus-2.08-1/blib/arch
# /export/home/njh/.cpan/build/FFI-CheckLib-0.31-1/blib/arch
# /export/home/njh/.cpan/build/FFI-CheckLib-0.31-1/blib/lib
# /export/home/njh/.cpan/build/Data-Cmp-0.010-1/blib/arch
# /export/home/njh/.cpan/build/Data-Cmp-0.010-1/blib/lib
# /export/home/njh/.cpan/build/Attribute-Util-1.07-1/blib/arch
# /export/home/njh/.cpan/build/Attribute-Util-1.07-1/blib/lib
# /export/home/njh/.cpan/build/Sys-Binmode-0.04_91-1/blib/arch
# /export/home/njh/.cpan/build/Sys-Binmode-0.04_91-1/blib/lib
# /export/home/njh/.cpan/build/FFI-CheckLib-0.31-1/blib/arch
# /export/home/njh/.cpan/build/FFI-CheckLib-0.31-1/blib/lib
# /export/home/njh/.cpan/build/Data-Cmp-0.010-1/blib/arch
# /export/home/njh/.cpan/build/Data-Cmp-0.010-1/blib/lib
# /export/home/njh/.cpan/build/Attribute-Util-1.07-1/blib/arch
# /export/home/njh/.cpan/build/Attribute-Util-1.07-1/blib/lib
# /export/home/njh/.cpan/build/Sys-Binmode-0.04_91-1/blib/arch
# /export/home/njh/.cpan/build/Sys-Binmode-0.04_91-1/blib/lib
#
#
#
# perl 5.038000 solaris i86pc-solaris-64
# Alien::Base -
# Alien::FFI -
# Capture::Tiny 0.48
# Devel::Hide 0.0015
# ExtUtils::CBuilder 0.280238
# ExtUtils::MakeMaker 7.70
# ExtUtils::ParseXS 3.51
# FFI::CheckLib 0.31
# File::Spec::Functions 3.88
# IPC::Cmd 1.04
# JSON::PP 4.16
# List::Util 1.63
# Math::LongDouble -
# PkgConfig -
# Test2::API 1.302194
# Test2::V0 0.000155
# autodie 2.36
# constant 1.33
# forks -
# parent 0.241
#
#
#
# mode : system
# Alien::FFI::pkgconfig->VERSION =
# Alien::FFI::pkgconfig->install_type = system
# Alien::FFI::pkgconfig->cflags = -DFFI_NO_RAW_API -I/usr/lib/libffi-3.2.1/include
# Alien::FFI::pkgconfig->libs = -lffi
# Alien::FFI::pkgconfig->version = 3.2.1
#
#
#
# ffi.platypus.memory.strdup_impl =libc
# ffi.platypus.memory.strndup_impl=libc
#
#
#
# Types:
# double : double, float complex
# float : float
# longdouble : double complex, long double, long double complex
# sint16 : int16_t, short, signed short
# sint32 : blksize_t, int, int32_t, senum, signed int, wchar_t, wint_t
# sint64 : blkcnt_t, int64_t, intmax_t, intptr_t, long, long long, off_t, ptrdiff_t, signed long, signed long long, ssize_t, time_t
# sint8 : char, int8_t, signed char
# uint16 : uint16_t, unsigned short, ushort
# uint32 : enum, gid_t, mode_t, nlink_t, uid_t, uint, uint32_t, unsigned int
# uint64 : dev_t, ino_t, size_t, uint64_t, uintmax_t, uintptr_t, ulong, unsigned long, unsigned long long
# uint8 : bool, uchar, uint8_t, unsigned char
#
#
#
# ABIs:
# default_abi 2
# fastcall 4
# pascal 6
# register 7
# stdcall 5
# sysv 1
# thiscall 3
# unix64 2
#
#
#
# Probes:
# variadic 1
# abi 1
# strnlen 1
# bigendian64 0
# longdouble 1
# bigendian 0
# alloca 1
# recordvalue 1
#
#
#
# [PLATFORM]
# osname : solaris
# cc : /usr/bin/gcc
# cxx : /usr/bin/g++
# cxxld : /usr/bin/g++
# for : /usr/bin/gfortran
# ld : /usr/bin/gcc
# ccflags : -fPIC -m64 -O2 -W -Wformat=2 -Wswitch -Wshadow -Wwrite-strings -Wuninitialized -Wall -pipe -fomit-frame-pointer -pedantic -D_FORTIFY_SOURCE=2 -Wpointer-arith -Wstrict-prototypes -fstack-protector -Wstack-protector -Wextra -Wbad-function-cast -Wcast-align -Wcast-qual -Wdisabled-optimization -Wendif-labels -Wfloat-equal -Wformat-nonliteral -Winline -Wmissing-declarations -Wmissing-prototypes -Wnested-externs -Wpointer-arith -Wundef -Wformat-security -ftree-vectorize -mmmx -msse -mfpmath=sse -msse2 -msse3 -msse4.1 -msse4.2 -mtune=native -fwrapv -fno-strict-aliasing -fstack-protector-strong -I/usr/gnu/include -D_LARGEFILE_SOURCE -D_FILE_OFFSET_BITS=64 -O -I/export/home/njh/.cpan/build/FFI-Platypus-2.08-1/blib/lib/auto/share/dist/FFI-Platypus/include
# ldflags : -shared -m64 -L/usr/gnu/lib -fstack-protector-strong
# object suffix : .o
# library prefix : lib
# library suffix : .so
# cc mm works : -MM
#
#
#
t/00_diag.t .............................. ok
t/ffi_build.t ............................ ok
t/ffi_build_file_base.t .................. ok
t/ffi_build_file_c.t ..................... ok
t/ffi_build_file_cxx.t ................... ok
t/ffi_build_file_library.t ............... ok
t/ffi_build_file_object.t ................ ok
t/ffi_build_mm.t ......................... ok
t/ffi_build_platform.t ................... ok
t/ffi_build_plugin.t ..................... ok
t/ffi_build_plugindata.t ................. ok
t/ffi_platypus.t .........................
All 10 subtests passed
t/ffi_platypus_api.t ..................... ok
t/ffi_platypus_buffer.t .................. ok
t/ffi_platypus_bundle.t ..................
All 5 subtests passed
t/ffi_platypus_closure.t .................
All 4 subtests passed
t/ffi_platypus_constant.t ................
No subtests run
t/ffi_platypus_dl.t ...................... ok
t/ffi_platypus_function.t ................ ok
t/ffi_platypus_function_wrapper.t ........ ok
t/ffi_platypus_internal.t ................ ok
t/ffi_platypus_lang.t .................... ok
t/ffi_platypus_lang_asm.t ................ ok
t/ffi_platypus_lang_c.t .................. ok
t/ffi_platypus_lang_win32.t .............. ok
t/ffi_platypus_legacy.t .................. ok
t/ffi_platypus_memory.t .................. ok
t/ffi_platypus_record.t .................. ok
t/ffi_platypus_record_meta.t ............. ok
t/ffi_platypus_record_tiearray.t ......... ok
t/ffi_platypus_shareconfig.t ............. ok
t/ffi_platypus_type.t .................... ok
t/ffi_platypus_type_pointersizebuffer.t .. ok
t/ffi_platypus_type_stringarray.t ........ ok
t/ffi_platypus_type_stringpointer.t ...... ok
t/ffi_platypus_type_widestring.t ......... ok
t/ffi_platypus_typeparser.t .............. ok
t/ffi_platypus_typeparser_version0.t ..... ok
t/ffi_platypus_typeparser_version1.t ..... ok
t/ffi_platypus_typeparser_version2.t ..... ok
t/ffi_probe.t ............................ ok
t/ffi_probe_runner.t ..................... ok
t/ffi_probe_runner_builder.t ............. ok
t/ffi_probe_runner_result.t .............. ok
t/ffi_temp.t ............................. ok
t/forks.t ................................ skipped: Test requires forks
t/gh117.t ................................ ok
t/gh129.t ................................ ok
t/gh323.t ................................ ok
t/memory.t ............................... skipped: tested only in CI
t/threads.t .............................. skipped: Test requires a threading Perl
t/type_complex_double.t .................. skipped: Test requires support for double complex
t/type_complex_float.t ................... skipped: Test requires support for float complex
t/type_custom.t .......................... ok
t/type_double.t ..........................
No subtests run
t/type_float.t ...........................
No subtests run
t/type_longdouble.t ...................... ok
t/type_longdouble__array.t ............... ok
t/type_longdouble__hide.t ................ ok
t/type_longdouble__ptr.t ................. ok
t/type_opaque.t ..........................
No subtests run
t/type_record.t ..........................
All 3 subtests passed
t/type_record_value.t ....................
All 1 subtests passed
t/type_sint16.t ..........................
No subtests run
t/type_sint32.t ..........................
No subtests run
t/type_sint64.t ..........................
No subtests run
t/type_sint8.t ...........................
No subtests run
t/type_string.t ..........................
No subtests run
t/type_uint16.t ..........................
No subtests run
t/type_uint32.t ..........................
No subtests run
t/type_uint64.t ..........................
No subtests run
t/type_uint8.t ...........................
No subtests run
Test Summary Report
-------------------
t/ffi_platypus.t (Wstat: 134 (Signal: ABRT, dumped core) Tests: 10 Failed: 0)
Non-zero wait status: 134
Parse errors: No plan found in TAP output
t/ffi_platypus_bundle.t (Wstat: 134 (Signal: ABRT, dumped core) Tests: 5 Failed: 0)
Non-zero wait status: 134
t/ffi_platypus_closure.t (Wstat: 134 (Signal: ABRT, dumped core) Tests: 4 Failed: 0)
Non-zero wait status: 134
Parse errors: No plan found in TAP output
t/ffi_platypus_constant.t (Wstat: 134 (Signal: ABRT, dumped core) Tests: 0 Failed: 0)
Non-zero wait status: 134
Parse errors: No plan found in TAP output
t/type_double.t (Wstat: 134 (Signal: ABRT, dumped core) Tests: 0 Failed: 0)
Non-zero wait status: 134
Parse errors: No plan found in TAP output
t/type_float.t (Wstat: 134 (Signal: ABRT, dumped core) Tests: 0 Failed: 0)
Non-zero wait status: 134
Parse errors: No plan found in TAP output
t/type_opaque.t (Wstat: 134 (Signal: ABRT, dumped core) Tests: 0 Failed: 0)
Non-zero wait status: 134
Parse errors: No plan found in TAP output
t/type_record.t (Wstat: 134 (Signal: ABRT, dumped core) Tests: 3 Failed: 0)
Non-zero wait status: 134
Parse errors: No plan found in TAP output
t/type_record_value.t (Wstat: 134 (Signal: ABRT, dumped core) Tests: 1 Failed: 0)
Non-zero wait status: 134
Parse errors: No plan found in TAP output
t/type_sint16.t (Wstat: 134 (Signal: ABRT, dumped core) Tests: 0 Failed: 0)
Non-zero wait status: 134
Parse errors: No plan found in TAP output
t/type_sint32.t (Wstat: 134 (Signal: ABRT, dumped core) Tests: 0 Failed: 0)
Non-zero wait status: 134
Parse errors: No plan found in TAP output
t/type_sint64.t (Wstat: 134 (Signal: ABRT, dumped core) Tests: 0 Failed: 0)
Non-zero wait status: 134
Parse errors: No plan found in TAP output
t/type_sint8.t (Wstat: 134 (Signal: ABRT, dumped core) Tests: 0 Failed: 0)
Non-zero wait status: 134
Parse errors: No plan found in TAP output
t/type_string.t (Wstat: 134 (Signal: ABRT, dumped core) Tests: 0 Failed: 0)
Non-zero wait status: 134
Parse errors: No plan found in TAP output
t/type_uint16.t (Wstat: 134 (Signal: ABRT, dumped core) Tests: 0 Failed: 0)
Non-zero wait status: 134
Parse errors: No plan found in TAP output
t/type_uint32.t (Wstat: 134 (Signal: ABRT, dumped core) Tests: 0 Failed: 0)
Non-zero wait status: 134
Parse errors: No plan found in TAP output
t/type_uint64.t (Wstat: 134 (Signal: ABRT, dumped core) Tests: 0 Failed: 0)
Non-zero wait status: 134
Parse errors: No plan found in TAP output
t/type_uint8.t (Wstat: 134 (Signal: ABRT, dumped core) Tests: 0 Failed: 0)
Non-zero wait status: 134
Parse errors: No plan found in TAP output
Files=72, Tests=234, 32 wallclock secs ( 0.58 usr 0.29 sys + 19.17 cusr 8.72 csys = 28.77 CPU)
Result: FAIL
Failed 18/72 test programs. 0/234 subtests failed.
*** Error code 255
make: Fatal error: Command failed for target `test_dynamic'
------------------------------
PREREQUISITES
------------------------------
Prerequisite modules loaded:
requires:
Module Need Have
--------------------- -------- --------
autodie 0 2.36
Capture::Tiny 0 0.48
constant 1.32 1.33
ExtUtils::MakeMaker 7.12 7.70
FFI::CheckLib 0.05 0.31
File::Spec::Functions 0 3.88
IPC::Cmd 0 1.04
JSON::PP 0 4.16
List::Util 1.45 1.63
parent 0 0.241
perl 5.008004 5.038000
build_requires:
Module Need Have
--------------------- -------- --------
Capture::Tiny 0 0.48
ExtUtils::CBuilder 0 0.280238
Test2::API 1.302015 1.302194
Test2::V0 0.000121 0.000155
configure_requires:
Module Need Have
--------------------- -------- --------
Capture::Tiny 0 0.48
ExtUtils::MakeMaker 7.12 7.70
ExtUtils::ParseXS 3.30 3.51
IPC::Cmd 0 1.04
JSON::PP 0 4.16
parent 0 0.241
perl 5.006 5.038000
------------------------------
ENVIRONMENT AND OTHER CONTEXT
------------------------------
Environment variables:
AUTOMATED_TESTING = 1
NONINTERACTIVE_TESTING = 1
PATH = /export/home/njh/perl5/perlbrew/bin:/export/home/njh/perl5/perlbrew/perls/perl-5.38.0-64all/bin:/export/home/njh/perl5/perlbrew/bin:/export/home/njh/src/njh/smoker/bin:/usr/bin
PERL5LIB = /export/home/njh/.cpan/build/FFI-CheckLib-0.31-1/blib/arch:/export/home/njh/.cpan/build/FFI-CheckLib-0.31-1/blib/lib:/export/home/njh/.cpan/build/Data-Cmp-0.010-1/blib/arch:/export/home/njh/.cpan/build/Data-Cmp-0.010-1/blib/lib:/export/home/njh/.cpan/build/Attribute-Util-1.07-1/blib/arch:/export/home/njh/.cpan/build/Attribute-Util-1.07-1/blib/lib:/export/home/njh/.cpan/build/Sys-Binmode-0.04_91-1/blib/arch:/export/home/njh/.cpan/build/Sys-Binmode-0.04_91-1/blib/lib
PERL5OPT =
PERL5_CPANPLUS_IS_RUNNING = 7841
PERL5_CPAN_IS_RUNNING = 7841
PERL5_CPAN_IS_RUNNING_IN_RECURSION = 7830,7841
PERLBREW_LIB =
PERLBREW_MANPATH = /export/home/njh/perl5/perlbrew/perls/perl-5.38.0-64all/man
PERLBREW_PATH = /export/home/njh/perl5/perlbrew/bin:/export/home/njh/perl5/perlbrew/perls/perl-5.38.0-64all/bin
PERLBREW_PERL = perl-5.38.0-64all
PERLBREW_ROOT = /export/home/njh/perl5/perlbrew
PERLBREW_SHELLRC_VERSION = 0.97
PERLBREW_VERSION = 0.97
PERL_LOCAL_LIB_ROOT =
PERL_MM_USE_DEFAULT = 1
PERL_USE_UNSAFE_INC = 1
SHELL = /usr/bin/bash
TMPDIR = /tmp/smoker-A6S6_/testwrapper.7833
Perl special variables (and OS-specific diagnostics, for MSWin32):
$^X = /export/home/njh/perl5/perlbrew/perls/perl-5.38.0-64all/bin/perl5.38.0
$UID/$EUID = 101 / 101
$GID = 10 10
$EGID = 10 10
Perl module toolchain versions installed:
Module Have
------------------- --------
CPAN 2.36
CPAN::Meta 2.150010
Cwd 3.89
ExtUtils::CBuilder 0.280238
ExtUtils::Command 7.70
ExtUtils::Install 2.22
ExtUtils::MakeMaker 7.70
ExtUtils::Manifest 1.73
ExtUtils::ParseXS 3.51
File::Spec 3.88
JSON n/a
JSON::PP 4.16
Module::Build 0.4234
Module::Signature n/a
Parse::CPAN::Meta 2.150010
Test2 1.302194
Test::Harness 3.44
Test::More 1.302194
YAML 1.30
YAML::Syck 1.34
version 0.9929
--
Summary of my perl5 (revision 5 version 38 subversion 0) configuration:
Platform:
osname=solaris
osvers=2.11
archname=i86pc-solaris-64
uname='sunos njh1 5.11 illumos-06524cf4e4 i86pc i386 i86pc '
config_args='-de -Dprefix=/export/home/njh/perl5/perlbrew/perls/perl-5.38.0-64all -Dusedevel -Duse64bitall -Accflags=-O2 -W -Wformat=2 -Wswitch -Wshadow -Wwrite-strings -Wuninitialized -Wall -pipe -fomit-frame-pointer -pedantic -D_FORTIFY_SOURCE=2 -Wpointer-arith -Wstrict-prototypes -fstack-protector -Wstack-protector -Wextra -Wbad-function-cast -Wcast-align -Wcast-qual -Wdisabled-optimization -Wendif-labels -Wfloat-equal -Wformat-nonliteral -Winline -Wmissing-declarations -Wmissing-prototypes -Wnested-externs -Wpointer-arith -Wundef -Wformat-security -ftree-vectorize -mmmx -msse -mfpmath=sse -msse2 -msse3 -msse4.1 -msse4.2 -mtune=native -Aeval:scriptdir=/export/home/njh/perl5/perlbrew/perls/perl-5.38.0-64all/bin'
hint=recommended
useposix=true
d_sigaction=define
useithreads=undef
usemultiplicity=undef
use64bitint=define
use64bitall=define
uselongdouble=undef
usemymalloc=n
default_inc_excludes_dot=define
Compiler:
cc='/usr/bin/gcc'
ccflags ='-m64 -O2 -W -Wformat=2 -Wswitch -Wshadow -Wwrite-strings -Wuninitialized -Wall -pipe -fomit-frame-pointer -pedantic -D_FORTIFY_SOURCE=2 -Wpointer-arith -Wstrict-prototypes -fstack-protector -Wstack-protector -Wextra -Wbad-function-cast -Wcast-align -Wcast-qual -Wdisabled-optimization -Wendif-labels -Wfloat-equal -Wformat-nonliteral -Winline -Wmissing-declarations -Wmissing-prototypes -Wnested-externs -Wpointer-arith -Wundef -Wformat-security -ftree-vectorize -mmmx -msse -mfpmath=sse -msse2 -msse3 -msse4.1 -msse4.2 -mtune=native -fwrapv -fno-strict-aliasing -fstack-protector-strong -I/usr/gnu/include -D_LARGEFILE_SOURCE -D_FILE_OFFSET_BITS=64'
optimize='-O'
cppflags='-m64 -O2 -W -Wformat=2 -Wswitch -Wshadow -Wwrite-strings -Wuninitialized -Wall -pipe -fomit-frame-pointer -pedantic -D_FORTIFY_SOURCE=2 -Wpointer-arith -Wstrict-prototypes -fstack-protector -Wstack-protector -Wextra -Wbad-function-cast -Wcast-align -Wcast-qual -Wdisabled-optimization -Wendif-labels -Wfloat-equal -Wformat-nonliteral -Winline -Wmissing-declarations -Wmissing-prototypes -Wnested-externs -Wpointer-arith -Wundef -Wformat-security -ftree-vectorize -mmmx -msse -mfpmath=sse -msse2 -msse3 -msse4.1 -msse4.2 -mtune=native -fwrapv -fno-strict-aliasing -fstack-protector-strong -I/usr/gnu/include'
ccversion=''
gccversion='7.5.0'
gccosandvers=''
intsize=4
longsize=8
ptrsize=8
doublesize=8
byteorder=12345678
doublekind=3
d_longlong=define
longlongsize=8
d_longdbl=define
longdblsize=16
longdblkind=3
ivtype='long'
ivsize=8
nvtype='double'
nvsize=8
Off_t='off_t'
lseeksize=8
alignbytes=8
prototype=define
Linker and Libraries:
ld='/usr/bin/gcc'
ldflags =' -m64 -fstack-protector-strong -L/usr/gnu/lib '
libpth=/usr/gcc/7/lib /usr/lib /usr/gnu/lib /usr/ccs/lib
libs=-lpthread -lsocket -lnsl -lgdbm -ldb -ldl -lm -lc
perllibs=-lpthread -lsocket -lnsl -ldl -lm -lc
libc=/lib/libc.so
so=so
useshrplib=true
libperl=libperl.so
gnulibc_version=''
Dynamic Linking:
dlsrc=dl_dlopen.xs
dlext=so
d_dlsymun=undef
ccdlflags=' -R /export/home/njh/perl5/perlbrew/perls/perl-5.38.0-64all/lib/5.38.0/i86pc-solaris-64/CORE'
cccdlflags='-fPIC'
lddlflags=' -shared -m64 -L/usr/gnu/lib -fstack-protector-strong'
Characteristics of this binary (from libperl):
Compile-time options:
HAS_LONG_DOUBLE
HAS_STRTOLD
HAS_TIMES
PERLIO_LAYERS
PERL_COPY_ON_WRITE
PERL_DONT_CREATE_GVSV
PERL_HASH_FUNC_SIPHASH13
PERL_HASH_USE_SBOX32
PERL_MALLOC_WRAP
PERL_OP_PARENT
PERL_PRESERVE_IVUV
PERL_USE_DEVEL
PERL_USE_SAFE_PUTENV
USE_64_BIT_ALL
USE_64_BIT_INT
USE_LARGE_FILES
USE_LOCALE
USE_LOCALE_COLLATE
USE_LOCALE_CTYPE
USE_LOCALE_NUMERIC
USE_LOCALE_TIME
USE_PERLIO
USE_PERL_ATOF
Built under solaris
Compiled at Jul 3 2023 11:43:39
%ENV:
PERL5LIB="/export/home/njh/.cpan/build/FFI-CheckLib-0.31-1/blib/arch:/export/home/njh/.cpan/build/FFI-CheckLib-0.31-1/blib/lib:/export/home/njh/.cpan/build/Data-Cmp-0.010-1/blib/arch:/export/home/njh/.cpan/build/Data-Cmp-0.010-1/blib/lib:/export/home/njh/.cpan/build/Attribute-Util-1.07-1/blib/arch:/export/home/njh/.cpan/build/Attribute-Util-1.07-1/blib/lib:/export/home/njh/.cpan/build/Sys-Binmode-0.04_91-1/blib/arch:/export/home/njh/.cpan/build/Sys-Binmode-0.04_91-1/blib/lib"
PERL5OPT=""
PERL5_CPANPLUS_IS_RUNNING="7841"
PERL5_CPAN_IS_RUNNING="7841"
PERL5_CPAN_IS_RUNNING_IN_RECURSION="7830,7841"
PERLBREW_LIB=""
PERLBREW_MANPATH="/export/home/njh/perl5/perlbrew/perls/perl-5.38.0-64all/man"
PERLBREW_PATH="/export/home/njh/perl5/perlbrew/bin:/export/home/njh/perl5/perlbrew/perls/perl-5.38.0-64all/bin"
PERLBREW_PERL="perl-5.38.0-64all"
PERLBREW_ROOT="/export/home/njh/perl5/perlbrew"
PERLBREW_SHELLRC_VERSION="0.97"
PERLBREW_VERSION="0.97"
PERL_LOCAL_LIB_ROOT=""
PERL_MM_USE_DEFAULT="1"
PERL_USE_UNSAFE_INC="1"
@INC:
/export/home/njh/.cpan/build/FFI-CheckLib-0.31-1/blib/arch
/export/home/njh/.cpan/build/FFI-CheckLib-0.31-1/blib/lib
/export/home/njh/.cpan/build/Data-Cmp-0.010-1/blib/arch
/export/home/njh/.cpan/build/Data-Cmp-0.010-1/blib/lib
/export/home/njh/.cpan/build/Attribute-Util-1.07-1/blib/arch
/export/home/njh/.cpan/build/Attribute-Util-1.07-1/blib/lib
/export/home/njh/.cpan/build/Sys-Binmode-0.04_91-1/blib/arch
/export/home/njh/.cpan/build/Sys-Binmode-0.04_91-1/blib/lib
/export/home/njh/perl5/perlbrew/perls/perl-5.38.0-64all/lib/site_perl/5.38.0/i86pc-solaris-64
/export/home/njh/perl5/perlbrew/perls/perl-5.38.0-64all/lib/site_perl/5.38.0
/export/home/njh/perl5/perlbrew/perls/perl-5.38.0-64all/lib/5.38.0/i86pc-solaris-64
/export/home/njh/perl5/perlbrew/perls/perl-5.38.0-64all/lib/5.38.0
.