Net-Stomp v0.61 Perl 5 v5.8.9 x86_64-linux

Status
Fail
From
Slaven Rezić
Dist
Net-Stomp v0.61
Platform
Perl 5 v5.8.9 x86_64-linux
Date
2021-04-14 05:21:36
ID
48a7fa0e-9ce1-11eb-ba49-91651f24ea8f
This distribution has been tested as part of the CPAN Testers
project, supporting the Perl programming language.  See
http://wiki.cpantesters.org/ for more information or email
questions to cpan-testers-discuss@perl.org


--
Dear Gianni Ceccarelli,

This is a computer-generated report for Net-Stomp-0.61
on perl 5.8.9, created by CPAN-Reporter-1.2018.

Thank you for uploading your work to CPAN.  However, there was a problem
testing your distribution.

If you think this report is invalid, please consult the CPAN Testers Wiki
for suggestions on how to avoid getting FAIL reports for missing library
or binary dependencies, unsupported operating systems, and so on:

http://wiki.cpantesters.org/wiki/CPANAuthorNotes

Sections of this report:

    * Tester comments
    * Program output
    * Prerequisites
    * Environment and other context

------------------------------
TESTER COMMENTS
------------------------------

Additional comments from tester:

none provided

------------------------------
PROGRAM OUTPUT
------------------------------

Output from './Build test':

Global symbol "$sub" requires explicit package name at /home/cpansand/.cpan/build/2021041321/Net-Stomp-0.61-0/blib/lib/Net/Stomp.pm line 196.
Global symbol "$sub" requires explicit package name at /home/cpansand/.cpan/build/2021041321/Net-Stomp-0.61-0/blib/lib/Net/Stomp.pm line 196.
Global symbol "$timeout" requires explicit package name at /home/cpansand/.cpan/build/2021041321/Net-Stomp-0.61-0/blib/lib/Net/Stomp.pm line 196.
Global symbol "$timeout" requires explicit package name at /home/cpansand/.cpan/build/2021041321/Net-Stomp-0.61-0/blib/lib/Net/Stomp.pm line 196.
Global symbol "$body" requires explicit package name at /home/cpansand/.cpan/build/2021041321/Net-Stomp-0.61-0/blib/lib/Net/Stomp.pm line 196.
Global symbol "$body" requires explicit package name at /home/cpansand/.cpan/build/2021041321/Net-Stomp-0.61-0/blib/lib/Net/Stomp.pm line 196.
Global symbol "$receipt_id" requires explicit package name at /home/cpansand/.cpan/build/2021041321/Net-Stomp-0.61-0/blib/lib/Net/Stomp.pm line 196.
Global symbol "$receipt_id" requires explicit package name at /home/cpansand/.cpan/build/2021041321/Net-Stomp-0.61-0/blib/lib/Net/Stomp.pm line 196.
Global symbol "$receipt_id" requires explicit package name at /home/cpansand/.cpan/build/2021041321/Net-Stomp-0.61-0/blib/lib/Net/Stomp.pm line 196.
Global symbol "$receipt_timeout" requires explicit package name at /home/cpansand/.cpan/build/2021041321/Net-Stomp-0.61-0/blib/lib/Net/Stomp.pm line 196.
Global symbol "$receipt_frame" requires explicit package name at /home/cpansand/.cpan/build/2021041321/Net-Stomp-0.61-0/blib/lib/Net/Stomp.pm line 196.
Global symbol "$receipt_timeout" requires explicit package name at /home/cpansand/.cpan/build/2021041321/Net-Stomp-0.61-0/blib/lib/Net/Stomp.pm line 196.
Global symbol "$receipt_timeout" requires explicit package name at /home/cpansand/.cpan/build/2021041321/Net-Stomp-0.61-0/blib/lib/Net/Stomp.pm line 196.
Global symbol "$receipt_frame" requires explicit package name at /home/cpansand/.cpan/build/2021041321/Net-Stomp-0.61-0/blib/lib/Net/Stomp.pm line 196.
Global symbol "$receipt_frame" requires explicit package name at /home/cpansand/.cpan/build/2021041321/Net-Stomp-0.61-0/blib/lib/Net/Stomp.pm line 196.
Global symbol "$receipt_frame" requires explicit package name at /home/cpansand/.cpan/build/2021041321/Net-Stomp-0.61-0/blib/lib/Net/Stomp.pm line 196.
Global symbol "$receipt_frame" requires explicit package name at /home/cpansand/.cpan/build/2021041321/Net-Stomp-0.61-0/blib/lib/Net/Stomp.pm line 196.
Global symbol "$receipt_id" requires explicit package name at /home/cpansand/.cpan/build/2021041321/Net-Stomp-0.61-0/blib/lib/Net/Stomp.pm line 196.
Global symbol "$receipt_frame" requires explicit package name at /home/cpansand/.cpan/build/2021041321/Net-Stomp-0.61-0/blib/lib/Net/Stomp.pm line 196.
Global symbol "$receipt_frame" requires explicit package name at /home/cpansand/.cpan/build/2021041321/Net-Stomp-0.61-0/blib/lib/Net/Stomp.pm line 196.
Global symbol "$transaction_id" requires explicit package name at /home/cpansand/.cpan/build/2021041321/Net-Stomp-0.61-0/blib/lib/Net/Stomp.pm line 196.
Global symbol "$transaction_id" requires explicit package name at /home/cpansand/.cpan/build/2021041321/Net-Stomp-0.61-0/blib/lib/Net/Stomp.pm line 196.
Global symbol "$begin_frame" requires explicit package name at /home/cpansand/.cpan/build/2021041321/Net-Stomp-0.61-0/blib/lib/Net/Stomp.pm line 196.
Global symbol "$transaction_id" requires explicit package name at /home/cpansand/.cpan/build/2021041321/Net-Stomp-0.61-0/blib/lib/Net/Stomp.pm line 196.
Global symbol "$begin_frame" requires explicit package name at /home/cpansand/.cpan/build/2021041321/Net-Stomp-0.61-0/blib/lib/Net/Stomp.pm line 196.
Global symbol "$transaction_id" requires explicit package name at /home/cpansand/.cpan/build/2021041321/Net-Stomp-0.61-0/blib/lib/Net/Stomp.pm line 196.
Global symbol "$receipt_frame" requires explicit package name at /home/cpansand/.cpan/build/2021041321/Net-Stomp-0.61-0/blib/lib/Net/Stomp.pm line 196.
Global symbol "$ret" requires explicit package name at /home/cpansand/.cpan/build/2021041321/Net-Stomp-0.61-0/blib/lib/Net/Stomp.pm line 196.
Global symbol "$receipt_frame" requires explicit package name at /home/cpansand/.cpan/build/2021041321/Net-Stomp-0.61-0/blib/lib/Net/Stomp.pm line 196.
Global symbol "$receipt_frame" requires explicit package name at /home/cpansand/.cpan/build/2021041321/Net-Stomp-0.61-0/blib/lib/Net/Stomp.pm line 196.
Global symbol "$ret" requires explicit package name at /home/cpansand/.cpan/build/2021041321/Net-Stomp-0.61-0/blib/lib/Net/Stomp.pm line 196.
Global symbol "$transaction_id" requires explicit package name at /home/cpansand/.cpan/build/2021041321/Net-Stomp-0.61-0/blib/lib/Net/Stomp.pm line 196.
Global symbol "$frame_commit" requires explicit package name at /home/cpansand/.cpan/build/2021041321/Net-Stomp-0.61-0/blib/lib/Net/Stomp.pm line 196.
Global symbol "$transaction_id" requires explicit package name at /home/cpansand/.cpan/build/2021041321/Net-Stomp-0.61-0/blib/lib/Net/Stomp.pm line 196.
Global symbol "$frame_commit" requires explicit package name at /home/cpansand/.cpan/build/2021041321/Net-Stomp-0.61-0/blib/lib/Net/Stomp.pm line 196.
Global symbol "$transaction_id" requires explicit package name at /home/cpansand/.cpan/build/2021041321/Net-Stomp-0.61-0/blib/lib/Net/Stomp.pm line 196.
Global symbol "$frame_abort" requires explicit package name at /home/cpansand/.cpan/build/2021041321/Net-Stomp-0.61-0/blib/lib/Net/Stomp.pm line 196.
Global symbol "$transaction_id" requires explicit package name at /home/cpansand/.cpan/build/2021041321/Net-Stomp-0.61-0/blib/lib/Net/Stomp.pm line 196.
Global symbol "$frame_abort" requires explicit package name at /home/cpansand/.cpan/build/2021041321/Net-Stomp-0.61-0/blib/lib/Net/Stomp.pm line 196.
Global symbol "$ret" requires explicit package name at /home/cpansand/.cpan/build/2021041321/Net-Stomp-0.61-0/blib/lib/Net/Stomp.pm line 196.
Global symbol "$subs" requires explicit package name at /home/cpansand/.cpan/build/2021041321/Net-Stomp-0.61-0/blib/lib/Net/Stomp.pm line 196.
Global symbol "$subs" requires explicit package name at /home/cpansand/.cpan/build/2021041321/Net-Stomp-0.61-0/blib/lib/Net/Stomp.pm line 196.
Global symbol "$subs" requires explicit package name at /home/cpansand/.cpan/build/2021041321/Net-Stomp-0.61-0/blib/lib/Net/Stomp.pm line 196.
Global symbol "$subs" requires explicit package name at /home/cpansand/.cpan/build/2021041321/Net-Stomp-0.61-0/blib/lib/Net/Stomp.pm line 196.
Global symbol "$id" requires explicit package name at /home/cpansand/.cpan/build/2021041321/Net-Stomp-0.61-0/blib/lib/Net/Stomp.pm line 196.
Global symbol "$id" requires explicit package name at /home/cpansand/.cpan/build/2021041321/Net-Stomp-0.61-0/blib/lib/Net/Stomp.pm line 196.
Global symbol "$id" requires explicit package name at /home/cpansand/.cpan/build/2021041321/Net-Stomp-0.61-0/blib/lib/Net/Stomp.pm line 196.
Global symbol "$id" requires explicit package name at /home/cpansand/.cpan/build/2021041321/Net-Stomp-0.61-0/blib/lib/Net/Stomp.pm line 196.
Global symbol "$id" requires explicit package name at /home/cpansand/.cpan/build/2021041321/Net-Stomp-0.61-0/blib/lib/Net/Stomp.pm line 196.
Global symbol "$id" requires explicit package name at /home/cpansand/.cpan/build/2021041321/Net-Stomp-0.61-0/blib/lib/Net/Stomp.pm line 196.
Global symbol "$to_write" requires explicit package name at /home/cpansand/.cpan/build/2021041321/Net-Stomp-0.61-0/blib/lib/Net/Stomp.pm line 196.
Global symbol "$frame_string" requires explicit package name at /home/cpansand/.cpan/build/2021041321/Net-Stomp-0.61-0/blib/lib/Net/Stomp.pm line 196.
Global symbol "$written" requires explicit package name at /home/cpansand/.cpan/build/2021041321/Net-Stomp-0.61-0/blib/lib/Net/Stomp.pm line 196.
Global symbol "$to_write" requires explicit package name at /home/cpansand/.cpan/build/2021041321/Net-Stomp-0.61-0/blib/lib/Net/Stomp.pm line 196.
Global symbol "$written" requires explicit package name at /home/cpansand/.cpan/build/2021041321/Net-Stomp-0.61-0/blib/lib/Net/Stomp.pm line 196.
Global symbol "$to_write" requires explicit package name at /home/cpansand/.cpan/build/2021041321/Net-Stomp-0.61-0/blib/lib/Net/Stomp.pm line 196.
Global symbol "$written" requires explicit package name at /home/cpansand/.cpan/build/2021041321/Net-Stomp-0.61-0/blib/lib/Net/Stomp.pm line 196.
Global symbol "$to_write" requires explicit package name at /home/cpansand/.cpan/build/2021041321/Net-Stomp-0.61-0/blib/lib/Net/Stomp.pm line 196.
Global symbol "$written" requires explicit package name at /home/cpansand/.cpan/build/2021041321/Net-Stomp-0.61-0/blib/lib/Net/Stomp.pm line 196.
Global symbol "$written" requires explicit package name at /home/cpansand/.cpan/build/2021041321/Net-Stomp-0.61-0/blib/lib/Net/Stomp.pm line 196.
Global symbol "$frame_string" requires explicit package name at /home/cpansand/.cpan/build/2021041321/Net-Stomp-0.61-0/blib/lib/Net/Stomp.pm line 196.
Global symbol "$written" requires explicit package name at /home/cpansand/.cpan/build/2021041321/Net-Stomp-0.61-0/blib/lib/Net/Stomp.pm line 196.
Global symbol "$timeout" requires explicit package name at /home/cpansand/.cpan/build/2021041321/Net-Stomp-0.61-0/blib/lib/Net/Stomp.pm line 196.
Global symbol "$timeout" requires explicit package name at /home/cpansand/.cpan/build/2021041321/Net-Stomp-0.61-0/blib/lib/Net/Stomp.pm line 196.
Global symbol "$len" requires explicit package name at /home/cpansand/.cpan/build/2021041321/Net-Stomp-0.61-0/blib/lib/Net/Stomp.pm line 196.
Global symbol "$len" requires explicit package name at /home/cpansand/.cpan/build/2021041321/Net-Stomp-0.61-0/blib/lib/Net/Stomp.pm line 196.
Global symbol "$len" requires explicit package name at /home/cpansand/.cpan/build/2021041321/Net-Stomp-0.61-0/blib/lib/Net/Stomp.pm line 196.
Global symbol "$len" requires explicit package name at /home/cpansand/.cpan/build/2021041321/Net-Stomp-0.61-0/blib/lib/Net/Stomp.pm line 196.
Global symbol "$len" requires explicit package name at /home/cpansand/.cpan/build/2021041321/Net-Stomp-0.61-0/blib/lib/Net/Stomp.pm line 196.
syntax error at /home/cpansand/.cpan/build/2021041321/Net-Stomp-0.61-0/blib/lib/Net/Stomp.pm line 453, near "[^"
  (Might be a runaway multi-line // string starting on line 196)
/home/cpansand/.cpan/build/2021041321/Net-Stomp-0.61-0/blib/lib/Net/Stomp.pm has too many errors.
Compilation failed in require at t/lib/TestHelp.pm line 10.
BEGIN failed--compilation aborted at t/lib/TestHelp.pm line 10.
Compilation failed in require at t/connect-disconnect.t line 2.
BEGIN failed--compilation aborted at t/connect-disconnect.t line 2.
t/connect-disconnect.t .. 
Dubious, test returned 9 (wstat 2304, 0x900)
No subtests run 
Global symbol "$sub" requires explicit package name at /home/cpansand/.cpan/build/2021041321/Net-Stomp-0.61-0/blib/lib/Net/Stomp.pm line 196.
Global symbol "$sub" requires explicit package name at /home/cpansand/.cpan/build/2021041321/Net-Stomp-0.61-0/blib/lib/Net/Stomp.pm line 196.
Global symbol "$timeout" requires explicit package name at /home/cpansand/.cpan/build/2021041321/Net-Stomp-0.61-0/blib/lib/Net/Stomp.pm line 196.
Global symbol "$timeout" requires explicit package name at /home/cpansand/.cpan/build/2021041321/Net-Stomp-0.61-0/blib/lib/Net/Stomp.pm line 196.
Global symbol "$body" requires explicit package name at /home/cpansand/.cpan/build/2021041321/Net-Stomp-0.61-0/blib/lib/Net/Stomp.pm line 196.
Global symbol "$body" requires explicit package name at /home/cpansand/.cpan/build/2021041321/Net-Stomp-0.61-0/blib/lib/Net/Stomp.pm line 196.
Global symbol "$receipt_id" requires explicit package name at /home/cpansand/.cpan/build/2021041321/Net-Stomp-0.61-0/blib/lib/Net/Stomp.pm line 196.
Global symbol "$receipt_id" requires explicit package name at /home/cpansand/.cpan/build/2021041321/Net-Stomp-0.61-0/blib/lib/Net/Stomp.pm line 196.
Global symbol "$receipt_id" requires explicit package name at /home/cpansand/.cpan/build/2021041321/Net-Stomp-0.61-0/blib/lib/Net/Stomp.pm line 196.
Global symbol "$receipt_timeout" requires explicit package name at /home/cpansand/.cpan/build/2021041321/Net-Stomp-0.61-0/blib/lib/Net/Stomp.pm line 196.
Global symbol "$receipt_frame" requires explicit package name at /home/cpansand/.cpan/build/2021041321/Net-Stomp-0.61-0/blib/lib/Net/Stomp.pm line 196.
Global symbol "$receipt_timeout" requires explicit package name at /home/cpansand/.cpan/build/2021041321/Net-Stomp-0.61-0/blib/lib/Net/Stomp.pm line 196.
Global symbol "$receipt_timeout" requires explicit package name at /home/cpansand/.cpan/build/2021041321/Net-Stomp-0.61-0/blib/lib/Net/Stomp.pm line 196.
Global symbol "$receipt_frame" requires explicit package name at /home/cpansand/.cpan/build/2021041321/Net-Stomp-0.61-0/blib/lib/Net/Stomp.pm line 196.
Global symbol "$receipt_frame" requires explicit package name at /home/cpansand/.cpan/build/2021041321/Net-Stomp-0.61-0/blib/lib/Net/Stomp.pm line 196.
Global symbol "$receipt_frame" requires explicit package name at /home/cpansand/.cpan/build/2021041321/Net-Stomp-0.61-0/blib/lib/Net/Stomp.pm line 196.
Global symbol "$receipt_frame" requires explicit package name at /home/cpansand/.cpan/build/2021041321/Net-Stomp-0.61-0/blib/lib/Net/Stomp.pm line 196.
Global symbol "$receipt_id" requires explicit package name at /home/cpansand/.cpan/build/2021041321/Net-Stomp-0.61-0/blib/lib/Net/Stomp.pm line 196.
Global symbol "$receipt_frame" requires explicit package name at /home/cpansand/.cpan/build/2021041321/Net-Stomp-0.61-0/blib/lib/Net/Stomp.pm line 196.
Global symbol "$receipt_frame" requires explicit package name at /home/cpansand/.cpan/build/2021041321/Net-Stomp-0.61-0/blib/lib/Net/Stomp.pm line 196.
Global symbol "$transaction_id" requires explicit package name at /home/cpansand/.cpan/build/2021041321/Net-Stomp-0.61-0/blib/lib/Net/Stomp.pm line 196.
Global symbol "$transaction_id" requires explicit package name at /home/cpansand/.cpan/build/2021041321/Net-Stomp-0.61-0/blib/lib/Net/Stomp.pm line 196.
Global symbol "$begin_frame" requires explicit package name at /home/cpansand/.cpan/build/2021041321/Net-Stomp-0.61-0/blib/lib/Net/Stomp.pm line 196.
Global symbol "$transaction_id" requires explicit package name at /home/cpansand/.cpan/build/2021041321/Net-Stomp-0.61-0/blib/lib/Net/Stomp.pm line 196.
Global symbol "$begin_frame" requires explicit package name at /home/cpansand/.cpan/build/2021041321/Net-Stomp-0.61-0/blib/lib/Net/Stomp.pm line 196.
Global symbol "$transaction_id" requires explicit package name at /home/cpansand/.cpan/build/2021041321/Net-Stomp-0.61-0/blib/lib/Net/Stomp.pm line 196.
Global symbol "$receipt_frame" requires explicit package name at /home/cpansand/.cpan/build/2021041321/Net-Stomp-0.61-0/blib/lib/Net/Stomp.pm line 196.
Global symbol "$ret" requires explicit package name at /home/cpansand/.cpan/build/2021041321/Net-Stomp-0.61-0/blib/lib/Net/Stomp.pm line 196.
Global symbol "$receipt_frame" requires explicit package name at /home/cpansand/.cpan/build/2021041321/Net-Stomp-0.61-0/blib/lib/Net/Stomp.pm line 196.
Global symbol "$receipt_frame" requires explicit package name at /home/cpansand/.cpan/build/2021041321/Net-Stomp-0.61-0/blib/lib/Net/Stomp.pm line 196.
Global symbol "$ret" requires explicit package name at /home/cpansand/.cpan/build/2021041321/Net-Stomp-0.61-0/blib/lib/Net/Stomp.pm line 196.
Global symbol "$transaction_id" requires explicit package name at /home/cpansand/.cpan/build/2021041321/Net-Stomp-0.61-0/blib/lib/Net/Stomp.pm line 196.
Global symbol "$frame_commit" requires explicit package name at /home/cpansand/.cpan/build/2021041321/Net-Stomp-0.61-0/blib/lib/Net/Stomp.pm line 196.
Global symbol "$transaction_id" requires explicit package name at /home/cpansand/.cpan/build/2021041321/Net-Stomp-0.61-0/blib/lib/Net/Stomp.pm line 196.
Global symbol "$frame_commit" requires explicit package name at /home/cpansand/.cpan/build/2021041321/Net-Stomp-0.61-0/blib/lib/Net/Stomp.pm line 196.
Global symbol "$transaction_id" requires explicit package name at /home/cpansand/.cpan/build/2021041321/Net-Stomp-0.61-0/blib/lib/Net/Stomp.pm line 196.
Global symbol "$frame_abort" requires explicit package name at /home/cpansand/.cpan/build/2021041321/Net-Stomp-0.61-0/blib/lib/Net/Stomp.pm line 196.
Global symbol "$transaction_id" requires explicit package name at /home/cpansand/.cpan/build/2021041321/Net-Stomp-0.61-0/blib/lib/Net/Stomp.pm line 196.
Global symbol "$frame_abort" requires explicit package name at /home/cpansand/.cpan/build/2021041321/Net-Stomp-0.61-0/blib/lib/Net/Stomp.pm line 196.
Global symbol "$ret" requires explicit package name at /home/cpansand/.cpan/build/2021041321/Net-Stomp-0.61-0/blib/lib/Net/Stomp.pm line 196.
Global symbol "$subs" requires explicit package name at /home/cpansand/.cpan/build/2021041321/Net-Stomp-0.61-0/blib/lib/Net/Stomp.pm line 196.
Global symbol "$subs" requires explicit package name at /home/cpansand/.cpan/build/2021041321/Net-Stomp-0.61-0/blib/lib/Net/Stomp.pm line 196.
Global symbol "$subs" requires explicit package name at /home/cpansand/.cpan/build/2021041321/Net-Stomp-0.61-0/blib/lib/Net/Stomp.pm line 196.
Global symbol "$subs" requires explicit package name at /home/cpansand/.cpan/build/2021041321/Net-Stomp-0.61-0/blib/lib/Net/Stomp.pm line 196.
Global symbol "$id" requires explicit package name at /home/cpansand/.cpan/build/2021041321/Net-Stomp-0.61-0/blib/lib/Net/Stomp.pm line 196.
Global symbol "$id" requires explicit package name at /home/cpansand/.cpan/build/2021041321/Net-Stomp-0.61-0/blib/lib/Net/Stomp.pm line 196.
Global symbol "$id" requires explicit package name at /home/cpansand/.cpan/build/2021041321/Net-Stomp-0.61-0/blib/lib/Net/Stomp.pm line 196.
Global symbol "$id" requires explicit package name at /home/cpansand/.cpan/build/2021041321/Net-Stomp-0.61-0/blib/lib/Net/Stomp.pm line 196.
Global symbol "$id" requires explicit package name at /home/cpansand/.cpan/build/2021041321/Net-Stomp-0.61-0/blib/lib/Net/Stomp.pm line 196.
Global symbol "$id" requires explicit package name at /home/cpansand/.cpan/build/2021041321/Net-Stomp-0.61-0/blib/lib/Net/Stomp.pm line 196.
Global symbol "$to_write" requires explicit package name at /home/cpansand/.cpan/build/2021041321/Net-Stomp-0.61-0/blib/lib/Net/Stomp.pm line 196.
Global symbol "$frame_string" requires explicit package name at /home/cpansand/.cpan/build/2021041321/Net-Stomp-0.61-0/blib/lib/Net/Stomp.pm line 196.
Global symbol "$written" requires explicit package name at /home/cpansand/.cpan/build/2021041321/Net-Stomp-0.61-0/blib/lib/Net/Stomp.pm line 196.
Global symbol "$to_write" requires explicit package name at /home/cpansand/.cpan/build/2021041321/Net-Stomp-0.61-0/blib/lib/Net/Stomp.pm line 196.
Global symbol "$written" requires explicit package name at /home/cpansand/.cpan/build/2021041321/Net-Stomp-0.61-0/blib/lib/Net/Stomp.pm line 196.
Global symbol "$to_write" requires explicit package name at /home/cpansand/.cpan/build/2021041321/Net-Stomp-0.61-0/blib/lib/Net/Stomp.pm line 196.
Global symbol "$written" requires explicit package name at /home/cpansand/.cpan/build/2021041321/Net-Stomp-0.61-0/blib/lib/Net/Stomp.pm line 196.
Global symbol "$to_write" requires explicit package name at /home/cpansand/.cpan/build/2021041321/Net-Stomp-0.61-0/blib/lib/Net/Stomp.pm line 196.
Global symbol "$written" requires explicit package name at /home/cpansand/.cpan/build/2021041321/Net-Stomp-0.61-0/blib/lib/Net/Stomp.pm line 196.
Global symbol "$written" requires explicit package name at /home/cpansand/.cpan/build/2021041321/Net-Stomp-0.61-0/blib/lib/Net/Stomp.pm line 196.
Global symbol "$frame_string" requires explicit package name at /home/cpansand/.cpan/build/2021041321/Net-Stomp-0.61-0/blib/lib/Net/Stomp.pm line 196.
Global symbol "$written" requires explicit package name at /home/cpansand/.cpan/build/2021041321/Net-Stomp-0.61-0/blib/lib/Net/Stomp.pm line 196.
Global symbol "$timeout" requires explicit package name at /home/cpansand/.cpan/build/2021041321/Net-Stomp-0.61-0/blib/lib/Net/Stomp.pm line 196.
Global symbol "$timeout" requires explicit package name at /home/cpansand/.cpan/build/2021041321/Net-Stomp-0.61-0/blib/lib/Net/Stomp.pm line 196.
Global symbol "$len" requires explicit package name at /home/cpansand/.cpan/build/2021041321/Net-Stomp-0.61-0/blib/lib/Net/Stomp.pm line 196.
Global symbol "$len" requires explicit package name at /home/cpansand/.cpan/build/2021041321/Net-Stomp-0.61-0/blib/lib/Net/Stomp.pm line 196.
Global symbol "$len" requires explicit package name at /home/cpansand/.cpan/build/2021041321/Net-Stomp-0.61-0/blib/lib/Net/Stomp.pm line 196.
Global symbol "$len" requires explicit package name at /home/cpansand/.cpan/build/2021041321/Net-Stomp-0.61-0/blib/lib/Net/Stomp.pm line 196.
Global symbol "$len" requires explicit package name at /home/cpansand/.cpan/build/2021041321/Net-Stomp-0.61-0/blib/lib/Net/Stomp.pm line 196.
syntax error at /home/cpansand/.cpan/build/2021041321/Net-Stomp-0.61-0/blib/lib/Net/Stomp.pm line 453, near "[^"
  (Might be a runaway multi-line // string starting on line 196)
/home/cpansand/.cpan/build/2021041321/Net-Stomp-0.61-0/blib/lib/Net/Stomp.pm has too many errors.
Compilation failed in require at t/lib/TestHelp.pm line 10.
BEGIN failed--compilation aborted at t/lib/TestHelp.pm line 10.
Compilation failed in require at t/constructor.t line 3.
BEGIN failed--compilation aborted at t/constructor.t line 3.
t/constructor.t ......... 
Dubious, test returned 9 (wstat 2304, 0x900)
No subtests run 
Global symbol "$sub" requires explicit package name at /home/cpansand/.cpan/build/2021041321/Net-Stomp-0.61-0/blib/lib/Net/Stomp.pm line 196.
Global symbol "$sub" requires explicit package name at /home/cpansand/.cpan/build/2021041321/Net-Stomp-0.61-0/blib/lib/Net/Stomp.pm line 196.
Global symbol "$timeout" requires explicit package name at /home/cpansand/.cpan/build/2021041321/Net-Stomp-0.61-0/blib/lib/Net/Stomp.pm line 196.
Global symbol "$timeout" requires explicit package name at /home/cpansand/.cpan/build/2021041321/Net-Stomp-0.61-0/blib/lib/Net/Stomp.pm line 196.
Global symbol "$body" requires explicit package name at /home/cpansand/.cpan/build/2021041321/Net-Stomp-0.61-0/blib/lib/Net/Stomp.pm line 196.
Global symbol "$body" requires explicit package name at /home/cpansand/.cpan/build/2021041321/Net-Stomp-0.61-0/blib/lib/Net/Stomp.pm line 196.
Global symbol "$receipt_id" requires explicit package name at /home/cpansand/.cpan/build/2021041321/Net-Stomp-0.61-0/blib/lib/Net/Stomp.pm line 196.
Global symbol "$receipt_id" requires explicit package name at /home/cpansand/.cpan/build/2021041321/Net-Stomp-0.61-0/blib/lib/Net/Stomp.pm line 196.
Global symbol "$receipt_id" requires explicit package name at /home/cpansand/.cpan/build/2021041321/Net-Stomp-0.61-0/blib/lib/Net/Stomp.pm line 196.
Global symbol "$receipt_timeout" requires explicit package name at /home/cpansand/.cpan/build/2021041321/Net-Stomp-0.61-0/blib/lib/Net/Stomp.pm line 196.
Global symbol "$receipt_frame" requires explicit package name at /home/cpansand/.cpan/build/2021041321/Net-Stomp-0.61-0/blib/lib/Net/Stomp.pm line 196.
Global symbol "$receipt_timeout" requires explicit package name at /home/cpansand/.cpan/build/2021041321/Net-Stomp-0.61-0/blib/lib/Net/Stomp.pm line 196.
Global symbol "$receipt_timeout" requires explicit package name at /home/cpansand/.cpan/build/2021041321/Net-Stomp-0.61-0/blib/lib/Net/Stomp.pm line 196.
Global symbol "$receipt_frame" requires explicit package name at /home/cpansand/.cpan/build/2021041321/Net-Stomp-0.61-0/blib/lib/Net/Stomp.pm line 196.
Global symbol "$receipt_frame" requires explicit package name at /home/cpansand/.cpan/build/2021041321/Net-Stomp-0.61-0/blib/lib/Net/Stomp.pm line 196.
Global symbol "$receipt_frame" requires explicit package name at /home/cpansand/.cpan/build/2021041321/Net-Stomp-0.61-0/blib/lib/Net/Stomp.pm line 196.
Global symbol "$receipt_frame" requires explicit package name at /home/cpansand/.cpan/build/2021041321/Net-Stomp-0.61-0/blib/lib/Net/Stomp.pm line 196.
Global symbol "$receipt_id" requires explicit package name at /home/cpansand/.cpan/build/2021041321/Net-Stomp-0.61-0/blib/lib/Net/Stomp.pm line 196.
Global symbol "$receipt_frame" requires explicit package name at /home/cpansand/.cpan/build/2021041321/Net-Stomp-0.61-0/blib/lib/Net/Stomp.pm line 196.
Global symbol "$receipt_frame" requires explicit package name at /home/cpansand/.cpan/build/2021041321/Net-Stomp-0.61-0/blib/lib/Net/Stomp.pm line 196.
Global symbol "$transaction_id" requires explicit package name at /home/cpansand/.cpan/build/2021041321/Net-Stomp-0.61-0/blib/lib/Net/Stomp.pm line 196.
Global symbol "$transaction_id" requires explicit package name at /home/cpansand/.cpan/build/2021041321/Net-Stomp-0.61-0/blib/lib/Net/Stomp.pm line 196.
Global symbol "$begin_frame" requires explicit package name at /home/cpansand/.cpan/build/2021041321/Net-Stomp-0.61-0/blib/lib/Net/Stomp.pm line 196.
Global symbol "$transaction_id" requires explicit package name at /home/cpansand/.cpan/build/2021041321/Net-Stomp-0.61-0/blib/lib/Net/Stomp.pm line 196.
Global symbol "$begin_frame" requires explicit package name at /home/cpansand/.cpan/build/2021041321/Net-Stomp-0.61-0/blib/lib/Net/Stomp.pm line 196.
Global symbol "$transaction_id" requires explicit package name at /home/cpansand/.cpan/build/2021041321/Net-Stomp-0.61-0/blib/lib/Net/Stomp.pm line 196.
Global symbol "$receipt_frame" requires explicit package name at /home/cpansand/.cpan/build/2021041321/Net-Stomp-0.61-0/blib/lib/Net/Stomp.pm line 196.
Global symbol "$ret" requires explicit package name at /home/cpansand/.cpan/build/2021041321/Net-Stomp-0.61-0/blib/lib/Net/Stomp.pm line 196.
Global symbol "$receipt_frame" requires explicit package name at /home/cpansand/.cpan/build/2021041321/Net-Stomp-0.61-0/blib/lib/Net/Stomp.pm line 196.
Global symbol "$receipt_frame" requires explicit package name at /home/cpansand/.cpan/build/2021041321/Net-Stomp-0.61-0/blib/lib/Net/Stomp.pm line 196.
Global symbol "$ret" requires explicit package name at /home/cpansand/.cpan/build/2021041321/Net-Stomp-0.61-0/blib/lib/Net/Stomp.pm line 196.
Global symbol "$transaction_id" requires explicit package name at /home/cpansand/.cpan/build/2021041321/Net-Stomp-0.61-0/blib/lib/Net/Stomp.pm line 196.
Global symbol "$frame_commit" requires explicit package name at /home/cpansand/.cpan/build/2021041321/Net-Stomp-0.61-0/blib/lib/Net/Stomp.pm line 196.
Global symbol "$transaction_id" requires explicit package name at /home/cpansand/.cpan/build/2021041321/Net-Stomp-0.61-0/blib/lib/Net/Stomp.pm line 196.
Global symbol "$frame_commit" requires explicit package name at /home/cpansand/.cpan/build/2021041321/Net-Stomp-0.61-0/blib/lib/Net/Stomp.pm line 196.
Global symbol "$transaction_id" requires explicit package name at /home/cpansand/.cpan/build/2021041321/Net-Stomp-0.61-0/blib/lib/Net/Stomp.pm line 196.
Global symbol "$frame_abort" requires explicit package name at /home/cpansand/.cpan/build/2021041321/Net-Stomp-0.61-0/blib/lib/Net/Stomp.pm line 196.
Global symbol "$transaction_id" requires explicit package name at /home/cpansand/.cpan/build/2021041321/Net-Stomp-0.61-0/blib/lib/Net/Stomp.pm line 196.
Global symbol "$frame_abort" requires explicit package name at /home/cpansand/.cpan/build/2021041321/Net-Stomp-0.61-0/blib/lib/Net/Stomp.pm line 196.
Global symbol "$ret" requires explicit package name at /home/cpansand/.cpan/build/2021041321/Net-Stomp-0.61-0/blib/lib/Net/Stomp.pm line 196.
Global symbol "$subs" requires explicit package name at /home/cpansand/.cpan/build/2021041321/Net-Stomp-0.61-0/blib/lib/Net/Stomp.pm line 196.
Global symbol "$subs" requires explicit package name at /home/cpansand/.cpan/build/2021041321/Net-Stomp-0.61-0/blib/lib/Net/Stomp.pm line 196.
Global symbol "$subs" requires explicit package name at /home/cpansand/.cpan/build/2021041321/Net-Stomp-0.61-0/blib/lib/Net/Stomp.pm line 196.
Global symbol "$subs" requires explicit package name at /home/cpansand/.cpan/build/2021041321/Net-Stomp-0.61-0/blib/lib/Net/Stomp.pm line 196.
Global symbol "$id" requires explicit package name at /home/cpansand/.cpan/build/2021041321/Net-Stomp-0.61-0/blib/lib/Net/Stomp.pm line 196.
Global symbol "$id" requires explicit package name at /home/cpansand/.cpan/build/2021041321/Net-Stomp-0.61-0/blib/lib/Net/Stomp.pm line 196.
Global symbol "$id" requires explicit package name at /home/cpansand/.cpan/build/2021041321/Net-Stomp-0.61-0/blib/lib/Net/Stomp.pm line 196.
Global symbol "$id" requires explicit package name at /home/cpansand/.cpan/build/2021041321/Net-Stomp-0.61-0/blib/lib/Net/Stomp.pm line 196.
Global symbol "$id" requires explicit package name at /home/cpansand/.cpan/build/2021041321/Net-Stomp-0.61-0/blib/lib/Net/Stomp.pm line 196.
Global symbol "$id" requires explicit package name at /home/cpansand/.cpan/build/2021041321/Net-Stomp-0.61-0/blib/lib/Net/Stomp.pm line 196.
Global symbol "$to_write" requires explicit package name at /home/cpansand/.cpan/build/2021041321/Net-Stomp-0.61-0/blib/lib/Net/Stomp.pm line 196.
Global symbol "$frame_string" requires explicit package name at /home/cpansand/.cpan/build/2021041321/Net-Stomp-0.61-0/blib/lib/Net/Stomp.pm line 196.
Global symbol "$written" requires explicit package name at /home/cpansand/.cpan/build/2021041321/Net-Stomp-0.61-0/blib/lib/Net/Stomp.pm line 196.
Global symbol "$to_write" requires explicit package name at /home/cpansand/.cpan/build/2021041321/Net-Stomp-0.61-0/blib/lib/Net/Stomp.pm line 196.
Global symbol "$written" requires explicit package name at /home/cpansand/.cpan/build/2021041321/Net-Stomp-0.61-0/blib/lib/Net/Stomp.pm line 196.
Global symbol "$to_write" requires explicit package name at /home/cpansand/.cpan/build/2021041321/Net-Stomp-0.61-0/blib/lib/Net/Stomp.pm line 196.
Global symbol "$written" requires explicit package name at /home/cpansand/.cpan/build/2021041321/Net-Stomp-0.61-0/blib/lib/Net/Stomp.pm line 196.
Global symbol "$to_write" requires explicit package name at /home/cpansand/.cpan/build/2021041321/Net-Stomp-0.61-0/blib/lib/Net/Stomp.pm line 196.
Global symbol "$written" requires explicit package name at /home/cpansand/.cpan/build/2021041321/Net-Stomp-0.61-0/blib/lib/Net/Stomp.pm line 196.
Global symbol "$written" requires explicit package name at /home/cpansand/.cpan/build/2021041321/Net-Stomp-0.61-0/blib/lib/Net/Stomp.pm line 196.
Global symbol "$frame_string" requires explicit package name at /home/cpansand/.cpan/build/2021041321/Net-Stomp-0.61-0/blib/lib/Net/Stomp.pm line 196.
Global symbol "$written" requires explicit package name at /home/cpansand/.cpan/build/2021041321/Net-Stomp-0.61-0/blib/lib/Net/Stomp.pm line 196.
Global symbol "$timeout" requires explicit package name at /home/cpansand/.cpan/build/2021041321/Net-Stomp-0.61-0/blib/lib/Net/Stomp.pm line 196.
Global symbol "$timeout" requires explicit package name at /home/cpansand/.cpan/build/2021041321/Net-Stomp-0.61-0/blib/lib/Net/Stomp.pm line 196.
Global symbol "$len" requires explicit package name at /home/cpansand/.cpan/build/2021041321/Net-Stomp-0.61-0/blib/lib/Net/Stomp.pm line 196.
Global symbol "$len" requires explicit package name at /home/cpansand/.cpan/build/2021041321/Net-Stomp-0.61-0/blib/lib/Net/Stomp.pm line 196.
Global symbol "$len" requires explicit package name at /home/cpansand/.cpan/build/2021041321/Net-Stomp-0.61-0/blib/lib/Net/Stomp.pm line 196.
Global symbol "$len" requires explicit package name at /home/cpansand/.cpan/build/2021041321/Net-Stomp-0.61-0/blib/lib/Net/Stomp.pm line 196.
Global symbol "$len" requires explicit package name at /home/cpansand/.cpan/build/2021041321/Net-Stomp-0.61-0/blib/lib/Net/Stomp.pm line 196.
syntax error at /home/cpansand/.cpan/build/2021041321/Net-Stomp-0.61-0/blib/lib/Net/Stomp.pm line 453, near "[^"
  (Might be a runaway multi-line // string starting on line 196)
/home/cpansand/.cpan/build/2021041321/Net-Stomp-0.61-0/blib/lib/Net/Stomp.pm has too many errors.
Compilation failed in require at t/lib/TestHelp.pm line 10.
BEGIN failed--compilation aborted at t/lib/TestHelp.pm line 10.
Compilation failed in require at t/failover.t line 3.
BEGIN failed--compilation aborted at t/failover.t line 3.
t/failover.t ............ 
Dubious, test returned 9 (wstat 2304, 0x900)
No subtests run 
Global symbol "$sub" requires explicit package name at /home/cpansand/.cpan/build/2021041321/Net-Stomp-0.61-0/blib/lib/Net/Stomp.pm line 196.
Global symbol "$sub" requires explicit package name at /home/cpansand/.cpan/build/2021041321/Net-Stomp-0.61-0/blib/lib/Net/Stomp.pm line 196.
Global symbol "$timeout" requires explicit package name at /home/cpansand/.cpan/build/2021041321/Net-Stomp-0.61-0/blib/lib/Net/Stomp.pm line 196.
Global symbol "$timeout" requires explicit package name at /home/cpansand/.cpan/build/2021041321/Net-Stomp-0.61-0/blib/lib/Net/Stomp.pm line 196.
Global symbol "$body" requires explicit package name at /home/cpansand/.cpan/build/2021041321/Net-Stomp-0.61-0/blib/lib/Net/Stomp.pm line 196.
Global symbol "$body" requires explicit package name at /home/cpansand/.cpan/build/2021041321/Net-Stomp-0.61-0/blib/lib/Net/Stomp.pm line 196.
Global symbol "$receipt_id" requires explicit package name at /home/cpansand/.cpan/build/2021041321/Net-Stomp-0.61-0/blib/lib/Net/Stomp.pm line 196.
Global symbol "$receipt_id" requires explicit package name at /home/cpansand/.cpan/build/2021041321/Net-Stomp-0.61-0/blib/lib/Net/Stomp.pm line 196.
Global symbol "$receipt_id" requires explicit package name at /home/cpansand/.cpan/build/2021041321/Net-Stomp-0.61-0/blib/lib/Net/Stomp.pm line 196.
Global symbol "$receipt_timeout" requires explicit package name at /home/cpansand/.cpan/build/2021041321/Net-Stomp-0.61-0/blib/lib/Net/Stomp.pm line 196.
Global symbol "$receipt_frame" requires explicit package name at /home/cpansand/.cpan/build/2021041321/Net-Stomp-0.61-0/blib/lib/Net/Stomp.pm line 196.
Global symbol "$receipt_timeout" requires explicit package name at /home/cpansand/.cpan/build/2021041321/Net-Stomp-0.61-0/blib/lib/Net/Stomp.pm line 196.
Global symbol "$receipt_timeout" requires explicit package name at /home/cpansand/.cpan/build/2021041321/Net-Stomp-0.61-0/blib/lib/Net/Stomp.pm line 196.
Global symbol "$receipt_frame" requires explicit package name at /home/cpansand/.cpan/build/2021041321/Net-Stomp-0.61-0/blib/lib/Net/Stomp.pm line 196.
Global symbol "$receipt_frame" requires explicit package name at /home/cpansand/.cpan/build/2021041321/Net-Stomp-0.61-0/blib/lib/Net/Stomp.pm line 196.
Global symbol "$receipt_frame" requires explicit package name at /home/cpansand/.cpan/build/2021041321/Net-Stomp-0.61-0/blib/lib/Net/Stomp.pm line 196.
Global symbol "$receipt_frame" requires explicit package name at /home/cpansand/.cpan/build/2021041321/Net-Stomp-0.61-0/blib/lib/Net/Stomp.pm line 196.
Global symbol "$receipt_id" requires explicit package name at /home/cpansand/.cpan/build/2021041321/Net-Stomp-0.61-0/blib/lib/Net/Stomp.pm line 196.
Global symbol "$receipt_frame" requires explicit package name at /home/cpansand/.cpan/build/2021041321/Net-Stomp-0.61-0/blib/lib/Net/Stomp.pm line 196.
Global symbol "$receipt_frame" requires explicit package name at /home/cpansand/.cpan/build/2021041321/Net-Stomp-0.61-0/blib/lib/Net/Stomp.pm line 196.
Global symbol "$transaction_id" requires explicit package name at /home/cpansand/.cpan/build/2021041321/Net-Stomp-0.61-0/blib/lib/Net/Stomp.pm line 196.
Global symbol "$transaction_id" requires explicit package name at /home/cpansand/.cpan/build/2021041321/Net-Stomp-0.61-0/blib/lib/Net/Stomp.pm line 196.
Global symbol "$begin_frame" requires explicit package name at /home/cpansand/.cpan/build/2021041321/Net-Stomp-0.61-0/blib/lib/Net/Stomp.pm line 196.
Global symbol "$transaction_id" requires explicit package name at /home/cpansand/.cpan/build/2021041321/Net-Stomp-0.61-0/blib/lib/Net/Stomp.pm line 196.
Global symbol "$begin_frame" requires explicit package name at /home/cpansand/.cpan/build/2021041321/Net-Stomp-0.61-0/blib/lib/Net/Stomp.pm line 196.
Global symbol "$transaction_id" requires explicit package name at /home/cpansand/.cpan/build/2021041321/Net-Stomp-0.61-0/blib/lib/Net/Stomp.pm line 196.
Global symbol "$receipt_frame" requires explicit package name at /home/cpansand/.cpan/build/2021041321/Net-Stomp-0.61-0/blib/lib/Net/Stomp.pm line 196.
Global symbol "$ret" requires explicit package name at /home/cpansand/.cpan/build/2021041321/Net-Stomp-0.61-0/blib/lib/Net/Stomp.pm line 196.
Global symbol "$receipt_frame" requires explicit package name at /home/cpansand/.cpan/build/2021041321/Net-Stomp-0.61-0/blib/lib/Net/Stomp.pm line 196.
Global symbol "$receipt_frame" requires explicit package name at /home/cpansand/.cpan/build/2021041321/Net-Stomp-0.61-0/blib/lib/Net/Stomp.pm line 196.
Global symbol "$ret" requires explicit package name at /home/cpansand/.cpan/build/2021041321/Net-Stomp-0.61-0/blib/lib/Net/Stomp.pm line 196.
Global symbol "$transaction_id" requires explicit package name at /home/cpansand/.cpan/build/2021041321/Net-Stomp-0.61-0/blib/lib/Net/Stomp.pm line 196.
Global symbol "$frame_commit" requires explicit package name at /home/cpansand/.cpan/build/2021041321/Net-Stomp-0.61-0/blib/lib/Net/Stomp.pm line 196.
Global symbol "$transaction_id" requires explicit package name at /home/cpansand/.cpan/build/2021041321/Net-Stomp-0.61-0/blib/lib/Net/Stomp.pm line 196.
Global symbol "$frame_commit" requires explicit package name at /home/cpansand/.cpan/build/2021041321/Net-Stomp-0.61-0/blib/lib/Net/Stomp.pm line 196.
Global symbol "$transaction_id" requires explicit package name at /home/cpansand/.cpan/build/2021041321/Net-Stomp-0.61-0/blib/lib/Net/Stomp.pm line 196.
Global symbol "$frame_abort" requires explicit package name at /home/cpansand/.cpan/build/2021041321/Net-Stomp-0.61-0/blib/lib/Net/Stomp.pm line 196.
Global symbol "$transaction_id" requires explicit package name at /home/cpansand/.cpan/build/2021041321/Net-Stomp-0.61-0/blib/lib/Net/Stomp.pm line 196.
Global symbol "$frame_abort" requires explicit package name at /home/cpansand/.cpan/build/2021041321/Net-Stomp-0.61-0/blib/lib/Net/Stomp.pm line 196.
Global symbol "$ret" requires explicit package name at /home/cpansand/.cpan/build/2021041321/Net-Stomp-0.61-0/blib/lib/Net/Stomp.pm line 196.
Global symbol "$subs" requires explicit package name at /home/cpansand/.cpan/build/2021041321/Net-Stomp-0.61-0/blib/lib/Net/Stomp.pm line 196.
Global symbol "$subs" requires explicit package name at /home/cpansand/.cpan/build/2021041321/Net-Stomp-0.61-0/blib/lib/Net/Stomp.pm line 196.
Global symbol "$subs" requires explicit package name at /home/cpansand/.cpan/build/2021041321/Net-Stomp-0.61-0/blib/lib/Net/Stomp.pm line 196.
Global symbol "$subs" requires explicit package name at /home/cpansand/.cpan/build/2021041321/Net-Stomp-0.61-0/blib/lib/Net/Stomp.pm line 196.
Global symbol "$id" requires explicit package name at /home/cpansand/.cpan/build/2021041321/Net-Stomp-0.61-0/blib/lib/Net/Stomp.pm line 196.
Global symbol "$id" requires explicit package name at /home/cpansand/.cpan/build/2021041321/Net-Stomp-0.61-0/blib/lib/Net/Stomp.pm line 196.
Global symbol "$id" requires explicit package name at /home/cpansand/.cpan/build/2021041321/Net-Stomp-0.61-0/blib/lib/Net/Stomp.pm line 196.
Global symbol "$id" requires explicit package name at /home/cpansand/.cpan/build/2021041321/Net-Stomp-0.61-0/blib/lib/Net/Stomp.pm line 196.
Global symbol "$id" requires explicit package name at /home/cpansand/.cpan/build/2021041321/Net-Stomp-0.61-0/blib/lib/Net/Stomp.pm line 196.
Global symbol "$id" requires explicit package name at /home/cpansand/.cpan/build/2021041321/Net-Stomp-0.61-0/blib/lib/Net/Stomp.pm line 196.
Global symbol "$to_write" requires explicit package name at /home/cpansand/.cpan/build/2021041321/Net-Stomp-0.61-0/blib/lib/Net/Stomp.pm line 196.
Global symbol "$frame_string" requires explicit package name at /home/cpansand/.cpan/build/2021041321/Net-Stomp-0.61-0/blib/lib/Net/Stomp.pm line 196.
Global symbol "$written" requires explicit package name at /home/cpansand/.cpan/build/2021041321/Net-Stomp-0.61-0/blib/lib/Net/Stomp.pm line 196.
Global symbol "$to_write" requires explicit package name at /home/cpansand/.cpan/build/2021041321/Net-Stomp-0.61-0/blib/lib/Net/Stomp.pm line 196.
Global symbol "$written" requires explicit package name at /home/cpansand/.cpan/build/2021041321/Net-Stomp-0.61-0/blib/lib/Net/Stomp.pm line 196.
Global symbol "$to_write" requires explicit package name at /home/cpansand/.cpan/build/2021041321/Net-Stomp-0.61-0/blib/lib/Net/Stomp.pm line 196.
Global symbol "$written" requires explicit package name at /home/cpansand/.cpan/build/2021041321/Net-Stomp-0.61-0/blib/lib/Net/Stomp.pm line 196.
Global symbol "$to_write" requires explicit package name at /home/cpansand/.cpan/build/2021041321/Net-Stomp-0.61-0/blib/lib/Net/Stomp.pm line 196.
Global symbol "$written" requires explicit package name at /home/cpansand/.cpan/build/2021041321/Net-Stomp-0.61-0/blib/lib/Net/Stomp.pm line 196.
Global symbol "$written" requires explicit package name at /home/cpansand/.cpan/build/2021041321/Net-Stomp-0.61-0/blib/lib/Net/Stomp.pm line 196.
Global symbol "$frame_string" requires explicit package name at /home/cpansand/.cpan/build/2021041321/Net-Stomp-0.61-0/blib/lib/Net/Stomp.pm line 196.
Global symbol "$written" requires explicit package name at /home/cpansand/.cpan/build/2021041321/Net-Stomp-0.61-0/blib/lib/Net/Stomp.pm line 196.
Global symbol "$timeout" requires explicit package name at /home/cpansand/.cpan/build/2021041321/Net-Stomp-0.61-0/blib/lib/Net/Stomp.pm line 196.
Global symbol "$timeout" requires explicit package name at /home/cpansand/.cpan/build/2021041321/Net-Stomp-0.61-0/blib/lib/Net/Stomp.pm line 196.
Global symbol "$len" requires explicit package name at /home/cpansand/.cpan/build/2021041321/Net-Stomp-0.61-0/blib/lib/Net/Stomp.pm line 196.
Global symbol "$len" requires explicit package name at /home/cpansand/.cpan/build/2021041321/Net-Stomp-0.61-0/blib/lib/Net/Stomp.pm line 196.
Global symbol "$len" requires explicit package name at /home/cpansand/.cpan/build/2021041321/Net-Stomp-0.61-0/blib/lib/Net/Stomp.pm line 196.
Global symbol "$len" requires explicit package name at /home/cpansand/.cpan/build/2021041321/Net-Stomp-0.61-0/blib/lib/Net/Stomp.pm line 196.
Global symbol "$len" requires explicit package name at /home/cpansand/.cpan/build/2021041321/Net-Stomp-0.61-0/blib/lib/Net/Stomp.pm line 196.
syntax error at /home/cpansand/.cpan/build/2021041321/Net-Stomp-0.61-0/blib/lib/Net/Stomp.pm line 453, near "[^"
  (Might be a runaway multi-line // string starting on line 196)
/home/cpansand/.cpan/build/2021041321/Net-Stomp-0.61-0/blib/lib/Net/Stomp.pm has too many errors.
Compilation failed in require at t/lib/TestHelp.pm line 10.
BEGIN failed--compilation aborted at t/lib/TestHelp.pm line 10.
Compilation failed in require at t/frame-accessors.t line 3.
BEGIN failed--compilation aborted at t/frame-accessors.t line 3.
t/frame-accessors.t ..... 
Dubious, test returned 9 (wstat 2304, 0x900)
No subtests run 
Global symbol "$sub" requires explicit package name at /home/cpansand/.cpan/build/2021041321/Net-Stomp-0.61-0/blib/lib/Net/Stomp.pm line 196.
Global symbol "$sub" requires explicit package name at /home/cpansand/.cpan/build/2021041321/Net-Stomp-0.61-0/blib/lib/Net/Stomp.pm line 196.
Global symbol "$timeout" requires explicit package name at /home/cpansand/.cpan/build/2021041321/Net-Stomp-0.61-0/blib/lib/Net/Stomp.pm line 196.
Global symbol "$timeout" requires explicit package name at /home/cpansand/.cpan/build/2021041321/Net-Stomp-0.61-0/blib/lib/Net/Stomp.pm line 196.
Global symbol "$body" requires explicit package name at /home/cpansand/.cpan/build/2021041321/Net-Stomp-0.61-0/blib/lib/Net/Stomp.pm line 196.
Global symbol "$body" requires explicit package name at /home/cpansand/.cpan/build/2021041321/Net-Stomp-0.61-0/blib/lib/Net/Stomp.pm line 196.
Global symbol "$receipt_id" requires explicit package name at /home/cpansand/.cpan/build/2021041321/Net-Stomp-0.61-0/blib/lib/Net/Stomp.pm line 196.
Global symbol "$receipt_id" requires explicit package name at /home/cpansand/.cpan/build/2021041321/Net-Stomp-0.61-0/blib/lib/Net/Stomp.pm line 196.
Global symbol "$receipt_id" requires explicit package name at /home/cpansand/.cpan/build/2021041321/Net-Stomp-0.61-0/blib/lib/Net/Stomp.pm line 196.
Global symbol "$receipt_timeout" requires explicit package name at /home/cpansand/.cpan/build/2021041321/Net-Stomp-0.61-0/blib/lib/Net/Stomp.pm line 196.
Global symbol "$receipt_frame" requires explicit package name at /home/cpansand/.cpan/build/2021041321/Net-Stomp-0.61-0/blib/lib/Net/Stomp.pm line 196.
Global symbol "$receipt_timeout" requires explicit package name at /home/cpansand/.cpan/build/2021041321/Net-Stomp-0.61-0/blib/lib/Net/Stomp.pm line 196.
Global symbol "$receipt_timeout" requires explicit package name at /home/cpansand/.cpan/build/2021041321/Net-Stomp-0.61-0/blib/lib/Net/Stomp.pm line 196.
Global symbol "$receipt_frame" requires explicit package name at /home/cpansand/.cpan/build/2021041321/Net-Stomp-0.61-0/blib/lib/Net/Stomp.pm line 196.
Global symbol "$receipt_frame" requires explicit package name at /home/cpansand/.cpan/build/2021041321/Net-Stomp-0.61-0/blib/lib/Net/Stomp.pm line 196.
Global symbol "$receipt_frame" requires explicit package name at /home/cpansand/.cpan/build/2021041321/Net-Stomp-0.61-0/blib/lib/Net/Stomp.pm line 196.
Global symbol "$receipt_frame" requires explicit package name at /home/cpansand/.cpan/build/2021041321/Net-Stomp-0.61-0/blib/lib/Net/Stomp.pm line 196.
Global symbol "$receipt_id" requires explicit package name at /home/cpansand/.cpan/build/2021041321/Net-Stomp-0.61-0/blib/lib/Net/Stomp.pm line 196.
Global symbol "$receipt_frame" requires explicit package name at /home/cpansand/.cpan/build/2021041321/Net-Stomp-0.61-0/blib/lib/Net/Stomp.pm line 196.
Global symbol "$receipt_frame" requires explicit package name at /home/cpansand/.cpan/build/2021041321/Net-Stomp-0.61-0/blib/lib/Net/Stomp.pm line 196.
Global symbol "$transaction_id" requires explicit package name at /home/cpansand/.cpan/build/2021041321/Net-Stomp-0.61-0/blib/lib/Net/Stomp.pm line 196.
Global symbol "$transaction_id" requires explicit package name at /home/cpansand/.cpan/build/2021041321/Net-Stomp-0.61-0/blib/lib/Net/Stomp.pm line 196.
Global symbol "$begin_frame" requires explicit package name at /home/cpansand/.cpan/build/2021041321/Net-Stomp-0.61-0/blib/lib/Net/Stomp.pm line 196.
Global symbol "$transaction_id" requires explicit package name at /home/cpansand/.cpan/build/2021041321/Net-Stomp-0.61-0/blib/lib/Net/Stomp.pm line 196.
Global symbol "$begin_frame" requires explicit package name at /home/cpansand/.cpan/build/2021041321/Net-Stomp-0.61-0/blib/lib/Net/Stomp.pm line 196.
Global symbol "$transaction_id" requires explicit package name at /home/cpansand/.cpan/build/2021041321/Net-Stomp-0.61-0/blib/lib/Net/Stomp.pm line 196.
Global symbol "$receipt_frame" requires explicit package name at /home/cpansand/.cpan/build/2021041321/Net-Stomp-0.61-0/blib/lib/Net/Stomp.pm line 196.
Global symbol "$ret" requires explicit package name at /home/cpansand/.cpan/build/2021041321/Net-Stomp-0.61-0/blib/lib/Net/Stomp.pm line 196.
Global symbol "$receipt_frame" requires explicit package name at /home/cpansand/.cpan/build/2021041321/Net-Stomp-0.61-0/blib/lib/Net/Stomp.pm line 196.
Global symbol "$receipt_frame" requires explicit package name at /home/cpansand/.cpan/build/2021041321/Net-Stomp-0.61-0/blib/lib/Net/Stomp.pm line 196.
Global symbol "$ret" requires explicit package name at /home/cpansand/.cpan/build/2021041321/Net-Stomp-0.61-0/blib/lib/Net/Stomp.pm line 196.
Global symbol "$transaction_id" requires explicit package name at /home/cpansand/.cpan/build/2021041321/Net-Stomp-0.61-0/blib/lib/Net/Stomp.pm line 196.
Global symbol "$frame_commit" requires explicit package name at /home/cpansand/.cpan/build/2021041321/Net-Stomp-0.61-0/blib/lib/Net/Stomp.pm line 196.
Global symbol "$transaction_id" requires explicit package name at /home/cpansand/.cpan/build/2021041321/Net-Stomp-0.61-0/blib/lib/Net/Stomp.pm line 196.
Global symbol "$frame_commit" requires explicit package name at /home/cpansand/.cpan/build/2021041321/Net-Stomp-0.61-0/blib/lib/Net/Stomp.pm line 196.
Global symbol "$transaction_id" requires explicit package name at /home/cpansand/.cpan/build/2021041321/Net-Stomp-0.61-0/blib/lib/Net/Stomp.pm line 196.
Global symbol "$frame_abort" requires explicit package name at /home/cpansand/.cpan/build/2021041321/Net-Stomp-0.61-0/blib/lib/Net/Stomp.pm line 196.
Global symbol "$transaction_id" requires explicit package name at /home/cpansand/.cpan/build/2021041321/Net-Stomp-0.61-0/blib/lib/Net/Stomp.pm line 196.
Global symbol "$frame_abort" requires explicit package name at /home/cpansand/.cpan/build/2021041321/Net-Stomp-0.61-0/blib/lib/Net/Stomp.pm line 196.
Global symbol "$ret" requires explicit package name at /home/cpansand/.cpan/build/2021041321/Net-Stomp-0.61-0/blib/lib/Net/Stomp.pm line 196.
Global symbol "$subs" requires explicit package name at /home/cpansand/.cpan/build/2021041321/Net-Stomp-0.61-0/blib/lib/Net/Stomp.pm line 196.
Global symbol "$subs" requires explicit package name at /home/cpansand/.cpan/build/2021041321/Net-Stomp-0.61-0/blib/lib/Net/Stomp.pm line 196.
Global symbol "$subs" requires explicit package name at /home/cpansand/.cpan/build/2021041321/Net-Stomp-0.61-0/blib/lib/Net/Stomp.pm line 196.
Global symbol "$subs" requires explicit package name at /home/cpansand/.cpan/build/2021041321/Net-Stomp-0.61-0/blib/lib/Net/Stomp.pm line 196.
Global symbol "$id" requires explicit package name at /home/cpansand/.cpan/build/2021041321/Net-Stomp-0.61-0/blib/lib/Net/Stomp.pm line 196.
Global symbol "$id" requires explicit package name at /home/cpansand/.cpan/build/2021041321/Net-Stomp-0.61-0/blib/lib/Net/Stomp.pm line 196.
Global symbol "$id" requires explicit package name at /home/cpansand/.cpan/build/2021041321/Net-Stomp-0.61-0/blib/lib/Net/Stomp.pm line 196.
Global symbol "$id" requires explicit package name at /home/cpansand/.cpan/build/2021041321/Net-Stomp-0.61-0/blib/lib/Net/Stomp.pm line 196.
Global symbol "$id" requires explicit package name at /home/cpansand/.cpan/build/2021041321/Net-Stomp-0.61-0/blib/lib/Net/Stomp.pm line 196.
Global symbol "$id" requires explicit package name at /home/cpansand/.cpan/build/2021041321/Net-Stomp-0.61-0/blib/lib/Net/Stomp.pm line 196.
Global symbol "$to_write" requires explicit package name at /home/cpansand/.cpan/build/2021041321/Net-Stomp-0.61-0/blib/lib/Net/Stomp.pm line 196.
Global symbol "$frame_string" requires explicit package name at /home/cpansand/.cpan/build/2021041321/Net-Stomp-0.61-0/blib/lib/Net/Stomp.pm line 196.
Global symbol "$written" requires explicit package name at /home/cpansand/.cpan/build/2021041321/Net-Stomp-0.61-0/blib/lib/Net/Stomp.pm line 196.
Global symbol "$to_write" requires explicit package name at /home/cpansand/.cpan/build/2021041321/Net-Stomp-0.61-0/blib/lib/Net/Stomp.pm line 196.
Global symbol "$written" requires explicit package name at /home/cpansand/.cpan/build/2021041321/Net-Stomp-0.61-0/blib/lib/Net/Stomp.pm line 196.
Global symbol "$to_write" requires explicit package name at /home/cpansand/.cpan/build/2021041321/Net-Stomp-0.61-0/blib/lib/Net/Stomp.pm line 196.
Global symbol "$written" requires explicit package name at /home/cpansand/.cpan/build/2021041321/Net-Stomp-0.61-0/blib/lib/Net/Stomp.pm line 196.
Global symbol "$to_write" requires explicit package name at /home/cpansand/.cpan/build/2021041321/Net-Stomp-0.61-0/blib/lib/Net/Stomp.pm line 196.
Global symbol "$written" requires explicit package name at /home/cpansand/.cpan/build/2021041321/Net-Stomp-0.61-0/blib/lib/Net/Stomp.pm line 196.
Global symbol "$written" requires explicit package name at /home/cpansand/.cpan/build/2021041321/Net-Stomp-0.61-0/blib/lib/Net/Stomp.pm line 196.
Global symbol "$frame_string" requires explicit package name at /home/cpansand/.cpan/build/2021041321/Net-Stomp-0.61-0/blib/lib/Net/Stomp.pm line 196.
Global symbol "$written" requires explicit package name at /home/cpansand/.cpan/build/2021041321/Net-Stomp-0.61-0/blib/lib/Net/Stomp.pm line 196.
Global symbol "$timeout" requires explicit package name at /home/cpansand/.cpan/build/2021041321/Net-Stomp-0.61-0/blib/lib/Net/Stomp.pm line 196.
Global symbol "$timeout" requires explicit package name at /home/cpansand/.cpan/build/2021041321/Net-Stomp-0.61-0/blib/lib/Net/Stomp.pm line 196.
Global symbol "$len" requires explicit package name at /home/cpansand/.cpan/build/2021041321/Net-Stomp-0.61-0/blib/lib/Net/Stomp.pm line 196.
Global symbol "$len" requires explicit package name at /home/cpansand/.cpan/build/2021041321/Net-Stomp-0.61-0/blib/lib/Net/Stomp.pm line 196.
Global symbol "$len" requires explicit package name at /home/cpansand/.cpan/build/2021041321/Net-Stomp-0.61-0/blib/lib/Net/Stomp.pm line 196.
Global symbol "$len" requires explicit package name at /home/cpansand/.cpan/build/2021041321/Net-Stomp-0.61-0/blib/lib/Net/Stomp.pm line 196.
Global symbol "$len" requires explicit package name at /home/cpansand/.cpan/build/2021041321/Net-Stomp-0.61-0/blib/lib/Net/Stomp.pm line 196.
syntax error at /home/cpansand/.cpan/build/2021041321/Net-Stomp-0.61-0/blib/lib/Net/Stomp.pm line 453, near "[^"
  (Might be a runaway multi-line // string starting on line 196)
/home/cpansand/.cpan/build/2021041321/Net-Stomp-0.61-0/blib/lib/Net/Stomp.pm has too many errors.
Compilation failed in require at t/lib/TestHelp.pm line 10.
BEGIN failed--compilation aborted at t/lib/TestHelp.pm line 10.
Compilation failed in require at t/initial-connect.t line 3.
BEGIN failed--compilation aborted at t/initial-connect.t line 3.
t/initial-connect.t ..... 
Dubious, test returned 9 (wstat 2304, 0x900)
No subtests run 
t/pod.t ................. ok

#   Failed test 'Pod coverage on Net::Stomp'
#   at /opt/perl-5.8.9/lib/site_perl/5.8.9/Test/Pod/Coverage.pm line 133.
# Net::Stomp: requiring 'Net::Stomp' failed
# Looks like you failed 1 test of 3.
t/pod_coverage.t ........ 
Dubious, test returned 1 (wstat 256, 0x100)
Failed 1/3 subtests 
Global symbol "$sub" requires explicit package name at /home/cpansand/.cpan/build/2021041321/Net-Stomp-0.61-0/blib/lib/Net/Stomp.pm line 196.
Global symbol "$sub" requires explicit package name at /home/cpansand/.cpan/build/2021041321/Net-Stomp-0.61-0/blib/lib/Net/Stomp.pm line 196.
Global symbol "$timeout" requires explicit package name at /home/cpansand/.cpan/build/2021041321/Net-Stomp-0.61-0/blib/lib/Net/Stomp.pm line 196.
Global symbol "$timeout" requires explicit package name at /home/cpansand/.cpan/build/2021041321/Net-Stomp-0.61-0/blib/lib/Net/Stomp.pm line 196.
Global symbol "$body" requires explicit package name at /home/cpansand/.cpan/build/2021041321/Net-Stomp-0.61-0/blib/lib/Net/Stomp.pm line 196.
Global symbol "$body" requires explicit package name at /home/cpansand/.cpan/build/2021041321/Net-Stomp-0.61-0/blib/lib/Net/Stomp.pm line 196.
Global symbol "$receipt_id" requires explicit package name at /home/cpansand/.cpan/build/2021041321/Net-Stomp-0.61-0/blib/lib/Net/Stomp.pm line 196.
Global symbol "$receipt_id" requires explicit package name at /home/cpansand/.cpan/build/2021041321/Net-Stomp-0.61-0/blib/lib/Net/Stomp.pm line 196.
Global symbol "$receipt_id" requires explicit package name at /home/cpansand/.cpan/build/2021041321/Net-Stomp-0.61-0/blib/lib/Net/Stomp.pm line 196.
Global symbol "$receipt_timeout" requires explicit package name at /home/cpansand/.cpan/build/2021041321/Net-Stomp-0.61-0/blib/lib/Net/Stomp.pm line 196.
Global symbol "$receipt_frame" requires explicit package name at /home/cpansand/.cpan/build/2021041321/Net-Stomp-0.61-0/blib/lib/Net/Stomp.pm line 196.
Global symbol "$receipt_timeout" requires explicit package name at /home/cpansand/.cpan/build/2021041321/Net-Stomp-0.61-0/blib/lib/Net/Stomp.pm line 196.
Global symbol "$receipt_timeout" requires explicit package name at /home/cpansand/.cpan/build/2021041321/Net-Stomp-0.61-0/blib/lib/Net/Stomp.pm line 196.
Global symbol "$receipt_frame" requires explicit package name at /home/cpansand/.cpan/build/2021041321/Net-Stomp-0.61-0/blib/lib/Net/Stomp.pm line 196.
Global symbol "$receipt_frame" requires explicit package name at /home/cpansand/.cpan/build/2021041321/Net-Stomp-0.61-0/blib/lib/Net/Stomp.pm line 196.
Global symbol "$receipt_frame" requires explicit package name at /home/cpansand/.cpan/build/2021041321/Net-Stomp-0.61-0/blib/lib/Net/Stomp.pm line 196.
Global symbol "$receipt_frame" requires explicit package name at /home/cpansand/.cpan/build/2021041321/Net-Stomp-0.61-0/blib/lib/Net/Stomp.pm line 196.
Global symbol "$receipt_id" requires explicit package name at /home/cpansand/.cpan/build/2021041321/Net-Stomp-0.61-0/blib/lib/Net/Stomp.pm line 196.
Global symbol "$receipt_frame" requires explicit package name at /home/cpansand/.cpan/build/2021041321/Net-Stomp-0.61-0/blib/lib/Net/Stomp.pm line 196.
Global symbol "$receipt_frame" requires explicit package name at /home/cpansand/.cpan/build/2021041321/Net-Stomp-0.61-0/blib/lib/Net/Stomp.pm line 196.
Global symbol "$transaction_id" requires explicit package name at /home/cpansand/.cpan/build/2021041321/Net-Stomp-0.61-0/blib/lib/Net/Stomp.pm line 196.
Global symbol "$transaction_id" requires explicit package name at /home/cpansand/.cpan/build/2021041321/Net-Stomp-0.61-0/blib/lib/Net/Stomp.pm line 196.
Global symbol "$begin_frame" requires explicit package name at /home/cpansand/.cpan/build/2021041321/Net-Stomp-0.61-0/blib/lib/Net/Stomp.pm line 196.
Global symbol "$transaction_id" requires explicit package name at /home/cpansand/.cpan/build/2021041321/Net-Stomp-0.61-0/blib/lib/Net/Stomp.pm line 196.
Global symbol "$begin_frame" requires explicit package name at /home/cpansand/.cpan/build/2021041321/Net-Stomp-0.61-0/blib/lib/Net/Stomp.pm line 196.
Global symbol "$transaction_id" requires explicit package name at /home/cpansand/.cpan/build/2021041321/Net-Stomp-0.61-0/blib/lib/Net/Stomp.pm line 196.
Global symbol "$receipt_frame" requires explicit package name at /home/cpansand/.cpan/build/2021041321/Net-Stomp-0.61-0/blib/lib/Net/Stomp.pm line 196.
Global symbol "$ret" requires explicit package name at /home/cpansand/.cpan/build/2021041321/Net-Stomp-0.61-0/blib/lib/Net/Stomp.pm line 196.
Global symbol "$receipt_frame" requires explicit package name at /home/cpansand/.cpan/build/2021041321/Net-Stomp-0.61-0/blib/lib/Net/Stomp.pm line 196.
Global symbol "$receipt_frame" requires explicit package name at /home/cpansand/.cpan/build/2021041321/Net-Stomp-0.61-0/blib/lib/Net/Stomp.pm line 196.
Global symbol "$ret" requires explicit package name at /home/cpansand/.cpan/build/2021041321/Net-Stomp-0.61-0/blib/lib/Net/Stomp.pm line 196.
Global symbol "$transaction_id" requires explicit package name at /home/cpansand/.cpan/build/2021041321/Net-Stomp-0.61-0/blib/lib/Net/Stomp.pm line 196.
Global symbol "$frame_commit" requires explicit package name at /home/cpansand/.cpan/build/2021041321/Net-Stomp-0.61-0/blib/lib/Net/Stomp.pm line 196.
Global symbol "$transaction_id" requires explicit package name at /home/cpansand/.cpan/build/2021041321/Net-Stomp-0.61-0/blib/lib/Net/Stomp.pm line 196.
Global symbol "$frame_commit" requires explicit package name at /home/cpansand/.cpan/build/2021041321/Net-Stomp-0.61-0/blib/lib/Net/Stomp.pm line 196.
Global symbol "$transaction_id" requires explicit package name at /home/cpansand/.cpan/build/2021041321/Net-Stomp-0.61-0/blib/lib/Net/Stomp.pm line 196.
Global symbol "$frame_abort" requires explicit package name at /home/cpansand/.cpan/build/2021041321/Net-Stomp-0.61-0/blib/lib/Net/Stomp.pm line 196.
Global symbol "$transaction_id" requires explicit package name at /home/cpansand/.cpan/build/2021041321/Net-Stomp-0.61-0/blib/lib/Net/Stomp.pm line 196.
Global symbol "$frame_abort" requires explicit package name at /home/cpansand/.cpan/build/2021041321/Net-Stomp-0.61-0/blib/lib/Net/Stomp.pm line 196.
Global symbol "$ret" requires explicit package name at /home/cpansand/.cpan/build/2021041321/Net-Stomp-0.61-0/blib/lib/Net/Stomp.pm line 196.
Global symbol "$subs" requires explicit package name at /home/cpansand/.cpan/build/2021041321/Net-Stomp-0.61-0/blib/lib/Net/Stomp.pm line 196.
Global symbol "$subs" requires explicit package name at /home/cpansand/.cpan/build/2021041321/Net-Stomp-0.61-0/blib/lib/Net/Stomp.pm line 196.
Global symbol "$subs" requires explicit package name at /home/cpansand/.cpan/build/2021041321/Net-Stomp-0.61-0/blib/lib/Net/Stomp.pm line 196.
Global symbol "$subs" requires explicit package name at /home/cpansand/.cpan/build/2021041321/Net-Stomp-0.61-0/blib/lib/Net/Stomp.pm line 196.
Global symbol "$id" requires explicit package name at /home/cpansand/.cpan/build/2021041321/Net-Stomp-0.61-0/blib/lib/Net/Stomp.pm line 196.
Global symbol "$id" requires explicit package name at /home/cpansand/.cpan/build/2021041321/Net-Stomp-0.61-0/blib/lib/Net/Stomp.pm line 196.
Global symbol "$id" requires explicit package name at /home/cpansand/.cpan/build/2021041321/Net-Stomp-0.61-0/blib/lib/Net/Stomp.pm line 196.
Global symbol "$id" requires explicit package name at /home/cpansand/.cpan/build/2021041321/Net-Stomp-0.61-0/blib/lib/Net/Stomp.pm line 196.
Global symbol "$id" requires explicit package name at /home/cpansand/.cpan/build/2021041321/Net-Stomp-0.61-0/blib/lib/Net/Stomp.pm line 196.
Global symbol "$id" requires explicit package name at /home/cpansand/.cpan/build/2021041321/Net-Stomp-0.61-0/blib/lib/Net/Stomp.pm line 196.
Global symbol "$to_write" requires explicit package name at /home/cpansand/.cpan/build/2021041321/Net-Stomp-0.61-0/blib/lib/Net/Stomp.pm line 196.
Global symbol "$frame_string" requires explicit package name at /home/cpansand/.cpan/build/2021041321/Net-Stomp-0.61-0/blib/lib/Net/Stomp.pm line 196.
Global symbol "$written" requires explicit package name at /home/cpansand/.cpan/build/2021041321/Net-Stomp-0.61-0/blib/lib/Net/Stomp.pm line 196.
Global symbol "$to_write" requires explicit package name at /home/cpansand/.cpan/build/2021041321/Net-Stomp-0.61-0/blib/lib/Net/Stomp.pm line 196.
Global symbol "$written" requires explicit package name at /home/cpansand/.cpan/build/2021041321/Net-Stomp-0.61-0/blib/lib/Net/Stomp.pm line 196.
Global symbol "$to_write" requires explicit package name at /home/cpansand/.cpan/build/2021041321/Net-Stomp-0.61-0/blib/lib/Net/Stomp.pm line 196.
Global symbol "$written" requires explicit package name at /home/cpansand/.cpan/build/2021041321/Net-Stomp-0.61-0/blib/lib/Net/Stomp.pm line 196.
Global symbol "$to_write" requires explicit package name at /home/cpansand/.cpan/build/2021041321/Net-Stomp-0.61-0/blib/lib/Net/Stomp.pm line 196.
Global symbol "$written" requires explicit package name at /home/cpansand/.cpan/build/2021041321/Net-Stomp-0.61-0/blib/lib/Net/Stomp.pm line 196.
Global symbol "$written" requires explicit package name at /home/cpansand/.cpan/build/2021041321/Net-Stomp-0.61-0/blib/lib/Net/Stomp.pm line 196.
Global symbol "$frame_string" requires explicit package name at /home/cpansand/.cpan/build/2021041321/Net-Stomp-0.61-0/blib/lib/Net/Stomp.pm line 196.
Global symbol "$written" requires explicit package name at /home/cpansand/.cpan/build/2021041321/Net-Stomp-0.61-0/blib/lib/Net/Stomp.pm line 196.
Global symbol "$timeout" requires explicit package name at /home/cpansand/.cpan/build/2021041321/Net-Stomp-0.61-0/blib/lib/Net/Stomp.pm line 196.
Global symbol "$timeout" requires explicit package name at /home/cpansand/.cpan/build/2021041321/Net-Stomp-0.61-0/blib/lib/Net/Stomp.pm line 196.
Global symbol "$len" requires explicit package name at /home/cpansand/.cpan/build/2021041321/Net-Stomp-0.61-0/blib/lib/Net/Stomp.pm line 196.
Global symbol "$len" requires explicit package name at /home/cpansand/.cpan/build/2021041321/Net-Stomp-0.61-0/blib/lib/Net/Stomp.pm line 196.
Global symbol "$len" requires explicit package name at /home/cpansand/.cpan/build/2021041321/Net-Stomp-0.61-0/blib/lib/Net/Stomp.pm line 196.
Global symbol "$len" requires explicit package name at /home/cpansand/.cpan/build/2021041321/Net-Stomp-0.61-0/blib/lib/Net/Stomp.pm line 196.
Global symbol "$len" requires explicit package name at /home/cpansand/.cpan/build/2021041321/Net-Stomp-0.61-0/blib/lib/Net/Stomp.pm line 196.
syntax error at /home/cpansand/.cpan/build/2021041321/Net-Stomp-0.61-0/blib/lib/Net/Stomp.pm line 453, near "[^"
  (Might be a runaway multi-line // string starting on line 196)
/home/cpansand/.cpan/build/2021041321/Net-Stomp-0.61-0/blib/lib/Net/Stomp.pm has too many errors.
Compilation failed in require at t/lib/TestHelp.pm line 10.
BEGIN failed--compilation aborted at t/lib/TestHelp.pm line 10.
Compilation failed in require at t/read-timeout.t line 2.
BEGIN failed--compilation aborted at t/read-timeout.t line 2.
t/read-timeout.t ........ 
Dubious, test returned 9 (wstat 2304, 0x900)
No subtests run 
Global symbol "$sub" requires explicit package name at /home/cpansand/.cpan/build/2021041321/Net-Stomp-0.61-0/blib/lib/Net/Stomp.pm line 196.
Global symbol "$sub" requires explicit package name at /home/cpansand/.cpan/build/2021041321/Net-Stomp-0.61-0/blib/lib/Net/Stomp.pm line 196.
Global symbol "$timeout" requires explicit package name at /home/cpansand/.cpan/build/2021041321/Net-Stomp-0.61-0/blib/lib/Net/Stomp.pm line 196.
Global symbol "$timeout" requires explicit package name at /home/cpansand/.cpan/build/2021041321/Net-Stomp-0.61-0/blib/lib/Net/Stomp.pm line 196.
Global symbol "$body" requires explicit package name at /home/cpansand/.cpan/build/2021041321/Net-Stomp-0.61-0/blib/lib/Net/Stomp.pm line 196.
Global symbol "$body" requires explicit package name at /home/cpansand/.cpan/build/2021041321/Net-Stomp-0.61-0/blib/lib/Net/Stomp.pm line 196.
Global symbol "$receipt_id" requires explicit package name at /home/cpansand/.cpan/build/2021041321/Net-Stomp-0.61-0/blib/lib/Net/Stomp.pm line 196.
Global symbol "$receipt_id" requires explicit package name at /home/cpansand/.cpan/build/2021041321/Net-Stomp-0.61-0/blib/lib/Net/Stomp.pm line 196.
Global symbol "$receipt_id" requires explicit package name at /home/cpansand/.cpan/build/2021041321/Net-Stomp-0.61-0/blib/lib/Net/Stomp.pm line 196.
Global symbol "$receipt_timeout" requires explicit package name at /home/cpansand/.cpan/build/2021041321/Net-Stomp-0.61-0/blib/lib/Net/Stomp.pm line 196.
Global symbol "$receipt_frame" requires explicit package name at /home/cpansand/.cpan/build/2021041321/Net-Stomp-0.61-0/blib/lib/Net/Stomp.pm line 196.
Global symbol "$receipt_timeout" requires explicit package name at /home/cpansand/.cpan/build/2021041321/Net-Stomp-0.61-0/blib/lib/Net/Stomp.pm line 196.
Global symbol "$receipt_timeout" requires explicit package name at /home/cpansand/.cpan/build/2021041321/Net-Stomp-0.61-0/blib/lib/Net/Stomp.pm line 196.
Global symbol "$receipt_frame" requires explicit package name at /home/cpansand/.cpan/build/2021041321/Net-Stomp-0.61-0/blib/lib/Net/Stomp.pm line 196.
Global symbol "$receipt_frame" requires explicit package name at /home/cpansand/.cpan/build/2021041321/Net-Stomp-0.61-0/blib/lib/Net/Stomp.pm line 196.
Global symbol "$receipt_frame" requires explicit package name at /home/cpansand/.cpan/build/2021041321/Net-Stomp-0.61-0/blib/lib/Net/Stomp.pm line 196.
Global symbol "$receipt_frame" requires explicit package name at /home/cpansand/.cpan/build/2021041321/Net-Stomp-0.61-0/blib/lib/Net/Stomp.pm line 196.
Global symbol "$receipt_id" requires explicit package name at /home/cpansand/.cpan/build/2021041321/Net-Stomp-0.61-0/blib/lib/Net/Stomp.pm line 196.
Global symbol "$receipt_frame" requires explicit package name at /home/cpansand/.cpan/build/2021041321/Net-Stomp-0.61-0/blib/lib/Net/Stomp.pm line 196.
Global symbol "$receipt_frame" requires explicit package name at /home/cpansand/.cpan/build/2021041321/Net-Stomp-0.61-0/blib/lib/Net/Stomp.pm line 196.
Global symbol "$transaction_id" requires explicit package name at /home/cpansand/.cpan/build/2021041321/Net-Stomp-0.61-0/blib/lib/Net/Stomp.pm line 196.
Global symbol "$transaction_id" requires explicit package name at /home/cpansand/.cpan/build/2021041321/Net-Stomp-0.61-0/blib/lib/Net/Stomp.pm line 196.
Global symbol "$begin_frame" requires explicit package name at /home/cpansand/.cpan/build/2021041321/Net-Stomp-0.61-0/blib/lib/Net/Stomp.pm line 196.
Global symbol "$transaction_id" requires explicit package name at /home/cpansand/.cpan/build/2021041321/Net-Stomp-0.61-0/blib/lib/Net/Stomp.pm line 196.
Global symbol "$begin_frame" requires explicit package name at /home/cpansand/.cpan/build/2021041321/Net-Stomp-0.61-0/blib/lib/Net/Stomp.pm line 196.
Global symbol "$transaction_id" requires explicit package name at /home/cpansand/.cpan/build/2021041321/Net-Stomp-0.61-0/blib/lib/Net/Stomp.pm line 196.
Global symbol "$receipt_frame" requires explicit package name at /home/cpansand/.cpan/build/2021041321/Net-Stomp-0.61-0/blib/lib/Net/Stomp.pm line 196.
Global symbol "$ret" requires explicit package name at /home/cpansand/.cpan/build/2021041321/Net-Stomp-0.61-0/blib/lib/Net/Stomp.pm line 196.
Global symbol "$receipt_frame" requires explicit package name at /home/cpansand/.cpan/build/2021041321/Net-Stomp-0.61-0/blib/lib/Net/Stomp.pm line 196.
Global symbol "$receipt_frame" requires explicit package name at /home/cpansand/.cpan/build/2021041321/Net-Stomp-0.61-0/blib/lib/Net/Stomp.pm line 196.
Global symbol "$ret" requires explicit package name at /home/cpansand/.cpan/build/2021041321/Net-Stomp-0.61-0/blib/lib/Net/Stomp.pm line 196.
Global symbol "$transaction_id" requires explicit package name at /home/cpansand/.cpan/build/2021041321/Net-Stomp-0.61-0/blib/lib/Net/Stomp.pm line 196.
Global symbol "$frame_commit" requires explicit package name at /home/cpansand/.cpan/build/2021041321/Net-Stomp-0.61-0/blib/lib/Net/Stomp.pm line 196.
Global symbol "$transaction_id" requires explicit package name at /home/cpansand/.cpan/build/2021041321/Net-Stomp-0.61-0/blib/lib/Net/Stomp.pm line 196.
Global symbol "$frame_commit" requires explicit package name at /home/cpansand/.cpan/build/2021041321/Net-Stomp-0.61-0/blib/lib/Net/Stomp.pm line 196.
Global symbol "$transaction_id" requires explicit package name at /home/cpansand/.cpan/build/2021041321/Net-Stomp-0.61-0/blib/lib/Net/Stomp.pm line 196.
Global symbol "$frame_abort" requires explicit package name at /home/cpansand/.cpan/build/2021041321/Net-Stomp-0.61-0/blib/lib/Net/Stomp.pm line 196.
Global symbol "$transaction_id" requires explicit package name at /home/cpansand/.cpan/build/2021041321/Net-Stomp-0.61-0/blib/lib/Net/Stomp.pm line 196.
Global symbol "$frame_abort" requires explicit package name at /home/cpansand/.cpan/build/2021041321/Net-Stomp-0.61-0/blib/lib/Net/Stomp.pm line 196.
Global symbol "$ret" requires explicit package name at /home/cpansand/.cpan/build/2021041321/Net-Stomp-0.61-0/blib/lib/Net/Stomp.pm line 196.
Global symbol "$subs" requires explicit package name at /home/cpansand/.cpan/build/2021041321/Net-Stomp-0.61-0/blib/lib/Net/Stomp.pm line 196.
Global symbol "$subs" requires explicit package name at /home/cpansand/.cpan/build/2021041321/Net-Stomp-0.61-0/blib/lib/Net/Stomp.pm line 196.
Global symbol "$subs" requires explicit package name at /home/cpansand/.cpan/build/2021041321/Net-Stomp-0.61-0/blib/lib/Net/Stomp.pm line 196.
Global symbol "$subs" requires explicit package name at /home/cpansand/.cpan/build/2021041321/Net-Stomp-0.61-0/blib/lib/Net/Stomp.pm line 196.
Global symbol "$id" requires explicit package name at /home/cpansand/.cpan/build/2021041321/Net-Stomp-0.61-0/blib/lib/Net/Stomp.pm line 196.
Global symbol "$id" requires explicit package name at /home/cpansand/.cpan/build/2021041321/Net-Stomp-0.61-0/blib/lib/Net/Stomp.pm line 196.
Global symbol "$id" requires explicit package name at /home/cpansand/.cpan/build/2021041321/Net-Stomp-0.61-0/blib/lib/Net/Stomp.pm line 196.
Global symbol "$id" requires explicit package name at /home/cpansand/.cpan/build/2021041321/Net-Stomp-0.61-0/blib/lib/Net/Stomp.pm line 196.
Global symbol "$id" requires explicit package name at /home/cpansand/.cpan/build/2021041321/Net-Stomp-0.61-0/blib/lib/Net/Stomp.pm line 196.
Global symbol "$id" requires explicit package name at /home/cpansand/.cpan/build/2021041321/Net-Stomp-0.61-0/blib/lib/Net/Stomp.pm line 196.
Global symbol "$to_write" requires explicit package name at /home/cpansand/.cpan/build/2021041321/Net-Stomp-0.61-0/blib/lib/Net/Stomp.pm line 196.
Global symbol "$frame_string" requires explicit package name at /home/cpansand/.cpan/build/2021041321/Net-Stomp-0.61-0/blib/lib/Net/Stomp.pm line 196.
Global symbol "$written" requires explicit package name at /home/cpansand/.cpan/build/2021041321/Net-Stomp-0.61-0/blib/lib/Net/Stomp.pm line 196.
Global symbol "$to_write" requires explicit package name at /home/cpansand/.cpan/build/2021041321/Net-Stomp-0.61-0/blib/lib/Net/Stomp.pm line 196.
Global symbol "$written" requires explicit package name at /home/cpansand/.cpan/build/2021041321/Net-Stomp-0.61-0/blib/lib/Net/Stomp.pm line 196.
Global symbol "$to_write" requires explicit package name at /home/cpansand/.cpan/build/2021041321/Net-Stomp-0.61-0/blib/lib/Net/Stomp.pm line 196.
Global symbol "$written" requires explicit package name at /home/cpansand/.cpan/build/2021041321/Net-Stomp-0.61-0/blib/lib/Net/Stomp.pm line 196.
Global symbol "$to_write" requires explicit package name at /home/cpansand/.cpan/build/2021041321/Net-Stomp-0.61-0/blib/lib/Net/Stomp.pm line 196.
Global symbol "$written" requires explicit package name at /home/cpansand/.cpan/build/2021041321/Net-Stomp-0.61-0/blib/lib/Net/Stomp.pm line 196.
Global symbol "$written" requires explicit package name at /home/cpansand/.cpan/build/2021041321/Net-Stomp-0.61-0/blib/lib/Net/Stomp.pm line 196.
Global symbol "$frame_string" requires explicit package name at /home/cpansand/.cpan/build/2021041321/Net-Stomp-0.61-0/blib/lib/Net/Stomp.pm line 196.
Global symbol "$written" requires explicit package name at /home/cpansand/.cpan/build/2021041321/Net-Stomp-0.61-0/blib/lib/Net/Stomp.pm line 196.
Global symbol "$timeout" requires explicit package name at /home/cpansand/.cpan/build/2021041321/Net-Stomp-0.61-0/blib/lib/Net/Stomp.pm line 196.
Global symbol "$timeout" requires explicit package name at /home/cpansand/.cpan/build/2021041321/Net-Stomp-0.61-0/blib/lib/Net/Stomp.pm line 196.
Global symbol "$len" requires explicit package name at /home/cpansand/.cpan/build/2021041321/Net-Stomp-0.61-0/blib/lib/Net/Stomp.pm line 196.
Global symbol "$len" requires explicit package name at /home/cpansand/.cpan/build/2021041321/Net-Stomp-0.61-0/blib/lib/Net/Stomp.pm line 196.
Global symbol "$len" requires explicit package name at /home/cpansand/.cpan/build/2021041321/Net-Stomp-0.61-0/blib/lib/Net/Stomp.pm line 196.
Global symbol "$len" requires explicit package name at /home/cpansand/.cpan/build/2021041321/Net-Stomp-0.61-0/blib/lib/Net/Stomp.pm line 196.
Global symbol "$len" requires explicit package name at /home/cpansand/.cpan/build/2021041321/Net-Stomp-0.61-0/blib/lib/Net/Stomp.pm line 196.
syntax error at /home/cpansand/.cpan/build/2021041321/Net-Stomp-0.61-0/blib/lib/Net/Stomp.pm line 453, near "[^"
  (Might be a runaway multi-line // string starting on line 196)
/home/cpansand/.cpan/build/2021041321/Net-Stomp-0.61-0/blib/lib/Net/Stomp.pm has too many errors.
Compilation failed in require at t/lib/TestHelp.pm line 10.
BEGIN failed--compilation aborted at t/lib/TestHelp.pm line 10.
Compilation failed in require at t/receiving-frames.t line 2.
BEGIN failed--compilation aborted at t/receiving-frames.t line 2.
t/receiving-frames.t .... 
Dubious, test returned 9 (wstat 2304, 0x900)
No subtests run 
Global symbol "$sub" requires explicit package name at /home/cpansand/.cpan/build/2021041321/Net-Stomp-0.61-0/blib/lib/Net/Stomp.pm line 196.
Global symbol "$sub" requires explicit package name at /home/cpansand/.cpan/build/2021041321/Net-Stomp-0.61-0/blib/lib/Net/Stomp.pm line 196.
Global symbol "$timeout" requires explicit package name at /home/cpansand/.cpan/build/2021041321/Net-Stomp-0.61-0/blib/lib/Net/Stomp.pm line 196.
Global symbol "$timeout" requires explicit package name at /home/cpansand/.cpan/build/2021041321/Net-Stomp-0.61-0/blib/lib/Net/Stomp.pm line 196.
Global symbol "$body" requires explicit package name at /home/cpansand/.cpan/build/2021041321/Net-Stomp-0.61-0/blib/lib/Net/Stomp.pm line 196.
Global symbol "$body" requires explicit package name at /home/cpansand/.cpan/build/2021041321/Net-Stomp-0.61-0/blib/lib/Net/Stomp.pm line 196.
Global symbol "$receipt_id" requires explicit package name at /home/cpansand/.cpan/build/2021041321/Net-Stomp-0.61-0/blib/lib/Net/Stomp.pm line 196.
Global symbol "$receipt_id" requires explicit package name at /home/cpansand/.cpan/build/2021041321/Net-Stomp-0.61-0/blib/lib/Net/Stomp.pm line 196.
Global symbol "$receipt_id" requires explicit package name at /home/cpansand/.cpan/build/2021041321/Net-Stomp-0.61-0/blib/lib/Net/Stomp.pm line 196.
Global symbol "$receipt_timeout" requires explicit package name at /home/cpansand/.cpan/build/2021041321/Net-Stomp-0.61-0/blib/lib/Net/Stomp.pm line 196.
Global symbol "$receipt_frame" requires explicit package name at /home/cpansand/.cpan/build/2021041321/Net-Stomp-0.61-0/blib/lib/Net/Stomp.pm line 196.
Global symbol "$receipt_timeout" requires explicit package name at /home/cpansand/.cpan/build/2021041321/Net-Stomp-0.61-0/blib/lib/Net/Stomp.pm line 196.
Global symbol "$receipt_timeout" requires explicit package name at /home/cpansand/.cpan/build/2021041321/Net-Stomp-0.61-0/blib/lib/Net/Stomp.pm line 196.
Global symbol "$receipt_frame" requires explicit package name at /home/cpansand/.cpan/build/2021041321/Net-Stomp-0.61-0/blib/lib/Net/Stomp.pm line 196.
Global symbol "$receipt_frame" requires explicit package name at /home/cpansand/.cpan/build/2021041321/Net-Stomp-0.61-0/blib/lib/Net/Stomp.pm line 196.
Global symbol "$receipt_frame" requires explicit package name at /home/cpansand/.cpan/build/2021041321/Net-Stomp-0.61-0/blib/lib/Net/Stomp.pm line 196.
Global symbol "$receipt_frame" requires explicit package name at /home/cpansand/.cpan/build/2021041321/Net-Stomp-0.61-0/blib/lib/Net/Stomp.pm line 196.
Global symbol "$receipt_id" requires explicit package name at /home/cpansand/.cpan/build/2021041321/Net-Stomp-0.61-0/blib/lib/Net/Stomp.pm line 196.
Global symbol "$receipt_frame" requires explicit package name at /home/cpansand/.cpan/build/2021041321/Net-Stomp-0.61-0/blib/lib/Net/Stomp.pm line 196.
Global symbol "$receipt_frame" requires explicit package name at /home/cpansand/.cpan/build/2021041321/Net-Stomp-0.61-0/blib/lib/Net/Stomp.pm line 196.
Global symbol "$transaction_id" requires explicit package name at /home/cpansand/.cpan/build/2021041321/Net-Stomp-0.61-0/blib/lib/Net/Stomp.pm line 196.
Global symbol "$transaction_id" requires explicit package name at /home/cpansand/.cpan/build/2021041321/Net-Stomp-0.61-0/blib/lib/Net/Stomp.pm line 196.
Global symbol "$begin_frame" requires explicit package name at /home/cpansand/.cpan/build/2021041321/Net-Stomp-0.61-0/blib/lib/Net/Stomp.pm line 196.
Global symbol "$transaction_id" requires explicit package name at /home/cpansand/.cpan/build/2021041321/Net-Stomp-0.61-0/blib/lib/Net/Stomp.pm line 196.
Global symbol "$begin_frame" requires explicit package name at /home/cpansand/.cpan/build/2021041321/Net-Stomp-0.61-0/blib/lib/Net/Stomp.pm line 196.
Global symbol "$transaction_id" requires explicit package name at /home/cpansand/.cpan/build/2021041321/Net-Stomp-0.61-0/blib/lib/Net/Stomp.pm line 196.
Global symbol "$receipt_frame" requires explicit package name at /home/cpansand/.cpan/build/2021041321/Net-Stomp-0.61-0/blib/lib/Net/Stomp.pm line 196.
Global symbol "$ret" requires explicit package name at /home/cpansand/.cpan/build/2021041321/Net-Stomp-0.61-0/blib/lib/Net/Stomp.pm line 196.
Global symbol "$receipt_frame" requires explicit package name at /home/cpansand/.cpan/build/2021041321/Net-Stomp-0.61-0/blib/lib/Net/Stomp.pm line 196.
Global symbol "$receipt_frame" requires explicit package name at /home/cpansand/.cpan/build/2021041321/Net-Stomp-0.61-0/blib/lib/Net/Stomp.pm line 196.
Global symbol "$ret" requires explicit package name at /home/cpansand/.cpan/build/2021041321/Net-Stomp-0.61-0/blib/lib/Net/Stomp.pm line 196.
Global symbol "$transaction_id" requires explicit package name at /home/cpansand/.cpan/build/2021041321/Net-Stomp-0.61-0/blib/lib/Net/Stomp.pm line 196.
Global symbol "$frame_commit" requires explicit package name at /home/cpansand/.cpan/build/2021041321/Net-Stomp-0.61-0/blib/lib/Net/Stomp.pm line 196.
Global symbol "$transaction_id" requires explicit package name at /home/cpansand/.cpan/build/2021041321/Net-Stomp-0.61-0/blib/lib/Net/Stomp.pm line 196.
Global symbol "$frame_commit" requires explicit package name at /home/cpansand/.cpan/build/2021041321/Net-Stomp-0.61-0/blib/lib/Net/Stomp.pm line 196.
Global symbol "$transaction_id" requires explicit package name at /home/cpansand/.cpan/build/2021041321/Net-Stomp-0.61-0/blib/lib/Net/Stomp.pm line 196.
Global symbol "$frame_abort" requires explicit package name at /home/cpansand/.cpan/build/2021041321/Net-Stomp-0.61-0/blib/lib/Net/Stomp.pm line 196.
Global symbol "$transaction_id" requires explicit package name at /home/cpansand/.cpan/build/2021041321/Net-Stomp-0.61-0/blib/lib/Net/Stomp.pm line 196.
Global symbol "$frame_abort" requires explicit package name at /home/cpansand/.cpan/build/2021041321/Net-Stomp-0.61-0/blib/lib/Net/Stomp.pm line 196.
Global symbol "$ret" requires explicit package name at /home/cpansand/.cpan/build/2021041321/Net-Stomp-0.61-0/blib/lib/Net/Stomp.pm line 196.
Global symbol "$subs" requires explicit package name at /home/cpansand/.cpan/build/2021041321/Net-Stomp-0.61-0/blib/lib/Net/Stomp.pm line 196.
Global symbol "$subs" requires explicit package name at /home/cpansand/.cpan/build/2021041321/Net-Stomp-0.61-0/blib/lib/Net/Stomp.pm line 196.
Global symbol "$subs" requires explicit package name at /home/cpansand/.cpan/build/2021041321/Net-Stomp-0.61-0/blib/lib/Net/Stomp.pm line 196.
Global symbol "$subs" requires explicit package name at /home/cpansand/.cpan/build/2021041321/Net-Stomp-0.61-0/blib/lib/Net/Stomp.pm line 196.
Global symbol "$id" requires explicit package name at /home/cpansand/.cpan/build/2021041321/Net-Stomp-0.61-0/blib/lib/Net/Stomp.pm line 196.
Global symbol "$id" requires explicit package name at /home/cpansand/.cpan/build/2021041321/Net-Stomp-0.61-0/blib/lib/Net/Stomp.pm line 196.
Global symbol "$id" requires explicit package name at /home/cpansand/.cpan/build/2021041321/Net-Stomp-0.61-0/blib/lib/Net/Stomp.pm line 196.
Global symbol "$id" requires explicit package name at /home/cpansand/.cpan/build/2021041321/Net-Stomp-0.61-0/blib/lib/Net/Stomp.pm line 196.
Global symbol "$id" requires explicit package name at /home/cpansand/.cpan/build/2021041321/Net-Stomp-0.61-0/blib/lib/Net/Stomp.pm line 196.
Global symbol "$id" requires explicit package name at /home/cpansand/.cpan/build/2021041321/Net-Stomp-0.61-0/blib/lib/Net/Stomp.pm line 196.
Global symbol "$to_write" requires explicit package name at /home/cpansand/.cpan/build/2021041321/Net-Stomp-0.61-0/blib/lib/Net/Stomp.pm line 196.
Global symbol "$frame_string" requires explicit package name at /home/cpansand/.cpan/build/2021041321/Net-Stomp-0.61-0/blib/lib/Net/Stomp.pm line 196.
Global symbol "$written" requires explicit package name at /home/cpansand/.cpan/build/2021041321/Net-Stomp-0.61-0/blib/lib/Net/Stomp.pm line 196.
Global symbol "$to_write" requires explicit package name at /home/cpansand/.cpan/build/2021041321/Net-Stomp-0.61-0/blib/lib/Net/Stomp.pm line 196.
Global symbol "$written" requires explicit package name at /home/cpansand/.cpan/build/2021041321/Net-Stomp-0.61-0/blib/lib/Net/Stomp.pm line 196.
Global symbol "$to_write" requires explicit package name at /home/cpansand/.cpan/build/2021041321/Net-Stomp-0.61-0/blib/lib/Net/Stomp.pm line 196.
Global symbol "$written" requires explicit package name at /home/cpansand/.cpan/build/2021041321/Net-Stomp-0.61-0/blib/lib/Net/Stomp.pm line 196.
Global symbol "$to_write" requires explicit package name at /home/cpansand/.cpan/build/2021041321/Net-Stomp-0.61-0/blib/lib/Net/Stomp.pm line 196.
Global symbol "$written" requires explicit package name at /home/cpansand/.cpan/build/2021041321/Net-Stomp-0.61-0/blib/lib/Net/Stomp.pm line 196.
Global symbol "$written" requires explicit package name at /home/cpansand/.cpan/build/2021041321/Net-Stomp-0.61-0/blib/lib/Net/Stomp.pm line 196.
Global symbol "$frame_string" requires explicit package name at /home/cpansand/.cpan/build/2021041321/Net-Stomp-0.61-0/blib/lib/Net/Stomp.pm line 196.
Global symbol "$written" requires explicit package name at /home/cpansand/.cpan/build/2021041321/Net-Stomp-0.61-0/blib/lib/Net/Stomp.pm line 196.
Global symbol "$timeout" requires explicit package name at /home/cpansand/.cpan/build/2021041321/Net-Stomp-0.61-0/blib/lib/Net/Stomp.pm line 196.
Global symbol "$timeout" requires explicit package name at /home/cpansand/.cpan/build/2021041321/Net-Stomp-0.61-0/blib/lib/Net/Stomp.pm line 196.
Global symbol "$len" requires explicit package name at /home/cpansand/.cpan/build/2021041321/Net-Stomp-0.61-0/blib/lib/Net/Stomp.pm line 196.
Global symbol "$len" requires explicit package name at /home/cpansand/.cpan/build/2021041321/Net-Stomp-0.61-0/blib/lib/Net/Stomp.pm line 196.
Global symbol "$len" requires explicit package name at /home/cpansand/.cpan/build/2021041321/Net-Stomp-0.61-0/blib/lib/Net/Stomp.pm line 196.
Global symbol "$len" requires explicit package name at /home/cpansand/.cpan/build/2021041321/Net-Stomp-0.61-0/blib/lib/Net/Stomp.pm line 196.
Global symbol "$len" requires explicit package name at /home/cpansand/.cpan/build/2021041321/Net-Stomp-0.61-0/blib/lib/Net/Stomp.pm line 196.
syntax error at /home/cpansand/.cpan/build/2021041321/Net-Stomp-0.61-0/blib/lib/Net/Stomp.pm line 453, near "[^"
  (Might be a runaway multi-line // string starting on line 196)
/home/cpansand/.cpan/build/2021041321/Net-Stomp-0.61-0/blib/lib/Net/Stomp.pm has too many errors.
Compilation failed in require at t/lib/TestHelp.pm line 10.
BEGIN failed--compilation aborted at t/lib/TestHelp.pm line 10.
Compilation failed in require at t/reconnect.t line 3.
BEGIN failed--compilation aborted at t/reconnect.t line 3.
t/reconnect.t ........... 
Dubious, test returned 9 (wstat 2304, 0x900)
No subtests run 
Global symbol "$sub" requires explicit package name at /home/cpansand/.cpan/build/2021041321/Net-Stomp-0.61-0/blib/lib/Net/Stomp.pm line 196.
Global symbol "$sub" requires explicit package name at /home/cpansand/.cpan/build/2021041321/Net-Stomp-0.61-0/blib/lib/Net/Stomp.pm line 196.
Global symbol "$timeout" requires explicit package name at /home/cpansand/.cpan/build/2021041321/Net-Stomp-0.61-0/blib/lib/Net/Stomp.pm line 196.
Global symbol "$timeout" requires explicit package name at /home/cpansand/.cpan/build/2021041321/Net-Stomp-0.61-0/blib/lib/Net/Stomp.pm line 196.
Global symbol "$body" requires explicit package name at /home/cpansand/.cpan/build/2021041321/Net-Stomp-0.61-0/blib/lib/Net/Stomp.pm line 196.
Global symbol "$body" requires explicit package name at /home/cpansand/.cpan/build/2021041321/Net-Stomp-0.61-0/blib/lib/Net/Stomp.pm line 196.
Global symbol "$receipt_id" requires explicit package name at /home/cpansand/.cpan/build/2021041321/Net-Stomp-0.61-0/blib/lib/Net/Stomp.pm line 196.
Global symbol "$receipt_id" requires explicit package name at /home/cpansand/.cpan/build/2021041321/Net-Stomp-0.61-0/blib/lib/Net/Stomp.pm line 196.
Global symbol "$receipt_id" requires explicit package name at /home/cpansand/.cpan/build/2021041321/Net-Stomp-0.61-0/blib/lib/Net/Stomp.pm line 196.
Global symbol "$receipt_timeout" requires explicit package name at /home/cpansand/.cpan/build/2021041321/Net-Stomp-0.61-0/blib/lib/Net/Stomp.pm line 196.
Global symbol "$receipt_frame" requires explicit package name at /home/cpansand/.cpan/build/2021041321/Net-Stomp-0.61-0/blib/lib/Net/Stomp.pm line 196.
Global symbol "$receipt_timeout" requires explicit package name at /home/cpansand/.cpan/build/2021041321/Net-Stomp-0.61-0/blib/lib/Net/Stomp.pm line 196.
Global symbol "$receipt_timeout" requires explicit package name at /home/cpansand/.cpan/build/2021041321/Net-Stomp-0.61-0/blib/lib/Net/Stomp.pm line 196.
Global symbol "$receipt_frame" requires explicit package name at /home/cpansand/.cpan/build/2021041321/Net-Stomp-0.61-0/blib/lib/Net/Stomp.pm line 196.
Global symbol "$receipt_frame" requires explicit package name at /home/cpansand/.cpan/build/2021041321/Net-Stomp-0.61-0/blib/lib/Net/Stomp.pm line 196.
Global symbol "$receipt_frame" requires explicit package name at /home/cpansand/.cpan/build/2021041321/Net-Stomp-0.61-0/blib/lib/Net/Stomp.pm line 196.
Global symbol "$receipt_frame" requires explicit package name at /home/cpansand/.cpan/build/2021041321/Net-Stomp-0.61-0/blib/lib/Net/Stomp.pm line 196.
Global symbol "$receipt_id" requires explicit package name at /home/cpansand/.cpan/build/2021041321/Net-Stomp-0.61-0/blib/lib/Net/Stomp.pm line 196.
Global symbol "$receipt_frame" requires explicit package name at /home/cpansand/.cpan/build/2021041321/Net-Stomp-0.61-0/blib/lib/Net/Stomp.pm line 196.
Global symbol "$receipt_frame" requires explicit package name at /home/cpansand/.cpan/build/2021041321/Net-Stomp-0.61-0/blib/lib/Net/Stomp.pm line 196.
Global symbol "$transaction_id" requires explicit package name at /home/cpansand/.cpan/build/2021041321/Net-Stomp-0.61-0/blib/lib/Net/Stomp.pm line 196.
Global symbol "$transaction_id" requires explicit package name at /home/cpansand/.cpan/build/2021041321/Net-Stomp-0.61-0/blib/lib/Net/Stomp.pm line 196.
Global symbol "$begin_frame" requires explicit package name at /home/cpansand/.cpan/build/2021041321/Net-Stomp-0.61-0/blib/lib/Net/Stomp.pm line 196.
Global symbol "$transaction_id" requires explicit package name at /home/cpansand/.cpan/build/2021041321/Net-Stomp-0.61-0/blib/lib/Net/Stomp.pm line 196.
Global symbol "$begin_frame" requires explicit package name at /home/cpansand/.cpan/build/2021041321/Net-Stomp-0.61-0/blib/lib/Net/Stomp.pm line 196.
Global symbol "$transaction_id" requires explicit package name at /home/cpansand/.cpan/build/2021041321/Net-Stomp-0.61-0/blib/lib/Net/Stomp.pm line 196.
Global symbol "$receipt_frame" requires explicit package name at /home/cpansand/.cpan/build/2021041321/Net-Stomp-0.61-0/blib/lib/Net/Stomp.pm line 196.
Global symbol "$ret" requires explicit package name at /home/cpansand/.cpan/build/2021041321/Net-Stomp-0.61-0/blib/lib/Net/Stomp.pm line 196.
Global symbol "$receipt_frame" requires explicit package name at /home/cpansand/.cpan/build/2021041321/Net-Stomp-0.61-0/blib/lib/Net/Stomp.pm line 196.
Global symbol "$receipt_frame" requires explicit package name at /home/cpansand/.cpan/build/2021041321/Net-Stomp-0.61-0/blib/lib/Net/Stomp.pm line 196.
Global symbol "$ret" requires explicit package name at /home/cpansand/.cpan/build/2021041321/Net-Stomp-0.61-0/blib/lib/Net/Stomp.pm line 196.
Global symbol "$transaction_id" requires explicit package name at /home/cpansand/.cpan/build/2021041321/Net-Stomp-0.61-0/blib/lib/Net/Stomp.pm line 196.
Global symbol "$frame_commit" requires explicit package name at /home/cpansand/.cpan/build/2021041321/Net-Stomp-0.61-0/blib/lib/Net/Stomp.pm line 196.
Global symbol "$transaction_id" requires explicit package name at /home/cpansand/.cpan/build/2021041321/Net-Stomp-0.61-0/blib/lib/Net/Stomp.pm line 196.
Global symbol "$frame_commit" requires explicit package name at /home/cpansand/.cpan/build/2021041321/Net-Stomp-0.61-0/blib/lib/Net/Stomp.pm line 196.
Global symbol "$transaction_id" requires explicit package name at /home/cpansand/.cpan/build/2021041321/Net-Stomp-0.61-0/blib/lib/Net/Stomp.pm line 196.
Global symbol "$frame_abort" requires explicit package name at /home/cpansand/.cpan/build/2021041321/Net-Stomp-0.61-0/blib/lib/Net/Stomp.pm line 196.
Global symbol "$transaction_id" requires explicit package name at /home/cpansand/.cpan/build/2021041321/Net-Stomp-0.61-0/blib/lib/Net/Stomp.pm line 196.
Global symbol "$frame_abort" requires explicit package name at /home/cpansand/.cpan/build/2021041321/Net-Stomp-0.61-0/blib/lib/Net/Stomp.pm line 196.
Global symbol "$ret" requires explicit package name at /home/cpansand/.cpan/build/2021041321/Net-Stomp-0.61-0/blib/lib/Net/Stomp.pm line 196.
Global symbol "$subs" requires explicit package name at /home/cpansand/.cpan/build/2021041321/Net-Stomp-0.61-0/blib/lib/Net/Stomp.pm line 196.
Global symbol "$subs" requires explicit package name at /home/cpansand/.cpan/build/2021041321/Net-Stomp-0.61-0/blib/lib/Net/Stomp.pm line 196.
Global symbol "$subs" requires explicit package name at /home/cpansand/.cpan/build/2021041321/Net-Stomp-0.61-0/blib/lib/Net/Stomp.pm line 196.
Global symbol "$subs" requires explicit package name at /home/cpansand/.cpan/build/2021041321/Net-Stomp-0.61-0/blib/lib/Net/Stomp.pm line 196.
Global symbol "$id" requires explicit package name at /home/cpansand/.cpan/build/2021041321/Net-Stomp-0.61-0/blib/lib/Net/Stomp.pm line 196.
Global symbol "$id" requires explicit package name at /home/cpansand/.cpan/build/2021041321/Net-Stomp-0.61-0/blib/lib/Net/Stomp.pm line 196.
Global symbol "$id" requires explicit package name at /home/cpansand/.cpan/build/2021041321/Net-Stomp-0.61-0/blib/lib/Net/Stomp.pm line 196.
Global symbol "$id" requires explicit package name at /home/cpansand/.cpan/build/2021041321/Net-Stomp-0.61-0/blib/lib/Net/Stomp.pm line 196.
Global symbol "$id" requires explicit package name at /home/cpansand/.cpan/build/2021041321/Net-Stomp-0.61-0/blib/lib/Net/Stomp.pm line 196.
Global symbol "$id" requires explicit package name at /home/cpansand/.cpan/build/2021041321/Net-Stomp-0.61-0/blib/lib/Net/Stomp.pm line 196.
Global symbol "$to_write" requires explicit package name at /home/cpansand/.cpan/build/2021041321/Net-Stomp-0.61-0/blib/lib/Net/Stomp.pm line 196.
Global symbol "$frame_string" requires explicit package name at /home/cpansand/.cpan/build/2021041321/Net-Stomp-0.61-0/blib/lib/Net/Stomp.pm line 196.
Global symbol "$written" requires explicit package name at /home/cpansand/.cpan/build/2021041321/Net-Stomp-0.61-0/blib/lib/Net/Stomp.pm line 196.
Global symbol "$to_write" requires explicit package name at /home/cpansand/.cpan/build/2021041321/Net-Stomp-0.61-0/blib/lib/Net/Stomp.pm line 196.
Global symbol "$written" requires explicit package name at /home/cpansand/.cpan/build/2021041321/Net-Stomp-0.61-0/blib/lib/Net/Stomp.pm line 196.
Global symbol "$to_write" requires explicit package name at /home/cpansand/.cpan/build/2021041321/Net-Stomp-0.61-0/blib/lib/Net/Stomp.pm line 196.
Global symbol "$written" requires explicit package name at /home/cpansand/.cpan/build/2021041321/Net-Stomp-0.61-0/blib/lib/Net/Stomp.pm line 196.
Global symbol "$to_write" requires explicit package name at /home/cpansand/.cpan/build/2021041321/Net-Stomp-0.61-0/blib/lib/Net/Stomp.pm line 196.
Global symbol "$written" requires explicit package name at /home/cpansand/.cpan/build/2021041321/Net-Stomp-0.61-0/blib/lib/Net/Stomp.pm line 196.
Global symbol "$written" requires explicit package name at /home/cpansand/.cpan/build/2021041321/Net-Stomp-0.61-0/blib/lib/Net/Stomp.pm line 196.
Global symbol "$frame_string" requires explicit package name at /home/cpansand/.cpan/build/2021041321/Net-Stomp-0.61-0/blib/lib/Net/Stomp.pm line 196.
Global symbol "$written" requires explicit package name at /home/cpansand/.cpan/build/2021041321/Net-Stomp-0.61-0/blib/lib/Net/Stomp.pm line 196.
Global symbol "$timeout" requires explicit package name at /home/cpansand/.cpan/build/2021041321/Net-Stomp-0.61-0/blib/lib/Net/Stomp.pm line 196.
Global symbol "$timeout" requires explicit package name at /home/cpansand/.cpan/build/2021041321/Net-Stomp-0.61-0/blib/lib/Net/Stomp.pm line 196.
Global symbol "$len" requires explicit package name at /home/cpansand/.cpan/build/2021041321/Net-Stomp-0.61-0/blib/lib/Net/Stomp.pm line 196.
Global symbol "$len" requires explicit package name at /home/cpansand/.cpan/build/2021041321/Net-Stomp-0.61-0/blib/lib/Net/Stomp.pm line 196.
Global symbol "$len" requires explicit package name at /home/cpansand/.cpan/build/2021041321/Net-Stomp-0.61-0/blib/lib/Net/Stomp.pm line 196.
Global symbol "$len" requires explicit package name at /home/cpansand/.cpan/build/2021041321/Net-Stomp-0.61-0/blib/lib/Net/Stomp.pm line 196.
Global symbol "$len" requires explicit package name at /home/cpansand/.cpan/build/2021041321/Net-Stomp-0.61-0/blib/lib/Net/Stomp.pm line 196.
syntax error at /home/cpansand/.cpan/build/2021041321/Net-Stomp-0.61-0/blib/lib/Net/Stomp.pm line 453, near "[^"
  (Might be a runaway multi-line // string starting on line 196)
/home/cpansand/.cpan/build/2021041321/Net-Stomp-0.61-0/blib/lib/Net/Stomp.pm has too many errors.
Compilation failed in require at t/lib/TestHelp.pm line 10.
BEGIN failed--compilation aborted at t/lib/TestHelp.pm line 10.
Compilation failed in require at t/send-transactional.t line 2.
BEGIN failed--compilation aborted at t/send-transactional.t line 2.
t/send-transactional.t .. 
Dubious, test returned 9 (wstat 2304, 0x900)
No subtests run 
Global symbol "$sub" requires explicit package name at /home/cpansand/.cpan/build/2021041321/Net-Stomp-0.61-0/blib/lib/Net/Stomp.pm line 196.
Global symbol "$sub" requires explicit package name at /home/cpansand/.cpan/build/2021041321/Net-Stomp-0.61-0/blib/lib/Net/Stomp.pm line 196.
Global symbol "$timeout" requires explicit package name at /home/cpansand/.cpan/build/2021041321/Net-Stomp-0.61-0/blib/lib/Net/Stomp.pm line 196.
Global symbol "$timeout" requires explicit package name at /home/cpansand/.cpan/build/2021041321/Net-Stomp-0.61-0/blib/lib/Net/Stomp.pm line 196.
Global symbol "$body" requires explicit package name at /home/cpansand/.cpan/build/2021041321/Net-Stomp-0.61-0/blib/lib/Net/Stomp.pm line 196.
Global symbol "$body" requires explicit package name at /home/cpansand/.cpan/build/2021041321/Net-Stomp-0.61-0/blib/lib/Net/Stomp.pm line 196.
Global symbol "$receipt_id" requires explicit package name at /home/cpansand/.cpan/build/2021041321/Net-Stomp-0.61-0/blib/lib/Net/Stomp.pm line 196.
Global symbol "$receipt_id" requires explicit package name at /home/cpansand/.cpan/build/2021041321/Net-Stomp-0.61-0/blib/lib/Net/Stomp.pm line 196.
Global symbol "$receipt_id" requires explicit package name at /home/cpansand/.cpan/build/2021041321/Net-Stomp-0.61-0/blib/lib/Net/Stomp.pm line 196.
Global symbol "$receipt_timeout" requires explicit package name at /home/cpansand/.cpan/build/2021041321/Net-Stomp-0.61-0/blib/lib/Net/Stomp.pm line 196.
Global symbol "$receipt_frame" requires explicit package name at /home/cpansand/.cpan/build/2021041321/Net-Stomp-0.61-0/blib/lib/Net/Stomp.pm line 196.
Global symbol "$receipt_timeout" requires explicit package name at /home/cpansand/.cpan/build/2021041321/Net-Stomp-0.61-0/blib/lib/Net/Stomp.pm line 196.
Global symbol "$receipt_timeout" requires explicit package name at /home/cpansand/.cpan/build/2021041321/Net-Stomp-0.61-0/blib/lib/Net/Stomp.pm line 196.
Global symbol "$receipt_frame" requires explicit package name at /home/cpansand/.cpan/build/2021041321/Net-Stomp-0.61-0/blib/lib/Net/Stomp.pm line 196.
Global symbol "$receipt_frame" requires explicit package name at /home/cpansand/.cpan/build/2021041321/Net-Stomp-0.61-0/blib/lib/Net/Stomp.pm line 196.
Global symbol "$receipt_frame" requires explicit package name at /home/cpansand/.cpan/build/2021041321/Net-Stomp-0.61-0/blib/lib/Net/Stomp.pm line 196.
Global symbol "$receipt_frame" requires explicit package name at /home/cpansand/.cpan/build/2021041321/Net-Stomp-0.61-0/blib/lib/Net/Stomp.pm line 196.
Global symbol "$receipt_id" requires explicit package name at /home/cpansand/.cpan/build/2021041321/Net-Stomp-0.61-0/blib/lib/Net/Stomp.pm line 196.
Global symbol "$receipt_frame" requires explicit package name at /home/cpansand/.cpan/build/2021041321/Net-Stomp-0.61-0/blib/lib/Net/Stomp.pm line 196.
Global symbol "$receipt_frame" requires explicit package name at /home/cpansand/.cpan/build/2021041321/Net-Stomp-0.61-0/blib/lib/Net/Stomp.pm line 196.
Global symbol "$transaction_id" requires explicit package name at /home/cpansand/.cpan/build/2021041321/Net-Stomp-0.61-0/blib/lib/Net/Stomp.pm line 196.
Global symbol "$transaction_id" requires explicit package name at /home/cpansand/.cpan/build/2021041321/Net-Stomp-0.61-0/blib/lib/Net/Stomp.pm line 196.
Global symbol "$begin_frame" requires explicit package name at /home/cpansand/.cpan/build/2021041321/Net-Stomp-0.61-0/blib/lib/Net/Stomp.pm line 196.
Global symbol "$transaction_id" requires explicit package name at /home/cpansand/.cpan/build/2021041321/Net-Stomp-0.61-0/blib/lib/Net/Stomp.pm line 196.
Global symbol "$begin_frame" requires explicit package name at /home/cpansand/.cpan/build/2021041321/Net-Stomp-0.61-0/blib/lib/Net/Stomp.pm line 196.
Global symbol "$transaction_id" requires explicit package name at /home/cpansand/.cpan/build/2021041321/Net-Stomp-0.61-0/blib/lib/Net/Stomp.pm line 196.
Global symbol "$receipt_frame" requires explicit package name at /home/cpansand/.cpan/build/2021041321/Net-Stomp-0.61-0/blib/lib/Net/Stomp.pm line 196.
Global symbol "$ret" requires explicit package name at /home/cpansand/.cpan/build/2021041321/Net-Stomp-0.61-0/blib/lib/Net/Stomp.pm line 196.
Global symbol "$receipt_frame" requires explicit package name at /home/cpansand/.cpan/build/2021041321/Net-Stomp-0.61-0/blib/lib/Net/Stomp.pm line 196.
Global symbol "$receipt_frame" requires explicit package name at /home/cpansand/.cpan/build/2021041321/Net-Stomp-0.61-0/blib/lib/Net/Stomp.pm line 196.
Global symbol "$ret" requires explicit package name at /home/cpansand/.cpan/build/2021041321/Net-Stomp-0.61-0/blib/lib/Net/Stomp.pm line 196.
Global symbol "$transaction_id" requires explicit package name at /home/cpansand/.cpan/build/2021041321/Net-Stomp-0.61-0/blib/lib/Net/Stomp.pm line 196.
Global symbol "$frame_commit" requires explicit package name at /home/cpansand/.cpan/build/2021041321/Net-Stomp-0.61-0/blib/lib/Net/Stomp.pm line 196.
Global symbol "$transaction_id" requires explicit package name at /home/cpansand/.cpan/build/2021041321/Net-Stomp-0.61-0/blib/lib/Net/Stomp.pm line 196.
Global symbol "$frame_commit" requires explicit package name at /home/cpansand/.cpan/build/2021041321/Net-Stomp-0.61-0/blib/lib/Net/Stomp.pm line 196.
Global symbol "$transaction_id" requires explicit package name at /home/cpansand/.cpan/build/2021041321/Net-Stomp-0.61-0/blib/lib/Net/Stomp.pm line 196.
Global symbol "$frame_abort" requires explicit package name at /home/cpansand/.cpan/build/2021041321/Net-Stomp-0.61-0/blib/lib/Net/Stomp.pm line 196.
Global symbol "$transaction_id" requires explicit package name at /home/cpansand/.cpan/build/2021041321/Net-Stomp-0.61-0/blib/lib/Net/Stomp.pm line 196.
Global symbol "$frame_abort" requires explicit package name at /home/cpansand/.cpan/build/2021041321/Net-Stomp-0.61-0/blib/lib/Net/Stomp.pm line 196.
Global symbol "$ret" requires explicit package name at /home/cpansand/.cpan/build/2021041321/Net-Stomp-0.61-0/blib/lib/Net/Stomp.pm line 196.
Global symbol "$subs" requires explicit package name at /home/cpansand/.cpan/build/2021041321/Net-Stomp-0.61-0/blib/lib/Net/Stomp.pm line 196.
Global symbol "$subs" requires explicit package name at /home/cpansand/.cpan/build/2021041321/Net-Stomp-0.61-0/blib/lib/Net/Stomp.pm line 196.
Global symbol "$subs" requires explicit package name at /home/cpansand/.cpan/build/2021041321/Net-Stomp-0.61-0/blib/lib/Net/Stomp.pm line 196.
Global symbol "$subs" requires explicit package name at /home/cpansand/.cpan/build/2021041321/Net-Stomp-0.61-0/blib/lib/Net/Stomp.pm line 196.
Global symbol "$id" requires explicit package name at /home/cpansand/.cpan/build/2021041321/Net-Stomp-0.61-0/blib/lib/Net/Stomp.pm line 196.
Global symbol "$id" requires explicit package name at /home/cpansand/.cpan/build/2021041321/Net-Stomp-0.61-0/blib/lib/Net/Stomp.pm line 196.
Global symbol "$id" requires explicit package name at /home/cpansand/.cpan/build/2021041321/Net-Stomp-0.61-0/blib/lib/Net/Stomp.pm line 196.
Global symbol "$id" requires explicit package name at /home/cpansand/.cpan/build/2021041321/Net-Stomp-0.61-0/blib/lib/Net/Stomp.pm line 196.
Global symbol "$id" requires explicit package name at /home/cpansand/.cpan/build/2021041321/Net-Stomp-0.61-0/blib/lib/Net/Stomp.pm line 196.
Global symbol "$id" requires explicit package name at /home/cpansand/.cpan/build/2021041321/Net-Stomp-0.61-0/blib/lib/Net/Stomp.pm line 196.
Global symbol "$to_write" requires explicit package name at /home/cpansand/.cpan/build/2021041321/Net-Stomp-0.61-0/blib/lib/Net/Stomp.pm line 196.
Global symbol "$frame_string" requires explicit package name at /home/cpansand/.cpan/build/2021041321/Net-Stomp-0.61-0/blib/lib/Net/Stomp.pm line 196.
Global symbol "$written" requires explicit package name at /home/cpansand/.cpan/build/2021041321/Net-Stomp-0.61-0/blib/lib/Net/Stomp.pm line 196.
Global symbol "$to_write" requires explicit package name at /home/cpansand/.cpan/build/2021041321/Net-Stomp-0.61-0/blib/lib/Net/Stomp.pm line 196.
Global symbol "$written" requires explicit package name at /home/cpansand/.cpan/build/2021041321/Net-Stomp-0.61-0/blib/lib/Net/Stomp.pm line 196.
Global symbol "$to_write" requires explicit package name at /home/cpansand/.cpan/build/2021041321/Net-Stomp-0.61-0/blib/lib/Net/Stomp.pm line 196.
Global symbol "$written" requires explicit package name at /home/cpansand/.cpan/build/2021041321/Net-Stomp-0.61-0/blib/lib/Net/Stomp.pm line 196.
Global symbol "$to_write" requires explicit package name at /home/cpansand/.cpan/build/2021041321/Net-Stomp-0.61-0/blib/lib/Net/Stomp.pm line 196.
Global symbol "$written" requires explicit package name at /home/cpansand/.cpan/build/2021041321/Net-Stomp-0.61-0/blib/lib/Net/Stomp.pm line 196.
Global symbol "$written" requires explicit package name at /home/cpansand/.cpan/build/2021041321/Net-Stomp-0.61-0/blib/lib/Net/Stomp.pm line 196.
Global symbol "$frame_string" requires explicit package name at /home/cpansand/.cpan/build/2021041321/Net-Stomp-0.61-0/blib/lib/Net/Stomp.pm line 196.
Global symbol "$written" requires explicit package name at /home/cpansand/.cpan/build/2021041321/Net-Stomp-0.61-0/blib/lib/Net/Stomp.pm line 196.
Global symbol "$timeout" requires explicit package name at /home/cpansand/.cpan/build/2021041321/Net-Stomp-0.61-0/blib/lib/Net/Stomp.pm line 196.
Global symbol "$timeout" requires explicit package name at /home/cpansand/.cpan/build/2021041321/Net-Stomp-0.61-0/blib/lib/Net/Stomp.pm line 196.
Global symbol "$len" requires explicit package name at /home/cpansand/.cpan/build/2021041321/Net-Stomp-0.61-0/blib/lib/Net/Stomp.pm line 196.
Global symbol "$len" requires explicit package name at /home/cpansand/.cpan/build/2021041321/Net-Stomp-0.61-0/blib/lib/Net/Stomp.pm line 196.
Global symbol "$len" requires explicit package name at /home/cpansand/.cpan/build/2021041321/Net-Stomp-0.61-0/blib/lib/Net/Stomp.pm line 196.
Global symbol "$len" requires explicit package name at /home/cpansand/.cpan/build/2021041321/Net-Stomp-0.61-0/blib/lib/Net/Stomp.pm line 196.
Global symbol "$len" requires explicit package name at /home/cpansand/.cpan/build/2021041321/Net-Stomp-0.61-0/blib/lib/Net/Stomp.pm line 196.
syntax error at /home/cpansand/.cpan/build/2021041321/Net-Stomp-0.61-0/blib/lib/Net/Stomp.pm line 453, near "[^"
  (Might be a runaway multi-line // string starting on line 196)
/home/cpansand/.cpan/build/2021041321/Net-Stomp-0.61-0/blib/lib/Net/Stomp.pm has too many errors.
Compilation failed in require at t/lib/TestHelp.pm line 10.
BEGIN failed--compilation aborted at t/lib/TestHelp.pm line 10.
Compilation failed in require at t/send-with-receipt.t line 2.
BEGIN failed--compilation aborted at t/send-with-receipt.t line 2.
t/send-with-receipt.t ... 
Dubious, test returned 9 (wstat 2304, 0x900)
No subtests run 
Global symbol "$sub" requires explicit package name at /home/cpansand/.cpan/build/2021041321/Net-Stomp-0.61-0/blib/lib/Net/Stomp.pm line 196.
Global symbol "$sub" requires explicit package name at /home/cpansand/.cpan/build/2021041321/Net-Stomp-0.61-0/blib/lib/Net/Stomp.pm line 196.
Global symbol "$timeout" requires explicit package name at /home/cpansand/.cpan/build/2021041321/Net-Stomp-0.61-0/blib/lib/Net/Stomp.pm line 196.
Global symbol "$timeout" requires explicit package name at /home/cpansand/.cpan/build/2021041321/Net-Stomp-0.61-0/blib/lib/Net/Stomp.pm line 196.
Global symbol "$body" requires explicit package name at /home/cpansand/.cpan/build/2021041321/Net-Stomp-0.61-0/blib/lib/Net/Stomp.pm line 196.
Global symbol "$body" requires explicit package name at /home/cpansand/.cpan/build/2021041321/Net-Stomp-0.61-0/blib/lib/Net/Stomp.pm line 196.
Global symbol "$receipt_id" requires explicit package name at /home/cpansand/.cpan/build/2021041321/Net-Stomp-0.61-0/blib/lib/Net/Stomp.pm line 196.
Global symbol "$receipt_id" requires explicit package name at /home/cpansand/.cpan/build/2021041321/Net-Stomp-0.61-0/blib/lib/Net/Stomp.pm line 196.
Global symbol "$receipt_id" requires explicit package name at /home/cpansand/.cpan/build/2021041321/Net-Stomp-0.61-0/blib/lib/Net/Stomp.pm line 196.
Global symbol "$receipt_timeout" requires explicit package name at /home/cpansand/.cpan/build/2021041321/Net-Stomp-0.61-0/blib/lib/Net/Stomp.pm line 196.
Global symbol "$receipt_frame" requires explicit package name at /home/cpansand/.cpan/build/2021041321/Net-Stomp-0.61-0/blib/lib/Net/Stomp.pm line 196.
Global symbol "$receipt_timeout" requires explicit package name at /home/cpansand/.cpan/build/2021041321/Net-Stomp-0.61-0/blib/lib/Net/Stomp.pm line 196.
Global symbol "$receipt_timeout" requires explicit package name at /home/cpansand/.cpan/build/2021041321/Net-Stomp-0.61-0/blib/lib/Net/Stomp.pm line 196.
Global symbol "$receipt_frame" requires explicit package name at /home/cpansand/.cpan/build/2021041321/Net-Stomp-0.61-0/blib/lib/Net/Stomp.pm line 196.
Global symbol "$receipt_frame" requires explicit package name at /home/cpansand/.cpan/build/2021041321/Net-Stomp-0.61-0/blib/lib/Net/Stomp.pm line 196.
Global symbol "$receipt_frame" requires explicit package name at /home/cpansand/.cpan/build/2021041321/Net-Stomp-0.61-0/blib/lib/Net/Stomp.pm line 196.
Global symbol "$receipt_frame" requires explicit package name at /home/cpansand/.cpan/build/2021041321/Net-Stomp-0.61-0/blib/lib/Net/Stomp.pm line 196.
Global symbol "$receipt_id" requires explicit package name at /home/cpansand/.cpan/build/2021041321/Net-Stomp-0.61-0/blib/lib/Net/Stomp.pm line 196.
Global symbol "$receipt_frame" requires explicit package name at /home/cpansand/.cpan/build/2021041321/Net-Stomp-0.61-0/blib/lib/Net/Stomp.pm line 196.
Global symbol "$receipt_frame" requires explicit package name at /home/cpansand/.cpan/build/2021041321/Net-Stomp-0.61-0/blib/lib/Net/Stomp.pm line 196.
Global symbol "$transaction_id" requires explicit package name at /home/cpansand/.cpan/build/2021041321/Net-Stomp-0.61-0/blib/lib/Net/Stomp.pm line 196.
Global symbol "$transaction_id" requires explicit package name at /home/cpansand/.cpan/build/2021041321/Net-Stomp-0.61-0/blib/lib/Net/Stomp.pm line 196.
Global symbol "$begin_frame" requires explicit package name at /home/cpansand/.cpan/build/2021041321/Net-Stomp-0.61-0/blib/lib/Net/Stomp.pm line 196.
Global symbol "$transaction_id" requires explicit package name at /home/cpansand/.cpan/build/2021041321/Net-Stomp-0.61-0/blib/lib/Net/Stomp.pm line 196.
Global symbol "$begin_frame" requires explicit package name at /home/cpansand/.cpan/build/2021041321/Net-Stomp-0.61-0/blib/lib/Net/Stomp.pm line 196.
Global symbol "$transaction_id" requires explicit package name at /home/cpansand/.cpan/build/2021041321/Net-Stomp-0.61-0/blib/lib/Net/Stomp.pm line 196.
Global symbol "$receipt_frame" requires explicit package name at /home/cpansand/.cpan/build/2021041321/Net-Stomp-0.61-0/blib/lib/Net/Stomp.pm line 196.
Global symbol "$ret" requires explicit package name at /home/cpansand/.cpan/build/2021041321/Net-Stomp-0.61-0/blib/lib/Net/Stomp.pm line 196.
Global symbol "$receipt_frame" requires explicit package name at /home/cpansand/.cpan/build/2021041321/Net-Stomp-0.61-0/blib/lib/Net/Stomp.pm line 196.
Global symbol "$receipt_frame" requires explicit package name at /home/cpansand/.cpan/build/2021041321/Net-Stomp-0.61-0/blib/lib/Net/Stomp.pm line 196.
Global symbol "$ret" requires explicit package name at /home/cpansand/.cpan/build/2021041321/Net-Stomp-0.61-0/blib/lib/Net/Stomp.pm line 196.
Global symbol "$transaction_id" requires explicit package name at /home/cpansand/.cpan/build/2021041321/Net-Stomp-0.61-0/blib/lib/Net/Stomp.pm line 196.
Global symbol "$frame_commit" requires explicit package name at /home/cpansand/.cpan/build/2021041321/Net-Stomp-0.61-0/blib/lib/Net/Stomp.pm line 196.
Global symbol "$transaction_id" requires explicit package name at /home/cpansand/.cpan/build/2021041321/Net-Stomp-0.61-0/blib/lib/Net/Stomp.pm line 196.
Global symbol "$frame_commit" requires explicit package name at /home/cpansand/.cpan/build/2021041321/Net-Stomp-0.61-0/blib/lib/Net/Stomp.pm line 196.
Global symbol "$transaction_id" requires explicit package name at /home/cpansand/.cpan/build/2021041321/Net-Stomp-0.61-0/blib/lib/Net/Stomp.pm line 196.
Global symbol "$frame_abort" requires explicit package name at /home/cpansand/.cpan/build/2021041321/Net-Stomp-0.61-0/blib/lib/Net/Stomp.pm line 196.
Global symbol "$transaction_id" requires explicit package name at /home/cpansand/.cpan/build/2021041321/Net-Stomp-0.61-0/blib/lib/Net/Stomp.pm line 196.
Global symbol "$frame_abort" requires explicit package name at /home/cpansand/.cpan/build/2021041321/Net-Stomp-0.61-0/blib/lib/Net/Stomp.pm line 196.
Global symbol "$ret" requires explicit package name at /home/cpansand/.cpan/build/2021041321/Net-Stomp-0.61-0/blib/lib/Net/Stomp.pm line 196.
Global symbol "$subs" requires explicit package name at /home/cpansand/.cpan/build/2021041321/Net-Stomp-0.61-0/blib/lib/Net/Stomp.pm line 196.
Global symbol "$subs" requires explicit package name at /home/cpansand/.cpan/build/2021041321/Net-Stomp-0.61-0/blib/lib/Net/Stomp.pm line 196.
Global symbol "$subs" requires explicit package name at /home/cpansand/.cpan/build/2021041321/Net-Stomp-0.61-0/blib/lib/Net/Stomp.pm line 196.
Global symbol "$subs" requires explicit package name at /home/cpansand/.cpan/build/2021041321/Net-Stomp-0.61-0/blib/lib/Net/Stomp.pm line 196.
Global symbol "$id" requires explicit package name at /home/cpansand/.cpan/build/2021041321/Net-Stomp-0.61-0/blib/lib/Net/Stomp.pm line 196.
Global symbol "$id" requires explicit package name at /home/cpansand/.cpan/build/2021041321/Net-Stomp-0.61-0/blib/lib/Net/Stomp.pm line 196.
Global symbol "$id" requires explicit package name at /home/cpansand/.cpan/build/2021041321/Net-Stomp-0.61-0/blib/lib/Net/Stomp.pm line 196.
Global symbol "$id" requires explicit package name at /home/cpansand/.cpan/build/2021041321/Net-Stomp-0.61-0/blib/lib/Net/Stomp.pm line 196.
Global symbol "$id" requires explicit package name at /home/cpansand/.cpan/build/2021041321/Net-Stomp-0.61-0/blib/lib/Net/Stomp.pm line 196.
Global symbol "$id" requires explicit package name at /home/cpansand/.cpan/build/2021041321/Net-Stomp-0.61-0/blib/lib/Net/Stomp.pm line 196.
Global symbol "$to_write" requires explicit package name at /home/cpansand/.cpan/build/2021041321/Net-Stomp-0.61-0/blib/lib/Net/Stomp.pm line 196.
Global symbol "$frame_string" requires explicit package name at /home/cpansand/.cpan/build/2021041321/Net-Stomp-0.61-0/blib/lib/Net/Stomp.pm line 196.
Global symbol "$written" requires explicit package name at /home/cpansand/.cpan/build/2021041321/Net-Stomp-0.61-0/blib/lib/Net/Stomp.pm line 196.
Global symbol "$to_write" requires explicit package name at /home/cpansand/.cpan/build/2021041321/Net-Stomp-0.61-0/blib/lib/Net/Stomp.pm line 196.
Global symbol "$written" requires explicit package name at /home/cpansand/.cpan/build/2021041321/Net-Stomp-0.61-0/blib/lib/Net/Stomp.pm line 196.
Global symbol "$to_write" requires explicit package name at /home/cpansand/.cpan/build/2021041321/Net-Stomp-0.61-0/blib/lib/Net/Stomp.pm line 196.
Global symbol "$written" requires explicit package name at /home/cpansand/.cpan/build/2021041321/Net-Stomp-0.61-0/blib/lib/Net/Stomp.pm line 196.
Global symbol "$to_write" requires explicit package name at /home/cpansand/.cpan/build/2021041321/Net-Stomp-0.61-0/blib/lib/Net/Stomp.pm line 196.
Global symbol "$written" requires explicit package name at /home/cpansand/.cpan/build/2021041321/Net-Stomp-0.61-0/blib/lib/Net/Stomp.pm line 196.
Global symbol "$written" requires explicit package name at /home/cpansand/.cpan/build/2021041321/Net-Stomp-0.61-0/blib/lib/Net/Stomp.pm line 196.
Global symbol "$frame_string" requires explicit package name at /home/cpansand/.cpan/build/2021041321/Net-Stomp-0.61-0/blib/lib/Net/Stomp.pm line 196.
Global symbol "$written" requires explicit package name at /home/cpansand/.cpan/build/2021041321/Net-Stomp-0.61-0/blib/lib/Net/Stomp.pm line 196.
Global symbol "$timeout" requires explicit package name at /home/cpansand/.cpan/build/2021041321/Net-Stomp-0.61-0/blib/lib/Net/Stomp.pm line 196.
Global symbol "$timeout" requires explicit package name at /home/cpansand/.cpan/build/2021041321/Net-Stomp-0.61-0/blib/lib/Net/Stomp.pm line 196.
Global symbol "$len" requires explicit package name at /home/cpansand/.cpan/build/2021041321/Net-Stomp-0.61-0/blib/lib/Net/Stomp.pm line 196.
Global symbol "$len" requires explicit package name at /home/cpansand/.cpan/build/2021041321/Net-Stomp-0.61-0/blib/lib/Net/Stomp.pm line 196.
Global symbol "$len" requires explicit package name at /home/cpansand/.cpan/build/2021041321/Net-Stomp-0.61-0/blib/lib/Net/Stomp.pm line 196.
Global symbol "$len" requires explicit package name at /home/cpansand/.cpan/build/2021041321/Net-Stomp-0.61-0/blib/lib/Net/Stomp.pm line 196.
Global symbol "$len" requires explicit package name at /home/cpansand/.cpan/build/2021041321/Net-Stomp-0.61-0/blib/lib/Net/Stomp.pm line 196.
syntax error at /home/cpansand/.cpan/build/2021041321/Net-Stomp-0.61-0/blib/lib/Net/Stomp.pm line 453, near "[^"
  (Might be a runaway multi-line // string starting on line 196)
/home/cpansand/.cpan/build/2021041321/Net-Stomp-0.61-0/blib/lib/Net/Stomp.pm has too many errors.
Compilation failed in require at t/lib/TestHelp.pm line 10.
BEGIN failed--compilation aborted at t/lib/TestHelp.pm line 10.
Compilation failed in require at t/sending-frames.t line 2.
BEGIN failed--compilation aborted at t/sending-frames.t line 2.
t/sending-frames.t ...... 
Dubious, test returned 9 (wstat 2304, 0x900)
No subtests run 

Test Summary Report
-------------------
t/connect-disconnect.t (Wstat: 2304 Tests: 0 Failed: 0)
  Non-zero exit status: 9
  Parse errors: No plan found in TAP output
t/constructor.t       (Wstat: 2304 Tests: 0 Failed: 0)
  Non-zero exit status: 9
  Parse errors: No plan found in TAP output
t/failover.t          (Wstat: 2304 Tests: 0 Failed: 0)
  Non-zero exit status: 9
  Parse errors: No plan found in TAP output
t/frame-accessors.t   (Wstat: 2304 Tests: 0 Failed: 0)
  Non-zero exit status: 9
  Parse errors: No plan found in TAP output
t/initial-connect.t   (Wstat: 2304 Tests: 0 Failed: 0)
  Non-zero exit status: 9
  Parse errors: No plan found in TAP output
t/pod_coverage.t      (Wstat: 256 Tests: 3 Failed: 1)
  Failed test:  1
  Non-zero exit status: 1
t/read-timeout.t      (Wstat: 2304 Tests: 0 Failed: 0)
  Non-zero exit status: 9
  Parse errors: No plan found in TAP output
t/receiving-frames.t  (Wstat: 2304 Tests: 0 Failed: 0)
  Non-zero exit status: 9
  Parse errors: No plan found in TAP output
t/reconnect.t         (Wstat: 2304 Tests: 0 Failed: 0)
  Non-zero exit status: 9
  Parse errors: No plan found in TAP output
t/send-transactional.t (Wstat: 2304 Tests: 0 Failed: 0)
  Non-zero exit status: 9
  Parse errors: No plan found in TAP output
t/send-with-receipt.t (Wstat: 2304 Tests: 0 Failed: 0)
  Non-zero exit status: 9
  Parse errors: No plan found in TAP output
t/sending-frames.t    (Wstat: 2304 Tests: 0 Failed: 0)
  Non-zero exit status: 9
  Parse errors: No plan found in TAP output
Files=13, Tests=6,  1 wallclock secs ( 0.04 usr  0.09 sys +  0.26 cusr  0.09 csys =  0.48 CPU)
Result: FAIL
Failed 12/13 test programs. 1/6 subtests failed.

------------------------------
PREREQUISITES
------------------------------

Prerequisite modules loaded:

requires:

    Module                 Need     Have    
    ---------------------- -------- --------
    Class::Accessor::Fast  0        0.51    
    IO::Select             0        1.45    
    IO::Socket::INET       0        1.45    
    Log::Any               1.707    1.709   

build_requires:

    Module                 Need     Have    
    ---------------------- -------- --------
    Log::Any::Adapter::TAP 0.003003 0.003003
    Test::Deep             0        1.130   
    Test::Fatal            0        0.016   
    Test::More             0        1.302183
    Test::NiceDump         v1.0.0   1.0.1   

configure_requires:

    Module                 Need     Have    
    ---------------------- -------- --------
    Module::Build          0.42     0.4231  


------------------------------
ENVIRONMENT AND OTHER CONTEXT
------------------------------

Environment variables:

    LANG = C
    PATH = /usr/local/bin:/usr/bin:/bin:/usr/local/sbin:/usr/sbin:/sbin:/home/cpansand/bin/linux-gnu:/home/cpansand/bin/sh:/home/cpansand/bin:/usr/games:/home/cpansand/devel:/home/eserte/src/srezic-misc/scripts
    PERL5LIB = 
    PERL5OPT = 
    PERL5_CPANPLUS_IS_RUNNING = 12005
    PERL5_CPAN_IS_RUNNING = 12005
    PERL5_CPAN_IS_RUNNING_IN_RECURSION = 11908,12005
    PERLDOC = -MPod::Perldoc::ToTextOverstrike
    PERL_BATCH = yes
    PERL_CANARY_STABILITY_NOPROMPT = 1
    PERL_CPAN_REPORTER_CONFIG = /var/tmp/cpansmoker-1023/2021041321/cpanreporter_000_config.ini
    PERL_EXTUTILS_AUTOINSTALL = --defaultdeps
    PERL_USE_UNSAFE_INC = 1
    SHELL = /usr/bin/zsh
    TERM = screen
    TMPDIR = /var/tmp/cpansmoker-1023/2021041321

Perl special variables (and OS-specific diagnostics, for MSWin32):

    $^X = /opt/perl-5.8.9/bin/perl
    $UID/$EUID = 1023 / 1023
    $GID = 1023 1023
    $EGID = 1023 1023

Perl module toolchain versions installed:

    Module              Have    
    ------------------- --------
    CPAN                2.28    
    CPAN::Meta          2.150010
    Cwd                 3.75    
    ExtUtils::CBuilder  0.280236
    ExtUtils::Command   7.62    
    ExtUtils::Install   2.20    
    ExtUtils::MakeMaker 7.62    
    ExtUtils::Manifest  1.73    
    ExtUtils::ParseXS   3.35    
    File::Spec          3.75    
    JSON                4.03    
    JSON::PP            4.06    
    Module::Build       0.4231  
    Module::Signature   0.87    
    Parse::CPAN::Meta   2.150010
    Test::Harness       3.42    
    Test::More          1.302183
    YAML                1.30    
    YAML::Syck          1.34    
    version             0.9928  


--

Summary of my perl5 (revision 5 version 8 subversion 9) configuration:
  Platform:
    osname=linux, osvers=4.9.0-9-amd64, archname=x86_64-linux
    uname='linux debian9 4.9.0-9-amd64 #1 smp debian 4.9.168-1+deb9u5 (2019-08-11) x86_64 gnulinux '
    config_args='-ds -e -Dprefix=/opt/perl-5.8.9 -Dcf_email=srezic@cpan.org'
    hint=recommended, useposix=true, d_sigaction=define
    usethreads=undef use5005threads=undef useithreads=undef usemultiplicity=undef
    useperlio=define d_sfio=undef uselargefiles=define usesocks=undef
    use64bitint=define use64bitall=define uselongdouble=undef
    usemymalloc=n, bincompat5005=undef
  Compiler:
    cc='cc', ccflags ='-fwrapv -fno-strict-aliasing -pipe -I/usr/local/include -D_LARGEFILE_SOURCE -D_FILE_OFFSET_BITS=64',
    optimize='-O2',
    cppflags='-fwrapv -fno-strict-aliasing -pipe -I/usr/local/include'
    ccversion='', gccversion='6.3.0 20170516', gccosandvers=''
    intsize=4, longsize=8, ptrsize=8, doublesize=8, byteorder=12345678
    d_longlong=define, longlongsize=8, d_longdbl=define, longdblsize=16
    ivtype='long', ivsize=8, nvtype='double', nvsize=8, Off_t='off_t', lseeksize=8
    alignbytes=8, prototype=define
  Linker and Libraries:
    ld='cc', ldflags =' -L/usr/local/lib'
    libpth=/usr/local/lib /lib/x86_64-linux-gnu /lib/../lib /usr/lib/x86_64-linux-gnu /usr/lib/../lib /lib /usr/lib
    libs=-lnsl -lgdbm -ldb -ldl -lm -lcrypt -lutil -lc -lgdbm_compat
    perllibs=-lnsl -ldl -lm -lcrypt -lutil -lc -lgdbm_compat
    libc=libc-2.24.so, so=so, useshrplib=false, libperl=libperl.a
    gnulibc_version='2.24'
  Dynamic Linking:
    dlsrc=dl_dlopen.xs, dlext=so, d_dlsymun=undef, ccdlflags='-Wl,-E'
    cccdlflags='-fPIC', lddlflags='-shared -O2 -L/usr/local/lib'


Characteristics of this binary (from libperl): 
  Compile-time options: PERL_MALLOC_WRAP USE_64_BIT_ALL USE_64_BIT_INT
                        USE_FAST_STDIO USE_LARGE_FILES USE_PERLIO
  Locally applied patches:
	Devel::PatchPerl 1.90
  Built under linux
  Compiled at Mar 31 2020 18:41:46
  %ENV:
    PERL5LIB=""
    PERL5OPT=""
    PERL5_CPANPLUS_IS_RUNNING="12005"
    PERL5_CPAN_IS_RUNNING="12005"
    PERL5_CPAN_IS_RUNNING_IN_RECURSION="11908,12005"
    PERLDOC="-MPod::Perldoc::ToTextOverstrike"
    PERL_BATCH="yes"
    PERL_CANARY_STABILITY_NOPROMPT="1"
    PERL_CPAN_REPORTER_CONFIG="/var/tmp/cpansmoker-1023/2021041321/cpanreporter_000_config.ini"
    PERL_EXTUTILS_AUTOINSTALL="--defaultdeps"
    PERL_USE_UNSAFE_INC="1"
  @INC:
    /opt/perl-5.8.9/lib/5.8.9/x86_64-linux
    /opt/perl-5.8.9/lib/5.8.9
    /opt/perl-5.8.9/lib/site_perl/5.8.9/x86_64-linux
    /opt/perl-5.8.9/lib/site_perl/5.8.9
    .