App-perlimports v0.000050 Perl 5 v5.37.12 x86_64-linux

Status
Fail
From
Dist
App-perlimports v0.000050
Platform
Perl 5 v5.37.12 x86_64-linux
Date
2023-06-01 11:34:33
ID
47f5f5a8-0070-11ee-b1a5-f6278447a13b
This distribution has been tested as part of the CPAN Testers
project, supporting the Perl programming language.  See
http://wiki.cpantesters.org/ for more information or email
questions to cpan-testers-discuss@perl.org


--
Dear Olaf Alders,

This is a computer-generated report for App-perlimports-0.000050
on perl 5.37.12, created by CPAN-Reporter-1.2019.

Thank you for uploading your work to CPAN.  However, there was a problem
testing your distribution.

If you think this report is invalid, please consult the CPAN Testers Wiki
for suggestions on how to avoid getting FAIL reports for missing library
or binary dependencies, unsupported operating systems, and so on:

http://wiki.cpantesters.org/wiki/CPANAuthorNotes

Sections of this report:

    * Tester comments
    * Program output
    * Prerequisites
    * Environment and other context

------------------------------
TESTER COMMENTS
------------------------------

Additional comments from tester:

none provided

------------------------------
PROGRAM OUTPUT
------------------------------

Output from '/usr/bin/make test':

PERL_DL_NONLAZY=1 "/home/jkeenan/testing/blead/bin/perl" "-MExtUtils::Command::MM" "-MTest::Harness" "-e" "undef *Test::Harness::Switches; test_harness(0, 'blib/lib', 'blib/arch')" t/*.t t/ExportInspector/*.t t/cpan-modules/*.t
# 
# Versions for all modules listed in MYMETA.json (including optional ones):
# 
# === Configure Requires ===
# 
#     Module                 Want     Have
#     ------------------- ------- --------
#     ExtUtils::MakeMaker     any     7.70
#     perl                v5.10.0 5.037012
# 
# === Build Requires ===
# 
#     Module              Want Have
#     ------------------- ---- ----
#     ExtUtils::MakeMaker  any 7.70
# 
# === Test Requires ===
# 
#     Module                    Want     Have
#     ---------------------- ------- --------
#     ExtUtils::MakeMaker        any     7.70
#     File::Spec                 any     3.88
#     File::pushd                any    1.016
#     Log::Dispatch::Array       any    1.005
#     PPI::Dumper                any    1.276
#     Sub::Exporter              any    0.989
#     Test::Differences          any     0.69
#     Test::Fatal                any    0.017
#     Test::More                 any 1.302194
#     Test::Needs                any 0.002010
#     Test::RequiresInternet     any     0.05
#     Test::Script              1.29     1.29
#     Test::Warnings             any    0.031
#     lib                        any     0.65
#     perl                   v5.18.0 5.037012
# 
# === Test Recommends ===
# 
#     Module         Want     Have
#     ---------- -------- --------
#     CPAN::Meta 2.120900 2.150010
# 
# === Runtime Requires ===
# 
#     Module                           Want     Have
#     ---------------------------- -------- --------
#     Capture::Tiny                     any     0.48
#     Class::Inspector                 1.36     1.36
#     Cpanel::JSON::XS                  any     4.36
#     Data::Dumper                      any    2.188
#     Data::UUID                        any    1.226
#     File::Basename                    any     2.86
#     File::XDG                        1.01     1.02
#     Getopt::Long::Descriptive         any    0.111
#     List::Util                        any     1.63
#     Log::Dispatch                    2.70     2.71
#     Memoize                           any     1.16
#     Module::Runtime                   any    0.016
#     Moo                               any 2.005005
#     Moo::Role                         any 2.005005
#     MooX::StrictConstructor           any    0.011
#     PPI                             1.276    1.276
#     PPI::Document                     any    1.276
#     PPIx::Utils::Classification       any    0.003
#     Path::Iterator::Rule              any    1.015
#     Path::Tiny                        any    0.144
#     Perl::Tidy                   20220613 20230309
#     Pod::Usage                        any     2.03
#     Ref::Util                         any    0.204
#     Sereal::Decoder                   any    5.004
#     Sereal::Encoder                   any    5.004
#     Sub::HandlesVia                   any 0.050000
#     Symbol::Get                      0.10     0.10
#     TOML::Tiny                        any     0.15
#     Text::Diff                        any     1.45
#     Text::SimpleTable::AutoWidth      any     0.09
#     Try::Tiny                         any     0.31
#     Types::Standard                   any 2.004000
#     feature                           any     1.82
#     perl                         5.018000 5.037012
#     strict                            any     1.12
#     utf8                              any     1.25
#     warnings                          any     1.64
# 
t/00-report-prereqs.t ............ ok
t/after.t ........................ skipped: Need List::AllUtils
t/annotations.t .................. ok
t/args-in-import.t ............... ok
t/builtin.t ...................... ok
t/carp.t ......................... ok
t/cast-in-regex.t ................ ok
t/cast.t ......................... ok
t/cli-args.t ..................... ok
t/cli.t .......................... ok
t/config-in-import.t ............. ok
when is deprecated at /home/jkeenan/testing/blead/lib/perl5/site_perl/5.37.12/TOML/Tiny/Util.pm line 25.
when is deprecated at /home/jkeenan/testing/blead/lib/perl5/site_perl/5.37.12/TOML/Tiny/Util.pm line 26.
when is deprecated at /home/jkeenan/testing/blead/lib/perl5/site_perl/5.37.12/TOML/Tiny/Util.pm line 29.
when is deprecated at /home/jkeenan/testing/blead/lib/perl5/site_perl/5.37.12/TOML/Tiny/Util.pm line 30.
when is deprecated at /home/jkeenan/testing/blead/lib/perl5/site_perl/5.37.12/TOML/Tiny/Util.pm line 31.
when is deprecated at /home/jkeenan/testing/blead/lib/perl5/site_perl/5.37.12/TOML/Tiny/Util.pm line 33.
when is deprecated at /home/jkeenan/testing/blead/lib/perl5/site_perl/5.37.12/TOML/Tiny/Util.pm line 35.
when is deprecated at /home/jkeenan/testing/blead/lib/perl5/site_perl/5.37.12/TOML/Tiny/Util.pm line 36.
when is deprecated at /home/jkeenan/testing/blead/lib/perl5/site_perl/5.37.12/TOML/Tiny/Util.pm line 37.
when is deprecated at /home/jkeenan/testing/blead/lib/perl5/site_perl/5.37.12/TOML/Tiny/Util.pm line 38.
when is deprecated at /home/jkeenan/testing/blead/lib/perl5/site_perl/5.37.12/TOML/Tiny/Parser.pm line 150.
when is deprecated at /home/jkeenan/testing/blead/lib/perl5/site_perl/5.37.12/TOML/Tiny/Parser.pm line 157.
when is deprecated at /home/jkeenan/testing/blead/lib/perl5/site_perl/5.37.12/TOML/Tiny/Parser.pm line 165.
when is deprecated at /home/jkeenan/testing/blead/lib/perl5/site_perl/5.37.12/TOML/Tiny/Parser.pm line 204.
when is deprecated at /home/jkeenan/testing/blead/lib/perl5/site_perl/5.37.12/TOML/Tiny/Parser.pm line 205.
when is deprecated at /home/jkeenan/testing/blead/lib/perl5/site_perl/5.37.12/TOML/Tiny/Parser.pm line 232.
when is deprecated at /home/jkeenan/testing/blead/lib/perl5/site_perl/5.37.12/TOML/Tiny/Parser.pm line 234.
when is deprecated at /home/jkeenan/testing/blead/lib/perl5/site_perl/5.37.12/TOML/Tiny/Parser.pm line 247.
when is deprecated at /home/jkeenan/testing/blead/lib/perl5/site_perl/5.37.12/TOML/Tiny/Parser.pm line 253.
when is deprecated at /home/jkeenan/testing/blead/lib/perl5/site_perl/5.37.12/TOML/Tiny/Parser.pm line 282.
when is deprecated at /home/jkeenan/testing/blead/lib/perl5/site_perl/5.37.12/TOML/Tiny/Parser.pm line 284.
when is deprecated at /home/jkeenan/testing/blead/lib/perl5/site_perl/5.37.12/TOML/Tiny/Parser.pm line 291.
when is deprecated at /home/jkeenan/testing/blead/lib/perl5/site_perl/5.37.12/TOML/Tiny/Parser.pm line 297.
when is deprecated at /home/jkeenan/testing/blead/lib/perl5/site_perl/5.37.12/TOML/Tiny/Parser.pm line 322.
when is deprecated at /home/jkeenan/testing/blead/lib/perl5/site_perl/5.37.12/TOML/Tiny/Parser.pm line 323.
when is deprecated at /home/jkeenan/testing/blead/lib/perl5/site_perl/5.37.12/TOML/Tiny/Parser.pm line 324.
when is deprecated at /home/jkeenan/testing/blead/lib/perl5/site_perl/5.37.12/TOML/Tiny/Parser.pm line 325.
when is deprecated at /home/jkeenan/testing/blead/lib/perl5/site_perl/5.37.12/TOML/Tiny/Parser.pm line 326.
when is deprecated at /home/jkeenan/testing/blead/lib/perl5/site_perl/5.37.12/TOML/Tiny/Parser.pm line 327.
when is deprecated at /home/jkeenan/testing/blead/lib/perl5/site_perl/5.37.12/TOML/Tiny/Parser.pm line 328.
when is deprecated at /home/jkeenan/testing/blead/lib/perl5/site_perl/5.37.12/TOML/Tiny/Parser.pm line 371.
when is deprecated at /home/jkeenan/testing/blead/lib/perl5/site_perl/5.37.12/TOML/Tiny/Parser.pm line 376.
when is deprecated at /home/jkeenan/testing/blead/lib/perl5/site_perl/5.37.12/TOML/Tiny/Parser.pm line 377.
when is deprecated at /home/jkeenan/testing/blead/lib/perl5/site_perl/5.37.12/TOML/Tiny/Parser.pm line 401.
when is deprecated at /home/jkeenan/testing/blead/lib/perl5/site_perl/5.37.12/TOML/Tiny/Parser.pm line 409.
when is deprecated at /home/jkeenan/testing/blead/lib/perl5/site_perl/5.37.12/TOML/Tiny/Parser.pm line 431.
when is deprecated at /home/jkeenan/testing/blead/lib/perl5/site_perl/5.37.12/TOML/Tiny/Tokenizer.pm line 73.
when is deprecated at /home/jkeenan/testing/blead/lib/perl5/site_perl/5.37.12/TOML/Tiny/Tokenizer.pm line 75.
when is deprecated at /home/jkeenan/testing/blead/lib/perl5/site_perl/5.37.12/TOML/Tiny/Tokenizer.pm line 81.
when is deprecated at /home/jkeenan/testing/blead/lib/perl5/site_perl/5.37.12/TOML/Tiny/Tokenizer.pm line 86.
when is deprecated at /home/jkeenan/testing/blead/lib/perl5/site_perl/5.37.12/TOML/Tiny/Tokenizer.pm line 92.
when is deprecated at /home/jkeenan/testing/blead/lib/perl5/site_perl/5.37.12/TOML/Tiny/Tokenizer.pm line 97.
when is deprecated at /home/jkeenan/testing/blead/lib/perl5/site_perl/5.37.12/TOML/Tiny/Tokenizer.pm line 102.
when is deprecated at /home/jkeenan/testing/blead/lib/perl5/site_perl/5.37.12/TOML/Tiny/Tokenizer.pm line 107.
when is deprecated at /home/jkeenan/testing/blead/lib/perl5/site_perl/5.37.12/TOML/Tiny/Tokenizer.pm line 112.
when is deprecated at /home/jkeenan/testing/blead/lib/perl5/site_perl/5.37.12/TOML/Tiny/Tokenizer.pm line 117.
when is deprecated at /home/jkeenan/testing/blead/lib/perl5/site_perl/5.37.12/TOML/Tiny/Writer.pm line 20.
when is deprecated at /home/jkeenan/testing/blead/lib/perl5/site_perl/5.37.12/TOML/Tiny/Writer.pm line 24.
when is deprecated at /home/jkeenan/testing/blead/lib/perl5/site_perl/5.37.12/TOML/Tiny/Writer.pm line 28.
when is deprecated at /home/jkeenan/testing/blead/lib/perl5/site_perl/5.37.12/TOML/Tiny/Writer.pm line 38.
when is deprecated at /home/jkeenan/testing/blead/lib/perl5/site_perl/5.37.12/TOML/Tiny/Writer.pm line 42.
when is deprecated at /home/jkeenan/testing/blead/lib/perl5/site_perl/5.37.12/TOML/Tiny/Writer.pm line 46.
when is deprecated at /home/jkeenan/testing/blead/lib/perl5/site_perl/5.37.12/TOML/Tiny/Writer.pm line 50.
when is deprecated at /home/jkeenan/testing/blead/lib/perl5/site_perl/5.37.12/TOML/Tiny/Writer.pm line 54.
when is deprecated at /home/jkeenan/testing/blead/lib/perl5/site_perl/5.37.12/TOML/Tiny/Writer.pm line 62.
t/Config.t ....................... ok
t/cpan-modules/pithub.t .......... skipped: Need Pithub
t/cpan-modules/test2-v0.t ........ ok
t/datetime.t ..................... ok
t/do-block.t ..................... ok
t/Document.t ..................... ok
t/dump-perl-exports.t ............ ok
t/dupes.t ........................ ok
t/english.t ...................... ok
t/explodes.t ..................... ok
t/export-tags.t .................. ok
t/exported-variables.t ........... ok
t/ExportInspector/load.t ......... ok
t/ExportInspector/SubExporter.t .. skipped: Need MetaCPAN::Moose
t/find-bin.t ..................... ok
t/fully-qualified.t .............. ok
t/func-in-use.t .................. ok
t/func-in-var.t .................. ok
t/geo-ip.t ....................... skipped: Need Geo::IP
t/hash-in-regex.t ................ ok
t/hash-key.t ..................... ok
t/heredoc.t ...................... ok
t/ignored-modules.t .............. skipped: Need Geo::IP
t/import-error.t ................. ok
t/interpolation.t ................ ok
t/is-ignored.t ................... ok
t/lookalike-words.t .............. ok
t/memoize.t ...................... skipped: Need MooseX::Types::UUID, UUID
t/meta.t ......................... ok
t/method.t ....................... ok
t/missing-semicolon-in-import.t .. ok
t/module-with-inner-packages.t ... ok
t/moo.t .......................... ok
t/moose-types.t .................. ok
t/moose.t ........................ ok
t/moosex-types-moose.t ........... ok
t/nested-quotes.t ................ ok
t/never-exports.t ................ ok
t/original-imports.t ............. ok
t/padding.t ...................... ok
t/perl-imports.t ................. ok
t/perl.t ......................... ok
when is deprecated at /home/jkeenan/testing/blead/lib/perl5/site_perl/5.37.12/TOML/Tiny/Util.pm line 25.
when is deprecated at /home/jkeenan/testing/blead/lib/perl5/site_perl/5.37.12/TOML/Tiny/Util.pm line 26.
when is deprecated at /home/jkeenan/testing/blead/lib/perl5/site_perl/5.37.12/TOML/Tiny/Util.pm line 29.
when is deprecated at /home/jkeenan/testing/blead/lib/perl5/site_perl/5.37.12/TOML/Tiny/Util.pm line 30.
when is deprecated at /home/jkeenan/testing/blead/lib/perl5/site_perl/5.37.12/TOML/Tiny/Util.pm line 31.
when is deprecated at /home/jkeenan/testing/blead/lib/perl5/site_perl/5.37.12/TOML/Tiny/Util.pm line 33.
when is deprecated at /home/jkeenan/testing/blead/lib/perl5/site_perl/5.37.12/TOML/Tiny/Util.pm line 35.
when is deprecated at /home/jkeenan/testing/blead/lib/perl5/site_perl/5.37.12/TOML/Tiny/Util.pm line 36.
when is deprecated at /home/jkeenan/testing/blead/lib/perl5/site_perl/5.37.12/TOML/Tiny/Util.pm line 37.
when is deprecated at /home/jkeenan/testing/blead/lib/perl5/site_perl/5.37.12/TOML/Tiny/Util.pm line 38.
when is deprecated at /home/jkeenan/testing/blead/lib/perl5/site_perl/5.37.12/TOML/Tiny/Parser.pm line 150.
when is deprecated at /home/jkeenan/testing/blead/lib/perl5/site_perl/5.37.12/TOML/Tiny/Parser.pm line 157.
when is deprecated at /home/jkeenan/testing/blead/lib/perl5/site_perl/5.37.12/TOML/Tiny/Parser.pm line 165.
when is deprecated at /home/jkeenan/testing/blead/lib/perl5/site_perl/5.37.12/TOML/Tiny/Parser.pm line 204.
when is deprecated at /home/jkeenan/testing/blead/lib/perl5/site_perl/5.37.12/TOML/Tiny/Parser.pm line 205.
when is deprecated at /home/jkeenan/testing/blead/lib/perl5/site_perl/5.37.12/TOML/Tiny/Parser.pm line 232.
when is deprecated at /home/jkeenan/testing/blead/lib/perl5/site_perl/5.37.12/TOML/Tiny/Parser.pm line 234.
when is deprecated at /home/jkeenan/testing/blead/lib/perl5/site_perl/5.37.12/TOML/Tiny/Parser.pm line 247.
when is deprecated at /home/jkeenan/testing/blead/lib/perl5/site_perl/5.37.12/TOML/Tiny/Parser.pm line 253.
when is deprecated at /home/jkeenan/testing/blead/lib/perl5/site_perl/5.37.12/TOML/Tiny/Parser.pm line 282.
when is deprecated at /home/jkeenan/testing/blead/lib/perl5/site_perl/5.37.12/TOML/Tiny/Parser.pm line 284.
when is deprecated at /home/jkeenan/testing/blead/lib/perl5/site_perl/5.37.12/TOML/Tiny/Parser.pm line 291.
when is deprecated at /home/jkeenan/testing/blead/lib/perl5/site_perl/5.37.12/TOML/Tiny/Parser.pm line 297.
when is deprecated at /home/jkeenan/testing/blead/lib/perl5/site_perl/5.37.12/TOML/Tiny/Parser.pm line 322.
when is deprecated at /home/jkeenan/testing/blead/lib/perl5/site_perl/5.37.12/TOML/Tiny/Parser.pm line 323.
when is deprecated at /home/jkeenan/testing/blead/lib/perl5/site_perl/5.37.12/TOML/Tiny/Parser.pm line 324.
when is deprecated at /home/jkeenan/testing/blead/lib/perl5/site_perl/5.37.12/TOML/Tiny/Parser.pm line 325.
when is deprecated at /home/jkeenan/testing/blead/lib/perl5/site_perl/5.37.12/TOML/Tiny/Parser.pm line 326.
when is deprecated at /home/jkeenan/testing/blead/lib/perl5/site_perl/5.37.12/TOML/Tiny/Parser.pm line 327.
when is deprecated at /home/jkeenan/testing/blead/lib/perl5/site_perl/5.37.12/TOML/Tiny/Parser.pm line 328.
when is deprecated at /home/jkeenan/testing/blead/lib/perl5/site_perl/5.37.12/TOML/Tiny/Parser.pm line 371.
when is deprecated at /home/jkeenan/testing/blead/lib/perl5/site_perl/5.37.12/TOML/Tiny/Parser.pm line 376.
when is deprecated at /home/jkeenan/testing/blead/lib/perl5/site_perl/5.37.12/TOML/Tiny/Parser.pm line 377.
when is deprecated at /home/jkeenan/testing/blead/lib/perl5/site_perl/5.37.12/TOML/Tiny/Parser.pm line 401.
when is deprecated at /home/jkeenan/testing/blead/lib/perl5/site_perl/5.37.12/TOML/Tiny/Parser.pm line 409.
when is deprecated at /home/jkeenan/testing/blead/lib/perl5/site_perl/5.37.12/TOML/Tiny/Parser.pm line 431.
when is deprecated at /home/jkeenan/testing/blead/lib/perl5/site_perl/5.37.12/TOML/Tiny/Tokenizer.pm line 73.
when is deprecated at /home/jkeenan/testing/blead/lib/perl5/site_perl/5.37.12/TOML/Tiny/Tokenizer.pm line 75.
when is deprecated at /home/jkeenan/testing/blead/lib/perl5/site_perl/5.37.12/TOML/Tiny/Tokenizer.pm line 81.
when is deprecated at /home/jkeenan/testing/blead/lib/perl5/site_perl/5.37.12/TOML/Tiny/Tokenizer.pm line 86.
when is deprecated at /home/jkeenan/testing/blead/lib/perl5/site_perl/5.37.12/TOML/Tiny/Tokenizer.pm line 92.
when is deprecated at /home/jkeenan/testing/blead/lib/perl5/site_perl/5.37.12/TOML/Tiny/Tokenizer.pm line 97.
when is deprecated at /home/jkeenan/testing/blead/lib/perl5/site_perl/5.37.12/TOML/Tiny/Tokenizer.pm line 102.
when is deprecated at /home/jkeenan/testing/blead/lib/perl5/site_perl/5.37.12/TOML/Tiny/Tokenizer.pm line 107.
when is deprecated at /home/jkeenan/testing/blead/lib/perl5/site_perl/5.37.12/TOML/Tiny/Tokenizer.pm line 112.
when is deprecated at /home/jkeenan/testing/blead/lib/perl5/site_perl/5.37.12/TOML/Tiny/Tokenizer.pm line 117.
when is deprecated at /home/jkeenan/testing/blead/lib/perl5/site_perl/5.37.12/TOML/Tiny/Writer.pm line 20.
when is deprecated at /home/jkeenan/testing/blead/lib/perl5/site_perl/5.37.12/TOML/Tiny/Writer.pm line 24.
when is deprecated at /home/jkeenan/testing/blead/lib/perl5/site_perl/5.37.12/TOML/Tiny/Writer.pm line 28.
when is deprecated at /home/jkeenan/testing/blead/lib/perl5/site_perl/5.37.12/TOML/Tiny/Writer.pm line 38.
when is deprecated at /home/jkeenan/testing/blead/lib/perl5/site_perl/5.37.12/TOML/Tiny/Writer.pm line 42.
when is deprecated at /home/jkeenan/testing/blead/lib/perl5/site_perl/5.37.12/TOML/Tiny/Writer.pm line 46.
when is deprecated at /home/jkeenan/testing/blead/lib/perl5/site_perl/5.37.12/TOML/Tiny/Writer.pm line 50.
when is deprecated at /home/jkeenan/testing/blead/lib/perl5/site_perl/5.37.12/TOML/Tiny/Writer.pm line 54.
when is deprecated at /home/jkeenan/testing/blead/lib/perl5/site_perl/5.37.12/TOML/Tiny/Writer.pm line 62.

    # Failed test 'no errors'
    # at t/perlimports.t line 35.
    # The output
    #   when is deprecated at /home/jkeenan/testing/blead/lib/perl5/site_perl/5.37.12/TOML/Tiny/Util.pm line 25.
    #   when is deprecated at /home/jkeenan/testing/blead/lib/perl5/site_perl/5.37.12/TOML/Tiny/Util.pm line 26.
    #   when is deprecated at /home/jkeenan/testing/blead/lib/perl5/site_perl/5.37.12/TOML/Tiny/Util.pm line 29.
    #   when is deprecated at /home/jkeenan/testing/blead/lib/perl5/site_perl/5.37.12/TOML/Tiny/Util.pm line 30.
    #   when is deprecated at /home/jkeenan/testing/blead/lib/perl5/site_perl/5.37.12/TOML/Tiny/Util.pm line 31.
    #   when is deprecated at /home/jkeenan/testing/blead/lib/perl5/site_perl/5.37.12/TOML/Tiny/Util.pm line 33.
    #   when is deprecated at /home/jkeenan/testing/blead/lib/perl5/site_perl/5.37.12/TOML/Tiny/Util.pm line 35.
    #   when is deprecated at /home/jkeenan/testing/blead/lib/perl5/site_perl/5.37.12/TOML/Tiny/Util.pm line 36.
    #   when is deprecated at /home/jkeenan/testing/blead/lib/perl5/site_perl/5.37.12/TOML/Tiny/Util.pm line 37.
    #   when is deprecated at /home/jkeenan/testing/blead/lib/perl5/site_perl/5.37.12/TOML/Tiny/Util.pm line 38.
    #   when is deprecated at /home/jkeenan/testing/blead/lib/perl5/site_perl/5.37.12/TOML/Tiny/Parser.pm line 150.
    #   when is deprecated at /home/jkeenan/testing/blead/lib/perl5/site_perl/5.37.12/TOML/Tiny/Parser.pm line 157.
    #   when is deprecated at /home/jkeenan/testing/blead/lib/perl5/site_perl/5.37.12/TOML/Tiny/Parser.pm line 165.
    #   when is deprecated at /home/jkeenan/testing/blead/lib/perl5/site_perl/5.37.12/TOML/Tiny/Parser.pm line 204.
    #   when is deprecated at /home/jkeenan/testing/blead/lib/perl5/site_perl/5.37.12/TOML/Tiny/Parser.pm line 205.
    #   when is deprecated at /home/jkeenan/testing/blead/lib/perl5/site_perl/5.37.12/TOML/Tiny/Parser.pm line 232.
    #   when is deprecated at /home/jkeenan/testing/blead/lib/perl5/site_perl/5.37.12/TOML/Tiny/Parser.pm line 234.
    #   when is deprecated at /home/jkeenan/testing/blead/lib/perl5/site_perl/5.37.12/TOML/Tiny/Parser.pm line 247.
    #   when is deprecated at /home/jkeenan/testing/blead/lib/perl5/site_perl/5.37.12/TOML/Tiny/Parser.pm line 253.
    #   when is deprecated at /home/jkeenan/testing/blead/lib/perl5/site_perl/5.37.12/TOML/Tiny/Parser.pm line 282.
    #   when is deprecated at /home/jkeenan/testing/blead/lib/perl5/site_perl/5.37.12/TOML/Tiny/Parser.pm line 284.
    #   when is deprecated at /home/jkeenan/testing/blead/lib/perl5/site_perl/5.37.12/TOML/Tiny/Parser.pm line 291.
    #   when is deprecated at /home/jkeenan/testing/blead/lib/perl5/site_perl/5.37.12/TOML/Tiny/Parser.pm line 297.
    #   when is deprecated at /home/jkeenan/testing/blead/lib/perl5/site_perl/5.37.12/TOML/Tiny/Parser.pm line 322.
    #   when is deprecated at /home/jkeenan/testing/blead/lib/perl5/site_perl/5.37.12/TOML/Tiny/Parser.pm line 323.
    #   when is deprecated at /home/jkeenan/testing/blead/lib/perl5/site_perl/5.37.12/TOML/Tiny/Parser.pm line 324.
    #   when is deprecated at /home/jkeenan/testing/blead/lib/perl5/site_perl/5.37.12/TOML/Tiny/Parser.pm line 325.
    #   when is deprecated at /home/jkeenan/testing/blead/lib/perl5/site_perl/5.37.12/TOML/Tiny/Parser.pm line 326.
    #   when is deprecated at /home/jkeenan/testing/blead/lib/perl5/site_perl/5.37.12/TOML/Tiny/Parser.pm line 327.
    #   when is deprecated at /home/jkeenan/testing/blead/lib/perl5/site_perl/5.37.12/TOML/Tiny/Parser.pm line 328.
    #   when is deprecated at /home/jkeenan/testing/blead/lib/perl5/site_perl/5.37.12/TOML/Tiny/Parser.pm line 371.
    #   when is deprecated at /home/jkeenan/testing/blead/lib/perl5/site_perl/5.37.12/TOML/Tiny/Parser.pm line 376.
    #   when is deprecated at /home/jkeenan/testing/blead/lib/perl5/site_perl/5.37.12/TOML/Tiny/Parser.pm line 377.
    #   when is deprecated at /home/jkeenan/testing/blead/lib/perl5/site_perl/5.37.12/TOML/Tiny/Parser.pm line 401.
    #   when is deprecated at /home/jkeenan/testing/blead/lib/perl5/site_perl/5.37.12/TOML/Tiny/Parser.pm line 409.
    #   when is deprecated at /home/jkeenan/testing/blead/lib/perl5/site_perl/5.37.12/TOML/Tiny/Parser.pm line 431.
    #   when is deprecated at /home/jkeenan/testing/blead/lib/perl5/site_perl/5.37.12/TOML/Tiny/Tokenizer.pm line 73.
    #   when is deprecated at /home/jkeenan/testing/blead/lib/perl5/site_perl/5.37.12/TOML/Tiny/Tokenizer.pm line 75.
    #   when is deprecated at /home/jkeenan/testing/blead/lib/perl5/site_perl/5.37.12/TOML/Tiny/Tokenizer.pm line 81.
    #   when is deprecated at /home/jkeenan/testing/blead/lib/perl5/site_perl/5.37.12/TOML/Tiny/Tokenizer.pm line 86.
    #   when is deprecated at /home/jkeenan/testing/blead/lib/perl5/site_perl/5.37.12/TOML/Tiny/Tokenizer.pm line 92.
    #   when is deprecated at /home/jkeenan/testing/blead/lib/perl5/site_perl/5.37.12/TOML/Tiny/Tokenizer.pm line 97.
    #   when is deprecated at /home/jkeenan/testing/blead/lib/perl5/site_perl/5.37.12/TOML/Tiny/Tokenizer.pm line 102.
    #   when is deprecated at /home/jkeenan/testing/blead/lib/perl5/site_perl/5.37.12/TOML/Tiny/Tokenizer.pm line 107.
    #   when is deprecated at /home/jkeenan/testing/blead/lib/perl5/site_perl/5.37.12/TOML/Tiny/Tokenizer.pm line 112.
    #   when is deprecated at /home/jkeenan/testing/blead/lib/perl5/site_perl/5.37.12/TOML/Tiny/Tokenizer.pm line 117.
    #   when is deprecated at /home/jkeenan/testing/blead/lib/perl5/site_perl/5.37.12/TOML/Tiny/Writer.pm line 20.
    #   when is deprecated at /home/jkeenan/testing/blead/lib/perl5/site_perl/5.37.12/TOML/Tiny/Writer.pm line 24.
    #   when is deprecated at /home/jkeenan/testing/blead/lib/perl5/site_perl/5.37.12/TOML/Tiny/Writer.pm line 28.
    #   when is deprecated at /home/jkeenan/testing/blead/lib/perl5/site_perl/5.37.12/TOML/Tiny/Writer.pm line 38.
    #   when is deprecated at /home/jkeenan/testing/blead/lib/perl5/site_perl/5.37.12/TOML/Tiny/Writer.pm line 42.
    #   when is deprecated at /home/jkeenan/testing/blead/lib/perl5/site_perl/5.37.12/TOML/Tiny/Writer.pm line 46.
    #   when is deprecated at /home/jkeenan/testing/blead/lib/perl5/site_perl/5.37.12/TOML/Tiny/Writer.pm line 50.
    #   when is deprecated at /home/jkeenan/testing/blead/lib/perl5/site_perl/5.37.12/TOML/Tiny/Writer.pm line 54.
    #   when is deprecated at /home/jkeenan/testing/blead/lib/perl5/site_perl/5.37.12/TOML/Tiny/Writer.pm line 62.
    # does not match
    # Looks like you failed 1 test of 2.

#   Failed test 'provide config file'
#   at t/perlimports.t line 36.

    # Failed test 'no errors'
    # at t/perlimports.t line 66.
    # The output
    #   when is deprecated at /home/jkeenan/testing/blead/lib/perl5/site_perl/5.37.12/TOML/Tiny/Util.pm line 25.
    #   when is deprecated at /home/jkeenan/testing/blead/lib/perl5/site_perl/5.37.12/TOML/Tiny/Util.pm line 26.
    #   when is deprecated at /home/jkeenan/testing/blead/lib/perl5/site_perl/5.37.12/TOML/Tiny/Util.pm line 29.
    #   when is deprecated at /home/jkeenan/testing/blead/lib/perl5/site_perl/5.37.12/TOML/Tiny/Util.pm line 30.
    #   when is deprecated at /home/jkeenan/testing/blead/lib/perl5/site_perl/5.37.12/TOML/Tiny/Util.pm line 31.
    #   when is deprecated at /home/jkeenan/testing/blead/lib/perl5/site_perl/5.37.12/TOML/Tiny/Util.pm line 33.
    #   when is deprecated at /home/jkeenan/testing/blead/lib/perl5/site_perl/5.37.12/TOML/Tiny/Util.pm line 35.
    #   when is deprecated at /home/jkeenan/testing/blead/lib/perl5/site_perl/5.37.12/TOML/Tiny/Util.pm line 36.
    #   when is deprecated at /home/jkeenan/testing/blead/lib/perl5/site_perl/5.37.12/TOML/Tiny/Util.pm line 37.
    #   when is deprecated at /home/jkeenan/testing/blead/lib/perl5/site_perl/5.37.12/TOML/Tiny/Util.pm line 38.
    #   when is deprecated at /home/jkeenan/testing/blead/lib/perl5/site_perl/5.37.12/TOML/Tiny/Parser.pm line 150.
    #   when is deprecated at /home/jkeenan/testing/blead/lib/perl5/site_perl/5.37.12/TOML/Tiny/Parser.pm line 157.
    #   when is deprecated at /home/jkeenan/testing/blead/lib/perl5/site_perl/5.37.12/TOML/Tiny/Parser.pm line 165.
    #   when is deprecated at /home/jkeenan/testing/blead/lib/perl5/site_perl/5.37.12/TOML/Tiny/Parser.pm line 204.
    #   when is deprecated at /home/jkeenan/testing/blead/lib/perl5/site_perl/5.37.12/TOML/Tiny/Parser.pm line 205.
    #   when is deprecated at /home/jkeenan/testing/blead/lib/perl5/site_perl/5.37.12/TOML/Tiny/Parser.pm line 232.
    #   when is deprecated at /home/jkeenan/testing/blead/lib/perl5/site_perl/5.37.12/TOML/Tiny/Parser.pm line 234.
    #   when is deprecated at /home/jkeenan/testing/blead/lib/perl5/site_perl/5.37.12/TOML/Tiny/Parser.pm line 247.
    #   when is deprecated at /home/jkeenan/testing/blead/lib/perl5/site_perl/5.37.12/TOML/Tiny/Parser.pm line 253.
    #   when is deprecated at /home/jkeenan/testing/blead/lib/perl5/site_perl/5.37.12/TOML/Tiny/Parser.pm line 282.
    #   when is deprecated at /home/jkeenan/testing/blead/lib/perl5/site_perl/5.37.12/TOML/Tiny/Parser.pm line 284.
    #   when is deprecated at /home/jkeenan/testing/blead/lib/perl5/site_perl/5.37.12/TOML/Tiny/Parser.pm line 291.
    #   when is deprecated at /home/jkeenan/testing/blead/lib/perl5/site_perl/5.37.12/TOML/Tiny/Parser.pm line 297.
    #   when is deprecated at /home/jkeenan/testing/blead/lib/perl5/site_perl/5.37.12/TOML/Tiny/Parser.pm line 322.
    #   when is deprecated at /home/jkeenan/testing/blead/lib/perl5/site_perl/5.37.12/TOML/Tiny/Parser.pm line 323.
    #   when is deprecated at /home/jkeenan/testing/blead/lib/perl5/site_perl/5.37.12/TOML/Tiny/Parser.pm line 324.
    #   when is deprecated at /home/jkeenan/testing/blead/lib/perl5/site_perl/5.37.12/TOML/Tiny/Parser.pm line 325.
    #   when is deprecated at /home/jkeenan/testing/blead/lib/perl5/site_perl/5.37.12/TOML/Tiny/Parser.pm line 326.
    #   when is deprecated at /home/jkeenan/testing/blead/lib/perl5/site_perl/5.37.12/TOML/Tiny/Parser.pm line 327.
    #   when is deprecated at /home/jkeenan/testing/blead/lib/perl5/site_perl/5.37.12/TOML/Tiny/Parser.pm line 328.
    #   when is deprecated at /home/jkeenan/testing/blead/lib/perl5/site_perl/5.37.12/TOML/Tiny/Parser.pm line 371.
    #   when is deprecated at /home/jkeenan/testing/blead/lib/perl5/site_perl/5.37.12/TOML/Tiny/Parser.pm line 376.
    #   when is deprecated at /home/jkeenan/testing/blead/lib/perl5/site_perl/5.37.12/TOML/Tiny/Parser.pm line 377.
    #   when is deprecated at /home/jkeenan/testing/blead/lib/perl5/site_perl/5.37.12/TOML/Tiny/Parser.pm line 401.
    #   when is deprecated at /home/jkeenan/testing/blead/lib/perl5/site_perl/5.37.12/TOML/Tiny/Parser.pm line 409.
    #   when is deprecated at /home/jkeenan/testing/blead/lib/perl5/site_perl/5.37.12/TOML/Tiny/Parser.pm line 431.
    #   when is deprecated at /home/jkeenan/testing/blead/lib/perl5/site_perl/5.37.12/TOML/Tiny/Tokenizer.pm line 73.
    #   when is deprecated at /home/jkeenan/testing/blead/lib/perl5/site_perl/5.37.12/TOML/Tiny/Tokenizer.pm line 75.
    #   when is deprecated at /home/jkeenan/testing/blead/lib/perl5/site_perl/5.37.12/TOML/Tiny/Tokenizer.pm line 81.
    #   when is deprecated at /home/jkeenan/testing/blead/lib/perl5/site_perl/5.37.12/TOML/Tiny/Tokenizer.pm line 86.
    #   when is deprecated at /home/jkeenan/testing/blead/lib/perl5/site_perl/5.37.12/TOML/Tiny/Tokenizer.pm line 92.
    #   when is deprecated at /home/jkeenan/testing/blead/lib/perl5/site_perl/5.37.12/TOML/Tiny/Tokenizer.pm line 97.
    #   when is deprecated at /home/jkeenan/testing/blead/lib/perl5/site_perl/5.37.12/TOML/Tiny/Tokenizer.pm line 102.
    #   when is deprecated at /home/jkeenan/testing/blead/lib/perl5/site_perl/5.37.12/TOML/Tiny/Tokenizer.pm line 107.
    #   when is deprecated at /home/jkeenan/testing/blead/lib/perl5/site_perl/5.37.12/TOML/Tiny/Tokenizer.pm line 112.
    #   when is deprecated at /home/jkeenan/testing/blead/lib/perl5/site_perl/5.37.12/TOML/Tiny/Tokenizer.pm line 117.
    #   when is deprecated at /home/jkeenan/testing/blead/lib/perl5/site_perl/5.37.12/TOML/Tiny/Writer.pm line 20.
    #   when is deprecated at /home/jkeenan/testing/blead/lib/perl5/site_perl/5.37.12/TOML/Tiny/Writer.pm line 24.
    #   when is deprecated at /home/jkeenan/testing/blead/lib/perl5/site_perl/5.37.12/TOML/Tiny/Writer.pm line 28.
    #   when is deprecated at /home/jkeenan/testing/blead/lib/perl5/site_perl/5.37.12/TOML/Tiny/Writer.pm line 38.
    #   when is deprecated at /home/jkeenan/testing/blead/lib/perl5/site_perl/5.37.12/TOML/Tiny/Writer.pm line 42.
    #   when is deprecated at /home/jkeenan/testing/blead/lib/perl5/site_perl/5.37.12/TOML/Tiny/Writer.pm line 46.
    #   when is deprecated at /home/jkeenan/testing/blead/lib/perl5/site_perl/5.37.12/TOML/Tiny/Writer.pm line 50.
    #   when is deprecated at /home/jkeenan/testing/blead/lib/perl5/site_perl/5.37.12/TOML/Tiny/Writer.pm line 54.
    #   when is deprecated at /home/jkeenan/testing/blead/lib/perl5/site_perl/5.37.12/TOML/Tiny/Writer.pm line 62.
    # does not match
    # Looks like you failed 1 test of 2.

#   Failed test 'filename'
#   at t/perlimports.t line 67.

    # Failed test 'no errors'
    # at t/perlimports.t line 71.
    # The output
    #   when is deprecated at /home/jkeenan/testing/blead/lib/perl5/site_perl/5.37.12/TOML/Tiny/Util.pm line 25.
    #   when is deprecated at /home/jkeenan/testing/blead/lib/perl5/site_perl/5.37.12/TOML/Tiny/Util.pm line 26.
    #   when is deprecated at /home/jkeenan/testing/blead/lib/perl5/site_perl/5.37.12/TOML/Tiny/Util.pm line 29.
    #   when is deprecated at /home/jkeenan/testing/blead/lib/perl5/site_perl/5.37.12/TOML/Tiny/Util.pm line 30.
    #   when is deprecated at /home/jkeenan/testing/blead/lib/perl5/site_perl/5.37.12/TOML/Tiny/Util.pm line 31.
    #   when is deprecated at /home/jkeenan/testing/blead/lib/perl5/site_perl/5.37.12/TOML/Tiny/Util.pm line 33.
    #   when is deprecated at /home/jkeenan/testing/blead/lib/perl5/site_perl/5.37.12/TOML/Tiny/Util.pm line 35.
    #   when is deprecated at /home/jkeenan/testing/blead/lib/perl5/site_perl/5.37.12/TOML/Tiny/Util.pm line 36.
    #   when is deprecated at /home/jkeenan/testing/blead/lib/perl5/site_perl/5.37.12/TOML/Tiny/Util.pm line 37.
    #   when is deprecated at /home/jkeenan/testing/blead/lib/perl5/site_perl/5.37.12/TOML/Tiny/Util.pm line 38.
    #   when is deprecated at /home/jkeenan/testing/blead/lib/perl5/site_perl/5.37.12/TOML/Tiny/Parser.pm line 150.
    #   when is deprecated at /home/jkeenan/testing/blead/lib/perl5/site_perl/5.37.12/TOML/Tiny/Parser.pm line 157.
    #   when is deprecated at /home/jkeenan/testing/blead/lib/perl5/site_perl/5.37.12/TOML/Tiny/Parser.pm line 165.
    #   when is deprecated at /home/jkeenan/testing/blead/lib/perl5/site_perl/5.37.12/TOML/Tiny/Parser.pm line 204.
    #   when is deprecated at /home/jkeenan/testing/blead/lib/perl5/site_perl/5.37.12/TOML/Tiny/Parser.pm line 205.
    #   when is deprecated at /home/jkeenan/testing/blead/lib/perl5/site_perl/5.37.12/TOML/Tiny/Parser.pm line 232.
    #   when is deprecated at /home/jkeenan/testing/blead/lib/perl5/site_perl/5.37.12/TOML/Tiny/Parser.pm line 234.
    #   when is deprecated at /home/jkeenan/testing/blead/lib/perl5/site_perl/5.37.12/TOML/Tiny/Parser.pm line 247.
    #   when is deprecated at /home/jkeenan/testing/blead/lib/perl5/site_perl/5.37.12/TOML/Tiny/Parser.pm line 253.
    #   when is deprecated at /home/jkeenan/testing/blead/lib/perl5/site_perl/5.37.12/TOML/Tiny/Parser.pm line 282.
    #   when is deprecated at /home/jkeenan/testing/blead/lib/perl5/site_perl/5.37.12/TOML/Tiny/Parser.pm line 284.
    #   when is deprecated at /home/jkeenan/testing/blead/lib/perl5/site_perl/5.37.12/TOML/Tiny/Parser.pm line 291.
    #   when is deprecated at /home/jkeenan/testing/blead/lib/perl5/site_perl/5.37.12/TOML/Tiny/Parser.pm line 297.
    #   when is deprecated at /home/jkeenan/testing/blead/lib/perl5/site_perl/5.37.12/TOML/Tiny/Parser.pm line 322.
    #   when is deprecated at /home/jkeenan/testing/blead/lib/perl5/site_perl/5.37.12/TOML/Tiny/Parser.pm line 323.
    #   when is deprecated at /home/jkeenan/testing/blead/lib/perl5/site_perl/5.37.12/TOML/Tiny/Parser.pm line 324.
    #   when is deprecated at /home/jkeenan/testing/blead/lib/perl5/site_perl/5.37.12/TOML/Tiny/Parser.pm line 325.
    #   when is deprecated at /home/jkeenan/testing/blead/lib/perl5/site_perl/5.37.12/TOML/Tiny/Parser.pm line 326.
    #   when is deprecated at /home/jkeenan/testing/blead/lib/perl5/site_perl/5.37.12/TOML/Tiny/Parser.pm line 327.
    #   when is deprecated at /home/jkeenan/testing/blead/lib/perl5/site_perl/5.37.12/TOML/Tiny/Parser.pm line 328.
    #   when is deprecated at /home/jkeenan/testing/blead/lib/perl5/site_perl/5.37.12/TOML/Tiny/Parser.pm line 371.
    #   when is deprecated at /home/jkeenan/testing/blead/lib/perl5/site_perl/5.37.12/TOML/Tiny/Parser.pm line 376.
    #   when is deprecated at /home/jkeenan/testing/blead/lib/perl5/site_perl/5.37.12/TOML/Tiny/Parser.pm line 377.
    #   when is deprecated at /home/jkeenan/testing/blead/lib/perl5/site_perl/5.37.12/TOML/Tiny/Parser.pm line 401.
    #   when is deprecated at /home/jkeenan/testing/blead/lib/perl5/site_perl/5.37.12/TOML/Tiny/Parser.pm line 409.
    #   when is deprecated at /home/jkeenan/testing/blead/lib/perl5/site_perl/5.37.12/TOML/Tiny/Parser.pm line 431.
    #   when is deprecated at /home/jkeenan/testing/blead/lib/perl5/site_perl/5.37.12/TOML/Tiny/Tokenizer.pm line 73.
    #   when is deprecated at /home/jkeenan/testing/blead/lib/perl5/site_perl/5.37.12/TOML/Tiny/Tokenizer.pm line 75.
    #   when is deprecated at /home/jkeenan/testing/blead/lib/perl5/site_perl/5.37.12/TOML/Tiny/Tokenizer.pm line 81.
    #   when is deprecated at /home/jkeenan/testing/blead/lib/perl5/site_perl/5.37.12/TOML/Tiny/Tokenizer.pm line 86.
    #   when is deprecated at /home/jkeenan/testing/blead/lib/perl5/site_perl/5.37.12/TOML/Tiny/Tokenizer.pm line 92.
    #   when is deprecated at /home/jkeenan/testing/blead/lib/perl5/site_perl/5.37.12/TOML/Tiny/Tokenizer.pm line 97.
    #   when is deprecated at /home/jkeenan/testing/blead/lib/perl5/site_perl/5.37.12/TOML/Tiny/Tokenizer.pm line 102.
    #   when is deprecated at /home/jkeenan/testing/blead/lib/perl5/site_perl/5.37.12/TOML/Tiny/Tokenizer.pm line 107.
    #   when is deprecated at /home/jkeenan/testing/blead/lib/perl5/site_perl/5.37.12/TOML/Tiny/Tokenizer.pm line 112.
    #   when is deprecated at /home/jkeenan/testing/blead/lib/perl5/site_perl/5.37.12/TOML/Tiny/Tokenizer.pm line 117.
    #   when is deprecated at /home/jkeenan/testing/blead/lib/perl5/site_perl/5.37.12/TOML/Tiny/Writer.pm line 20.
    #   when is deprecated at /home/jkeenan/testing/blead/lib/perl5/site_perl/5.37.12/TOML/Tiny/Writer.pm line 24.
    #   when is deprecated at /home/jkeenan/testing/blead/lib/perl5/site_perl/5.37.12/TOML/Tiny/Writer.pm line 28.
    #   when is deprecated at /home/jkeenan/testing/blead/lib/perl5/site_perl/5.37.12/TOML/Tiny/Writer.pm line 38.
    #   when is deprecated at /home/jkeenan/testing/blead/lib/perl5/site_perl/5.37.12/TOML/Tiny/Writer.pm line 42.
    #   when is deprecated at /home/jkeenan/testing/blead/lib/perl5/site_perl/5.37.12/TOML/Tiny/Writer.pm line 46.
    #   when is deprecated at /home/jkeenan/testing/blead/lib/perl5/site_perl/5.37.12/TOML/Tiny/Writer.pm line 50.
    #   when is deprecated at /home/jkeenan/testing/blead/lib/perl5/site_perl/5.37.12/TOML/Tiny/Writer.pm line 54.
    #   when is deprecated at /home/jkeenan/testing/blead/lib/perl5/site_perl/5.37.12/TOML/Tiny/Writer.pm line 62.
    # does not match
    # Looks like you failed 1 test of 2.

#   Failed test 'implied --filename'
#   at t/perlimports.t line 72.

    # Failed test 'no errors'
    # at t/perlimports.t line 89.
    # The output
    #   when is deprecated at /home/jkeenan/testing/blead/lib/perl5/site_perl/5.37.12/TOML/Tiny/Util.pm line 25.
    #   when is deprecated at /home/jkeenan/testing/blead/lib/perl5/site_perl/5.37.12/TOML/Tiny/Util.pm line 26.
    #   when is deprecated at /home/jkeenan/testing/blead/lib/perl5/site_perl/5.37.12/TOML/Tiny/Util.pm line 29.
    #   when is deprecated at /home/jkeenan/testing/blead/lib/perl5/site_perl/5.37.12/TOML/Tiny/Util.pm line 30.
    #   when is deprecated at /home/jkeenan/testing/blead/lib/perl5/site_perl/5.37.12/TOML/Tiny/Util.pm line 31.
    #   when is deprecated at /home/jkeenan/testing/blead/lib/perl5/site_perl/5.37.12/TOML/Tiny/Util.pm line 33.
    #   when is deprecated at /home/jkeenan/testing/blead/lib/perl5/site_perl/5.37.12/TOML/Tiny/Util.pm line 35.
    #   when is deprecated at /home/jkeenan/testing/blead/lib/perl5/site_perl/5.37.12/TOML/Tiny/Util.pm line 36.
    #   when is deprecated at /home/jkeenan/testing/blead/lib/perl5/site_perl/5.37.12/TOML/Tiny/Util.pm line 37.
    #   when is deprecated at /home/jkeenan/testing/blead/lib/perl5/site_perl/5.37.12/TOML/Tiny/Util.pm line 38.
    #   when is deprecated at /home/jkeenan/testing/blead/lib/perl5/site_perl/5.37.12/TOML/Tiny/Parser.pm line 150.
    #   when is deprecated at /home/jkeenan/testing/blead/lib/perl5/site_perl/5.37.12/TOML/Tiny/Parser.pm line 157.
    #   when is deprecated at /home/jkeenan/testing/blead/lib/perl5/site_perl/5.37.12/TOML/Tiny/Parser.pm line 165.
    #   when is deprecated at /home/jkeenan/testing/blead/lib/perl5/site_perl/5.37.12/TOML/Tiny/Parser.pm line 204.
    #   when is deprecated at /home/jkeenan/testing/blead/lib/perl5/site_perl/5.37.12/TOML/Tiny/Parser.pm line 205.
    #   when is deprecated at /home/jkeenan/testing/blead/lib/perl5/site_perl/5.37.12/TOML/Tiny/Parser.pm line 232.
    #   when is deprecated at /home/jkeenan/testing/blead/lib/perl5/site_perl/5.37.12/TOML/Tiny/Parser.pm line 234.
    #   when is deprecated at /home/jkeenan/testing/blead/lib/perl5/site_perl/5.37.12/TOML/Tiny/Parser.pm line 247.
    #   when is deprecated at /home/jkeenan/testing/blead/lib/perl5/site_perl/5.37.12/TOML/Tiny/Parser.pm line 253.
    #   when is deprecated at /home/jkeenan/testing/blead/lib/perl5/site_perl/5.37.12/TOML/Tiny/Parser.pm line 282.
    #   when is deprecated at /home/jkeenan/testing/blead/lib/perl5/site_perl/5.37.12/TOML/Tiny/Parser.pm line 284.
    #   when is deprecated at /home/jkeenan/testing/blead/lib/perl5/site_perl/5.37.12/TOML/Tiny/Parser.pm line 291.
    #   when is deprecated at /home/jkeenan/testing/blead/lib/perl5/site_perl/5.37.12/TOML/Tiny/Parser.pm line 297.
    #   when is deprecated at /home/jkeenan/testing/blead/lib/perl5/site_perl/5.37.12/TOML/Tiny/Parser.pm line 322.
    #   when is deprecated at /home/jkeenan/testing/blead/lib/perl5/site_perl/5.37.12/TOML/Tiny/Parser.pm line 323.
    #   when is deprecated at /home/jkeenan/testing/blead/lib/perl5/site_perl/5.37.12/TOML/Tiny/Parser.pm line 324.
    #   when is deprecated at /home/jkeenan/testing/blead/lib/perl5/site_perl/5.37.12/TOML/Tiny/Parser.pm line 325.
    #   when is deprecated at /home/jkeenan/testing/blead/lib/perl5/site_perl/5.37.12/TOML/Tiny/Parser.pm line 326.
    #   when is deprecated at /home/jkeenan/testing/blead/lib/perl5/site_perl/5.37.12/TOML/Tiny/Parser.pm line 327.
    #   when is deprecated at /home/jkeenan/testing/blead/lib/perl5/site_perl/5.37.12/TOML/Tiny/Parser.pm line 328.
    #   when is deprecated at /home/jkeenan/testing/blead/lib/perl5/site_perl/5.37.12/TOML/Tiny/Parser.pm line 371.
    #   when is deprecated at /home/jkeenan/testing/blead/lib/perl5/site_perl/5.37.12/TOML/Tiny/Parser.pm line 376.
    #   when is deprecated at /home/jkeenan/testing/blead/lib/perl5/site_perl/5.37.12/TOML/Tiny/Parser.pm line 377.
    #   when is deprecated at /home/jkeenan/testing/blead/lib/perl5/site_perl/5.37.12/TOML/Tiny/Parser.pm line 401.
    #   when is deprecated at /home/jkeenan/testing/blead/lib/perl5/site_perl/5.37.12/TOML/Tiny/Parser.pm line 409.
    #   when is deprecated at /home/jkeenan/testing/blead/lib/perl5/site_perl/5.37.12/TOML/Tiny/Parser.pm line 431.
    #   when is deprecated at /home/jkeenan/testing/blead/lib/perl5/site_perl/5.37.12/TOML/Tiny/Tokenizer.pm line 73.
    #   when is deprecated at /home/jkeenan/testing/blead/lib/perl5/site_perl/5.37.12/TOML/Tiny/Tokenizer.pm line 75.
    #   when is deprecated at /home/jkeenan/testing/blead/lib/perl5/site_perl/5.37.12/TOML/Tiny/Tokenizer.pm line 81.
    #   when is deprecated at /home/jkeenan/testing/blead/lib/perl5/site_perl/5.37.12/TOML/Tiny/Tokenizer.pm line 86.
    #   when is deprecated at /home/jkeenan/testing/blead/lib/perl5/site_perl/5.37.12/TOML/Tiny/Tokenizer.pm line 92.
    #   when is deprecated at /home/jkeenan/testing/blead/lib/perl5/site_perl/5.37.12/TOML/Tiny/Tokenizer.pm line 97.
    #   when is deprecated at /home/jkeenan/testing/blead/lib/perl5/site_perl/5.37.12/TOML/Tiny/Tokenizer.pm line 102.
    #   when is deprecated at /home/jkeenan/testing/blead/lib/perl5/site_perl/5.37.12/TOML/Tiny/Tokenizer.pm line 107.
    #   when is deprecated at /home/jkeenan/testing/blead/lib/perl5/site_perl/5.37.12/TOML/Tiny/Tokenizer.pm line 112.
    #   when is deprecated at /home/jkeenan/testing/blead/lib/perl5/site_perl/5.37.12/TOML/Tiny/Tokenizer.pm line 117.
    #   when is deprecated at /home/jkeenan/testing/blead/lib/perl5/site_perl/5.37.12/TOML/Tiny/Writer.pm line 20.
    #   when is deprecated at /home/jkeenan/testing/blead/lib/perl5/site_perl/5.37.12/TOML/Tiny/Writer.pm line 24.
    #   when is deprecated at /home/jkeenan/testing/blead/lib/perl5/site_perl/5.37.12/TOML/Tiny/Writer.pm line 28.
    #   when is deprecated at /home/jkeenan/testing/blead/lib/perl5/site_perl/5.37.12/TOML/Tiny/Writer.pm line 38.
    #   when is deprecated at /home/jkeenan/testing/blead/lib/perl5/site_perl/5.37.12/TOML/Tiny/Writer.pm line 42.
    #   when is deprecated at /home/jkeenan/testing/blead/lib/perl5/site_perl/5.37.12/TOML/Tiny/Writer.pm line 46.
    #   when is deprecated at /home/jkeenan/testing/blead/lib/perl5/site_perl/5.37.12/TOML/Tiny/Writer.pm line 50.
    #   when is deprecated at /home/jkeenan/testing/blead/lib/perl5/site_perl/5.37.12/TOML/Tiny/Writer.pm line 54.
    #   when is deprecated at /home/jkeenan/testing/blead/lib/perl5/site_perl/5.37.12/TOML/Tiny/Writer.pm line 62.
    # does not match
    # Looks like you failed 1 test of 2.

#   Failed test 'libs'
#   at t/perlimports.t line 90.
# Looks like you failed 4 tests of 14.
t/perlimports.t .................. 
Dubious, test returned 4 (wstat 1024, 0x400)
Failed 4/14 subtests 
t/pragma.t ....................... ok
t/preserve-some-padding.t ........ ok
t/preserve-spaces.t .............. ok
t/qualified-bareword.t ........... ok
t/quoted-var.t ................... ok
t/re-export-via-sub-exporter.t ... ok
t/regex-replacement.t ............ skipped: Need IP::Random 1.200230
t/require.t ...................... ok
t/respace-include.t .............. ok
t/Sandbox.t ...................... ok
t/script-with-inner-packages.t ... ok
t/signatures.t ................... ok
t/skip-all.t ..................... skipped: Test is broken
t/socket.t ....................... ok
t/sort-imports.t ................. ok
t/switches-in-import.t ........... ok
t/symbol-as-method-call.t ........ skipped: Need HTML::TableExtract, Object::Tap
t/symbol-in-export.t ............. ok
t/test-builder.t ................. skipped: Need Test::HTML::Lint
t/test-most.t .................... ok
t/typeglob.t ..................... ok
t/unnest-quotes.t ................ ok
t/use-and-require.t .............. ok
t/var-in-hash-key.t .............. ok
t/var-in-regex.t ................. ok
t/variable.t ..................... ok
t/warning.t ...................... ok
t/with-version.t ................. ok

Test Summary Report
-------------------
t/perlimports.t                (Wstat: 1024 (exited 4) Tests: 14 Failed: 4)
  Failed tests:  2, 5-6, 8
  Non-zero exit status: 4
Files=82, Tests=193, 22 wallclock secs ( 0.13 usr  0.04 sys + 19.17 cusr  1.90 csys = 21.24 CPU)
Result: FAIL
Failed 1/82 test programs. 4/193 subtests failed.
make: *** [Makefile:977: test_dynamic] Error 255

------------------------------
PREREQUISITES
------------------------------

Prerequisite modules loaded:

requires:

    Module                       Need     Have    
    ---------------------------- -------- --------
    Capture::Tiny                0        0.48    
    Class::Inspector             1.36     1.36    
    Cpanel::JSON::XS             0        4.36    
    Data::Dumper                 0        2.188   
    Data::UUID                   0        1.226   
    feature                      0        1.82    
    File::Basename               0        2.86    
    File::XDG                    1.01     1.02    
    Getopt::Long::Descriptive    0        0.111   
    List::Util                   0        1.63    
    Log::Dispatch                2.70     2.71    
    Memoize                      0        1.16    
    Module::Runtime              0        0.016   
    Moo                          0        2.005005
    Moo::Role                    0        2.005005
    MooX::StrictConstructor      0        0.011   
    Path::Iterator::Rule         0        1.015   
    Path::Tiny                   0        0.144   
    perl                         5.018000 5.037012
    Perl::Tidy                   20220613 20230309
    Pod::Usage                   0        2.03    
    PPI                          1.276    1.276   
    PPI::Document                0        1.276   
    PPIx::Utils::Classification  0        0.003   
    Ref::Util                    0        0.204   
    Sereal::Decoder              0        5.004   
    Sereal::Encoder              0        5.004   
    strict                       0        1.12    
    Sub::HandlesVia              0        0.050000
    Symbol::Get                  0.10     0.10    
    Text::Diff                   0        1.45    
    Text::SimpleTable::AutoWidth 0        0.09    
    TOML::Tiny                   0        0.15    
    Try::Tiny                    0        0.31    
    Types::Standard              0        2.004000
    utf8                         0        1.25    
    warnings                     0        1.64    

build_requires:

    Module                       Need     Have    
    ---------------------------- -------- --------
    ExtUtils::MakeMaker          0        7.70    
    File::pushd                  0        1.016   
    File::Spec                   0        3.88    
    lib                          0        0.65    
    Log::Dispatch::Array         0        1.005   
    PPI::Dumper                  0        1.276   
    Sub::Exporter                0        0.989   
    Test::Differences            0        0.69    
    Test::Fatal                  0        0.017   
    Test::More                   0        1.302194
    Test::Needs                  0        0.002010
    Test::RequiresInternet       0        0.05    
    Test::Script                 1.29     1.29    
    Test::Warnings               0        0.031   

configure_requires:

    Module                       Need     Have    
    ---------------------------- -------- --------
    ExtUtils::MakeMaker          0        7.70    
    perl                         v5.10.0  5.037012

opt_build_requires:

    Module                       Need     Have    
    ---------------------------- -------- --------
    CPAN::Meta                   2.120900 2.150010


------------------------------
ENVIRONMENT AND OTHER CONTEXT
------------------------------

Environment variables:

    LANG = en_US.UTF-8
    LANGUAGE = en_US:en
    LC_ADDRESS = en_US.UTF-8
    LC_IDENTIFICATION = en_US.UTF-8
    LC_MEASUREMENT = en_US.UTF-8
    LC_MONETARY = en_US.UTF-8
    LC_NAME = en_US.UTF-8
    LC_NUMERIC = en_US.UTF-8
    LC_PAPER = en_US.UTF-8
    LC_TELEPHONE = en_US.UTF-8
    LC_TIME = en_US.UTF-8
    NONINTERACTIVE_TESTING = 1
    PATH = /home/jkeenan/perl5/perlbrew/bin:/home/jkeenan/perl5/perlbrew/perls/perl-5.36.0/bin:/home/jkeenan/bin:/usr/local/sbin:/usr/local/bin:/usr/sbin:/usr/bin:/sbin:/bin:/usr/games:/usr/local/games:/snap/bin:/snap/bin:/home/jkeenan/bin:/home/jkeenan/bin/perl:/home/jkeenan/bin/shell
    PERL2DIR = /home/jkeenan/gitwork/perl2
    PERL5LIB = 
    PERL5OPT = 
    PERL5_CPANPLUS_IS_RUNNING = 12725
    PERL5_CPAN_IS_RUNNING = 12725
    PERLBREW_HOME = /home/jkeenan/.perlbrew
    PERLBREW_MANPATH = /home/jkeenan/perl5/perlbrew/perls/perl-5.36.0/man
    PERLBREW_PATH = /home/jkeenan/perl5/perlbrew/bin:/home/jkeenan/perl5/perlbrew/perls/perl-5.36.0/bin
    PERLBREW_PERL = perl-5.36.0
    PERLBREW_ROOT = /home/jkeenan/perl5/perlbrew
    PERLBREW_SHELLRC_VERSION = 0.94
    PERLBREW_VERSION = 0.94
    PERL_MM_USE_DEFAULT = 1
    PERL_USE_UNSAFE_INC = 1
    PERL_WORKDIR = /home/jkeenan/gitwork/perl
    SHELL = /bin/bash
    TERM = xterm-256color

Perl special variables (and OS-specific diagnostics, for MSWin32):

    $^X = /home/jkeenan/testing/blead/bin/perl
    $UID/$EUID = 1000 / 1000
    $GID = 1000 4 24 27 30 46 122 135 136 1000
    $EGID = 1000 4 24 27 30 46 122 135 136 1000

Perl module toolchain versions installed:

    Module              Have    
    ------------------- --------
    CPAN                2.34    
    CPAN::Meta          2.150010
    Cwd                 3.89    
    ExtUtils::CBuilder  0.280238
    ExtUtils::Command   7.70    
    ExtUtils::Install   2.22    
    ExtUtils::MakeMaker 7.70    
    ExtUtils::Manifest  1.73    
    ExtUtils::ParseXS   3.51    
    File::Spec          3.88    
    JSON                4.10    
    JSON::PP            4.16    
    Module::Build       0.4234  
    Module::Signature   n/a     
    Parse::CPAN::Meta   2.150010
    Test2               1.302194
    Test::Harness       3.44    
    Test::More          1.302194
    YAML                1.30    
    YAML::Syck          n/a     
    version             0.9929  


--

Summary of my perl5 (revision 5 version 37 subversion 12) configuration:
  Commit id: a12bd18fcb7a0a71c07c21e4028d7ee45474a8f9
  Platform:
    osname=linux
    osvers=5.19.0-41-generic
    archname=x86_64-linux
    uname='linux tpadx1 5.19.0-41-generic #42~22.04.1-ubuntu smp preempt_dynamic tue apr 18 17:40:00 utc 2 x86_64 x86_64 x86_64 gnulinux '
    config_args='-des -Dusedevel -Uversiononly -Dprefix=/home/jkeenan/testing/blead -Dman1dir=none -Dman3dir=none'
    hint=recommended
    useposix=true
    d_sigaction=define
    useithreads=undef
    usemultiplicity=undef
    use64bitint=define
    use64bitall=define
    uselongdouble=undef
    usemymalloc=n
    default_inc_excludes_dot=define
  Compiler:
    cc='cc'
    ccflags ='-fwrapv -fno-strict-aliasing -pipe -fstack-protector-strong -I/usr/local/include -D_LARGEFILE_SOURCE -D_FILE_OFFSET_BITS=64'
    optimize='-O2'
    cppflags='-fwrapv -fno-strict-aliasing -pipe -fstack-protector-strong -I/usr/local/include'
    ccversion=''
    gccversion='11.3.0'
    gccosandvers=''
    intsize=4
    longsize=8
    ptrsize=8
    doublesize=8
    byteorder=12345678
    doublekind=3
    d_longlong=define
    longlongsize=8
    d_longdbl=define
    longdblsize=16
    longdblkind=3
    ivtype='long'
    ivsize=8
    nvtype='double'
    nvsize=8
    Off_t='off_t'
    lseeksize=8
    alignbytes=8
    prototype=define
  Linker and Libraries:
    ld='cc'
    ldflags =' -fstack-protector-strong -L/usr/local/lib'
    libpth=/usr/local/lib /usr/lib/x86_64-linux-gnu /usr/lib /usr/lib64
    libs=-lpthread -ldl -lm -lcrypt -lutil -lc
    perllibs=-lpthread -ldl -lm -lcrypt -lutil -lc
    libc=/lib/x86_64-linux-gnu/libc.so.6
    so=so
    useshrplib=false
    libperl=libperl.a
    gnulibc_version='2.35'
  Dynamic Linking:
    dlsrc=dl_dlopen.xs
    dlext=so
    d_dlsymun=undef
    ccdlflags='-Wl,-E'
    cccdlflags='-fPIC'
    lddlflags='-shared -O2 -L/usr/local/lib -fstack-protector-strong'


Characteristics of this binary (from libperl): 
  Compile-time options:
    HAS_LONG_DOUBLE
    HAS_STRTOLD
    HAS_TIMES
    PERLIO_LAYERS
    PERL_COPY_ON_WRITE
    PERL_DONT_CREATE_GVSV
    PERL_HASH_FUNC_SIPHASH13
    PERL_HASH_USE_SBOX32
    PERL_MALLOC_WRAP
    PERL_OP_PARENT
    PERL_PRESERVE_IVUV
    PERL_USE_DEVEL
    PERL_USE_SAFE_PUTENV
    USE_64_BIT_ALL
    USE_64_BIT_INT
    USE_LARGE_FILES
    USE_LOCALE
    USE_LOCALE_COLLATE
    USE_LOCALE_CTYPE
    USE_LOCALE_NUMERIC
    USE_LOCALE_TIME
    USE_PERLIO
    USE_PERL_ATOF
  Built under linux
  Compiled at May 10 2023 16:24:44
  %ENV:
    PERL2DIR="/home/jkeenan/gitwork/perl2"
    PERL5LIB=""
    PERL5OPT=""
    PERL5_CPANPLUS_IS_RUNNING="12725"
    PERL5_CPAN_IS_RUNNING="12725"
    PERLBREW_HOME="/home/jkeenan/.perlbrew"
    PERLBREW_MANPATH="/home/jkeenan/perl5/perlbrew/perls/perl-5.36.0/man"
    PERLBREW_PATH="/home/jkeenan/perl5/perlbrew/bin:/home/jkeenan/perl5/perlbrew/perls/perl-5.36.0/bin"
    PERLBREW_PERL="perl-5.36.0"
    PERLBREW_ROOT="/home/jkeenan/perl5/perlbrew"
    PERLBREW_SHELLRC_VERSION="0.94"
    PERLBREW_VERSION="0.94"
    PERL_MM_USE_DEFAULT="1"
    PERL_USE_UNSAFE_INC="1"
    PERL_WORKDIR="/home/jkeenan/gitwork/perl"
  @INC:
    /home/jkeenan/testing/blead/lib/perl5/site_perl/5.37.12/x86_64-linux
    /home/jkeenan/testing/blead/lib/perl5/site_perl/5.37.12
    /home/jkeenan/testing/blead/lib/perl5/5.37.12/x86_64-linux
    /home/jkeenan/testing/blead/lib/perl5/5.37.12
    .