Encode v3.19 Perl 5 v5.20.0 x86_64-linux

Status
Fail
From
Nedzad Hrnjica (NHRNJICA)
Dist
Encode v3.19
Platform
Perl 5 v5.20.0 x86_64-linux
Date
2022-08-04 21:20:29
ID
43cdc1c6-143b-11ed-8f1f-340b0df29030
This distribution has been tested as part of the CPAN Testers
project, supporting the Perl programming language.  See
http://wiki.cpantesters.org/ for more information or email
questions to cpan-testers-discuss@perl.org


--
Dear DANKOGAI,

This is a computer-generated report for Encode-3.19
on perl 5.20.0, created by App::cpanminus::reporter 0.17 (1.7046).

Thank you for uploading your work to CPAN.  However, there was a problem
testing your distribution.

If you think this report is invalid, please consult the CPAN Testers Wiki
for suggestions on how to avoid getting FAIL reports for missing library
or binary dependencies, unsupported operating systems, and so on:

http://wiki.cpantesters.org/wiki/CPANAuthorNotes

Sections of this report:

    * Tester comments
    * Program output
    * Prerequisites
    * Environment and other context

------------------------------
TESTER COMMENTS
------------------------------

Additional comments from tester:

none provided

------------------------------
PROGRAM OUTPUT
------------------------------

Output from '':

Building and testing Encode-3.19
cp lib/Encode/Encoding.pm blib/lib/Encode/Encoding.pm
cp lib/Encode/CJKConstants.pm blib/lib/Encode/CJKConstants.pm
cp lib/Encode/JP/H2Z.pm blib/lib/Encode/JP/H2Z.pm
cp lib/Encode/JP/JIS7.pm blib/lib/Encode/JP/JIS7.pm
cp Encode/_PM.e2x blib/lib/Encode/_PM.e2x
cp lib/Encode/MIME/Name.pm blib/lib/Encode/MIME/Name.pm
cp lib/Encode/Encoder.pm blib/lib/Encode/Encoder.pm
cp lib/Encode/Guess.pm blib/lib/Encode/Guess.pm
cp Encode/README.e2x blib/lib/Encode/README.e2x
cp Encode/_T.e2x blib/lib/Encode/_T.e2x
cp Encode/encode.h blib/lib/Encode/encode.h
cp Encode/Makefile_PL.e2x blib/lib/Encode/Makefile_PL.e2x
cp lib/Encode/GSM0338.pm blib/lib/Encode/GSM0338.pm
cp Encode/ConfigLocal_PM.e2x blib/lib/Encode/ConfigLocal_PM.e2x
cp lib/Encode/PerlIO.pod blib/lib/Encode/PerlIO.pod
cp lib/Encode/MIME/Header.pm blib/lib/Encode/MIME/Header.pm
cp lib/Encode/Supported.pod blib/lib/Encode/Supported.pod
cp lib/Encode/Alias.pm blib/lib/Encode/Alias.pm
cp lib/Encode/CN/HZ.pm blib/lib/Encode/CN/HZ.pm
cp lib/Encode/Config.pm blib/lib/Encode/Config.pm
cp lib/Encode/Unicode/UTF7.pm blib/lib/Encode/Unicode/UTF7.pm
cp encoding.pm blib/lib/encoding.pm
cp lib/Encode/KR/2022_KR.pm blib/lib/Encode/KR/2022_KR.pm
cp Encode/Changes.e2x blib/lib/Encode/Changes.e2x
cp Encode.pm blib/lib/Encode.pm
cp lib/Encode/MIME/Header/ISO_2022_JP.pm blib/lib/Encode/MIME/Header/ISO_2022_JP.pm
make[1]: Entering directory '/home/liveapp/.cpanm/work/1659647996.1298000/Encode-3.19/Byte'
cp Byte.pm ../blib/lib/Encode/Byte.pm
Running Mkbootstrap for Byte ()
chmod 644 "Byte.bs"
"/home/liveapp/.plenv/versions/5.20.0/bin/perl5.20.0" -MExtUtils::Command::MM -e 'cp_nonempty' -- Byte.bs ../blib/arch/auto/Encode/Byte/Byte.bs 644
"/home/liveapp/.plenv/versions/5.20.0/bin/perl5.20.0"  ../bin/enc2xs -"Q" -"O" -o byte_t.c -f byte_t.fnm
Reading iso-8859-2 (iso-8859-2)
Reading iso-8859-3 (iso-8859-3)
Reading iso-8859-4 (iso-8859-4)
Reading iso-8859-5 (iso-8859-5)
Reading iso-8859-6 (iso-8859-6)
Reading iso-8859-7 (iso-8859-7)
Reading iso-8859-8 (iso-8859-8)
Reading iso-8859-9 (iso-8859-9)
Reading iso-8859-10 (iso-8859-10)
Reading iso-8859-11 (iso-8859-11)
Reading iso-8859-13 (iso-8859-13)
Reading iso-8859-14 (iso-8859-14)
Reading iso-8859-15 (iso-8859-15)
Reading iso-8859-16 (iso-8859-16)
Reading AdobeStandardEncoding (AdobeStandardEncoding)
Reading cp1006 (cp1006)
Reading cp1250 (cp1250)
Reading cp1251 (cp1251)
Reading cp1253 (cp1253)
Reading cp1254 (cp1254)
Reading cp1255 (cp1255)
Reading cp1256 (cp1256)
Reading cp1257 (cp1257)
Reading cp1258 (cp1258)
Reading cp424 (cp424)
Reading cp437 (cp437)
Reading cp737 (cp737)
Reading cp775 (cp775)
Reading cp850 (cp850)
Reading cp852 (cp852)
Reading cp855 (cp855)
Reading cp856 (cp856)
Reading cp857 (cp857)
Reading cp858 (cp858)
Reading cp860 (cp860)
Reading cp861 (cp861)
Reading cp862 (cp862)
Reading cp863 (cp863)
Reading cp864 (cp864)
Reading cp865 (cp865)
Reading cp866 (cp866)
Reading cp869 (cp869)
Reading cp874 (cp874)
Reading hp-roman8 (hp-roman8)
Reading koi8-f (koi8-f)
Reading koi8-r (koi8-r)
Reading koi8-u (koi8-u)
Reading MacArabic (MacArabic)
Reading MacCentralEurRoman (MacCentralEurRoman)
Reading MacCroatian (MacCroatian)
Reading MacCyrillic (MacCyrillic)
Reading MacFarsi (MacFarsi)
Reading MacGreek (MacGreek)
Reading MacHebrew (MacHebrew)
Reading MacIcelandic (MacIcelandic)
Reading MacRomanian (MacRomanian)
Reading MacRumanian (MacRumanian)
Reading MacRoman (MacRoman)
Reading MacSami (MacSami)
Reading MacThai (MacThai)
Reading MacTurkish (MacTurkish)
Reading MacUkrainian (MacUkrainian)
Reading nextstep (nextstep)
Reading viscii (viscii)
"/home/liveapp/.plenv/versions/5.20.0/bin/perl5.20.0" "/home/liveapp/.plenv/versions/5.20.0/lib/perl5/site_perl/5.20.0/ExtUtils/xsubpp"  -nolinenumbers -typemap '/home/liveapp/.plenv/versions/5.20.0/lib/perl5/5.20.0/ExtUtils/typemap'  Byte.xs > Byte.xsc
mv Byte.xsc Byte.c
cc -c -I./Encode  -I../Encode -fwrapv -fno-strict-aliasing -pipe -fstack-protector -I/usr/local/include -D_LARGEFILE_SOURCE -D_FILE_OFFSET_BITS=64 -Werror=declaration-after-statement -Wpointer-sign -O2   -DVERSION=\"2.04\" -DXS_VERSION=\"2.04\" -fPIC "-I/home/liveapp/.plenv/versions/5.20.0/lib/perl5/5.20.0/x86_64-linux/CORE"   Byte.c
cc -c -I./Encode  -I../Encode -fwrapv -fno-strict-aliasing -pipe -fstack-protector -I/usr/local/include -D_LARGEFILE_SOURCE -D_FILE_OFFSET_BITS=64 -Werror=declaration-after-statement -Wpointer-sign -O2   -DVERSION=\"2.04\" -DXS_VERSION=\"2.04\" -fPIC "-I/home/liveapp/.plenv/versions/5.20.0/lib/perl5/5.20.0/x86_64-linux/CORE"   byte_t.c
rm -f ../blib/arch/auto/Encode/Byte/Byte.so
cc  -shared -O2 -L/usr/local/lib -fstack-protector  Byte.o byte_t.o  -o ../blib/arch/auto/Encode/Byte/Byte.so  \
      \
  
chmod 755 ../blib/arch/auto/Encode/Byte/Byte.so
make[1]: Leaving directory '/home/liveapp/.cpanm/work/1659647996.1298000/Encode-3.19/Byte'
make[1]: Entering directory '/home/liveapp/.cpanm/work/1659647996.1298000/Encode-3.19/CN'
cp CN.pm ../blib/lib/Encode/CN.pm
Running Mkbootstrap for CN ()
chmod 644 "CN.bs"
"/home/liveapp/.plenv/versions/5.20.0/bin/perl5.20.0" -MExtUtils::Command::MM -e 'cp_nonempty' -- CN.bs ../blib/arch/auto/Encode/CN/CN.bs 644
"/home/liveapp/.plenv/versions/5.20.0/bin/perl5.20.0"  ../bin/enc2xs -"Q" -o cp_00_t.c -f cp_00_t.fnm
Reading cp936 (cp936)
"/home/liveapp/.plenv/versions/5.20.0/bin/perl5.20.0"  ../bin/enc2xs -"Q" -o eu_01_t.c -f eu_01_t.fnm
Reading euc-cn (euc-cn)
"/home/liveapp/.plenv/versions/5.20.0/bin/perl5.20.0"  ../bin/enc2xs -"Q" -o gb_02_t.c -f gb_02_t.fnm
Reading gb12345-raw (gb12345-raw)
"/home/liveapp/.plenv/versions/5.20.0/bin/perl5.20.0"  ../bin/enc2xs -"Q" -o gb_03_t.c -f gb_03_t.fnm
Reading gb2312-raw (gb2312-raw)
"/home/liveapp/.plenv/versions/5.20.0/bin/perl5.20.0"  ../bin/enc2xs -"Q" -o ir_04_t.c -f ir_04_t.fnm
Reading iso-ir-165 (iso-ir-165)
"/home/liveapp/.plenv/versions/5.20.0/bin/perl5.20.0"  ../bin/enc2xs -"Q" -o ma_05_t.c -f ma_05_t.fnm
Reading MacChineseSimp (MacChineseSimp)
"/home/liveapp/.plenv/versions/5.20.0/bin/perl5.20.0" "/home/liveapp/.plenv/versions/5.20.0/lib/perl5/site_perl/5.20.0/ExtUtils/xsubpp" -noprototypes -nolinenumbers -typemap '/home/liveapp/.plenv/versions/5.20.0/lib/perl5/5.20.0/ExtUtils/typemap'  CN.xs > CN.xsc
mv CN.xsc CN.c
cc -c -I./Encode  -I../Encode -fwrapv -fno-strict-aliasing -pipe -fstack-protector -I/usr/local/include -D_LARGEFILE_SOURCE -D_FILE_OFFSET_BITS=64 -Werror=declaration-after-statement -Wpointer-sign -O2   -DVERSION=\"2.03\" -DXS_VERSION=\"2.03\" -fPIC "-I/home/liveapp/.plenv/versions/5.20.0/lib/perl5/5.20.0/x86_64-linux/CORE"   CN.c
cc -c -I./Encode  -I../Encode -fwrapv -fno-strict-aliasing -pipe -fstack-protector -I/usr/local/include -D_LARGEFILE_SOURCE -D_FILE_OFFSET_BITS=64 -Werror=declaration-after-statement -Wpointer-sign -O2   -DVERSION=\"2.03\" -DXS_VERSION=\"2.03\" -fPIC "-I/home/liveapp/.plenv/versions/5.20.0/lib/perl5/5.20.0/x86_64-linux/CORE"   cp_00_t.c
cc -c -I./Encode  -I../Encode -fwrapv -fno-strict-aliasing -pipe -fstack-protector -I/usr/local/include -D_LARGEFILE_SOURCE -D_FILE_OFFSET_BITS=64 -Werror=declaration-after-statement -Wpointer-sign -O2   -DVERSION=\"2.03\" -DXS_VERSION=\"2.03\" -fPIC "-I/home/liveapp/.plenv/versions/5.20.0/lib/perl5/5.20.0/x86_64-linux/CORE"   eu_01_t.c
cc -c -I./Encode  -I../Encode -fwrapv -fno-strict-aliasing -pipe -fstack-protector -I/usr/local/include -D_LARGEFILE_SOURCE -D_FILE_OFFSET_BITS=64 -Werror=declaration-after-statement -Wpointer-sign -O2   -DVERSION=\"2.03\" -DXS_VERSION=\"2.03\" -fPIC "-I/home/liveapp/.plenv/versions/5.20.0/lib/perl5/5.20.0/x86_64-linux/CORE"   gb_02_t.c
cc -c -I./Encode  -I../Encode -fwrapv -fno-strict-aliasing -pipe -fstack-protector -I/usr/local/include -D_LARGEFILE_SOURCE -D_FILE_OFFSET_BITS=64 -Werror=declaration-after-statement -Wpointer-sign -O2   -DVERSION=\"2.03\" -DXS_VERSION=\"2.03\" -fPIC "-I/home/liveapp/.plenv/versions/5.20.0/lib/perl5/5.20.0/x86_64-linux/CORE"   gb_03_t.c
cc -c -I./Encode  -I../Encode -fwrapv -fno-strict-aliasing -pipe -fstack-protector -I/usr/local/include -D_LARGEFILE_SOURCE -D_FILE_OFFSET_BITS=64 -Werror=declaration-after-statement -Wpointer-sign -O2   -DVERSION=\"2.03\" -DXS_VERSION=\"2.03\" -fPIC "-I/home/liveapp/.plenv/versions/5.20.0/lib/perl5/5.20.0/x86_64-linux/CORE"   ir_04_t.c
cc -c -I./Encode  -I../Encode -fwrapv -fno-strict-aliasing -pipe -fstack-protector -I/usr/local/include -D_LARGEFILE_SOURCE -D_FILE_OFFSET_BITS=64 -Werror=declaration-after-statement -Wpointer-sign -O2   -DVERSION=\"2.03\" -DXS_VERSION=\"2.03\" -fPIC "-I/home/liveapp/.plenv/versions/5.20.0/lib/perl5/5.20.0/x86_64-linux/CORE"   ma_05_t.c
rm -f ../blib/arch/auto/Encode/CN/CN.so
cc  -shared -O2 -L/usr/local/lib -fstack-protector  CN.o cp_00_t.o eu_01_t.o gb_02_t.o gb_03_t.o ir_04_t.o ma_05_t.o  -o ../blib/arch/auto/Encode/CN/CN.so  \
      \
  
chmod 755 ../blib/arch/auto/Encode/CN/CN.so
make[1]: Leaving directory '/home/liveapp/.cpanm/work/1659647996.1298000/Encode-3.19/CN'
make[1]: Entering directory '/home/liveapp/.cpanm/work/1659647996.1298000/Encode-3.19/EBCDIC'
cp EBCDIC.pm ../blib/lib/Encode/EBCDIC.pm
Running Mkbootstrap for EBCDIC ()
chmod 644 "EBCDIC.bs"
"/home/liveapp/.plenv/versions/5.20.0/bin/perl5.20.0" -MExtUtils::Command::MM -e 'cp_nonempty' -- EBCDIC.bs ../blib/arch/auto/Encode/EBCDIC/EBCDIC.bs 644
"/home/liveapp/.plenv/versions/5.20.0/bin/perl5.20.0"  ../bin/enc2xs -"Q" -"O" -o ebcdic_t.c -f ebcdic_t.fnm
Reading cp37 (cp37)
Reading cp1026 (cp1026)
Reading cp1047 (cp1047)
Reading cp500 (cp500)
Reading cp875 (cp875)
Reading posix-bc (posix-bc)
"/home/liveapp/.plenv/versions/5.20.0/bin/perl5.20.0" "/home/liveapp/.plenv/versions/5.20.0/lib/perl5/site_perl/5.20.0/ExtUtils/xsubpp"  -nolinenumbers -typemap '/home/liveapp/.plenv/versions/5.20.0/lib/perl5/5.20.0/ExtUtils/typemap'  EBCDIC.xs > EBCDIC.xsc
mv EBCDIC.xsc EBCDIC.c
cc -c -I./Encode  -I../Encode -fwrapv -fno-strict-aliasing -pipe -fstack-protector -I/usr/local/include -D_LARGEFILE_SOURCE -D_FILE_OFFSET_BITS=64 -Werror=declaration-after-statement -Wpointer-sign -O2   -DVERSION=\"2.02\" -DXS_VERSION=\"2.02\" -fPIC "-I/home/liveapp/.plenv/versions/5.20.0/lib/perl5/5.20.0/x86_64-linux/CORE"   EBCDIC.c
cc -c -I./Encode  -I../Encode -fwrapv -fno-strict-aliasing -pipe -fstack-protector -I/usr/local/include -D_LARGEFILE_SOURCE -D_FILE_OFFSET_BITS=64 -Werror=declaration-after-statement -Wpointer-sign -O2   -DVERSION=\"2.02\" -DXS_VERSION=\"2.02\" -fPIC "-I/home/liveapp/.plenv/versions/5.20.0/lib/perl5/5.20.0/x86_64-linux/CORE"   ebcdic_t.c
rm -f ../blib/arch/auto/Encode/EBCDIC/EBCDIC.so
cc  -shared -O2 -L/usr/local/lib -fstack-protector  EBCDIC.o ebcdic_t.o  -o ../blib/arch/auto/Encode/EBCDIC/EBCDIC.so  \
      \
  
chmod 755 ../blib/arch/auto/Encode/EBCDIC/EBCDIC.so
make[1]: Leaving directory '/home/liveapp/.cpanm/work/1659647996.1298000/Encode-3.19/EBCDIC'
make[1]: Entering directory '/home/liveapp/.cpanm/work/1659647996.1298000/Encode-3.19/JP'
cp JP.pm ../blib/lib/Encode/JP.pm
Running Mkbootstrap for JP ()
chmod 644 "JP.bs"
"/home/liveapp/.plenv/versions/5.20.0/bin/perl5.20.0" -MExtUtils::Command::MM -e 'cp_nonempty' -- JP.bs ../blib/arch/auto/Encode/JP/JP.bs 644
"/home/liveapp/.plenv/versions/5.20.0/bin/perl5.20.0"  ../bin/enc2xs -"Q" -o cp_00_t.c -f cp_00_t.fnm
Reading cp932 (cp932)
"/home/liveapp/.plenv/versions/5.20.0/bin/perl5.20.0"  ../bin/enc2xs -"Q" -o eu_01_t.c -f eu_01_t.fnm
Reading euc-jp (euc-jp)
"/home/liveapp/.plenv/versions/5.20.0/bin/perl5.20.0"  ../bin/enc2xs -"Q" -o ji_02_t.c -f ji_02_t.fnm
Reading jis0201-raw (jis0201-raw)
"/home/liveapp/.plenv/versions/5.20.0/bin/perl5.20.0"  ../bin/enc2xs -"Q" -o ji_03_t.c -f ji_03_t.fnm
Reading jis0208-raw (jis0208-raw)
"/home/liveapp/.plenv/versions/5.20.0/bin/perl5.20.0"  ../bin/enc2xs -"Q" -o ji_04_t.c -f ji_04_t.fnm
Reading jis0212-raw (jis0212-raw)
"/home/liveapp/.plenv/versions/5.20.0/bin/perl5.20.0"  ../bin/enc2xs -"Q" -o ma_05_t.c -f ma_05_t.fnm
Reading MacJapanese (MacJapanese)
"/home/liveapp/.plenv/versions/5.20.0/bin/perl5.20.0"  ../bin/enc2xs -"Q" -o sh_06_t.c -f sh_06_t.fnm
Reading shiftjis (shiftjis)
"/home/liveapp/.plenv/versions/5.20.0/bin/perl5.20.0" "/home/liveapp/.plenv/versions/5.20.0/lib/perl5/site_perl/5.20.0/ExtUtils/xsubpp"  -nolinenumbers -typemap '/home/liveapp/.plenv/versions/5.20.0/lib/perl5/5.20.0/ExtUtils/typemap'  JP.xs > JP.xsc
mv JP.xsc JP.c
cc -c -I./Encode  -I../Encode -fwrapv -fno-strict-aliasing -pipe -fstack-protector -I/usr/local/include -D_LARGEFILE_SOURCE -D_FILE_OFFSET_BITS=64 -Werror=declaration-after-statement -Wpointer-sign -O2   -DVERSION=\"2.05\" -DXS_VERSION=\"2.05\" -fPIC "-I/home/liveapp/.plenv/versions/5.20.0/lib/perl5/5.20.0/x86_64-linux/CORE"   JP.c
cc -c -I./Encode  -I../Encode -fwrapv -fno-strict-aliasing -pipe -fstack-protector -I/usr/local/include -D_LARGEFILE_SOURCE -D_FILE_OFFSET_BITS=64 -Werror=declaration-after-statement -Wpointer-sign -O2   -DVERSION=\"2.05\" -DXS_VERSION=\"2.05\" -fPIC "-I/home/liveapp/.plenv/versions/5.20.0/lib/perl5/5.20.0/x86_64-linux/CORE"   cp_00_t.c
cc -c -I./Encode  -I../Encode -fwrapv -fno-strict-aliasing -pipe -fstack-protector -I/usr/local/include -D_LARGEFILE_SOURCE -D_FILE_OFFSET_BITS=64 -Werror=declaration-after-statement -Wpointer-sign -O2   -DVERSION=\"2.05\" -DXS_VERSION=\"2.05\" -fPIC "-I/home/liveapp/.plenv/versions/5.20.0/lib/perl5/5.20.0/x86_64-linux/CORE"   eu_01_t.c
cc -c -I./Encode  -I../Encode -fwrapv -fno-strict-aliasing -pipe -fstack-protector -I/usr/local/include -D_LARGEFILE_SOURCE -D_FILE_OFFSET_BITS=64 -Werror=declaration-after-statement -Wpointer-sign -O2   -DVERSION=\"2.05\" -DXS_VERSION=\"2.05\" -fPIC "-I/home/liveapp/.plenv/versions/5.20.0/lib/perl5/5.20.0/x86_64-linux/CORE"   ji_02_t.c
cc -c -I./Encode  -I../Encode -fwrapv -fno-strict-aliasing -pipe -fstack-protector -I/usr/local/include -D_LARGEFILE_SOURCE -D_FILE_OFFSET_BITS=64 -Werror=declaration-after-statement -Wpointer-sign -O2   -DVERSION=\"2.05\" -DXS_VERSION=\"2.05\" -fPIC "-I/home/liveapp/.plenv/versions/5.20.0/lib/perl5/5.20.0/x86_64-linux/CORE"   ji_03_t.c
cc -c -I./Encode  -I../Encode -fwrapv -fno-strict-aliasing -pipe -fstack-protector -I/usr/local/include -D_LARGEFILE_SOURCE -D_FILE_OFFSET_BITS=64 -Werror=declaration-after-statement -Wpointer-sign -O2   -DVERSION=\"2.05\" -DXS_VERSION=\"2.05\" -fPIC "-I/home/liveapp/.plenv/versions/5.20.0/lib/perl5/5.20.0/x86_64-linux/CORE"   ji_04_t.c
cc -c -I./Encode  -I../Encode -fwrapv -fno-strict-aliasing -pipe -fstack-protector -I/usr/local/include -D_LARGEFILE_SOURCE -D_FILE_OFFSET_BITS=64 -Werror=declaration-after-statement -Wpointer-sign -O2   -DVERSION=\"2.05\" -DXS_VERSION=\"2.05\" -fPIC "-I/home/liveapp/.plenv/versions/5.20.0/lib/perl5/5.20.0/x86_64-linux/CORE"   ma_05_t.c
cc -c -I./Encode  -I../Encode -fwrapv -fno-strict-aliasing -pipe -fstack-protector -I/usr/local/include -D_LARGEFILE_SOURCE -D_FILE_OFFSET_BITS=64 -Werror=declaration-after-statement -Wpointer-sign -O2   -DVERSION=\"2.05\" -DXS_VERSION=\"2.05\" -fPIC "-I/home/liveapp/.plenv/versions/5.20.0/lib/perl5/5.20.0/x86_64-linux/CORE"   sh_06_t.c
rm -f ../blib/arch/auto/Encode/JP/JP.so
cc  -shared -O2 -L/usr/local/lib -fstack-protector  JP.o cp_00_t.o eu_01_t.o ji_02_t.o ji_03_t.o ji_04_t.o ma_05_t.o sh_06_t.o  -o ../blib/arch/auto/Encode/JP/JP.so  \
      \
  
chmod 755 ../blib/arch/auto/Encode/JP/JP.so
make[1]: Leaving directory '/home/liveapp/.cpanm/work/1659647996.1298000/Encode-3.19/JP'
make[1]: Entering directory '/home/liveapp/.cpanm/work/1659647996.1298000/Encode-3.19/KR'
cp KR.pm ../blib/lib/Encode/KR.pm
Running Mkbootstrap for KR ()
chmod 644 "KR.bs"
"/home/liveapp/.plenv/versions/5.20.0/bin/perl5.20.0" -MExtUtils::Command::MM -e 'cp_nonempty' -- KR.bs ../blib/arch/auto/Encode/KR/KR.bs 644
"/home/liveapp/.plenv/versions/5.20.0/bin/perl5.20.0"  ../bin/enc2xs -"Q" -o cp_00_t.c -f cp_00_t.fnm
Reading cp949 (cp949)
"/home/liveapp/.plenv/versions/5.20.0/bin/perl5.20.0"  ../bin/enc2xs -"Q" -o eu_01_t.c -f eu_01_t.fnm
Reading euc-kr (euc-kr)
"/home/liveapp/.plenv/versions/5.20.0/bin/perl5.20.0"  ../bin/enc2xs -"Q" -o jo_02_t.c -f jo_02_t.fnm
Reading johab (johab)
"/home/liveapp/.plenv/versions/5.20.0/bin/perl5.20.0"  ../bin/enc2xs -"Q" -o ks_03_t.c -f ks_03_t.fnm
Reading ksc5601-raw (ksc5601-raw)
"/home/liveapp/.plenv/versions/5.20.0/bin/perl5.20.0"  ../bin/enc2xs -"Q" -o ma_04_t.c -f ma_04_t.fnm
Reading MacKorean (MacKorean)
"/home/liveapp/.plenv/versions/5.20.0/bin/perl5.20.0" "/home/liveapp/.plenv/versions/5.20.0/lib/perl5/site_perl/5.20.0/ExtUtils/xsubpp"  -nolinenumbers -typemap '/home/liveapp/.plenv/versions/5.20.0/lib/perl5/5.20.0/ExtUtils/typemap'  KR.xs > KR.xsc
mv KR.xsc KR.c
cc -c -I./Encode  -I../Encode -fwrapv -fno-strict-aliasing -pipe -fstack-protector -I/usr/local/include -D_LARGEFILE_SOURCE -D_FILE_OFFSET_BITS=64 -Werror=declaration-after-statement -Wpointer-sign -O2   -DVERSION=\"2.03\" -DXS_VERSION=\"2.03\" -fPIC "-I/home/liveapp/.plenv/versions/5.20.0/lib/perl5/5.20.0/x86_64-linux/CORE"   KR.c
cc -c -I./Encode  -I../Encode -fwrapv -fno-strict-aliasing -pipe -fstack-protector -I/usr/local/include -D_LARGEFILE_SOURCE -D_FILE_OFFSET_BITS=64 -Werror=declaration-after-statement -Wpointer-sign -O2   -DVERSION=\"2.03\" -DXS_VERSION=\"2.03\" -fPIC "-I/home/liveapp/.plenv/versions/5.20.0/lib/perl5/5.20.0/x86_64-linux/CORE"   cp_00_t.c
cc -c -I./Encode  -I../Encode -fwrapv -fno-strict-aliasing -pipe -fstack-protector -I/usr/local/include -D_LARGEFILE_SOURCE -D_FILE_OFFSET_BITS=64 -Werror=declaration-after-statement -Wpointer-sign -O2   -DVERSION=\"2.03\" -DXS_VERSION=\"2.03\" -fPIC "-I/home/liveapp/.plenv/versions/5.20.0/lib/perl5/5.20.0/x86_64-linux/CORE"   eu_01_t.c
cc -c -I./Encode  -I../Encode -fwrapv -fno-strict-aliasing -pipe -fstack-protector -I/usr/local/include -D_LARGEFILE_SOURCE -D_FILE_OFFSET_BITS=64 -Werror=declaration-after-statement -Wpointer-sign -O2   -DVERSION=\"2.03\" -DXS_VERSION=\"2.03\" -fPIC "-I/home/liveapp/.plenv/versions/5.20.0/lib/perl5/5.20.0/x86_64-linux/CORE"   jo_02_t.c
cc -c -I./Encode  -I../Encode -fwrapv -fno-strict-aliasing -pipe -fstack-protector -I/usr/local/include -D_LARGEFILE_SOURCE -D_FILE_OFFSET_BITS=64 -Werror=declaration-after-statement -Wpointer-sign -O2   -DVERSION=\"2.03\" -DXS_VERSION=\"2.03\" -fPIC "-I/home/liveapp/.plenv/versions/5.20.0/lib/perl5/5.20.0/x86_64-linux/CORE"   ks_03_t.c
cc -c -I./Encode  -I../Encode -fwrapv -fno-strict-aliasing -pipe -fstack-protector -I/usr/local/include -D_LARGEFILE_SOURCE -D_FILE_OFFSET_BITS=64 -Werror=declaration-after-statement -Wpointer-sign -O2   -DVERSION=\"2.03\" -DXS_VERSION=\"2.03\" -fPIC "-I/home/liveapp/.plenv/versions/5.20.0/lib/perl5/5.20.0/x86_64-linux/CORE"   ma_04_t.c
rm -f ../blib/arch/auto/Encode/KR/KR.so
cc  -shared -O2 -L/usr/local/lib -fstack-protector  KR.o cp_00_t.o eu_01_t.o jo_02_t.o ks_03_t.o ma_04_t.o  -o ../blib/arch/auto/Encode/KR/KR.so  \
      \
  
chmod 755 ../blib/arch/auto/Encode/KR/KR.so
make[1]: Leaving directory '/home/liveapp/.cpanm/work/1659647996.1298000/Encode-3.19/KR'
make[1]: Entering directory '/home/liveapp/.cpanm/work/1659647996.1298000/Encode-3.19/Symbol'
cp Symbol.pm ../blib/lib/Encode/Symbol.pm
Running Mkbootstrap for Symbol ()
chmod 644 "Symbol.bs"
"/home/liveapp/.plenv/versions/5.20.0/bin/perl5.20.0" -MExtUtils::Command::MM -e 'cp_nonempty' -- Symbol.bs ../blib/arch/auto/Encode/Symbol/Symbol.bs 644
"/home/liveapp/.plenv/versions/5.20.0/bin/perl5.20.0"  ../bin/enc2xs -"Q" -"O" -o symbol_t.c -f symbol_t.fnm
Reading AdobeSymbol (AdobeSymbol)
Reading AdobeZdingbat (AdobeZdingbat)
Reading dingbats (dingbats)
Reading MacDingbats (MacDingbats)
Reading MacSymbol (MacSymbol)
Reading symbol (symbol)
"/home/liveapp/.plenv/versions/5.20.0/bin/perl5.20.0" "/home/liveapp/.plenv/versions/5.20.0/lib/perl5/site_perl/5.20.0/ExtUtils/xsubpp"  -nolinenumbers -typemap '/home/liveapp/.plenv/versions/5.20.0/lib/perl5/5.20.0/ExtUtils/typemap'  Symbol.xs > Symbol.xsc
mv Symbol.xsc Symbol.c
cc -c -I./Encode  -I../Encode -fwrapv -fno-strict-aliasing -pipe -fstack-protector -I/usr/local/include -D_LARGEFILE_SOURCE -D_FILE_OFFSET_BITS=64 -Werror=declaration-after-statement -Wpointer-sign -O2   -DVERSION=\"2.02\" -DXS_VERSION=\"2.02\" -fPIC "-I/home/liveapp/.plenv/versions/5.20.0/lib/perl5/5.20.0/x86_64-linux/CORE"   Symbol.c
cc -c -I./Encode  -I../Encode -fwrapv -fno-strict-aliasing -pipe -fstack-protector -I/usr/local/include -D_LARGEFILE_SOURCE -D_FILE_OFFSET_BITS=64 -Werror=declaration-after-statement -Wpointer-sign -O2   -DVERSION=\"2.02\" -DXS_VERSION=\"2.02\" -fPIC "-I/home/liveapp/.plenv/versions/5.20.0/lib/perl5/5.20.0/x86_64-linux/CORE"   symbol_t.c
rm -f ../blib/arch/auto/Encode/Symbol/Symbol.so
cc  -shared -O2 -L/usr/local/lib -fstack-protector  Symbol.o symbol_t.o  -o ../blib/arch/auto/Encode/Symbol/Symbol.so  \
      \
  
chmod 755 ../blib/arch/auto/Encode/Symbol/Symbol.so
make[1]: Leaving directory '/home/liveapp/.cpanm/work/1659647996.1298000/Encode-3.19/Symbol'
make[1]: Entering directory '/home/liveapp/.cpanm/work/1659647996.1298000/Encode-3.19/TW'
cp TW.pm ../blib/lib/Encode/TW.pm
Running Mkbootstrap for TW ()
chmod 644 "TW.bs"
"/home/liveapp/.plenv/versions/5.20.0/bin/perl5.20.0" -MExtUtils::Command::MM -e 'cp_nonempty' -- TW.bs ../blib/arch/auto/Encode/TW/TW.bs 644
"/home/liveapp/.plenv/versions/5.20.0/bin/perl5.20.0"  ../bin/enc2xs -"Q" -o bi_00_t.c -f bi_00_t.fnm
Reading big5-eten (big5-eten)
"/home/liveapp/.plenv/versions/5.20.0/bin/perl5.20.0"  ../bin/enc2xs -"Q" -o bi_01_t.c -f bi_01_t.fnm
Reading big5-hkscs (big5-hkscs)
"/home/liveapp/.plenv/versions/5.20.0/bin/perl5.20.0"  ../bin/enc2xs -"Q" -o cp_02_t.c -f cp_02_t.fnm
Reading cp950 (cp950)
"/home/liveapp/.plenv/versions/5.20.0/bin/perl5.20.0"  ../bin/enc2xs -"Q" -o ma_03_t.c -f ma_03_t.fnm
Reading MacChineseTrad (MacChineseTrad)
"/home/liveapp/.plenv/versions/5.20.0/bin/perl5.20.0" "/home/liveapp/.plenv/versions/5.20.0/lib/perl5/site_perl/5.20.0/ExtUtils/xsubpp"  -nolinenumbers -typemap '/home/liveapp/.plenv/versions/5.20.0/lib/perl5/5.20.0/ExtUtils/typemap'  TW.xs > TW.xsc
mv TW.xsc TW.c
cc -c -I./Encode  -I../Encode -fwrapv -fno-strict-aliasing -pipe -fstack-protector -I/usr/local/include -D_LARGEFILE_SOURCE -D_FILE_OFFSET_BITS=64 -Werror=declaration-after-statement -Wpointer-sign -O2   -DVERSION=\"2.03\" -DXS_VERSION=\"2.03\" -fPIC "-I/home/liveapp/.plenv/versions/5.20.0/lib/perl5/5.20.0/x86_64-linux/CORE"   TW.c
cc -c -I./Encode  -I../Encode -fwrapv -fno-strict-aliasing -pipe -fstack-protector -I/usr/local/include -D_LARGEFILE_SOURCE -D_FILE_OFFSET_BITS=64 -Werror=declaration-after-statement -Wpointer-sign -O2   -DVERSION=\"2.03\" -DXS_VERSION=\"2.03\" -fPIC "-I/home/liveapp/.plenv/versions/5.20.0/lib/perl5/5.20.0/x86_64-linux/CORE"   bi_00_t.c
cc -c -I./Encode  -I../Encode -fwrapv -fno-strict-aliasing -pipe -fstack-protector -I/usr/local/include -D_LARGEFILE_SOURCE -D_FILE_OFFSET_BITS=64 -Werror=declaration-after-statement -Wpointer-sign -O2   -DVERSION=\"2.03\" -DXS_VERSION=\"2.03\" -fPIC "-I/home/liveapp/.plenv/versions/5.20.0/lib/perl5/5.20.0/x86_64-linux/CORE"   bi_01_t.c
cc -c -I./Encode  -I../Encode -fwrapv -fno-strict-aliasing -pipe -fstack-protector -I/usr/local/include -D_LARGEFILE_SOURCE -D_FILE_OFFSET_BITS=64 -Werror=declaration-after-statement -Wpointer-sign -O2   -DVERSION=\"2.03\" -DXS_VERSION=\"2.03\" -fPIC "-I/home/liveapp/.plenv/versions/5.20.0/lib/perl5/5.20.0/x86_64-linux/CORE"   cp_02_t.c
cc -c -I./Encode  -I../Encode -fwrapv -fno-strict-aliasing -pipe -fstack-protector -I/usr/local/include -D_LARGEFILE_SOURCE -D_FILE_OFFSET_BITS=64 -Werror=declaration-after-statement -Wpointer-sign -O2   -DVERSION=\"2.03\" -DXS_VERSION=\"2.03\" -fPIC "-I/home/liveapp/.plenv/versions/5.20.0/lib/perl5/5.20.0/x86_64-linux/CORE"   ma_03_t.c
rm -f ../blib/arch/auto/Encode/TW/TW.so
cc  -shared -O2 -L/usr/local/lib -fstack-protector  TW.o bi_00_t.o bi_01_t.o cp_02_t.o ma_03_t.o  -o ../blib/arch/auto/Encode/TW/TW.so  \
      \
  
chmod 755 ../blib/arch/auto/Encode/TW/TW.so
make[1]: Leaving directory '/home/liveapp/.cpanm/work/1659647996.1298000/Encode-3.19/TW'
make[1]: Entering directory '/home/liveapp/.cpanm/work/1659647996.1298000/Encode-3.19/Unicode'
cp Unicode.pm ../blib/lib/Encode/Unicode.pm
Running Mkbootstrap for Unicode ()
chmod 644 "Unicode.bs"
"/home/liveapp/.plenv/versions/5.20.0/bin/perl5.20.0" -MExtUtils::Command::MM -e 'cp_nonempty' -- Unicode.bs ../blib/arch/auto/Encode/Unicode/Unicode.bs 644
"/home/liveapp/.plenv/versions/5.20.0/bin/perl5.20.0" "/home/liveapp/.plenv/versions/5.20.0/lib/perl5/site_perl/5.20.0/ExtUtils/xsubpp"  -typemap '/home/liveapp/.plenv/versions/5.20.0/lib/perl5/5.20.0/ExtUtils/typemap'  Unicode.xs > Unicode.xsc
mv Unicode.xsc Unicode.c
cc -c -I./Encode  -I../Encode -fwrapv -fno-strict-aliasing -pipe -fstack-protector -I/usr/local/include -D_LARGEFILE_SOURCE -D_FILE_OFFSET_BITS=64 -Werror=declaration-after-statement -Wpointer-sign -O2   -DVERSION=\"2.20\" -DXS_VERSION=\"2.20\" -fPIC "-I/home/liveapp/.plenv/versions/5.20.0/lib/perl5/5.20.0/x86_64-linux/CORE"   Unicode.c
rm -f ../blib/arch/auto/Encode/Unicode/Unicode.so
cc  -shared -O2 -L/usr/local/lib -fstack-protector  Unicode.o  -o ../blib/arch/auto/Encode/Unicode/Unicode.so  \
      \
  
chmod 755 ../blib/arch/auto/Encode/Unicode/Unicode.so
make[1]: Leaving directory '/home/liveapp/.cpanm/work/1659647996.1298000/Encode-3.19/Unicode'
Running Mkbootstrap for Encode ()
chmod 644 "Encode.bs"
"/home/liveapp/.plenv/versions/5.20.0/bin/perl5.20.0" -MExtUtils::Command::MM -e 'cp_nonempty' -- Encode.bs blib/arch/auto/Encode/Encode.bs 644
"/home/liveapp/.plenv/versions/5.20.0/bin/perl5.20.0" "/home/liveapp/.plenv/versions/5.20.0/lib/perl5/site_perl/5.20.0/ExtUtils/xsubpp"  -typemap '/home/liveapp/.plenv/versions/5.20.0/lib/perl5/5.20.0/ExtUtils/typemap'  Encode.xs > Encode.xsc
mv Encode.xsc Encode.c
"/home/liveapp/.plenv/versions/5.20.0/bin/perl5.20.0"  bin/enc2xs -"Q" -"O" -o def_t.c -f def_t.fnm
Reading iso-8859-1 (iso-8859-1)
Reading ascii (ascii)
Reading cp1252 (cp1252)
Reading ascii-ctrl (ascii-ctrl)
Reading null (null)
cc -c  -I./Encode -fwrapv -fno-strict-aliasing -pipe -fstack-protector -I/usr/local/include -D_LARGEFILE_SOURCE -D_FILE_OFFSET_BITS=64 -Werror=declaration-after-statement -Wpointer-sign -O2   -DVERSION=\"3.19\" -DXS_VERSION=\"3.19\" -fPIC "-I/home/liveapp/.plenv/versions/5.20.0/lib/perl5/5.20.0/x86_64-linux/CORE"   Encode.c
cc -c  -I./Encode -fwrapv -fno-strict-aliasing -pipe -fstack-protector -I/usr/local/include -D_LARGEFILE_SOURCE -D_FILE_OFFSET_BITS=64 -Werror=declaration-after-statement -Wpointer-sign -O2   -DVERSION=\"3.19\" -DXS_VERSION=\"3.19\" -fPIC "-I/home/liveapp/.plenv/versions/5.20.0/lib/perl5/5.20.0/x86_64-linux/CORE"   def_t.c
cc -c  -I./Encode -fwrapv -fno-strict-aliasing -pipe -fstack-protector -I/usr/local/include -D_LARGEFILE_SOURCE -D_FILE_OFFSET_BITS=64 -Werror=declaration-after-statement -Wpointer-sign -O2   -DVERSION=\"3.19\" -DXS_VERSION=\"3.19\" -fPIC "-I/home/liveapp/.plenv/versions/5.20.0/lib/perl5/5.20.0/x86_64-linux/CORE"   encengine.c
rm -f blib/arch/auto/Encode/Encode.so
cc  -shared -O2 -L/usr/local/lib -fstack-protector  Encode.o def_t.o encengine.o  -o blib/arch/auto/Encode/Encode.so  \
      \
  
chmod 755 blib/arch/auto/Encode/Encode.so
cp bin/enc2xs blib/script/enc2xs
"/home/liveapp/.plenv/versions/5.20.0/bin/perl5.20.0" -MExtUtils::MY -e 'MY->fixin(shift)' -- blib/script/enc2xs
cp bin/encguess blib/script/encguess
"/home/liveapp/.plenv/versions/5.20.0/bin/perl5.20.0" -MExtUtils::MY -e 'MY->fixin(shift)' -- blib/script/encguess
cp bin/piconv blib/script/piconv
"/home/liveapp/.plenv/versions/5.20.0/bin/perl5.20.0" -MExtUtils::MY -e 'MY->fixin(shift)' -- blib/script/piconv
Manifying 3 pod documents
Manifying 18 pod documents
"/home/liveapp/.plenv/versions/5.20.0/bin/perl5.20.0" -MExtUtils::Command::MM -e 'cp_nonempty' -- Encode.bs blib/arch/auto/Encode/Encode.bs 644
make[1]: Entering directory '/home/liveapp/.cpanm/work/1659647996.1298000/Encode-3.19/Byte'
"/home/liveapp/.plenv/versions/5.20.0/bin/perl5.20.0" -MExtUtils::Command::MM -e 'cp_nonempty' -- Byte.bs ../blib/arch/auto/Encode/Byte/Byte.bs 644
make[1]: Leaving directory '/home/liveapp/.cpanm/work/1659647996.1298000/Encode-3.19/Byte'
make[1]: Entering directory '/home/liveapp/.cpanm/work/1659647996.1298000/Encode-3.19/CN'
"/home/liveapp/.plenv/versions/5.20.0/bin/perl5.20.0" -MExtUtils::Command::MM -e 'cp_nonempty' -- CN.bs ../blib/arch/auto/Encode/CN/CN.bs 644
make[1]: Leaving directory '/home/liveapp/.cpanm/work/1659647996.1298000/Encode-3.19/CN'
make[1]: Entering directory '/home/liveapp/.cpanm/work/1659647996.1298000/Encode-3.19/EBCDIC'
"/home/liveapp/.plenv/versions/5.20.0/bin/perl5.20.0" -MExtUtils::Command::MM -e 'cp_nonempty' -- EBCDIC.bs ../blib/arch/auto/Encode/EBCDIC/EBCDIC.bs 644
make[1]: Leaving directory '/home/liveapp/.cpanm/work/1659647996.1298000/Encode-3.19/EBCDIC'
make[1]: Entering directory '/home/liveapp/.cpanm/work/1659647996.1298000/Encode-3.19/JP'
"/home/liveapp/.plenv/versions/5.20.0/bin/perl5.20.0" -MExtUtils::Command::MM -e 'cp_nonempty' -- JP.bs ../blib/arch/auto/Encode/JP/JP.bs 644
make[1]: Leaving directory '/home/liveapp/.cpanm/work/1659647996.1298000/Encode-3.19/JP'
make[1]: Entering directory '/home/liveapp/.cpanm/work/1659647996.1298000/Encode-3.19/KR'
"/home/liveapp/.plenv/versions/5.20.0/bin/perl5.20.0" -MExtUtils::Command::MM -e 'cp_nonempty' -- KR.bs ../blib/arch/auto/Encode/KR/KR.bs 644
make[1]: Leaving directory '/home/liveapp/.cpanm/work/1659647996.1298000/Encode-3.19/KR'
make[1]: Entering directory '/home/liveapp/.cpanm/work/1659647996.1298000/Encode-3.19/Symbol'
"/home/liveapp/.plenv/versions/5.20.0/bin/perl5.20.0" -MExtUtils::Command::MM -e 'cp_nonempty' -- Symbol.bs ../blib/arch/auto/Encode/Symbol/Symbol.bs 644
make[1]: Leaving directory '/home/liveapp/.cpanm/work/1659647996.1298000/Encode-3.19/Symbol'
make[1]: Entering directory '/home/liveapp/.cpanm/work/1659647996.1298000/Encode-3.19/TW'
"/home/liveapp/.plenv/versions/5.20.0/bin/perl5.20.0" -MExtUtils::Command::MM -e 'cp_nonempty' -- TW.bs ../blib/arch/auto/Encode/TW/TW.bs 644
make[1]: Leaving directory '/home/liveapp/.cpanm/work/1659647996.1298000/Encode-3.19/TW'
make[1]: Entering directory '/home/liveapp/.cpanm/work/1659647996.1298000/Encode-3.19/Unicode'
"/home/liveapp/.plenv/versions/5.20.0/bin/perl5.20.0" -MExtUtils::Command::MM -e 'cp_nonempty' -- Unicode.bs ../blib/arch/auto/Encode/Unicode/Unicode.bs 644
make[1]: Leaving directory '/home/liveapp/.cpanm/work/1659647996.1298000/Encode-3.19/Unicode'
make[1]: Entering directory '/home/liveapp/.cpanm/work/1659647996.1298000/Encode-3.19/Byte'
"/home/liveapp/.plenv/versions/5.20.0/bin/perl5.20.0" -MExtUtils::Command::MM -e 'cp_nonempty' -- Byte.bs ../blib/arch/auto/Encode/Byte/Byte.bs 644
No tests defined for Encode::Byte extension.
make[1]: Leaving directory '/home/liveapp/.cpanm/work/1659647996.1298000/Encode-3.19/Byte'
make[1]: Entering directory '/home/liveapp/.cpanm/work/1659647996.1298000/Encode-3.19/CN'
"/home/liveapp/.plenv/versions/5.20.0/bin/perl5.20.0" -MExtUtils::Command::MM -e 'cp_nonempty' -- CN.bs ../blib/arch/auto/Encode/CN/CN.bs 644
No tests defined for Encode::CN extension.
make[1]: Leaving directory '/home/liveapp/.cpanm/work/1659647996.1298000/Encode-3.19/CN'
make[1]: Entering directory '/home/liveapp/.cpanm/work/1659647996.1298000/Encode-3.19/EBCDIC'
"/home/liveapp/.plenv/versions/5.20.0/bin/perl5.20.0" -MExtUtils::Command::MM -e 'cp_nonempty' -- EBCDIC.bs ../blib/arch/auto/Encode/EBCDIC/EBCDIC.bs 644
No tests defined for Encode::EBCDIC extension.
make[1]: Leaving directory '/home/liveapp/.cpanm/work/1659647996.1298000/Encode-3.19/EBCDIC'
make[1]: Entering directory '/home/liveapp/.cpanm/work/1659647996.1298000/Encode-3.19/JP'
"/home/liveapp/.plenv/versions/5.20.0/bin/perl5.20.0" -MExtUtils::Command::MM -e 'cp_nonempty' -- JP.bs ../blib/arch/auto/Encode/JP/JP.bs 644
No tests defined for Encode::JP extension.
make[1]: Leaving directory '/home/liveapp/.cpanm/work/1659647996.1298000/Encode-3.19/JP'
make[1]: Entering directory '/home/liveapp/.cpanm/work/1659647996.1298000/Encode-3.19/KR'
"/home/liveapp/.plenv/versions/5.20.0/bin/perl5.20.0" -MExtUtils::Command::MM -e 'cp_nonempty' -- KR.bs ../blib/arch/auto/Encode/KR/KR.bs 644
No tests defined for Encode::KR extension.
make[1]: Leaving directory '/home/liveapp/.cpanm/work/1659647996.1298000/Encode-3.19/KR'
make[1]: Entering directory '/home/liveapp/.cpanm/work/1659647996.1298000/Encode-3.19/Symbol'
"/home/liveapp/.plenv/versions/5.20.0/bin/perl5.20.0" -MExtUtils::Command::MM -e 'cp_nonempty' -- Symbol.bs ../blib/arch/auto/Encode/Symbol/Symbol.bs 644
No tests defined for Encode::Symbol extension.
make[1]: Leaving directory '/home/liveapp/.cpanm/work/1659647996.1298000/Encode-3.19/Symbol'
make[1]: Entering directory '/home/liveapp/.cpanm/work/1659647996.1298000/Encode-3.19/TW'
"/home/liveapp/.plenv/versions/5.20.0/bin/perl5.20.0" -MExtUtils::Command::MM -e 'cp_nonempty' -- TW.bs ../blib/arch/auto/Encode/TW/TW.bs 644
No tests defined for Encode::TW extension.
make[1]: Leaving directory '/home/liveapp/.cpanm/work/1659647996.1298000/Encode-3.19/TW'
make[1]: Entering directory '/home/liveapp/.cpanm/work/1659647996.1298000/Encode-3.19/Unicode'
"/home/liveapp/.plenv/versions/5.20.0/bin/perl5.20.0" -MExtUtils::Command::MM -e 'cp_nonempty' -- Unicode.bs ../blib/arch/auto/Encode/Unicode/Unicode.bs 644
No tests defined for Encode::Unicode extension.
make[1]: Leaving directory '/home/liveapp/.cpanm/work/1659647996.1298000/Encode-3.19/Unicode'
PERL_DL_NONLAZY=1 "/home/liveapp/.plenv/versions/5.20.0/bin/perl5.20.0" "-MExtUtils::Command::MM" "-MTest::Harness" "-e" "undef *Test::Harness::Switches; test_harness(0, 'blib/lib', 'blib/arch')" t/*.t
t/Aliases.t ................ ok
t/at-cn.t .................. ok
t/at-tw.t .................. ok
t/CJKT.t ................... ok
t/cow.t .................... ok
t/decode.t ................. ok
t/enc_data.t ............... ok
t/enc_eucjp.t .............. ok
t/enc_module.t ............. ok
t/enc_utf8.t ............... ok
t/Encode.t ................. ok
t/Encoder.t ................ ok
t/encoding-locale.t ........ ok
t/encoding.t ............... ok
t/fallback.t ............... ok
t/from_to.t ................ ok
t/grow.t ................... ok
t/gsm0338.t ................ ok
t/guess.t .................. ok

#   Failed test 'undef isa 'Encode::Encoding''
#   at t/isa.t line 9.
#     undef isn't defined

#   Failed test 'undef isa 'Encode::Encoding''
#   at t/isa.t line 9.
#     undef isn't defined

#   Failed test 'undef isa 'Encode::Encoding''
#   at t/isa.t line 9.
#     undef isn't defined

#   Failed test 'undef isa 'Encode::Encoding''
#   at t/isa.t line 9.
#     undef isn't defined

#   Failed test 'undef isa 'Encode::Encoding''
#   at t/isa.t line 9.
#     undef isn't defined

#   Failed test 'undef isa 'Encode::Encoding''
#   at t/isa.t line 9.
#     undef isn't defined

#   Failed test 'undef isa 'Encode::Encoding''
#   at t/isa.t line 9.
#     undef isn't defined

#   Failed test 'undef isa 'Encode::Encoding''
#   at t/isa.t line 9.
#     undef isn't defined

#   Failed test 'undef isa 'Encode::Encoding''
#   at t/isa.t line 9.
#     undef isn't defined
# Looks like you failed 9 tests of 133.
t/isa.t .................... 
Dubious, test returned 9 (wstat 2304, 0x900)
Failed 9/133 subtests 
t/jis7-fallback.t .......... ok
t/jperl.t .................. ok
t/magic.t .................. ok
t/mime-header.t ............ ok
t/mime-name.t .............. ok
t/mime_header_iso2022jp.t .. ok
t/perlio.t ................. ok
t/piconv.t ................. ok
t/rt113164.t ............... ok
t/rt65541.t ................ ok
t/rt76824.t ................ ok
t/rt85489.t ................ ok
t/rt86327.t ................ ok
t/taint.t .................. ok
t/truncated_utf8.t ......... ok
t/undef.t .................. ok
t/Unicode.t ................ ok
t/Unicode_trailing_nul.t ... ok
t/use-Encode-Alias.t ....... ok
t/utf32warnings.t .......... ok
t/utf8ref.t ................ ok
t/utf8strict.t ............. ok
t/utf8warnings.t ........... ok
t/whatwg-aliases.t ......... skipped: For maintainers only
t/xml.t .................... ok

Test Summary Report
-------------------
t/isa.t                  (Wstat: 2304 Tests: 133 Failed: 9)
  Failed tests:  56-64
  Non-zero exit status: 9
t/truncated_utf8.t       (Wstat: 0 Tests: 9 Failed: 0)
  TODO passed:   9
Files=45, Tests=7845,  9 wallclock secs ( 0.67 usr  0.12 sys +  6.48 cusr  0.64 csys =  7.91 CPU)
Result: FAIL

------------------------------
PREREQUISITES
------------------------------

Prerequisite modules loaded:

    No requirements found

------------------------------
ENVIRONMENT AND OTHER CONTEXT
------------------------------

Environment variables:

    LANG = C.UTF-8
    PATH = /home/liveapp/cpantesters.new/5.20.0/local/bin:/home/liveapp/.plenv/versions/5.20.0/bin:/home/liveapp/.plenv/libexec:/home/liveapp/.plenv/plugins/perl-build/bin:/home/liveapp/.plenv/shims:/home/liveapp/.plenv/bin:/usr/local/sbin:/usr/local/bin:/usr/sbin:/usr/bin:/sbin:/bin:/usr/games:/usr/local/games:/snap/bin
    PERL5LIB = /home/liveapp/cpantesters.new/5.20.0/local/lib/perl5
    SHELL = /bin/bash
    TERM = xterm-256color

Perl special variables (and OS-specific diagnostics, for MSWin32):

    EGID = 1001 27 1001
    EUID = 1001
    EXECUTABLE_NAME = /home/liveapp/.plenv/versions/5.20.0/bin/perl5.20.0
    GID = 1001 27 1001
    UID = 1001

Perl module toolchain versions installed:

    Module              Have    
    ------------------- --------
    CPAN                2.05    
    CPAN::Meta          2.150010
    Cwd                 3.47    
    ExtUtils::CBuilder  0.280216
    ExtUtils::Command   7.64    
    ExtUtils::Install   2.06    
    ExtUtils::MakeMaker 7.64    
    ExtUtils::Manifest  1.70    
    ExtUtils::ParseXS   3.44    
    File::Spec          3.47    
    JSON                4.09    
    JSON::PP            4.10    
    Module::Build       0.4231  
    Module::Signature   n/a     
    Parse::CPAN::Meta   2.150010
    Test::Harness       3.30    
    Test::More          1.302191
    YAML                n/a     
    YAML::Syck          n/a     
    version             0.9908  


--

Summary of my perl5 (revision 5 version 20 subversion 0) configuration:
   
  Platform:
    osname=linux, osvers=5.4.0-91-generic, archname=x86_64-linux
    uname='linux supremeadmin 5.4.0-91-generic #102-ubuntu smp fri nov 5 16:31:28 utc 2021 x86_64 x86_64 x86_64 gnulinux '
    config_args='-Dprefix=/home/liveapp/.plenv/versions/5.20.0 -de -Dversiononly -A'eval:scriptdir=/home/liveapp/.plenv/versions/5.20.0/bin''
    hint=recommended, useposix=true, d_sigaction=define
    useithreads=undef, usemultiplicity=undef
    use64bitint=define, use64bitall=define, uselongdouble=undef
    usemymalloc=n, bincompat5005=undef
  Compiler:
    cc='cc', ccflags ='-fwrapv -fno-strict-aliasing -pipe -fstack-protector -I/usr/local/include -D_LARGEFILE_SOURCE -D_FILE_OFFSET_BITS=64',
    optimize='-O2',
    cppflags='-fwrapv -fno-strict-aliasing -pipe -fstack-protector -I/usr/local/include'
    ccversion='', gccversion='9.4.0', gccosandvers=''
    intsize=4, longsize=8, ptrsize=8, doublesize=8, byteorder=12345678
    d_longlong=define, longlongsize=8, d_longdbl=define, longdblsize=16
    ivtype='long', ivsize=8, nvtype='double', nvsize=8, Off_t='off_t', lseeksize=8
    alignbytes=8, prototype=define
  Linker and Libraries:
    ld='cc', ldflags =' -fstack-protector -L/usr/local/lib'
    libpth=/usr/local/lib /usr/include/x86_64-linux-gnu /usr/lib /lib/x86_64-linux-gnu /lib/../lib /usr/lib/x86_64-linux-gnu /usr/lib/../lib /lib
    libs=-lnsl -ldl -lm -lcrypt -lutil -lc
    perllibs=-lnsl -ldl -lm -lcrypt -lutil -lc
    libc=libc-2.31.so, so=so, useshrplib=false, libperl=libperl.a
    gnulibc_version='2.31'
  Dynamic Linking:
    dlsrc=dl_dlopen.xs, dlext=so, d_dlsymun=undef, ccdlflags='-Wl,-E'
    cccdlflags='-fPIC', lddlflags='-shared -O2 -L/usr/local/lib -fstack-protector'


Characteristics of this binary (from libperl): 
  Compile-time options: HAS_TIMES PERLIO_LAYERS PERL_DONT_CREATE_GVSV
                        PERL_HASH_FUNC_ONE_AT_A_TIME_HARD PERL_MALLOC_WRAP
                        PERL_NEW_COPY_ON_WRITE PERL_PRESERVE_IVUV
                        USE_64_BIT_ALL USE_64_BIT_INT USE_LARGE_FILES
                        USE_LOCALE USE_LOCALE_COLLATE USE_LOCALE_CTYPE
                        USE_LOCALE_NUMERIC USE_PERLIO USE_PERL_ATOF
  Locally applied patches:
	Devel::PatchPerl 2.08
  Built under linux
  Compiled at Jul 24 2022 12:48:23
  %ENV:
    PERL5LIB="/home/liveapp/cpantesters.new/5.20.0/local/lib/perl5"
  @INC:
    /home/liveapp/cpantesters.new/5.20.0/local/lib/perl5
    /home/liveapp/.plenv/versions/5.20.0/lib/perl5/site_perl/5.20.0/x86_64-linux
    /home/liveapp/.plenv/versions/5.20.0/lib/perl5/site_perl/5.20.0
    /home/liveapp/.plenv/versions/5.20.0/lib/perl5/5.20.0/x86_64-linux
    /home/liveapp/.plenv/versions/5.20.0/lib/perl5/5.20.0
    .