FunctionalPerl v0.72.66 Perl 5 v5.32.1 i386-openbsd

Status
Fail
From
Alceu Rodrigues de Freitas Junior
Dist
FunctionalPerl v0.72.66
Platform
Perl 5 v5.32.1 i386-openbsd
Date
2022-06-16 00:14:18
ID
437d66d0-ed09-11ec-b737-db65ffa5fe2c
This distribution has been tested as part of the CPAN Testers
project, supporting the Perl programming language.  See
http://wiki.cpantesters.org/ for more information or email
questions to cpan-testers-discuss@perl.org


--
Dear Christian Jaeger,

This is a computer-generated report for FunctionalPerl-0.72.66
on perl 5.32.1, created by CPAN-Reporter-1.2018.

Thank you for uploading your work to CPAN.  However, there was a problem
testing your distribution.

If you think this report is invalid, please consult the CPAN Testers Wiki
for suggestions on how to avoid getting FAIL reports for missing library
or binary dependencies, unsupported operating systems, and so on:

http://wiki.cpantesters.org/wiki/CPANAuthorNotes

Sections of this report:

    * Tester comments
    * Program output
    * Prerequisites
    * Environment and other context

------------------------------
TESTER COMMENTS
------------------------------

Additional comments from tester:

this report is from an automated smoke testing program
and was not reviewed by a human for accuracy

------------------------------
PROGRAM OUTPUT
------------------------------

Output from '/usr/bin/make test':

PERL_DL_NONLAZY=1 "/usr/bin/perl" "-MExtUtils::Command::MM" "-MTest::Harness" "-e" "undef *Test::Harness::Switches; test_harness(0, 'blib/lib', 'blib/arch')" t/*.t
t/csv_to_xml.t ........................... ok
t/dbi.t .................................. ok
t/examples-csv-to-json.t ................. ok
times for fib: user = 0.19, system = 0, cuser = 0, csystem = 0
times for fibonacci: user = 0.14, system = 0, cuser = 0, csystem = 0
t/examples-fibs.t ........................ ok
t/examples-functional-classes.t .......... ok
not activating since running in test mode at examples//../lib/FP/Repl/Trap.pm line 47.
t/examples-hiring-without-whiteboards.t .. ok
not activating since running in test mode at examples//../lib/FP/Repl/Trap.pm line 47.
t/examples-logic.t ....................... ok
t/examples-perlweekly-111-1.t ............ ok
times: user = 0.05, system = 0, cuser = 0, csystem = 0
times: user = 0.08, system = 0.02, cuser = 0, csystem = 0
times: user = 0.07, system = 0.02, cuser = 0, csystem = 0
t/examples-perlweekly-113-1.t ............ ok
t/examples-perlweekly-113-2.t ............ ok
t/examples-primes.t ...................... ok
t/functional_XML-t-div.t ................. ok
t/functional_XML-test.t .................. ok
not activating since running in test mode at ../.htmlgen//../lib/FP/Repl/AutoTrap.pm line 64.
t/htmlgen.t .............................. ok
not activating since running in test mode at intro//../lib/FP/Repl/AutoTrap.pm line 64.
t/intro-basics.t ......................... ok
t/perl-goto-leak.t ....................... ok
t/perl-weaken-coderef-correctness.t ...... ok
t/perl-weaken-coderef.t .................. ok
t/pod_snippets.t ......................... ok
t/predicates.t ........................... ok

#   Failed test at t/repl.t line 119.
#          got: 'main> less: unknown: unknown terminal type
# '
#     expected: 'main> 3 # 4
# $VAR1 = 3;
# '

#   Failed test at t/repl.t line 135.
#          got: 'main> less: unknown: unknown terminal type
# less: unknown: unknown terminal type
# '
#     expected: 'main> ,e
# $HOME = '<HOME>';
# $input = ',e';
# $inr = bless( \*Symbol::GEN2, 'Chj::IO::Pipe' );
# $inw = bless( \*Symbol::GEN3, 'Chj::IO::Pipe' );
# $output = 'DUMMY';
# $outr = bless( \*Symbol::GEN4, 'Chj::IO::Pipe' );
# $outw = bless( \*Symbol::GEN5, 'Chj::IO::Pipe' );
# \@filters = [sub { 'DUMMY: main::__ANON__ at "t/repl.t" line 0' }, sub { 'DUMMY: main::__ANON__ at "t/repl.t" line 1' }];
# '

#   Failed test at t/repl.t line 138.
#          got: 'main> Exception: 'fun at (eval 0) line 1.
# '
# main 1> less: unknown: unknown terminal type
# less: unknown: unknown terminal type
# main 1> 
# less: unknown: unknown terminal type
# '
#     expected: 'main> do {my $z=123; sub { my ($x)=@_; die "fun" }}->(99)
# Exception: 'fun at (eval 0) line 1.
# '
# main 1> ,e
# $x = 99;
# $z = undef;
# main 1> 
# 'fun at (eval 0) line 1.
# '
# '

#   Failed test at t/repl.t line 153.
#          got: 'main> Exception: 'fun at (eval 0) line 1.
# '
# main 1> 0	FP::Repl::WithRepl::__ANON__('fun at (eval 0) line 1.\x{a}') called at (eval 0) line 1
# 1	main::__ANON__('99') called at (eval 0) line 1
# 2	main::__ANON__() called at lib/FP/Repl/Repl.pm line 2
# 3	FP::Repl::Repl::__ANON__() called at lib/FP/Repl/Repl.pm line 3
# 4	(eval)() called at lib/FP/Repl/Repl.pm line 3
# 5	FP::Repl::Repl::WithRepl_eval('CODE(0x11)') called at lib/FP/Repl/Repl.pm line 4
# 6	FP::Repl::Repl::eval_code('FP::Repl::Repl=ARRAY(0x12)', 'do {my $z=123; sub { my ($x)=@_; die "fun" }}->(99)', 'CODE(0x13)', 'HASH(0x14)', undef, undef) called at lib/FP/Repl/Repl.pm line 5
# 7	FP::Repl::Repl::__ANON__() called at lib/FP/Repl/Repl.pm line 6
# 8	FP::Repl::Repl::__ANON__() called at lib/FP/Repl/Repl.pm line 7
# 9	FP::Repl::Repl::__ANON__() called at lib/FP/Repl/Repl.pm line 8
# 10	FP::Repl::Repl::run('FP::Repl::Repl=ARRAY(0x12)', undef) called at t/repl.t line 9
# 11	main::t('\x{a}do {my $z=123; sub { my ($x)=@_; die "fun" }}->(99)\x{a},b', '\x{a}main> do {my $z=123; sub { my ($x)=@_; die "fun" }}->(99)\x{a}Ex...') called at t/repl.t line 10
# less: unknown: unknown terminal type
# main 1> 
# less: unknown: unknown terminal type
# '
#     expected: 'main> do {my $z=123; sub { my ($x)=@_; die "fun" }}->(99)
# Exception: 'fun at (eval 0) line 1.
# '
# main 1> ,b
# 0	FP::Repl::WithRepl::__ANON__('fun at (eval 0) line 1.\x{a}') called at (eval 0) line 1
# 1	main::__ANON__('99') called at (eval 0) line 1
# 2	main::__ANON__() called at lib/FP/Repl/Repl.pm line 2
# 3	FP::Repl::Repl::__ANON__() called at lib/FP/Repl/Repl.pm line 3
# 4	(eval)() called at lib/FP/Repl/Repl.pm line 3
# 5	FP::Repl::Repl::WithRepl_eval('CODE(0x11)') called at lib/FP/Repl/Repl.pm line 4
# 6	FP::Repl::Repl::eval_code('FP::Repl::Repl=ARRAY(0x12)', 'do {my $z=123; sub { my ($x)=@_; die "fun" }}->(99)', 'CODE(0x13)', 'HASH(0x14)', undef, undef) called at lib/FP/Repl/Repl.pm line 5
# 7	FP::Repl::Repl::__ANON__() called at lib/FP/Repl/Repl.pm line 6
# 8	FP::Repl::Repl::__ANON__() called at lib/FP/Repl/Repl.pm line 7
# 9	FP::Repl::Repl::__ANON__() called at lib/FP/Repl/Repl.pm line 8
# 10	FP::Repl::Repl::run('FP::Repl::Repl=ARRAY(0x12)', undef) called at t/repl.t line 9
# 11	main::t('\x{a}do {my $z=123; sub { my ($x)=@_; die "fun" }}->(99)\x{a},b', '\x{a}main> do {my $z=123; sub { my ($x)=@_; die "fun" }}->(99)\x{a}Ex...') called at t/repl.t line 10
# main 1> 
# 'fun at (eval 0) line 1.
# '
# '

#   Failed test at t/repl.t line 179.
#          got: 'main> less: unknown: unknown terminal type
# '
#     expected: 'main> $FP::Repl::Repl::argsn
# $VAR1 = [bless(['<HOME>/.fp-repl_history', undef, 500, undef, undef, 1, 1, undef, 1, 'less', 'l', 's', 'a', 'X', bless( \*Symbol::GEN0, 'Chj::IO::Pipe' ), bless( \*Symbol::GEN1, 'Chj::IO::Pipe' )], 'FP::Repl::Repl'), undef];
# '

#   Failed test at t/repl.t line 189.
#          got: 'main> main 1> less: unknown: unknown terminal type
# main 1> less: unknown: unknown terminal type
# main 1> FP::Repl::Repl::run(
#   bless(['<HOME>/.fp-repl_history', undef, 500, undef, undef, 1, 1, undef, 1, 'less', 'l', 's', 'a', 'X'], 'FP::Repl::Repl'),
#   undef
# ) called at (eval 0) line 1
# less: unknown: unknown terminal type
# main 1> less: unknown: unknown terminal type
# less: unknown: unknown terminal type
# main 1> less: unknown: unknown terminal type
# main 1> 
# less: unknown: unknown terminal type
# '
#     expected: 'main> do {my $z=123; sub { my ($x)=@_; repl }}->(99)
# main 1> $FP::Repl::Repl::argsn
# $VAR1 = [bless(['<HOME>/.fp-repl_history', undef, 500, undef, undef, 1, 1, undef, 1, 'less', 'l', 's', 'a', 'X'], 'FP::Repl::Repl'), undef];
# main 1> $FP::Repl::Repl::args
# $VAR1 = [99];
# main 1> ,0
# FP::Repl::Repl::run(
#   bless(['<HOME>/.fp-repl_history', undef, 500, undef, undef, 1, 1, undef, 1, 'less', 'l', 's', 'a', 'X'], 'FP::Repl::Repl'),
#   undef
# ) called at (eval 0) line 1
# main 1> ,e
# $x = 99;
# $z = undef;
# main 1> $x
# $VAR1 = 99;
# main 1> 
# $VAR1 = '';
# '

#   Failed test at t/repl.t line 217.
#          got: 'main> Exception: 'fun at (eval 0) line 1.
# '
# main 1> less: unknown: unknown terminal type
# main 1> less: unknown: unknown terminal type
# main 1> FP::Repl::WithRepl::__ANON__(
#   'fun at (eval 0) line 1.
#   '
# ) called at (eval 0) line 1
# less: unknown: unknown terminal type
# main 1> less: unknown: unknown terminal type
# less: unknown: unknown terminal type
# main 1> less: unknown: unknown terminal type
# main 1> 
# less: unknown: unknown terminal type
# '
#     expected: 'main> do {my $z=123; sub { my ($x)=@_; die "fun" }}->(99)
# Exception: 'fun at (eval 0) line 1.
# '
# main 1> $FP::Repl::Repl::argsn
# $VAR1 = ['fun at (eval 0) line 1.
# '];
# main 1> $FP::Repl::Repl::args
# $VAR1 = [99];
# main 1> ,0
# FP::Repl::WithRepl::__ANON__(
#   'fun at (eval 0) line 1.
#   '
# ) called at (eval 0) line 1
# main 1> ,e
# $x = 99;
# $z = undef;
# main 1> $x
# $VAR1 = 99;
# main 1> 
# 'fun at (eval 0) line 1.
# '
# '
# Looks like you failed 7 tests of 7.
t/repl.t ................................. 
Dubious, test returned 7 (wstat 1792, 0x700)
Failed 7/7 subtests 
not activating since running in test mode at lib/FP/Repl/AutoTrap.pm line 64.
not activating since running in test mode at lib/FP/Repl/Trap.pm line 47.
Reference is already weak at lib/FP/Stream.pm line 769.
t/require_and_run_tests.t ................ ok
t/skip-internal.t ........................ ok
t/skip-leak.t ............................ ok
t/skip.t ................................. ok
t/testlazy.t ............................. ok
t/testlazy10.t ........................... ok
times for T: user = 0.21, system = 0, cuser = 0, csystem = 0
times for TC: user = 0.15, system = 0, cuser = 0, csystem = 0
t/trampoline-fix.t ....................... ok

Test Summary Report
-------------------
t/repl.t                               (Wstat: 1792 (exited 7) Tests: 7 Failed: 7)
  Failed tests:  1-7
  Non-zero exit status: 7
Files=28, Tests=176, 37 wallclock secs ( 0.21 usr  0.21 sys + 26.72 cusr  9.81 csys = 36.95 CPU)
Result: FAIL
Failed 1/28 test programs. 7/176 subtests failed.
*** Error 255 in /mnt/cpan_build_dir/goku/FunctionalPerl-0.72.66-0 (Makefile:1520 'test_dynamic')

------------------------------
PREREQUISITES
------------------------------

Prerequisite modules loaded:

requires:

    Module              Need     Have    
    ------------------- -------- --------
    autobox             0        v3.0.1  
    base                0        2.27    
    Digest              0        1.20    
    File::Path          0        2.18    
    Getopt::Long        0        2.52    
    Import::Into        0        1.002005
    Math::BigInt        0        1.999835
    NEXT                0        0.69    
    overload            0        1.31    
    perl                5.016004 5.032001
    PerlIO::utf8_strict 0        0.009   
    Safe::Isa           0        1.000010
    Scalar::Util        0        1.62    
    Symbol              0        1.08    
    Test::More          0.96     1.302190
    utf8                0        1.22    
    warnings            0        1.47    

build_requires:

    Module              Need     Have    
    ------------------- -------- --------
    BSD::Resource       0        1.2911  
    Capture::Tiny       0        0.48    
    DBD::CSV            0        0.59    
    DBI                 0        1.643   
    ExtUtils::MakeMaker 0        7.65_01 
    Sub::Util           0        1.62    
    Test::Pod::Snippets 0        0.07    
    Test::Requires      0        0.10    
    Text::CSV           0        2.01    
    URI                 0        5.10    

configure_requires:

    Module              Need     Have    
    ------------------- -------- --------
    ExtUtils::MakeMaker 0        7.65_01 

opt_requires:

    Module              Need     Have    
    ------------------- -------- --------
    B::Deparse          0        1.54    
    Clone               0        0.45    
    Encode              0        3.17    
    Eval::WithLexicals  0        1.003006
    JSON                0        4.06    
    LWP::UserAgent      0        6.66    
    Method::Signatures  0        20170211
    PadWalker           0        2.5     
    Term::ReadLine::Gnu 0        1.42    
    Text::Markdown      0        1.000031


------------------------------
ENVIRONMENT AND OTHER CONTEXT
------------------------------

Environment variables:

    AUTOMATED_TESTING = 1
    PATH = /home/goku/perl5/bin:/usr/bin:/bin:/usr/sbin:/sbin:/usr/X11R6/bin:/usr/local/bin:/usr/local/sbin
    PERL5LIB = /home/goku/perl5/lib/perl5
    PERL5OPT = 
    PERL5_CPANPLUS_IS_RUNNING = 15169
    PERL5_CPAN_IS_RUNNING = 15169
    PERL5_CPAN_IS_RUNNING_IN_RECURSION = 6441,15169
    PERL_CR_SMOKER_CURRENT = FunctionalPerl-0.72.66
    PERL_EXTUTILS_AUTOINSTALL = --defaultdeps
    PERL_LOCAL_LIB_ROOT = /home/goku/perl5
    PERL_MB_OPT = --install_base "/home/goku/perl5"
    PERL_MM_OPT = INSTALL_BASE=/home/goku/perl5
    PERL_MM_USE_DEFAULT = 1
    PERL_USE_UNSAFE_INC = 1
    SHELL = /bin/ksh
    TERM = xterm-256color

Perl special variables (and OS-specific diagnostics, for MSWin32):

    $^X = /usr/bin/perl
    $UID/$EUID = 1001 / 1001
    $GID = 1002 1002 1001
    $EGID = 1002 1002 1001

Perl module toolchain versions installed:

    Module              Have    
    ------------------- --------
    CPAN                2.34    
    CPAN::Meta          2.150010
    Cwd                 3.78    
    ExtUtils::CBuilder  0.280236
    ExtUtils::Command   7.65_01 
    ExtUtils::Install   2.20    
    ExtUtils::MakeMaker 7.65_01 
    ExtUtils::Manifest  1.72    
    ExtUtils::ParseXS   3.44    
    File::Spec          3.78    
    JSON                4.06    
    JSON::PP            4.09    
    Module::Build       0.4231  
    Module::Signature   n/a     
    Parse::CPAN::Meta   2.150010
    Test::Harness       3.44    
    Test::More          1.302190
    YAML                1.30    
    YAML::Syck          1.34    
    version             0.9924  


--

Summary of my perl5 (revision 5 version 32 subversion 1) configuration:
   
  Platform:
    osname=openbsd
    osvers=7.1
    archname=i386-openbsd
    uname='openbsd'
    config_args='-dse -Dopenbsd_distribution=defined -Dmksymlinks'
    hint=recommended
    useposix=true
    d_sigaction=define
    useithreads=undef
    usemultiplicity=undef
    use64bitint=undef
    use64bitall=undef
    uselongdouble=undef
    usemymalloc=n
    default_inc_excludes_dot=define
    bincompat5005=undef
  Compiler:
    cc='cc'
    ccflags ='-DNO_LOCALE_NUMERIC -DNO_LOCALE_COLLATE -fno-strict-aliasing -fno-delete-null-pointer-checks -pipe -fstack-protector-strong -I/usr/local/include'
    optimize='-O2'
    cppflags='-DBIG_TIME -DNO_LOCALE_NUMERIC -DNO_LOCALE_COLLATE -fno-strict-aliasing -fno-delete-null-pointer-checks -pipe -fstack-protector-strong -I/usr/local/include'
    ccversion=''
    gccversion='OpenBSD Clang 13.0.0'
    gccosandvers=''
    intsize=4
    longsize=4
    ptrsize=4
    doublesize=8
    byteorder=1234
    doublekind=3
    d_longlong=define
    longlongsize=8
    d_longdbl=define
    longdblsize=12
    longdblkind=3
    ivtype='long'
    ivsize=4
    nvtype='double'
    nvsize=8
    Off_t='off_t'
    lseeksize=8
    alignbytes=4
    prototype=define
  Linker and Libraries:
    ld='cc'
    ldflags ='-Wl,-E  -fstack-protector-strong -L/usr/local/lib'
    libpth=/usr/lib /usr/lib/clang/13.0.0/lib /usr/lib
    libs=-lm -lc
    perllibs=-lm -lc
    libc=/usr/lib/libc.so.96.1
    so=so
    useshrplib=true
    libperl=libperl.so.22.0
    gnulibc_version=''
  Dynamic Linking:
    dlsrc=dl_dlopen.xs
    dlext=so
    d_dlsymun=undef
    ccdlflags='-Wl,-R/usr/libdata/perl5/i386-openbsd/CORE'
    cccdlflags='-DPIC -fpic '
    lddlflags='-shared -fpic  -fstack-protector-strong -L/usr/local/lib'


Characteristics of this binary (from libperl): 
  Compile-time options:
    HAS_TIMES
    PERLIO_LAYERS
    PERL_COPY_ON_WRITE
    PERL_DONT_CREATE_GVSV
    PERL_MALLOC_WRAP
    PERL_OP_PARENT
    PERL_PRESERVE_IVUV
    USE_LARGE_FILES
    USE_LOCALE
    USE_LOCALE_CTYPE
    USE_LOCALE_TIME
    USE_PERLIO
    USE_PERL_ATOF
  Built under openbsd
  %ENV:
    PERL5LIB="/home/goku/perl5/lib/perl5"
    PERL5OPT=""
    PERL5_CPANPLUS_IS_RUNNING="15169"
    PERL5_CPAN_IS_RUNNING="15169"
    PERL5_CPAN_IS_RUNNING_IN_RECURSION="6441,15169"
    PERL_CR_SMOKER_CURRENT="FunctionalPerl-0.72.66"
    PERL_EXTUTILS_AUTOINSTALL="--defaultdeps"
    PERL_LOCAL_LIB_ROOT="/home/goku/perl5"
    PERL_MB_OPT="--install_base "/home/goku/perl5""
    PERL_MM_OPT="INSTALL_BASE=/home/goku/perl5"
    PERL_MM_USE_DEFAULT="1"
    PERL_USE_UNSAFE_INC="1"
  @INC:
    /home/goku/perl5/lib/perl5/i386-openbsd
    /home/goku/perl5/lib/perl5
    /usr/local/libdata/perl5/site_perl/i386-openbsd
    /usr/local/libdata/perl5/site_perl
    /usr/libdata/perl5/i386-openbsd
    /usr/libdata/perl5
    .