App-perlimports v0.000002 Perl 5 v5.20.1 MSWin32-x86-multi-thread-64int
- Status
- Fail
- From
- Alexandr Ciornii (CHORNY)
- Dist
-
App-perlimports v0.000002
- Platform
- Perl 5 v5.20.1 MSWin32-x86-multi-thread-64int
- Date
- 2021-04-22 21:27:44
- ID
- 42732181-6c09-1014-af89-ffc06da2e038
This distribution has been tested as part of the CPAN Testers
project, supporting the Perl programming language. See
http://wiki.cpantesters.org/ for more information or email
questions to cpan-testers-discuss@perl.org
--
Dear Olaf Alders,
This is a computer-generated report for App-perlimports-0.000002
on perl 5.20.1, created by CPAN-Reporter-1.2014.
Thank you for uploading your work to CPAN. However, there was a problem
testing your distribution.
If you think this report is invalid, please consult the CPAN Testers Wiki
for suggestions on how to avoid getting FAIL reports for missing library
or binary dependencies, unsupported operating systems, and so on:
http://wiki.cpantesters.org/wiki/CPANAuthorNotes
Sections of this report:
* Tester comments
* Program output
* Prerequisites
* Environment and other context
------------------------------
TESTER COMMENTS
------------------------------
Additional comments from tester:
this report is from an automated smoke testing program
and was not reviewed by a human for accuracy
------------------------------
PROGRAM OUTPUT
------------------------------
Output from 'C:\STRAWB~1\c\bin\dmake.exe test':
"C:\Strawberry201\perl\bin\perl.exe" "-MExtUtils::Command::MM" "-MTest::Harness" "-e" "undef *Test::Harness::Switches; test_harness(0, 'blib\lib', 'blib\arch')" t/*.t t/ExportInspector/*.t t/cpan-modules/*.t
#
# Versions for all modules listed in MYMETA.json (including optional ones):
#
# === Configure Requires ===
#
# Module Want Have
# ------------------- ---- ----
# ExtUtils::MakeMaker any 7.04
#
# === Build Requires ===
#
# Module Want Have
# ------------------- ---- ----
# ExtUtils::MakeMaker any 7.04
#
# === Test Requires ===
#
# Module Want Have
# ---------------------- ---- --------
# Cpanel::JSON::XS any 4.26
# Data::Printer any 0.35
# ExtUtils::MakeMaker any 7.04
# File::Spec any 3.48
# Geo::IP any 1.45
# Getopt::Long 2.40 2.45
# LWP::UserAgent 6.49 6.53
# Sub::Exporter any 0.987
# Test::More any 1.001006
# Test::Most any 0.34
# Test::Needs any 0.002002
# Test::RequiresInternet any 0.04
# Test::Warnings any 0.016
#
# === Test Recommends ===
#
# Module Want Have
# ---------- -------- --------
# CPAN::Meta 2.120900 2.142060
#
# === Runtime Requires ===
#
# Module Want Have
# ----------------------------- -------- --------
# Capture::Tiny any 0.25
# Class::Inspector 1.36 1.36
# Class::Unload any 0.08
# Data::Dumper any 2.151
# Data::Printer any 0.35
# File::Basename any 2.85
# FindBin any 1.51
# Getopt::Long::Descriptive any 0.099
# List::Util any 1.56
# Log::Dispatch any 2.44
# Log::Dispatch::Array any 1.003
# Module::Runtime any 0.014
# Moo any 2.000001
# Moo::Role any 2.000001
# MooX::StrictConstructor any 0.011
# PPI 1.270 1.270
# PPIx::QuoteLike any 0.017
# PPIx::Utils::Classification any 0.003
# Path::Tiny any 0.068
# Perl::Tidy 20210111 20210402
# Pod::Usage any 1.64
# Ref::Util any 0.204
# String::InterpolatedVariables any 2.000000
# Sub::HandlesVia any 0.016
# Symbol::Get 0.10 0.10
# Text::SimpleTable::AutoWidth any 0.09
# Try::Tiny any 0.22
# Types::Standard any 1.012001
# lib any 0.63
# strict any 1.08
# utf8 any 1.13_01
# warnings any 1.23
#
t/00-report-prereqs.t ............ ok
Undefined subroutine &App::perlimports::Document::np called at C:\STRAWB~1\cpan\build\App-perlimports-0.000002-r0BzyU\blib\lib/App/perlimports/Document.pm line 615.
t/after.t ........................
Dubious, test returned 255 (wstat 65280, 0xff00)
No subtests run
t/args-in-import.t ............... skipped: Need Test2::V0
Undefined subroutine &App::perlimports::Document::np called at C:\STRAWB~1\cpan\build\App-perlimports-0.000002-r0BzyU\blib\lib/App/perlimports/Document.pm line 615.
# Child (verbose) exited without calling finalize()
# Failed test 'verbose'
# at C:/Strawberry201/perl/lib/Test/Builder.pm line 279.
# Tests were run but no plan was declared and done_testing() was not seen.
# Looks like your test exited with 255 just after 1.
t/carp.t .........................
Dubious, test returned 255 (wstat 65280, 0xff00)
Failed 1/1 subtests
Undefined subroutine &App::perlimports::Document::np called at C:\STRAWB~1\cpan\build\App-perlimports-0.000002-r0BzyU\blib\lib/App/perlimports/Document.pm line 615.
t/cast.t .........................
Dubious, test returned 255 (wstat 65280, 0xff00)
No subtests run
Undefined subroutine &App::perlimports::Document::np called at C:\STRAWB~1\cpan\build\App-perlimports-0.000002-r0BzyU\blib\lib/App/perlimports/Document.pm line 615.
# Child (--filename) exited without calling finalize()
# Failed test '--filename'
# at C:/Strawberry201/perl/lib/Test/Builder.pm line 279.
# Tests were run but no plan was declared and done_testing() was not seen.
# Looks like your test exited with 255 just after 1.
t/cli.t ..........................
Dubious, test returned 255 (wstat 65280, 0xff00)
Failed 1/1 subtests
t/cpan-modules/pithub.t .......... skipped: Need Pithub
t/cpan-modules/test2-v0.t ........ skipped: Need Test2::V0
Undefined subroutine &App::perlimports::ExportInspector::np called at C:\STRAWB~1\cpan\build\App-perlimports-0.000002-r0BzyU\blib\lib/App/perlimports/ExportInspector.pm line 235.
t/do-block.t .....................
Dubious, test returned 255 (wstat 65280, 0xff00)
No subtests run
t/Document.t ..................... ok
# Failed test 'no errors'
# at t/dump-perl-exports.t line 14.
# Undefined subroutine &App::perlimports::ExportInspector::np called at lib/App/perlimports/ExportInspector.pm line 235.
# Looks like you failed 1 test of 1.
# Failed test 'Moose'
# at t/dump-perl-exports.t line 15.
# Failed test 'no errors'
# at t/dump-perl-exports.t line 21.
# Undefined subroutine &App::perlimports::ExportInspector::np called at lib/App/perlimports/ExportInspector.pm line 235.
# Looks like you failed 1 test of 1.
# Failed test 'Moo'
# at t/dump-perl-exports.t line 22.
# Looks like you failed 2 tests of 3.
t/dump-perl-exports.t ............
Dubious, test returned 2 (wstat 512, 0x200)
Failed 2/3 subtests
Undefined subroutine &App::perlimports::Document::np called at C:\STRAWB~1\cpan\build\App-perlimports-0.000002-r0BzyU\blib\lib/App/perlimports/Document.pm line 615.
# Child (preserve duplicates) exited without calling finalize()
# Failed test 'preserve duplicates'
# at C:/Strawberry201/perl/lib/Test/Builder.pm line 279.
# Tests were run but no plan was declared and done_testing() was not seen.
# Looks like your test exited with 255 just after 1.
t/dupes.t ........................
Dubious, test returned 255 (wstat 65280, 0xff00)
Failed 1/1 subtests
t/english.t ...................... ok
Undefined subroutine &App::perlimports::ExportInspector::np called at C:\STRAWB~1\cpan\build\App-perlimports-0.000002-r0BzyU\blib\lib/App/perlimports/ExportInspector.pm line 235.
t/exported-variables.t ...........
Dubious, test returned 255 (wstat 65280, 0xff00)
No subtests run
Undefined subroutine &App::perlimports::ExportInspector::np called at C:\STRAWB~1\cpan\build\App-perlimports-0.000002-r0BzyU\blib\lib/App/perlimports/ExportInspector.pm line 235.
# Child (Data::Printer) exited without calling finalize()
# Failed test 'Data::Printer'
# at C:/Strawberry201/perl/lib/Test/Builder.pm line 279.
# Tests were run but no plan was declared and done_testing() was not seen.
# Looks like your test exited with 255 just after 1.
t/ExportInspector/DDP.t ..........
Dubious, test returned 255 (wstat 65280, 0xff00)
Failed 1/1 subtests
Undefined subroutine &App::perlimports::ExportInspector::np called at C:\STRAWB~1\cpan\build\App-perlimports-0.000002-r0BzyU\blib\lib/App/perlimports/ExportInspector.pm line 235.
# Child (Local::MyOwnMoose) exited without calling finalize()
# Failed test 'Local::MyOwnMoose'
# at C:/Strawberry201/perl/lib/Test/Builder.pm line 279.
# Tests were run but no plan was declared and done_testing() was not seen.
# Looks like your test exited with 255 just after 2.
t/ExportInspector/load.t .........
Dubious, test returned 255 (wstat 65280, 0xff00)
Failed 1/2 subtests
t/ExportInspector/SubExporter.t .. skipped: Need MetaCPAN::Moose
Undefined subroutine &App::perlimports::ExportInspector::np called at C:\STRAWB~1\cpan\build\App-perlimports-0.000002-r0BzyU\blib\lib/App/perlimports/ExportInspector.pm line 235.
# Tests were run but no plan was declared and done_testing() was not seen.
# Looks like your test exited with 255 just after 1.
t/find-bin.t .....................
Dubious, test returned 255 (wstat 65280, 0xff00)
All 1 subtests passed
Undefined subroutine &App::perlimports::Document::np called at C:\STRAWB~1\cpan\build\App-perlimports-0.000002-r0BzyU\blib\lib/App/perlimports/Document.pm line 615.
# Tests were run but no plan was declared and done_testing() was not seen.
# Looks like your test exited with 255 just after 4.
t/fully-qualified.t ..............
Dubious, test returned 255 (wstat 65280, 0xff00)
All 4 subtests passed
Undefined subroutine &App::perlimports::ExportInspector::np called at C:\STRAWB~1\cpan\build\App-perlimports-0.000002-r0BzyU\blib\lib/App/perlimports/ExportInspector.pm line 235.
t/func-in-use.t ..................
Dubious, test returned 255 (wstat 65280, 0xff00)
No subtests run
Undefined subroutine &App::perlimports::Document::np called at C:\STRAWB~1\cpan\build\App-perlimports-0.000002-r0BzyU\blib\lib/App/perlimports/Document.pm line 615.
t/func-in-var.t ..................
Dubious, test returned 255 (wstat 65280, 0xff00)
No subtests run
Undefined subroutine &App::perlimports::ExportInspector::np called at C:\STRAWB~1\cpan\build\App-perlimports-0.000002-r0BzyU\blib\lib/App/perlimports/ExportInspector.pm line 235, <DATA> line 717.
t/geo-ip.t .......................
Dubious, test returned 255 (wstat 65280, 0xff00)
No subtests run
Undefined subroutine &App::perlimports::Document::np called at C:\STRAWB~1\cpan\build\App-perlimports-0.000002-r0BzyU\blib\lib/App/perlimports/Document.pm line 615.
t/hash-in-regex.t ................
Dubious, test returned 255 (wstat 65280, 0xff00)
No subtests run
Undefined subroutine &App::perlimports::ExportInspector::np called at C:\STRAWB~1\cpan\build\App-perlimports-0.000002-r0BzyU\blib\lib/App/perlimports/ExportInspector.pm line 235.
t/hash-key.t .....................
Dubious, test returned 255 (wstat 65280, 0xff00)
No subtests run
Undefined subroutine &App::perlimports::ExportInspector::np called at C:\STRAWB~1\cpan\build\App-perlimports-0.000002-r0BzyU\blib\lib/App/perlimports/ExportInspector.pm line 235.
t/heredoc.t ......................
Dubious, test returned 255 (wstat 65280, 0xff00)
No subtests run
Undefined subroutine &App::perlimports::ExportInspector::np called at C:\STRAWB~1\cpan\build\App-perlimports-0.000002-r0BzyU\blib\lib/App/perlimports/ExportInspector.pm line 235, <DATA> line 717.
t/ignored-modules.t ..............
Dubious, test returned 255 (wstat 65280, 0xff00)
No subtests run
Undefined subroutine &App::perlimports::Document::np called at C:\STRAWB~1\cpan\build\App-perlimports-0.000002-r0BzyU\blib\lib/App/perlimports/Document.pm line 615.
t/import-error.t .................
Dubious, test returned 2 (wstat 512, 0x200)
No subtests run
Undefined subroutine &App::perlimports::Document::np called at C:\STRAWB~1\cpan\build\App-perlimports-0.000002-r0BzyU\blib\lib/App/perlimports/Document.pm line 615.
t/inner-package.t ................
Dubious, test returned 255 (wstat 65280, 0xff00)
No subtests run
t/interpolation.t ................ ok
t/is-ignored.t ................... ok
t/meta.t ......................... skipped: Need Test2::V0
Undefined subroutine &App::perlimports::Document::np called at C:\STRAWB~1\cpan\build\App-perlimports-0.000002-r0BzyU\blib\lib/App/perlimports/Document.pm line 615.
t/method.t .......................
Dubious, test returned 255 (wstat 65280, 0xff00)
No subtests run
Undefined subroutine &App::perlimports::Document::np called at C:\STRAWB~1\cpan\build\App-perlimports-0.000002-r0BzyU\blib\lib/App/perlimports/Document.pm line 615.
# Child (Import::Into) exited without calling finalize()
# Failed test 'Import::Into'
# at C:/Strawberry201/perl/lib/Test/Builder.pm line 279.
# Tests were run but no plan was declared and done_testing() was not seen.
# Looks like your test exited with 255 just after 2.
t/moo.t ..........................
Dubious, test returned 255 (wstat 65280, 0xff00)
Failed 1/2 subtests
Undefined subroutine &App::perlimports::ExportInspector::np called at C:\STRAWB~1\cpan\build\App-perlimports-0.000002-r0BzyU\blib\lib/App/perlimports/ExportInspector.pm line 235.
t/moose-types.t ..................
Dubious, test returned 255 (wstat 65280, 0xff00)
No subtests run
Undefined subroutine &App::perlimports::Document::np called at C:\STRAWB~1\cpan\build\App-perlimports-0.000002-r0BzyU\blib\lib/App/perlimports/Document.pm line 615.
# Child (Import::Into) exited without calling finalize()
# Failed test 'Import::Into'
# at C:/Strawberry201/perl/lib/Test/Builder.pm line 279.
# Tests were run but no plan was declared and done_testing() was not seen.
# Looks like your test exited with 255 just after 2.
t/moose.t ........................
Dubious, test returned 255 (wstat 65280, 0xff00)
Failed 1/2 subtests
Undefined subroutine &App::perlimports::Document::np called at C:\STRAWB~1\cpan\build\App-perlimports-0.000002-r0BzyU\blib\lib/App/perlimports/Document.pm line 615.
t/moosex-types-moose.t ...........
Dubious, test returned 255 (wstat 65280, 0xff00)
No subtests run
Undefined subroutine &App::perlimports::ExportInspector::np called at C:\STRAWB~1\cpan\build\App-perlimports-0.000002-r0BzyU\blib\lib/App/perlimports/ExportInspector.pm line 235.
# Child (with version) exited without calling finalize()
# Failed test 'with version'
# at C:/Strawberry201/perl/lib/Test/Builder.pm line 279.
# Tests were run but no plan was declared and done_testing() was not seen.
# Looks like your test exited with 255 just after 1.
t/never-exports.t ................
Dubious, test returned 255 (wstat 65280, 0xff00)
Failed 1/1 subtests
Undefined subroutine &App::perlimports::Document::np called at C:\STRAWB~1\cpan\build\App-perlimports-0.000002-r0BzyU\blib\lib/App/perlimports/Document.pm line 615.
t/padding.t ......................
Dubious, test returned 255 (wstat 65280, 0xff00)
No subtests run
Undefined subroutine &App::perlimports::ExportInspector::np called at C:\STRAWB~1\cpan\build\App-perlimports-0.000002-r0BzyU\blib\lib/App/perlimports/ExportInspector.pm line 235.
# Child (Getopt::Long) exited without calling finalize()
# Failed test 'Getopt::Long'
# at C:/Strawberry201/perl/lib/Test/Builder.pm line 279.
# Tests were run but no plan was declared and done_testing() was not seen.
# Looks like your test exited with 255 just after 1.
t/perl-imports.t .................
Dubious, test returned 255 (wstat 65280, 0xff00)
Failed 1/1 subtests
t/perl.t ......................... ok
Undefined subroutine &App::perlimports::ExportInspector::np called at C:\STRAWB~1\cpan\build\App-perlimports-0.000002-r0BzyU\blib\lib/App/perlimports/ExportInspector.pm line 235.
# Tests were run but no plan was declared and done_testing() was not seen.
# Looks like your test exited with 255 just after 2.
t/pragma.t .......................
Dubious, test returned 255 (wstat 65280, 0xff00)
All 2 subtests passed
Undefined subroutine &App::perlimports::ExportInspector::np called at C:\STRAWB~1\cpan\build\App-perlimports-0.000002-r0BzyU\blib\lib/App/perlimports/ExportInspector.pm line 235.
t/preserve-spaces.t ..............
Dubious, test returned 255 (wstat 65280, 0xff00)
No subtests run
Undefined subroutine &App::perlimports::ExportInspector::np called at C:\STRAWB~1\cpan\build\App-perlimports-0.000002-r0BzyU\blib\lib/App/perlimports/ExportInspector.pm line 235.
t/quoted-var.t ...................
Dubious, test returned 255 (wstat 65280, 0xff00)
No subtests run
Undefined subroutine &App::perlimports::ExportInspector::np called at C:\STRAWB~1\cpan\build\App-perlimports-0.000002-r0BzyU\blib\lib/App/perlimports/ExportInspector.pm line 235.
# Child (do not import fully qualified function calls) exited without calling finalize()
# Failed test 'do not import fully qualified function calls'
# at C:/Strawberry201/perl/lib/Test/Builder.pm line 279.
# Tests were run but no plan was declared and done_testing() was not seen.
# Looks like your test exited with 255 just after 5.
t/require.t ......................
Dubious, test returned 255 (wstat 65280, 0xff00)
Failed 1/5 subtests
Undefined subroutine &App::perlimports::ExportInspector::np called at C:\STRAWB~1\cpan\build\App-perlimports-0.000002-r0BzyU\blib\lib/App/perlimports/ExportInspector.pm line 235.
t/skip-all.t .....................
Dubious, test returned 255 (wstat 65280, 0xff00)
No subtests run
Undefined subroutine &App::perlimports::Document::np called at C:\STRAWB~1\cpan\build\App-perlimports-0.000002-r0BzyU\blib\lib/App/perlimports/Document.pm line 615.
t/socket.t .......................
Dubious, test returned 255 (wstat 65280, 0xff00)
No subtests run
t/switches-in-import.t ........... ok
t/symbol-as-method-call.t ........ skipped: Need Object::Tap
Undefined subroutine &App::perlimports::Document::np called at C:\STRAWB~1\cpan\build\App-perlimports-0.000002-r0BzyU\blib\lib/App/perlimports/Document.pm line 615.
t/symbol-in-export.t .............
Dubious, test returned 255 (wstat 65280, 0xff00)
No subtests run
Undefined subroutine &App::perlimports::Document::np called at C:\STRAWB~1\cpan\build\App-perlimports-0.000002-r0BzyU\blib\lib/App/perlimports/Document.pm line 615.
t/symbol-in-signature.t ..........
Dubious, test returned 255 (wstat 65280, 0xff00)
No subtests run
Undefined subroutine &App::perlimports::Document::np called at C:\STRAWB~1\cpan\build\App-perlimports-0.000002-r0BzyU\blib\lib/App/perlimports/Document.pm line 615.
# Child (Test::More) exited without calling finalize()
# Failed test 'Test::More'
# at C:/Strawberry201/perl/lib/Test/Builder.pm line 279.
# Tests were run but no plan was declared and done_testing() was not seen.
# Looks like your test exited with 255 just after 1.
t/test-most.t ....................
Dubious, test returned 255 (wstat 65280, 0xff00)
Failed 1/1 subtests
Undefined subroutine &App::perlimports::Document::np called at C:\STRAWB~1\cpan\build\App-perlimports-0.000002-r0BzyU\blib\lib/App/perlimports/Document.pm line 615.
t/typeglob.t .....................
Dubious, test returned 255 (wstat 65280, 0xff00)
No subtests run
Undefined subroutine &App::perlimports::Document::np called at C:\STRAWB~1\cpan\build\App-perlimports-0.000002-r0BzyU\blib\lib/App/perlimports/Document.pm line 615.
t/use-and-require.t ..............
Dubious, test returned 255 (wstat 65280, 0xff00)
No subtests run
Undefined subroutine &App::perlimports::ExportInspector::np called at C:\STRAWB~1\cpan\build\App-perlimports-0.000002-r0BzyU\blib\lib/App/perlimports/ExportInspector.pm line 235.
t/var-in-regex.t .................
Dubious, test returned 255 (wstat 65280, 0xff00)
No subtests run
Undefined subroutine &App::perlimports::ExportInspector::np called at C:\STRAWB~1\cpan\build\App-perlimports-0.000002-r0BzyU\blib\lib/App/perlimports/ExportInspector.pm line 235.
t/variable.t .....................
Dubious, test returned 255 (wstat 65280, 0xff00)
No subtests run
Undefined subroutine &App::perlimports::ExportInspector::np called at C:\STRAWB~1\cpan\build\App-perlimports-0.000002-r0BzyU\blib\lib/App/perlimports/ExportInspector.pm line 235.
# Tests were run but no plan was declared and done_testing() was not seen.
# Looks like your test exited with 255 just after 1.
t/with-version.t .................
Dubious, test returned 255 (wstat 65280, 0xff00)
All 1 subtests passed
Test Summary Report
-------------------
t/after.t (Wstat: 65280 Tests: 0 Failed: 0)
Non-zero exit status: 255
Parse errors: No plan found in TAP output
t/carp.t (Wstat: 65280 Tests: 1 Failed: 1)
Failed test: 1
Non-zero exit status: 255
Parse errors: No plan found in TAP output
t/cast.t (Wstat: 65280 Tests: 0 Failed: 0)
Non-zero exit status: 255
Parse errors: No plan found in TAP output
t/cli.t (Wstat: 65280 Tests: 1 Failed: 1)
Failed test: 1
Non-zero exit status: 255
Parse errors: No plan found in TAP output
t/do-block.t (Wstat: 65280 Tests: 0 Failed: 0)
Non-zero exit status: 255
Parse errors: No plan found in TAP output
t/dump-perl-exports.t (Wstat: 512 Tests: 3 Failed: 2)
Failed tests: 1-2
Non-zero exit status: 2
t/dupes.t (Wstat: 65280 Tests: 1 Failed: 1)
Failed test: 1
Non-zero exit status: 255
Parse errors: No plan found in TAP output
t/exported-variables.t (Wstat: 65280 Tests: 0 Failed: 0)
Non-zero exit status: 255
Parse errors: No plan found in TAP output
t/ExportInspector/DDP.t (Wstat: 65280 Tests: 1 Failed: 1)
Failed test: 1
Non-zero exit status: 255
Parse errors: No plan found in TAP output
t/ExportInspector/load.t (Wstat: 65280 Tests: 2 Failed: 1)
Failed test: 1
Non-zero exit status: 255
Parse errors: No plan found in TAP output
t/find-bin.t (Wstat: 65280 Tests: 1 Failed: 0)
Non-zero exit status: 255
Parse errors: No plan found in TAP output
t/fully-qualified.t (Wstat: 65280 Tests: 4 Failed: 0)
Non-zero exit status: 255
Parse errors: No plan found in TAP output
t/func-in-use.t (Wstat: 65280 Tests: 0 Failed: 0)
Non-zero exit status: 255
Parse errors: No plan found in TAP output
t/func-in-var.t (Wstat: 65280 Tests: 0 Failed: 0)
Non-zero exit status: 255
Parse errors: No plan found in TAP output
t/geo-ip.t (Wstat: 65280 Tests: 0 Failed: 0)
Non-zero exit status: 255
Parse errors: No plan found in TAP output
t/hash-in-regex.t (Wstat: 65280 Tests: 0 Failed: 0)
Non-zero exit status: 255
Parse errors: No plan found in TAP output
t/hash-key.t (Wstat: 65280 Tests: 0 Failed: 0)
Non-zero exit status: 255
Parse errors: No plan found in TAP output
t/heredoc.t (Wstat: 65280 Tests: 0 Failed: 0)
Non-zero exit status: 255
Parse errors: No plan found in TAP output
t/ignored-modules.t (Wstat: 65280 Tests: 0 Failed: 0)
Non-zero exit status: 255
Parse errors: No plan found in TAP output
t/import-error.t (Wstat: 512 Tests: 0 Failed: 0)
Non-zero exit status: 2
Parse errors: No plan found in TAP output
t/inner-package.t (Wstat: 65280 Tests: 0 Failed: 0)
Non-zero exit status: 255
Parse errors: No plan found in TAP output
t/method.t (Wstat: 65280 Tests: 0 Failed: 0)
Non-zero exit status: 255
Parse errors: No plan found in TAP output
t/moo.t (Wstat: 65280 Tests: 2 Failed: 1)
Failed test: 2
Non-zero exit status: 255
Parse errors: No plan found in TAP output
t/moose-types.t (Wstat: 65280 Tests: 0 Failed: 0)
Non-zero exit status: 255
Parse errors: No plan found in TAP output
t/moose.t (Wstat: 65280 Tests: 2 Failed: 1)
Failed test: 2
Non-zero exit status: 255
Parse errors: No plan found in TAP output
t/moosex-types-moose.t (Wstat: 65280 Tests: 0 Failed: 0)
Non-zero exit status: 255
Parse errors: No plan found in TAP output
t/never-exports.t (Wstat: 65280 Tests: 1 Failed: 1)
Failed test: 1
Non-zero exit status: 255
Parse errors: No plan found in TAP output
t/padding.t (Wstat: 65280 Tests: 0 Failed: 0)
Non-zero exit status: 255
Parse errors: No plan found in TAP output
t/perl-imports.t (Wstat: 65280 Tests: 1 Failed: 1)
Failed test: 1
Non-zero exit status: 255
Parse errors: No plan found in TAP output
t/pragma.t (Wstat: 65280 Tests: 2 Failed: 0)
Non-zero exit status: 255
Parse errors: No plan found in TAP output
t/preserve-spaces.t (Wstat: 65280 Tests: 0 Failed: 0)
Non-zero exit status: 255
Parse errors: No plan found in TAP output
t/quoted-var.t (Wstat: 65280 Tests: 0 Failed: 0)
Non-zero exit status: 255
Parse errors: No plan found in TAP output
t/require.t (Wstat: 65280 Tests: 5 Failed: 1)
Failed test: 5
Non-zero exit status: 255
Parse errors: No plan found in TAP output
t/skip-all.t (Wstat: 65280 Tests: 0 Failed: 0)
Non-zero exit status: 255
Parse errors: No plan found in TAP output
t/socket.t (Wstat: 65280 Tests: 0 Failed: 0)
Non-zero exit status: 255
Parse errors: No plan found in TAP output
t/symbol-in-export.t (Wstat: 65280 Tests: 0 Failed: 0)
Non-zero exit status: 255
Parse errors: No plan found in TAP output
t/symbol-in-signature.t (Wstat: 65280 Tests: 0 Failed: 0)
Non-zero exit status: 255
Parse errors: No plan found in TAP output
t/test-most.t (Wstat: 65280 Tests: 1 Failed: 1)
Failed test: 1
Non-zero exit status: 255
Parse errors: No plan found in TAP output
t/typeglob.t (Wstat: 65280 Tests: 0 Failed: 0)
Non-zero exit status: 255
Parse errors: No plan found in TAP output
t/use-and-require.t (Wstat: 65280 Tests: 0 Failed: 0)
Non-zero exit status: 255
Parse errors: No plan found in TAP output
t/var-in-regex.t (Wstat: 65280 Tests: 0 Failed: 0)
Non-zero exit status: 255
Parse errors: No plan found in TAP output
t/variable.t (Wstat: 65280 Tests: 0 Failed: 0)
Non-zero exit status: 255
Parse errors: No plan found in TAP output
t/with-version.t (Wstat: 65280 Tests: 1 Failed: 0)
Non-zero exit status: 255
Parse errors: No plan found in TAP output
Files=56, Tests=39, 226 wallclock secs ( 0.40 usr + 0.39 sys = 0.79 CPU)
Result: FAIL
Failed 43/56 test programs. 13/39 subtests failed.
dmake.exe: Error code 255, while making 'test_dynamic'
------------------------------
PREREQUISITES
------------------------------
Prerequisite modules loaded:
requires:
Module Need Have
----------------------------- -------- --------
Capture::Tiny 0 0.25
Class::Inspector 1.36 1.36
Class::Unload 0 0.08
Data::Dumper 0 2.151
Data::Printer 0 0.35
File::Basename 0 2.85
FindBin 0 1.51
Getopt::Long::Descriptive 0 0.099
lib 0 0.63
List::Util 0 1.56
Log::Dispatch 0 2.44
Log::Dispatch::Array 0 1.003
Module::Runtime 0 0.014
Moo 0 2.000001
Moo::Role 0 2.000001
MooX::StrictConstructor 0 0.011
Path::Tiny 0 0.068
perl 5.008 5.020001
Perl::Tidy 20210111 20210402
Pod::Usage 0 1.64
PPI 1.270 1.270
PPIx::QuoteLike 0 0.017
PPIx::Utils::Classification 0 0.003
Ref::Util 0 0.204
strict 0 1.08
String::InterpolatedVariables 0 2.000000
Sub::HandlesVia 0 0.016
Symbol::Get 0.10 0.10
Text::SimpleTable::AutoWidth 0 0.09
Try::Tiny 0 0.22
Types::Standard 0 1.012001
utf8 0 1.13_01
warnings 0 1.23
build_requires:
Module Need Have
----------------------------- -------- --------
Cpanel::JSON::XS 0 4.26
Data::Printer 0 0.35
ExtUtils::MakeMaker 0 7.04
File::Spec 0 3.48
Geo::IP 0 1.45
Getopt::Long 2.40 2.45
LWP::UserAgent 6.49 6.53
Sub::Exporter 0 0.987
Test::More 0 1.001006
Test::Most 0 0.34
Test::Needs 0 0.002002
Test::RequiresInternet 0 0.04
Test::Warnings 0 0.016
configure_requires:
Module Need Have
----------------------------- -------- --------
ExtUtils::MakeMaker 0 7.04
perl 5.008 5.020001
------------------------------
ENVIRONMENT AND OTHER CONTEXT
------------------------------
Environment variables:
AUTOMATED_TESTING = 1
COMSPEC = C:\WINDOWS\system32\cmd.exe
NUMBER_OF_PROCESSORS = 1
PATH = C:\WINDOWS\system32;C:\WINDOWS;C:\WINDOWS\System32\Wbem;C:\Strawberry201\c\bin;C:\Strawberry201\perl\site\bin;C:\Strawberry201\perl\bin;C:\Git\cmd
PERL5LIB = C:\STRAWB~1\cpan\build\libwww-perl-6.53-z9cFs8/blib/arch;C:\STRAWB~1\cpan\build\libwww-perl-6.53-z9cFs8/blib/lib;C:\STRAWB~1\cpan\build\HTTP-Message-6.29-CvtZFT/blib/arch;C:\STRAWB~1\cpan\build\HTTP-Message-6.29-CvtZFT/blib/lib;C:\STRAWB~1\cpan\build\Encode-3.08-rCWR2N/blib/arch;C:\STRAWB~1\cpan\build\Encode-3.08-rCWR2N/blib/lib;C:\STRAWB~1\cpan\build\Net-HTTP-6.21-HC6C89/blib/arch;C:\STRAWB~1\cpan\build\Net-HTTP-6.21-HC6C89/blib/lib;C:\STRAWB~1\cpan\build\HTTP-Daemon-6.12-kXBuge/blib/arch;C:\STRAWB~1\cpan\build\HTTP-Daemon-6.12-kXBuge/blib/lib;C:\STRAWB~1\cpan\build\Ref-Util-0.204-_yHKFT/blib/arch;C:\STRAWB~1\cpan\build\Ref-Util-0.204-_yHKFT/blib/lib;C:\STRAWB~1\cpan\build\Ref-Util-XS-0.117-6R3UG0/blib/arch;C:\STRAWB~1\cpan\build\Ref-Util-XS-0.117-6R3UG0/blib/lib;C:\STRAWB~1\cpan\build\Symbol-Get-0.10-J6xliE/blib/arch;C:\STRAWB~1\cpan\build\Symbol-Get-0.10-J6xliE/blib/lib;C:\STRAWB~1\cpan\build\Call-Context-0.03-NwLj1p/blib/arch;C:\STRAWB~1\cpan\build\Call-Context-0.03-NwLj1p/blib/lib;C:\STRAWB~1\cpan\build\MooX-StrictConstructor-0.011-snmabB/blib/arch;C:\STRAWB~1\cpan\build\MooX-StrictConstructor-0.011-snmabB/blib/lib;C:\STRAWB~1\cpan\build\String-InterpolatedVariables-2.000000-WfgFLf/blib/arch;C:\STRAWB~1\cpan\build\String-InterpolatedVariables-2.000000-WfgFLf/blib/lib;C:\STRAWB~1\cpan\build\Cpanel-JSON-XS-4.26-Z_dHfD/blib/arch;C:\STRAWB~1\cpan\build\Cpanel-JSON-XS-4.26-Z_dHfD/blib/lib;C:\STRAWB~1\cpan\build\PPIx-QuoteLike-0.017-f0vtVo/blib/arch;C:\STRAWB~1\cpan\build\PPIx-QuoteLike-0.017-f0vtVo/blib/lib;C:\STRAWB~1\cpan\build\Perl-Tidy-20210402-TYvsK6/blib/arch;C:\STRAWB~1\cpan\build\Perl-Tidy-20210402-TYvsK6/blib/lib;C:\STRAWB~1\cpan\build\Class-Inspector-1.36-E_uPlK/blib/arch;C:\STRAWB~1\cpan\build\Class-Inspector-1.36-E_uPlK/blib/lib;C:\STRAWB~1\cpan\build\PPIx-Utils-0.003-d6VO7y/blib/arch;C:\STRAWB~1\cpan\build\PPIx-Utils-0.003-d6VO7y/blib/lib;C:\STRAWB~1\cpan\build\PPI-1.270-pcvyKi/blib/arch;C:\STRAWB~1\cpan\build\PPI-1.270-pcvyKi/blib/lib;C:\STRAWB~1\cpan\build\Sub-HandlesVia-0.016-8Ue7IL/blib/arch;C:\STRAWB~1\cpan\build\Sub-HandlesVia-0.016-8Ue7IL/blib/lib;C:\STRAWB~1\cpan\build\Scalar-List-Utils-1.56-t7PPe9/blib/arch;C:\STRAWB~1\cpan\build\Scalar-List-Utils-1.56-t7PPe9/blib/lib;C:\STRAWB~1\cpan\build\Type-Tiny-1.012001-tFcd8C/blib/arch;C:\STRAWB~1\cpan\build\Type-Tiny-1.012001-tFcd8C/blib/lib;C:\STRAWB~1\cpan\build\Exporter-Tiny-1.002002-9MAqVf/blib/arch;C:\STRAWB~1\cpan\build\Exporter-Tiny-1.002002-9MAqVf/blib/lib
PERL5OPT =
PERL5_CPANPLUS_IS_RUNNING = 1608
PERL5_CPAN_IS_RUNNING = 1608
PERL5_CPAN_IS_RUNNING_IN_RECURSION = 1236,1608
PERL_CR_SMOKER_CURRENT = App-perlimports-0.000002
PERL_CR_SMOKER_RUNONCE = 1
PERL_EXTUTILS_AUTOINSTALL = --defaultdeps
PERL_MM_USE_DEFAULT = 1
PROCESSOR_IDENTIFIER = x86 Family 16 Model 5 Stepping 3, AuthenticAMD
TEMP = C:\DOCUME~1\c\LOCALS~1\Temp
Perl special variables (and OS-specific diagnostics, for MSWin32):
$^X = C:\Strawberry201\perl\bin\perl.exe
$UID/$EUID = 0 / 0
$GID = 0
$EGID = 0
Win32::GetOSName = WinXP/.Net
Win32::GetOSVersion = Service Pack 3, 5, 1, 2600, 2, 3, 0, 256, 1
Win32::FsType = NTFS
Win32::IsAdminUser = 1
Perl module toolchain versions installed:
Module Have
------------------- --------
CPAN 2.05
CPAN::Meta 2.142060
Cwd 3.48
ExtUtils::CBuilder 0.280219
ExtUtils::Command 1.18
ExtUtils::Install 1.68
ExtUtils::MakeMaker 7.04
ExtUtils::Manifest 1.66
ExtUtils::ParseXS 3.24
File::Spec 3.48
JSON 2.90
JSON::PP 2.27203
Module::Build 0.4211
Module::Signature 0.78
Parse::CPAN::Meta 1.4414
Test::Harness 3.33
Test::More 1.001006
YAML 1.15
YAML::Syck 1.29
version 0.9909
--
Summary of my perl5 (revision 5 version 20 subversion 1) configuration:
Platform:
osname=MSWin32, osvers=6.3, archname=MSWin32-x86-multi-thread-64int
uname='Win32 strawberry-perl 5.20.1.1 #1 Mon Sep 15 18:25:23 2014 i386'
config_args='undef'
hint=recommended, useposix=true, d_sigaction=undef
useithreads=define, usemultiplicity=define
use64bitint=define, use64bitall=undef, uselongdouble=undef
usemymalloc=n, bincompat5005=undef
Compiler:
cc='gcc', ccflags =' -s -O2 -DWIN32 -DPERL_TEXTMODE_SCRIPTS -DPERL_IMPLICIT_CONTEXT -DPERL_IMPLICIT_SYS -DUSE_PERLIO -fwrapv -fno-strict-aliasing -mms-bitfields',
optimize='-s -O2',
cppflags='-DWIN32'
ccversion='', gccversion='4.8.3', gccosandvers=''
intsize=4, longsize=4, ptrsize=4, doublesize=8, byteorder=12345678
d_longlong=define, longlongsize=8, d_longdbl=define, longdblsize=12
ivtype='long long', ivsize=8, nvtype='double', nvsize=8, Off_t='long long', lseeksize=8
alignbytes=8, prototype=define
Linker and Libraries:
ld='g++', ldflags ='-s -L"C:\STRAWB~1\perl\lib\CORE" -L"C:\STRAWB~1\c\lib"'
libpth=C:\STRAWB~1\c\lib C:\STRAWB~1\c\i686-w64-mingw32\lib C:\STRAWB~1\c\lib\gcc\i686-w64-mingw32\4.8.3
libs=-lmoldname -lkernel32 -luser32 -lgdi32 -lwinspool -lcomdlg32 -ladvapi32 -lshell32 -lole32 -loleaut32 -lnetapi32 -luuid -lws2_32 -lmpr -lwinmm -lversion -lodbc32 -lodbccp32 -lcomctl32
perllibs=-lmoldname -lkernel32 -luser32 -lgdi32 -lwinspool -lcomdlg32 -ladvapi32 -lshell32 -lole32 -loleaut32 -lnetapi32 -luuid -lws2_32 -lmpr -lwinmm -lversion -lodbc32 -lodbccp32 -lcomctl32
libc=, so=dll, useshrplib=true, libperl=libperl520.a
gnulibc_version=''
Dynamic Linking:
dlsrc=dl_win32.xs, dlext=xs.dll, d_dlsymun=undef, ccdlflags=' '
cccdlflags=' ', lddlflags='-mdll -s -L"C:\STRAWB~1\perl\lib\CORE" -L"C:\STRAWB~1\c\lib"'
Characteristics of this binary (from libperl):
Compile-time options: HAS_TIMES HAVE_INTERP_INTERN MULTIPLICITY
PERLIO_LAYERS PERL_DONT_CREATE_GVSV
PERL_HASH_FUNC_ONE_AT_A_TIME_HARD
PERL_IMPLICIT_CONTEXT PERL_IMPLICIT_SYS
PERL_MALLOC_WRAP PERL_NEW_COPY_ON_WRITE
PERL_PRESERVE_IVUV USE_64_BIT_INT USE_ITHREADS
USE_LARGE_FILES USE_LOCALE USE_LOCALE_COLLATE
USE_LOCALE_CTYPE USE_LOCALE_NUMERIC USE_PERLIO
USE_PERL_ATOF
Built under MSWin32
Compiled at Sep 15 2014 18:29:20
%ENV:
PERL5LIB="C:\STRAWB~1\cpan\build\libwww-perl-6.53-z9cFs8/blib/arch;C:\STRAWB~1\cpan\build\libwww-perl-6.53-z9cFs8/blib/lib;C:\STRAWB~1\cpan\build\HTTP-Message-6.29-CvtZFT/blib/arch;C:\STRAWB~1\cpan\build\HTTP-Message-6.29-CvtZFT/blib/lib;C:\STRAWB~1\cpan\build\Encode-3.08-rCWR2N/blib/arch;C:\STRAWB~1\cpan\build\Encode-3.08-rCWR2N/blib/lib;C:\STRAWB~1\cpan\build\Net-HTTP-6.21-HC6C89/blib/arch;C:\STRAWB~1\cpan\build\Net-HTTP-6.21-HC6C89/blib/lib;C:\STRAWB~1\cpan\build\HTTP-Daemon-6.12-kXBuge/blib/arch;C:\STRAWB~1\cpan\build\HTTP-Daemon-6.12-kXBuge/blib/lib;C:\STRAWB~1\cpan\build\Ref-Util-0.204-_yHKFT/blib/arch;C:\STRAWB~1\cpan\build\Ref-Util-0.204-_yHKFT/blib/lib;C:\STRAWB~1\cpan\build\Ref-Util-XS-0.117-6R3UG0/blib/arch;C:\STRAWB~1\cpan\build\Ref-Util-XS-0.117-6R3UG0/blib/lib;C:\STRAWB~1\cpan\build\Symbol-Get-0.10-J6xliE/blib/arch;C:\STRAWB~1\cpan\build\Symbol-Get-0.10-J6xliE/blib/lib;C:\STRAWB~1\cpan\build\Call-Context-0.03-NwLj1p/blib/arch;C:\STRAWB~1\cpan\build\Call-Context-0.03-NwLj1p/blib/lib;C:\STRAWB~1\cpan\build\MooX-StrictConstructor-0.011-snmabB/blib/arch;C:\STRAWB~1\cpan\build\MooX-StrictConstructor-0.011-snmabB/blib/lib;C:\STRAWB~1\cpan\build\String-InterpolatedVariables-2.000000-WfgFLf/blib/arch;C:\STRAWB~1\cpan\build\String-InterpolatedVariables-2.000000-WfgFLf/blib/lib;C:\STRAWB~1\cpan\build\Cpanel-JSON-XS-4.26-Z_dHfD/blib/arch;C:\STRAWB~1\cpan\build\Cpanel-JSON-XS-4.26-Z_dHfD/blib/lib;C:\STRAWB~1\cpan\build\PPIx-QuoteLike-0.017-f0vtVo/blib/arch;C:\STRAWB~1\cpan\build\PPIx-QuoteLike-0.017-f0vtVo/blib/lib;C:\STRAWB~1\cpan\build\Perl-Tidy-20210402-TYvsK6/blib/arch;C:\STRAWB~1\cpan\build\Perl-Tidy-20210402-TYvsK6/blib/lib;C:\STRAWB~1\cpan\build\Class-Inspector-1.36-E_uPlK/blib/arch;C:\STRAWB~1\cpan\build\Class-Inspector-1.36-E_uPlK/blib/lib;C:\STRAWB~1\cpan\build\PPIx-Utils-0.003-d6VO7y/blib/arch;C:\STRAWB~1\cpan\build\PPIx-Utils-0.003-d6VO7y/blib/lib;C:\STRAWB~1\cpan\build\PPI-1.270-pcvyKi/blib/arch;C:\STRAWB~1\cpan\build\PPI-1.270-pcvyKi/blib/lib;C:\STRAWB~1\cpan\build\Sub-HandlesVia-0.016-8Ue7IL/blib/arch;C:\STRAWB~1\cpan\build\Sub-HandlesVia-0.016-8Ue7IL/blib/lib;C:\STRAWB~1\cpan\build\Scalar-List-Utils-1.56-t7PPe9/blib/arch;C:\STRAWB~1\cpan\build\Scalar-List-Utils-1.56-t7PPe9/blib/lib;C:\STRAWB~1\cpan\build\Type-Tiny-1.012001-tFcd8C/blib/arch;C:\STRAWB~1\cpan\build\Type-Tiny-1.012001-tFcd8C/blib/lib;C:\STRAWB~1\cpan\build\Exporter-Tiny-1.002002-9MAqVf/blib/arch;C:\STRAWB~1\cpan\build\Exporter-Tiny-1.002002-9MAqVf/blib/lib"
PERL5_CPANPLUS_IS_RUNNING="1608"
PERL5_CPAN_IS_RUNNING="1608"
PERL5_CPAN_IS_RUNNING_IN_RECURSION="1236,1608"
PERL_CR_SMOKER_CURRENT="App-perlimports-0.000002"
PERL_CR_SMOKER_RUNONCE="1"
PERL_EXTUTILS_AUTOINSTALL="--defaultdeps"
PERL_MM_USE_DEFAULT="1"
@INC:
C:\STRAWB~1\cpan\build\libwww-perl-6.53-z9cFs8/blib/arch
C:\STRAWB~1\cpan\build\libwww-perl-6.53-z9cFs8/blib/lib
C:\STRAWB~1\cpan\build\HTTP-Message-6.29-CvtZFT/blib/arch
C:\STRAWB~1\cpan\build\HTTP-Message-6.29-CvtZFT/blib/lib
C:\STRAWB~1\cpan\build\Encode-3.08-rCWR2N/blib/arch
C:\STRAWB~1\cpan\build\Encode-3.08-rCWR2N/blib/lib
C:\STRAWB~1\cpan\build\Net-HTTP-6.21-HC6C89/blib/arch
C:\STRAWB~1\cpan\build\Net-HTTP-6.21-HC6C89/blib/lib
C:\STRAWB~1\cpan\build\HTTP-Daemon-6.12-kXBuge/blib/arch
C:\STRAWB~1\cpan\build\HTTP-Daemon-6.12-kXBuge/blib/lib
C:\STRAWB~1\cpan\build\Ref-Util-0.204-_yHKFT/blib/arch
C:\STRAWB~1\cpan\build\Ref-Util-0.204-_yHKFT/blib/lib
C:\STRAWB~1\cpan\build\Ref-Util-XS-0.117-6R3UG0/blib/arch
C:\STRAWB~1\cpan\build\Ref-Util-XS-0.117-6R3UG0/blib/lib
C:\STRAWB~1\cpan\build\Symbol-Get-0.10-J6xliE/blib/arch
C:\STRAWB~1\cpan\build\Symbol-Get-0.10-J6xliE/blib/lib
C:\STRAWB~1\cpan\build\Call-Context-0.03-NwLj1p/blib/arch
C:\STRAWB~1\cpan\build\Call-Context-0.03-NwLj1p/blib/lib
C:\STRAWB~1\cpan\build\MooX-StrictConstructor-0.011-snmabB/blib/arch
C:\STRAWB~1\cpan\build\MooX-StrictConstructor-0.011-snmabB/blib/lib
C:\STRAWB~1\cpan\build\String-InterpolatedVariables-2.000000-WfgFLf/blib/arch
C:\STRAWB~1\cpan\build\String-InterpolatedVariables-2.000000-WfgFLf/blib/lib
C:\STRAWB~1\cpan\build\Cpanel-JSON-XS-4.26-Z_dHfD/blib/arch
C:\STRAWB~1\cpan\build\Cpanel-JSON-XS-4.26-Z_dHfD/blib/lib
C:\STRAWB~1\cpan\build\PPIx-QuoteLike-0.017-f0vtVo/blib/arch
C:\STRAWB~1\cpan\build\PPIx-QuoteLike-0.017-f0vtVo/blib/lib
C:\STRAWB~1\cpan\build\Perl-Tidy-20210402-TYvsK6/blib/arch
C:\STRAWB~1\cpan\build\Perl-Tidy-20210402-TYvsK6/blib/lib
C:\STRAWB~1\cpan\build\Class-Inspector-1.36-E_uPlK/blib/arch
C:\STRAWB~1\cpan\build\Class-Inspector-1.36-E_uPlK/blib/lib
C:\STRAWB~1\cpan\build\PPIx-Utils-0.003-d6VO7y/blib/arch
C:\STRAWB~1\cpan\build\PPIx-Utils-0.003-d6VO7y/blib/lib
C:\STRAWB~1\cpan\build\PPI-1.270-pcvyKi/blib/arch
C:\STRAWB~1\cpan\build\PPI-1.270-pcvyKi/blib/lib
C:\STRAWB~1\cpan\build\Sub-HandlesVia-0.016-8Ue7IL/blib/arch
C:\STRAWB~1\cpan\build\Sub-HandlesVia-0.016-8Ue7IL/blib/lib
C:\STRAWB~1\cpan\build\Scalar-List-Utils-1.56-t7PPe9/blib/arch
C:\STRAWB~1\cpan\build\Scalar-List-Utils-1.56-t7PPe9/blib/lib
C:\STRAWB~1\cpan\build\Type-Tiny-1.012001-tFcd8C/blib/arch
C:\STRAWB~1\cpan\build\Type-Tiny-1.012001-tFcd8C/blib/lib
C:\STRAWB~1\cpan\build\Exporter-Tiny-1.002002-9MAqVf/blib/arch
C:\STRAWB~1\cpan\build\Exporter-Tiny-1.002002-9MAqVf/blib/lib
C:/Strawberry201/perl/site/lib
C:/Strawberry201/perl/vendor/lib
C:/Strawberry201/perl/lib
.