Netstack v0.015 Perl 5 v5.20.1 i86pc-solaris-64

Status
Fail
From
Chris Williams (BINGOS)
Dist
Netstack v0.015
Platform
Perl 5 v5.20.1 i86pc-solaris-64
Date
2021-10-08 01:08:30
ID
402545b6-27d4-11ec-bc66-57723b537541
This distribution has been tested as part of the CPAN Testers
project, supporting the Perl programming language.  See
http://wiki.cpantesters.org/ for more information or email
questions to cpan-testers-discuss@perl.org


--

Dear CARELINE,

This is a computer-generated error report created automatically by
CPANPLUS, version 0.9912. Testers personal comments may appear
at the end of this report.


Thank you for uploading your work to CPAN.  However, it appears that
there were some problems testing your distribution.

TEST RESULTS:

Below is the error stack from stage 'make test':

PERL_DL_NONLAZY=1 "/home/cpan/pit/bare/perl-5.20.1/bin/perl" "-MExtUtils::Command::MM" "-MTest::Harness" "-e" "undef *Test::Harness::Switches; test_harness(0, 'blib/lib', 'blib/arch')" t/utils/*.t
Useless use of string eq in void context at t/utils/cache.t line 56.
t/utils/cache.t .. ok
t/utils/date.t ... ok
Array found where operator expected at /home/cpan/pit/bare/conf/perl-5.20.1/.cpanplus/5.20.1/build/IAR01vTUAF/Netstack-0.015/blib/lib/Netstack/Utils/Set.pm line 41, at end of line
	(Missing operator before ?)
Array found where operator expected at /home/cpan/pit/bare/conf/perl-5.20.1/.cpanplus/5.20.1/build/IAR01vTUAF/Netstack-0.015/blib/lib/Netstack/Utils/Set.pm line 42, at end of line
	(Missing operator before ?)
Array found where operator expected at /home/cpan/pit/bare/conf/perl-5.20.1/.cpanplus/5.20.1/build/IAR01vTUAF/Netstack-0.015/blib/lib/Netstack/Utils/Set.pm line 69, at end of line
	(Missing operator before ?)
Array found where operator expected at /home/cpan/pit/bare/conf/perl-5.20.1/.cpanplus/5.20.1/build/IAR01vTUAF/Netstack-0.015/blib/lib/Netstack/Utils/Set.pm line 70, at end of line
	(Missing operator before ?)
Array found where operator expected at /home/cpan/pit/bare/conf/perl-5.20.1/.cpanplus/5.20.1/build/IAR01vTUAF/Netstack-0.015/blib/lib/Netstack/Utils/Set.pm line 94, at end of line
	(Missing operator before ?)
Array found where operator expected at /home/cpan/pit/bare/conf/perl-5.20.1/.cpanplus/5.20.1/build/IAR01vTUAF/Netstack-0.015/blib/lib/Netstack/Utils/Set.pm line 95, at end of line
	(Missing operator before ?)
Array found where operator expected at /home/cpan/pit/bare/conf/perl-5.20.1/.cpanplus/5.20.1/build/IAR01vTUAF/Netstack-0.015/blib/lib/Netstack/Utils/Set.pm line 166, at end of line
syntax error at /home/cpan/pit/bare/conf/perl-5.20.1/.cpanplus/5.20.1/build/IAR01vTUAF/Netstack-0.015/blib/lib/Netstack/Utils/Set.pm line 41, near "->@*"
syntax error at /home/cpan/pit/bare/conf/perl-5.20.1/.cpanplus/5.20.1/build/IAR01vTUAF/Netstack-0.015/blib/lib/Netstack/Utils/Set.pm line 69, near "->@*"
syntax error at /home/cpan/pit/bare/conf/perl-5.20.1/.cpanplus/5.20.1/build/IAR01vTUAF/Netstack-0.015/blib/lib/Netstack/Utils/Set.pm line 70, near "->@*"
Global symbol "$lengthOfMin" requires explicit package name at /home/cpan/pit/bare/conf/perl-5.20.1/.cpanplus/5.20.1/build/IAR01vTUAF/Netstack-0.015/blib/lib/Netstack/Utils/Set.pm line 73.
Global symbol "$lengthOfMax" requires explicit package name at /home/cpan/pit/bare/conf/perl-5.20.1/.cpanplus/5.20.1/build/IAR01vTUAF/Netstack-0.015/blib/lib/Netstack/Utils/Set.pm line 73.
syntax error at /home/cpan/pit/bare/conf/perl-5.20.1/.cpanplus/5.20.1/build/IAR01vTUAF/Netstack-0.015/blib/lib/Netstack/Utils/Set.pm line 94, near "->@*"
syntax error at /home/cpan/pit/bare/conf/perl-5.20.1/.cpanplus/5.20.1/build/IAR01vTUAF/Netstack-0.015/blib/lib/Netstack/Utils/Set.pm line 95, near "->@*"
Global symbol "$lengthOfMin" requires explicit package name at /home/cpan/pit/bare/conf/perl-5.20.1/.cpanplus/5.20.1/build/IAR01vTUAF/Netstack-0.015/blib/lib/Netstack/Utils/Set.pm line 98.
Global symbol "$lengthOfMax" requires explicit package name at /home/cpan/pit/bare/conf/perl-5.20.1/.cpanplus/5.20.1/build/IAR01vTUAF/Netstack-0.015/blib/lib/Netstack/Utils/Set.pm line 98.
Global symbol "$lengthOfMin" requires explicit package name at /home/cpan/pit/bare/conf/perl-5.20.1/.cpanplus/5.20.1/build/IAR01vTUAF/Netstack-0.015/blib/lib/Netstack/Utils/Set.pm line 99.
Global symbol "$lengthOfMax" requires explicit package name at /home/cpan/pit/bare/conf/perl-5.20.1/.cpanplus/5.20.1/build/IAR01vTUAF/Netstack-0.015/blib/lib/Netstack/Utils/Set.pm line 99.
/home/cpan/pit/bare/conf/perl-5.20.1/.cpanplus/5.20.1/build/IAR01vTUAF/Netstack-0.015/blib/lib/Netstack/Utils/Set.pm has too many errors.
Compilation failed in require at /home/cpan/pit/bare/conf/perl-5.20.1/.cpanplus/5.20.1/build/IAR01vTUAF/Netstack-0.015/blib/lib/Netstack/Utils/Ip.pm line 9.
BEGIN failed--compilation aborted at /home/cpan/pit/bare/conf/perl-5.20.1/.cpanplus/5.20.1/build/IAR01vTUAF/Netstack-0.015/blib/lib/Netstack/Utils/Ip.pm line 9.
Compilation failed in require at t/utils/ip.t line 6.
BEGIN failed--compilation aborted at t/utils/ip.t line 6.
# Looks like your test exited with 255 before it could output anything.
t/utils/ip.t ..... 
Dubious, test returned 255 (wstat 65280, 0xff00)
Failed 10/10 subtests 
Array found where operator expected at /home/cpan/pit/bare/conf/perl-5.20.1/.cpanplus/5.20.1/build/IAR01vTUAF/Netstack-0.015/blib/lib/Netstack/Utils/Set.pm line 41, at end of line
	(Missing operator before ?)
Array found where operator expected at /home/cpan/pit/bare/conf/perl-5.20.1/.cpanplus/5.20.1/build/IAR01vTUAF/Netstack-0.015/blib/lib/Netstack/Utils/Set.pm line 42, at end of line
	(Missing operator before ?)
Array found where operator expected at /home/cpan/pit/bare/conf/perl-5.20.1/.cpanplus/5.20.1/build/IAR01vTUAF/Netstack-0.015/blib/lib/Netstack/Utils/Set.pm line 69, at end of line
	(Missing operator before ?)
Array found where operator expected at /home/cpan/pit/bare/conf/perl-5.20.1/.cpanplus/5.20.1/build/IAR01vTUAF/Netstack-0.015/blib/lib/Netstack/Utils/Set.pm line 70, at end of line
	(Missing operator before ?)
Array found where operator expected at /home/cpan/pit/bare/conf/perl-5.20.1/.cpanplus/5.20.1/build/IAR01vTUAF/Netstack-0.015/blib/lib/Netstack/Utils/Set.pm line 94, at end of line
	(Missing operator before ?)
Array found where operator expected at /home/cpan/pit/bare/conf/perl-5.20.1/.cpanplus/5.20.1/build/IAR01vTUAF/Netstack-0.015/blib/lib/Netstack/Utils/Set.pm line 95, at end of line
	(Missing operator before ?)
Array found where operator expected at /home/cpan/pit/bare/conf/perl-5.20.1/.cpanplus/5.20.1/build/IAR01vTUAF/Netstack-0.015/blib/lib/Netstack/Utils/Set.pm line 166, at end of line
syntax error at /home/cpan/pit/bare/conf/perl-5.20.1/.cpanplus/5.20.1/build/IAR01vTUAF/Netstack-0.015/blib/lib/Netstack/Utils/Set.pm line 41, near "->@*"
syntax error at /home/cpan/pit/bare/conf/perl-5.20.1/.cpanplus/5.20.1/build/IAR01vTUAF/Netstack-0.015/blib/lib/Netstack/Utils/Set.pm line 69, near "->@*"
syntax error at /home/cpan/pit/bare/conf/perl-5.20.1/.cpanplus/5.20.1/build/IAR01vTUAF/Netstack-0.015/blib/lib/Netstack/Utils/Set.pm line 70, near "->@*"
Global symbol "$lengthOfMin" requires explicit package name at /home/cpan/pit/bare/conf/perl-5.20.1/.cpanplus/5.20.1/build/IAR01vTUAF/Netstack-0.015/blib/lib/Netstack/Utils/Set.pm line 73.
Global symbol "$lengthOfMax" requires explicit package name at /home/cpan/pit/bare/conf/perl-5.20.1/.cpanplus/5.20.1/build/IAR01vTUAF/Netstack-0.015/blib/lib/Netstack/Utils/Set.pm line 73.
syntax error at /home/cpan/pit/bare/conf/perl-5.20.1/.cpanplus/5.20.1/build/IAR01vTUAF/Netstack-0.015/blib/lib/Netstack/Utils/Set.pm line 94, near "->@*"
syntax error at /home/cpan/pit/bare/conf/perl-5.20.1/.cpanplus/5.20.1/build/IAR01vTUAF/Netstack-0.015/blib/lib/Netstack/Utils/Set.pm line 95, near "->@*"
Global symbol "$lengthOfMin" requires explicit package name at /home/cpan/pit/bare/conf/perl-5.20.1/.cpanplus/5.20.1/build/IAR01vTUAF/Netstack-0.015/blib/lib/Netstack/Utils/Set.pm line 98.
Global symbol "$lengthOfMax" requires explicit package name at /home/cpan/pit/bare/conf/perl-5.20.1/.cpanplus/5.20.1/build/IAR01vTUAF/Netstack-0.015/blib/lib/Netstack/Utils/Set.pm line 98.
Global symbol "$lengthOfMin" requires explicit package name at /home/cpan/pit/bare/conf/perl-5.20.1/.cpanplus/5.20.1/build/IAR01vTUAF/Netstack-0.015/blib/lib/Netstack/Utils/Set.pm line 99.
Global symbol "$lengthOfMax" requires explicit package name at /home/cpan/pit/bare/conf/perl-5.20.1/.cpanplus/5.20.1/build/IAR01vTUAF/Netstack-0.015/blib/lib/Netstack/Utils/Set.pm line 99.
/home/cpan/pit/bare/conf/perl-5.20.1/.cpanplus/5.20.1/build/IAR01vTUAF/Netstack-0.015/blib/lib/Netstack/Utils/Set.pm has too many errors.
Compilation failed in require at t/utils/set.t line 7.
BEGIN failed--compilation aborted at t/utils/set.t line 7.
# Looks like your test exited with 255 before it could output anything.
t/utils/set.t .... 
Dubious, test returned 255 (wstat 65280, 0xff00)
Failed 20/20 subtests 

Test Summary Report
-------------------
t/utils/ip.t   (Wstat: 65280 Tests: 0 Failed: 0)
  Non-zero exit status: 255
  Parse errors: Bad plan.  You planned 10 tests but ran 0.
t/utils/set.t  (Wstat: 65280 Tests: 0 Failed: 0)
  Non-zero exit status: 255
  Parse errors: Bad plan.  You planned 20 tests but ran 0.
Files=4, Tests=7,  3 wallclock secs ( 0.05 usr  0.03 sys +  2.26 cusr  0.38 csys =  2.72 CPU)
Result: FAIL
Failed 2/4 test programs. 0/7 subtests failed.
*** Error code 255
make: Fatal error: Command failed for target `test_dynamic'


PREREQUISITES:

Here is a list of prerequisites you specified and versions we
managed to load:

	  Module Name                        Have     Want
	  Carp                             1.3301        0
	  DBIx::Custom                       0.44        0
	  Digest::MD5                        2.53        0
	  Expect                             1.35        0
	  ExtUtils::MakeMaker                7.62        0
	  Mail::Sender                      0.903        0
	  Mojo::Util                            0        0
	  Moose                            2.2015        0
	  Moose::Role                      2.2015        0
	  POSIX                           1.38_03        0
	  Test::Simple                   1.302186        0
	  Try::Tiny                          0.30        0
	  autodie                            2.23        0
	  experimental                      0.007        0
	  namespace::autoclean               0.29        0
	  strict                             1.08        0
	  utf8                            1.13_01        0
	  warnings                           1.23        0

Perl module toolchain versions installed:
	Module Name                        Have
	CPANPLUS                         0.9912
	CPANPLUS::Dist::Build              0.90
	Cwd                                3.75
	ExtUtils::CBuilder             0.280236
	ExtUtils::Command                  7.62
	ExtUtils::Install                  2.20
	ExtUtils::MakeMaker                7.62
	ExtUtils::Manifest                 1.73
	ExtUtils::ParseXS                  3.35
	File::Spec                         3.75
	Module::Build                    0.4231
	Pod::Parser                        1.62
	Pod::Simple                        3.28
	Test2                          1.302186
	Test::Harness                      3.42
	Test::More                     1.302186
	version                          0.9929

******************************** NOTE ********************************
The comments above are created mechanically, possibly without manual
checking by the sender.  As there are many people performing automatic
tests on each upload to CPAN, it is likely that you will receive
identical messages about the same problem.

If you believe that the message is mistaken, please reply to the first
one with correction and/or additional informations, and do not take
it personally.  We appreciate your patience. :)
**********************************************************************

Additional comments:


This report was machine-generated by CPANPLUS::Dist::YACSmoke 1.08.
Powered by minismokebox version 0.68

CPANPLUS is prefering Build.PL

------------------------------
ENVIRONMENT AND OTHER CONTEXT
------------------------------

Environment variables:

    AUTOMATED_TESTING = 1
    LANG = en_GB.UTF-8
    NONINTERACTIVE_TESTING = 1
    PATH = /usr/bin:/usr/sbin:/sbin:/opt/ooce/bin:/usr/gnu/bin
    PERL5LIB = /home/cpan/pit/jail/0NJAHPOlmn/lib/perl5:/home/cpan/pit/bare/conf/perl-5.20.1/.cpanplus/5.20.1/build/IAR01vTUAF/Netstack-0.015/blib/lib:/home/cpan/pit/bare/conf/perl-5.20.1/.cpanplus/5.20.1/build/IAR01vTUAF/Netstack-0.015/blib/arch
    PERL5_CPANPLUS_IS_RUNNING = 18290
    PERL5_CPANPLUS_IS_VERSION = 0.9912
    PERL5_MINISMOKEBOX = 0.68
    PERL5_YACSMOKE_BASE = /home/cpan/pit/bare/conf/perl-5.20.1
    PERL_EXTUTILS_AUTOINSTALL = --defaultdeps
    PERL_LOCAL_LIB_ROOT = /home/cpan/pit/jail/0NJAHPOlmn
    PERL_MB_OPT = --install_base "/home/cpan/pit/jail/0NJAHPOlmn"
    PERL_MM_OPT = INSTALL_BASE=/home/cpan/pit/jail/0NJAHPOlmn
    PERL_MM_USE_DEFAULT = 1
    SHELL = /bin/bash
    TERM = screen.xterm-256color

Perl special variables (and OS-specific diagnostics, for MSWin32):

    Perl: $^X = /home/cpan/pit/bare/perl-5.20.1/bin/perl
    UID:  $<  = 101
    EUID: $>  = 101
    GID:  $(  = 101 101
    EGID: $)  = 101 101


-------------------------------


--

Summary of my perl5 (revision 5 version 20 subversion 1) configuration:
   
  Platform:
    osname=solaris, osvers=2.11, archname=i86pc-solaris-64
    uname='sunos ouzel 5.11 omnios-r151034-0d278a0cc5 i86pc i386 i86pc '
    config_args='-des -Dprefix=/home/cpan/pit/bare/perl-5.20.1 -Duse64bitall -Dcc=gcc'
    hint=recommended, useposix=true, d_sigaction=define
    useithreads=undef, usemultiplicity=undef
    use64bitint=define, use64bitall=define, uselongdouble=undef
    usemymalloc=n, bincompat5005=undef
  Compiler:
    cc='gcc', ccflags ='-m64 -fwrapv -fno-strict-aliasing -pipe -fstack-protector -D_LARGEFILE_SOURCE -D_FILE_OFFSET_BITS=64 -DPERL_USE_SAFE_PUTENV',
    optimize='-O',
    cppflags='-m64 -fwrapv -fno-strict-aliasing -pipe -fstack-protector'
    ccversion='', gccversion='9.3.0', gccosandvers=''
    intsize=4, longsize=8, ptrsize=8, doublesize=8, byteorder=12345678
    d_longlong=define, longlongsize=8, d_longdbl=define, longdblsize=16
    ivtype='long', ivsize=8, nvtype='double', nvsize=8, Off_t='off_t', lseeksize=8
    alignbytes=8, prototype=define
  Linker and Libraries:
    ld='gcc', ldflags =' -m64 -fstack-protector -L/usr/gnu/lib '
    libpth=/opt/gcc-9/lib /opt/gcc-9/lib/gcc/x86_64-pc-solaris2.11/9.3.0/include-fixed /usr/lib /usr/gnu/lib /usr/ccs/lib
    libs=-lsocket -lnsl -ldl -lm -lc
    perllibs=-lsocket -lnsl -ldl -lm -lc
    libc=/lib/libc.so, so=so, useshrplib=true, libperl=libperl.so
    gnulibc_version=''
  Dynamic Linking:
    dlsrc=dl_dlopen.xs, dlext=so, d_dlsymun=undef, ccdlflags='  -R /home/cpan/pit/bare/perl-5.20.1/lib/5.20.1/i86pc-solaris-64/CORE'
    cccdlflags='-fPIC', lddlflags=' -shared -m64 -L/usr/gnu/lib -fstack-protector'


Characteristics of this binary (from libperl): 
  Compile-time options: HAS_TIMES PERLIO_LAYERS PERL_DONT_CREATE_GVSV
                        PERL_HASH_FUNC_ONE_AT_A_TIME_HARD PERL_MALLOC_WRAP
                        PERL_NEW_COPY_ON_WRITE PERL_PRESERVE_IVUV
                        PERL_USE_SAFE_PUTENV USE_64_BIT_ALL USE_64_BIT_INT
                        USE_LARGE_FILES USE_LOCALE USE_LOCALE_COLLATE
                        USE_LOCALE_CTYPE USE_LOCALE_NUMERIC USE_PERLIO
                        USE_PERL_ATOF
  Locally applied patches:
	Devel::PatchPerl 2.00
  Built under solaris
  Compiled at Aug 19 2020 10:24:33
  %ENV:
    PERL5LIB="/home/cpan/pit/jail/0NJAHPOlmn/lib/perl5:/home/cpan/pit/bare/conf/perl-5.20.1/.cpanplus/5.20.1/build/IAR01vTUAF/Netstack-0.015/blib/lib:/home/cpan/pit/bare/conf/perl-5.20.1/.cpanplus/5.20.1/build/IAR01vTUAF/Netstack-0.015/blib/arch"
    PERL5_CPANPLUS_IS_RUNNING="18290"
    PERL5_CPANPLUS_IS_VERSION="0.9912"
    PERL5_MINISMOKEBOX="0.68"
    PERL5_YACSMOKE_BASE="/home/cpan/pit/bare/conf/perl-5.20.1"
    PERL_EXTUTILS_AUTOINSTALL="--defaultdeps"
    PERL_LOCAL_LIB_ROOT="/home/cpan/pit/jail/0NJAHPOlmn"
    PERL_MB_OPT="--install_base "/home/cpan/pit/jail/0NJAHPOlmn""
    PERL_MM_OPT="INSTALL_BASE=/home/cpan/pit/jail/0NJAHPOlmn"
    PERL_MM_USE_DEFAULT="1"
  @INC:
    /home/cpan/pit/jail/0NJAHPOlmn/lib/perl5/5.20.1/i86pc-solaris-64
    /home/cpan/pit/jail/0NJAHPOlmn/lib/perl5/5.20.1
    /home/cpan/pit/jail/0NJAHPOlmn/lib/perl5/i86pc-solaris-64
    /home/cpan/pit/jail/0NJAHPOlmn/lib/perl5
    /home/cpan/pit/bare/conf/perl-5.20.1/.cpanplus/5.20.1/build/IAR01vTUAF/Netstack-0.015/blib/lib
    /home/cpan/pit/bare/conf/perl-5.20.1/.cpanplus/5.20.1/build/IAR01vTUAF/Netstack-0.015/blib/arch
    /home/cpan/pit/bare/perl-5.20.1/lib/site_perl/5.20.1/i86pc-solaris-64
    /home/cpan/pit/bare/perl-5.20.1/lib/site_perl/5.20.1
    /home/cpan/pit/bare/perl-5.20.1/lib/5.20.1/i86pc-solaris-64
    /home/cpan/pit/bare/perl-5.20.1/lib/5.20.1
    .