urpmi vv8.132 Perl 5 v5.24.0 amd64-freebsd
- Status
- Fail
- From
- Slaven Rezić
- Dist
-
urpmi vv8.132
- Platform
- Perl 5 v5.24.0 amd64-freebsd
- Date
- 2024-06-01 06:14:47
- ID
- 3f3b9344-1fde-11ef-8417-ff2e6e8775ea
This distribution has been tested as part of the CPAN Testers
project, supporting the Perl programming language. See
http://wiki.cpantesters.org/ for more information or email
questions to cpan-testers-discuss@perl.org
--
Dear Thierry Vignaud,
This is a computer-generated report for urpmi-v8.132
on perl 5.24.0, created by CPAN-Reporter-1.2019.
Thank you for uploading your work to CPAN. However, there was a problem
testing your distribution.
If you think this report is invalid, please consult the CPAN Testers Wiki
for suggestions on how to avoid getting FAIL reports for missing library
or binary dependencies, unsupported operating systems, and so on:
http://wiki.cpantesters.org/wiki/CPANAuthorNotes
Sections of this report:
* Tester comments
* Program output
* Prerequisites
* Environment and other context
------------------------------
TESTER COMMENTS
------------------------------
Additional comments from tester:
none provided
------------------------------
PROGRAM OUTPUT
------------------------------
Output from '/usr/bin/make test':
Skip blib/lib/urpm/cfg.pm (unchanged)
Skip blib/lib/urpm/xml_info_pkg.pm (unchanged)
Skip blib/lib/urpm/mirrors.pm (unchanged)
Skip blib/lib/urpm/orphans.pm (unchanged)
Skip blib/lib/urpm/README.ssh (unchanged)
Skip blib/lib/urpm/signature.pm (unchanged)
Skip blib/lib/urpm/util.pm (unchanged)
Skip blib/lib/urpm/md5sum.pm (unchanged)
Skip blib/lib/urpm/select.pm (unchanged)
Skip blib/lib/urpm/xml_info.pm (unchanged)
Skip blib/lib/urpm/download.pm (unchanged)
Skip blib/lib/urpmi.pm (unchanged)
Skip blib/lib/urpm/parallel.pm (unchanged)
Skip blib/lib/urpm/cdrom.pm (unchanged)
Skip blib/lib/urpm/get_pkgs.pm (unchanged)
Skip blib/lib/urpm/bug_report.pm (unchanged)
Skip blib/lib/urpm/msg.pm (unchanged)
Skip blib/lib/urpm/parallel_ka_run.pm (unchanged)
Skip blib/lib/urpm/main_loop.pm (unchanged)
Skip blib/lib/urpm.pm (unchanged)
Skip blib/lib/gurpm/RPMProgressDialog.pm (unchanged)
Skip blib/lib/urpm/media.pm (unchanged)
Skip blib/lib/urpm/prompt.pm (unchanged)
Skip blib/lib/urpm/lock.pm (unchanged)
Skip blib/lib/urpm/install.pm (unchanged)
Skip blib/lib/urpm/sys.pm (unchanged)
Skip blib/lib/urpm/ldap.pm (unchanged)
Skip blib/lib/urpm/removable.pm (unchanged)
Skip blib/lib/urpm/README.ka-run (unchanged)
Skip blib/lib/urpm/args.pm (unchanged)
Skip blib/lib/urpm/parallel_ssh.pm (unchanged)
PERL_DL_NONLAZY=1 "/usr/perl5.24.0p/bin/perl" "-MExtUtils::Command::MM" "-MTest::Harness" "-e" "undef *Test::Harness::Switches; test_harness(0, 'blib/lib', 'blib/arch')" t/*.t
t/01compile.t ................................................... ok
>> RPM version is: RPM version 4.13.0.1
/home/cpansand/.cpan/build/2024053116/urpmi-v8.132-0/t/tmp/rpm-tmp.vds3K1: linux32: not found
Fehler: Fehler-Status beim Beenden von /home/cpansand/.cpan/build/2024053116/urpmi-v8.132-0/t/tmp/rpm-tmp.vds3K1 (%build)
Fehler-Status beim Beenden von /home/cpansand/.cpan/build/2024053116/urpmi-v8.132-0/t/tmp/rpm-tmp.vds3K1 (%build)
# Failed test 'rpmbuild --quiet --define '_topdir /home/cpansand/.cpan/build/2024053116/urpmi-v8.132-0/t/tmp' --define '_tmppath /home/cpansand/.cpan/build/2024053116/urpmi-v8.132-0/t/tmp' -bb --clean --nodeps --define '__os_install_post %nil' --define 'rpm_version %(rpm -q --queryformat "%{VERSION}" rpm|sed -e "s/\\.//g")' --define '__elf_provides %nil' --define '__elf_requires %nil' data/SPECS/i586-to-i686/libfoobar.spec'
# at t/helper.pm line 151.
mv: rename tmp/RPMS/*/*.rpm to media/i586-to-i686/*.rpm: No such file or directory
# Failed test 'mv tmp/RPMS/*/*.rpm media/i586-to-i686'
# at t/helper.pm line 151.
no *.rpm found in media/i586-to-i686 (use --allow-empty-media?)
# Failed test 'genhdlist2 --xml-info media/i586-to-i686'
# at t/helper.pm line 151.
ldd: a: not a dynamic ELF executable
0 blocks
SKIPPING /rpm-query-in-scriptlet/ at t/02create_pkgs.t line 51.
missing ./media/various/media_info/pubkey, not creating alternate location ./media/media_info/pubkey_various
missing ./media/various2/media_info/pubkey, not creating alternate location ./media/media_info/pubkey_various_ii
missing ./media/various3/media_info/pubkey, not creating alternate location ./media/media_info/pubkey_various_iii
missing ./media/various-debug/media_info/pubkey, not creating alternate location ./media/media_info/pubkey_various_debug
missing ./media/SRPMS-srpm-bootstrapping/media_info/pubkey, not creating alternate location ./media/media_info/pubkey_various_sources
# Looks like you failed 3 tests of 681.
t/02create_pkgs.t ...............................................
Dubious, test returned 3 (wstat 768, 0x300)
Failed 3/681 subtests
t/03kwality.t ................................................... skipped: These tests are for authors only!
Use of uninitialized value $substitutions{"RELEASE"} in substitution iterator at /home/cpansand/.cpan/build/2024053116/urpmi-v8.132-0/blib/lib/urpm/cfg.pm line 93.
Use of uninitialized value $substitutions{"RELEASE"} in substitution iterator at /home/cpansand/.cpan/build/2024053116/urpmi-v8.132-0/blib/lib/urpm/cfg.pm line 93.
t/cfg.t ......................................................... ok
t/pod.t ......................................................... ok
t/superuser--addmedia.t ......................................... ok
t/superuser--arch_to_noarch.t ................................... ok
t/superuser--backtrack-promotion.t .............................. ok
t/superuser--best-versioned-provide.t ........................... ok
t/superuser--buggy-rpms.t ....................................... ok
t/superuser--dropped-provides.t ................................. ok
t/superuser--epochless-conflict-with-promotion.t ................ ok
t/superuser--exclude.t .......................................... ok
t/superuser--failing-promotion.t ................................ ok
t/superuser--failing-scriptlets.t ............................... ok
t/superuser--file-conflicts.t ................................... ok
t/superuser--handle-conflict-deps.t ............................. ok
t/superuser--handle-conflict-deps2.t ............................ ok
t/superuser--http.t ............................................. ok
t/superuser--media_info_dir.t ................................... ok
t/superuser--mirrorlist.t ....................................... skipped: Needs a Mageia specific patch that introduces Time::ZoneInfo->current_zone() as well as a mirrorlist API server
t/superuser--obsolete-and-conflict.t ............................ ok
t/superuser--ordering-scriptlets.t .............................. ok
t/superuser--orphans-kernels.t .................................. ok
t/superuser--orphans.t .......................................... ok
t/superuser--prefer.t ........................................... ok
t/superuser--prefer2.t .......................................... ok
t/superuser--priority-upgrade.t ................................. ok
t/superuser--provide-and-no-obsolete.t .......................... ok
t/superuser--README-urpmi.t ..................................... ok
t/superuser--rpm.t .............................................. skipped: we cannot build rpm-query-in-scriptlet on FreeBSD due to cpio failure
t/superuser--rpmnew.t ........................................... ok
t/superuser--should-restart.t ................................... ok
t/superuser--specify-media.t .................................... ok
t/superuser--split-transactions--conflict.t ..................... ok
t/superuser--split-transactions--promote.t ...................... ok
t/superuser--split-transactions--strict-require-and-obsolete.t .. ok
t/superuser--split-transactions--strict-require.t ............... ok
t/superuser--split-transactions.t ............................... ok
t/superuser--srpm-bootstrapping.t ............................... ok
t/superuser--suggests.t ......................................... ok
t/superuser--urpmi_update.t ..................................... ok
Test Summary Report
-------------------
t/02create_pkgs.t (Wstat: 768 (exited 3) Tests: 681 Failed: 3)
Failed tests: 169-171
Non-zero exit status: 3
Files=42, Tests=810, 18 wallclock secs ( 0.18 usr 0.07 sys + 8.63 cusr 8.37 csys = 17.25 CPU)
Result: FAIL
Failed 1/42 test programs. 3/810 subtests failed.
*** Error code 255
Stop.
make: stopped in /home/cpansand/.cpan/build/2024053116/urpmi-v8.132-0
------------------------------
PREREQUISITES
------------------------------
Prerequisite modules loaded:
requires:
Module Need Have
------------------- -------- --------
Filesys::Df 0 0.92
Getopt::Long 0 2.55
Locale::gettext 1.01 1.07
MDV::Distribconf 4.100 4.101
Net::LDAP 0 0.68
perl 5.010000 5.024000
Time::ZoneInfo 0 0.3
URPM v5.28.0 v5.225
XML::LibXML 0 2.0210
XML::LibXML::Reader 0 2.0210
build_requires:
Module Need Have
------------------- -------- --------
Expect 0 1.37
ExtUtils::MakeMaker 0 7.70
File::Slurp 0 9999.32
Net::Server 0 2.014
rpmtools 7.12 7.12
Test::More 1.302 1.302198
Test::Pod 0 1.52
Test::Pod::Coverage 0 1.10
configure_requires:
Module Need Have
------------------- -------- --------
ExtUtils::MakeMaker 6.64 7.70
------------------------------
ENVIRONMENT AND OTHER CONTEXT
------------------------------
Environment variables:
LC_ALL = de_DE.ISO8859-1
PATH = /usr/local/bin:/usr/bin:/bin:/usr/local/sbin:/usr/sbin:/sbin:/home/cpansand/bin/freebsd10.3:/home/cpansand/bin/sh:/home/cpansand/bin:/usr/games:/home/cpansand/devel:/home/eserte/src/srezic-misc/scripts
PERL5LIB =
PERL5OPT =
PERL5_CPANPLUS_IS_RUNNING = 28395
PERL5_CPAN_IS_RUNNING = 28395
PERL5_CPAN_IS_RUNNING_IN_RECURSION = 73742,28395
PERLDOC = -MPod::Perldoc::ToTextOverstrike
PERL_BATCH = yes
PERL_CANARY_STABILITY_NOPROMPT = 1
PERL_CPAN_REPORTER_CONFIG = /var/tmp/cpansmoker-1023/2024053114/cpanreporter_000_config.ini
PERL_EXTUTILS_AUTOINSTALL = --defaultdeps
PERL_USE_UNSAFE_INC = 1
SHELL = /usr/local/bin/zsh
TERM = screen
TMPDIR = /var/tmp/cpansmoker-1023/2024053114
Perl special variables (and OS-specific diagnostics, for MSWin32):
$^X = /usr/perl5.24.0p/bin/perl
$UID/$EUID = 1023 / 1023
$GID = 1023 1023
$EGID = 1023 1023
Perl module toolchain versions installed:
Module Have
------------------- --------
CPAN 2.34
CPAN::Meta 2.150010
Cwd 3.75
ExtUtils::CBuilder 0.280236
ExtUtils::Command 7.70
ExtUtils::Install 2.22
ExtUtils::MakeMaker 7.70
ExtUtils::Manifest 1.75
ExtUtils::ParseXS 3.51
File::Spec 3.75
JSON 4.10
JSON::PP 4.16
Module::Build 0.4234
Module::Signature 0.87
Parse::CPAN::Meta 2.150010
Test2 1.302198
Test::Harness 3.47
Test::More 1.302198
YAML 1.30
YAML::Syck 1.34
version 0.9930
--
Summary of my perl5 (revision 5 version 24 subversion 0) configuration:
Platform:
osname=freebsd, osvers=10.1-release, archname=amd64-freebsd
uname='freebsd cvrsnica-freebsd-101.herceg.de 10.1-release freebsd 10.1-release #0 r274401: tue nov 11 21:02:49 utc 2014 root@releng1.nyi.freebsd.org:usrobjusrsrcsysgeneric amd64 '
config_args='-ds -e -Dprefix=/usr/perl5.24.0p -Dcf_email=srezic@cpan.org -Doptimize=-O2 -pipe'
hint=recommended, useposix=true, d_sigaction=define
useithreads=undef, usemultiplicity=undef
use64bitint=define, use64bitall=define, uselongdouble=undef
usemymalloc=n, bincompat5005=undef
Compiler:
cc='cc', ccflags ='-DHAS_FPSETMASK -DHAS_FLOATINGPOINT_H -fno-strict-aliasing -pipe -fstack-protector -I/usr/local/include -D_FORTIFY_SOURCE=2',
optimize='-O2 -pipe',
cppflags='-DHAS_FPSETMASK -DHAS_FLOATINGPOINT_H -fno-strict-aliasing -pipe -fstack-protector -I/usr/local/include'
ccversion='', gccversion='4.2.1 Compatible FreeBSD Clang 3.4.1 (tags/RELEASE_34/dot1-final 208032)', gccosandvers=''
intsize=4, longsize=8, ptrsize=8, doublesize=8, byteorder=12345678, doublekind=3
d_longlong=define, longlongsize=8, d_longdbl=define, longdblsize=16, longdblkind=3
ivtype='long', ivsize=8, nvtype='double', nvsize=8, Off_t='off_t', lseeksize=8
alignbytes=8, prototype=define
Linker and Libraries:
ld='cc', ldflags ='-pthread -Wl,-E -fstack-protector -L/usr/local/lib'
libpth=/usr/lib /usr/local/lib /usr/include/clang/3.4.1 /usr/lib
libs=-lpthread -lgdbm -lm -lcrypt -lutil -lc
perllibs=-lpthread -lm -lcrypt -lutil -lc
libc=, so=so, useshrplib=false, libperl=libperl.a
gnulibc_version=''
Dynamic Linking:
dlsrc=dl_dlopen.xs, dlext=so, d_dlsymun=undef, ccdlflags=' '
cccdlflags='-DPIC -fPIC', lddlflags='-shared -L/usr/local/lib -fstack-protector'
Characteristics of this binary (from libperl):
Compile-time options: HAS_TIMES PERLIO_LAYERS PERL_COPY_ON_WRITE
PERL_DONT_CREATE_GVSV
PERL_HASH_FUNC_ONE_AT_A_TIME_HARD PERL_MALLOC_WRAP
PERL_PRESERVE_IVUV USE_64_BIT_ALL USE_64_BIT_INT
USE_LARGE_FILES USE_LOCALE USE_LOCALE_COLLATE
USE_LOCALE_CTYPE USE_LOCALE_NUMERIC USE_LOCALE_TIME
USE_PERLIO USE_PERL_ATOF
Built under freebsd
Compiled at May 10 2016 08:49:38
%ENV:
PERL5LIB=""
PERL5OPT=""
PERL5_CPANPLUS_IS_RUNNING="28395"
PERL5_CPAN_IS_RUNNING="28395"
PERL5_CPAN_IS_RUNNING_IN_RECURSION="73742,28395"
PERLDOC="-MPod::Perldoc::ToTextOverstrike"
PERL_BATCH="yes"
PERL_CANARY_STABILITY_NOPROMPT="1"
PERL_CPAN_REPORTER_CONFIG="/var/tmp/cpansmoker-1023/2024053114/cpanreporter_000_config.ini"
PERL_EXTUTILS_AUTOINSTALL="--defaultdeps"
PERL_USE_UNSAFE_INC="1"
@INC:
/usr/perl5.24.0p/lib/site_perl/5.24.0/amd64-freebsd
/usr/perl5.24.0p/lib/site_perl/5.24.0
/usr/perl5.24.0p/lib/5.24.0/amd64-freebsd
/usr/perl5.24.0p/lib/5.24.0
.