Import-Base v1.003 Perl 5 v5.18.4 darwin-thread-multi-2level

Status
Fail
From
Nigel Horne
Dist
Import-Base v1.003
Platform
Perl 5 v5.18.4 darwin-thread-multi-2level
Date
2017-10-12 18:00:33
ID
3de92c24-af77-11e7-a2e2-7a5fdb1c1d4b
This distribution has been tested as part of the CPAN Testers
project, supporting the Perl programming language.  See
http://wiki.cpantesters.org/ for more information or email
questions to cpan-testers-discuss@perl.org


--
Dear Doug Bell,

This is a computer-generated report for Import-Base-1.003
on perl 5.18.4, created by CPAN-Reporter-1.2018.

Thank you for uploading your work to CPAN.  However, there was a problem
testing your distribution.

If you think this report is invalid, please consult the CPAN Testers Wiki
for suggestions on how to avoid getting FAIL reports for missing library
or binary dependencies, unsupported operating systems, and so on:

http://wiki.cpantesters.org/wiki/CPANAuthorNotes

Sections of this report:

    * Tester comments
    * Program output
    * Prerequisites
    * Environment and other context

------------------------------
TESTER COMMENTS
------------------------------

Additional comments from tester:

this report is from an automated smoke testing program
and was not reviewed by a human for accuracy

------------------------------
PROGRAM OUTPUT
------------------------------

Output from './Build test':

t/00-compile.t ......... ok
# 
# Versions for all modules listed in MYMETA.json (including optional ones):
# 
# === Configure Requires ===
# 
#     Module              Want   Have
#     ------------------- ---- ------
#     ExtUtils::MakeMaker  any   7.30
#     Module::Build       0.28 0.4212
# 
# === Build Requires ===
# 
#     Module        Want   Have
#     ------------- ---- ------
#     Module::Build 0.28 0.4212
# 
# === Test Requires ===
# 
#     Module              Want     Have
#     ------------------- ---- --------
#     Carp                 any     1.36
#     ExtUtils::MakeMaker  any     7.30
#     File::Spec           any     3.47
#     IO::Handle           any     1.34
#     IPC::Open3           any     1.13
#     Test::More           any 1.302098
# 
# === Test Recommends ===
# 
#     Module         Want     Have
#     ---------- -------- --------
#     CPAN::Meta 2.120900 2.150001
# 
# === Runtime Requires ===
# 
#     Module              Want     Have
#     --------------- -------- --------
#     Import::Into    1.002005 1.002004
#     Module::Runtime      any    0.014
#     mro                  any     1.11
#     strict               any     1.07
#     warnings             any     1.18
# 
# 
# *** WARNING WARNING WARNING WARNING WARNING WARNING WARNING WARNING ***
# 
# The following REQUIRED prerequisites were not satisfied:
# 
# Import::Into version '1.002004' is not in required range '1.002005'
# 
t/00-report-prereqs.t .. ok
t/base.t ............... ok
t/exclude.t ............ ok
t/export.t ............. ok
t/order.t .............. ok
t/runtime.t ............ ok
t/subrefs.t ............ ok
t/use-case/dancer2.t ... skipped: Test requires Dancer2 >= 0.166001_01
t/use-case/moo.t ....... ok

                #   Failed test at t/version.t line 20.
                #                   'Use of uninitialized value $package in concatenation (.) or string at /Users/hornenj/perl5/perlbrew/perls/perl-5.18.4/lib/site_perl/5.18.4/Import/Into.pm line 21.
                # BEGIN failed--compilation aborted at (eval 7) line 3.
                # '
                #     doesn't match '(?^:MyVersioned version 9999 required)'
                # Looks like you failed 1 test of 2.

            #   Failed test 'version too high'
            #   at t/version.t line 22.

                #   Failed test 'lived'
                #   at t/version.t line 34.
                # Use of uninitialized value $package in concatenation (.) or string at /Users/hornenj/perl5/perlbrew/perls/perl-5.18.4/lib/site_perl/5.18.4/Import/Into.pm line 21.
                # BEGIN failed--compilation aborted at (eval 13) line 3.
                # Looks like you failed 1 test of 3.

            #   Failed test 'version okay'
            #   at t/version.t line 36.

                #   Failed test at t/version.t line 48.
                #                   'Use of uninitialized value $package in concatenation (.) or string at /Users/hornenj/perl5/perlbrew/perls/perl-5.18.4/lib/site_perl/5.18.4/Import/Into.pm line 21.
                # BEGIN failed--compilation aborted at (eval 17) line 3.
                # '
                #     doesn't match '(?^:MyVersionedExporter version 9999 required)'
                # Looks like you failed 1 test of 2.

            #   Failed test 'version too high with args'
            #   at t/version.t line 50.

                #   Failed test 'lived'
                #   at t/version.t line 63.
                # Use of uninitialized value $package in concatenation (.) or string at /Users/hornenj/perl5/perlbrew/perls/perl-5.18.4/lib/site_perl/5.18.4/Import/Into.pm line 21.
                # BEGIN failed--compilation aborted at (eval 21) line 3.
                # Looks like you failed 1 test of 3.

            #   Failed test 'version okay'
            #   at t/version.t line 65.
            # Looks like you failed 4 tests of 4.

        #   Failed test 'version'
        #   at t/version.t line 66.
        # Looks like you failed 1 test of 1.

    #   Failed test 'hashrefs'
    #   at t/version.t line 67.
    # Looks like you failed 1 test of 1.

#   Failed test 'static API'
#   at t/version.t line 68.
# Looks like you failed 1 test of 1.
t/version.t ............ 
Dubious, test returned 1 (wstat 256, 0x100)
Failed 1/1 subtests 

Test Summary Report
-------------------
t/version.t          (Wstat: 256 Tests: 1 Failed: 1)
  Failed test:  1
  Non-zero exit status: 1
Files=11, Tests=17,  1 wallclock secs ( 0.05 usr  0.03 sys +  0.66 cusr  0.15 csys =  0.89 CPU)
Result: FAIL
Failed 1/11 test programs. 1/17 subtests failed.

------------------------------
PREREQUISITES
------------------------------

Prerequisite modules loaded:

requires:

    Module              Need     Have    
    ------------------- -------- --------
    Import::Into        1.002000 1.002004
    Module::Runtime     0        0.014   
    mro                 0        1.11    
    perl                5.010    5.018004
    strict              0        1.07    
    warnings            0        1.18    

build_requires:

    Module              Need     Have    
    ------------------- -------- --------
    Carp                0        1.36    
    File::Spec          0        3.47    
    IO::Handle          0        1.34    
    IPC::Open3          0        1.13    
    Module::Build       0.28     0.4212  
    Test::More          0        1.302098

configure_requires:

    Module              Need     Have    
    ------------------- -------- --------
    ExtUtils::MakeMaker 0        7.30    


------------------------------
ENVIRONMENT AND OTHER CONTEXT
------------------------------

Environment variables:

    AUTOMATED_TESTING = 1
    LANG = en_US.UTF-8
    LC_ALL = POSIX
    LDFLAGS = 
    PATH = /Users/hornenj/perl5/perlbrew/bin:/Users/hornenj/perl5/perlbrew/perls/perl-5.18.4/bin:/Users/hornenj/perl5/perlbrew/bin:/Users/hornenj/perl5/perlbrew/perls/perl-5.26.1-thread/bin:/Users/hornenj/bin:/sw/bin:/usr/bin:/bin:/usr/X11R6/bin
    PERL5LIB = /Users/hornenj/.cpan/build/Hash-Merge-Simple-0.051-2/blib/arch:/Users/hornenj/.cpan/build/Hash-Merge-Simple-0.051-2/blib/lib:/Users/hornenj/.cpan/build/Future-0.35-0/blib/arch:/Users/hornenj/.cpan/build/Future-0.35-0/blib/lib:/Users/hornenj/.cpan/build/Test-Refcount-0.08-0/blib/arch:/Users/hornenj/.cpan/build/Test-Refcount-0.08-0/blib/lib:/Users/hornenj/.cpan/build/Test-Identity-0.01-1/blib/arch:/Users/hornenj/.cpan/build/Test-Identity-0.01-1/blib/lib:/Users/hornenj/.cpan/build/Dir-Self-0.11-1/blib/arch:/Users/hornenj/.cpan/build/Dir-Self-0.11-1/blib/lib:/Users/hornenj/.cpan/build/DateTime-Format-ISO8601-0.08-0/blib/arch:/Users/hornenj/.cpan/build/DateTime-Format-ISO8601-0.08-0/blib/lib:/Users/hornenj/.cpan/build/DateTime-Format-Builder-0.81-0/blib/arch:/Users/hornenj/.cpan/build/DateTime-Format-Builder-0.81-0/blib/lib:/Users/hornenj/.cpan/build/Class-Factory-Util-1.7-0/blib/arch:/Users/hornenj/.cpan/build/Class-Factory-Util-1.7-0/blib/lib:/Users/hornenj/.cpan/build/Data-Partial-Google-0.02-0/blib/arch:/Users/hornenj/.cpan/build/Data-Partial-Google-0.02-0/blib/lib
    PERL5OPT = 
    PERL5_CPANPLUS_IS_RUNNING = 14302
    PERL5_CPAN_IS_RUNNING = 14302
    PERL5_MINISMOKEBOX = 0.68
    PERLBREW_BASHRC_VERSION = 0.80
    PERLBREW_HOME = /Users/hornenj/.perlbrew
    PERLBREW_LIB = 
    PERLBREW_MANPATH = /Users/hornenj/perl5/perlbrew/perls/perl-5.18.4/man
    PERLBREW_PATH = /Users/hornenj/perl5/perlbrew/bin:/Users/hornenj/perl5/perlbrew/perls/perl-5.18.4/bin
    PERLBREW_PERL = perl-5.18.4
    PERLBREW_ROOT = /Users/hornenj/perl5/perlbrew
    PERLBREW_VERSION = 0.80
    PERL_CPAN_REPORTER_DIR = 
    PERL_EXTUTILS_AUTOINSTALL = --defaultdeps
    PERL_LOCAL_LIB_ROOT = 
    PERL_MM_USE_DEFAULT = 1
    SHELL = /bin/bash
    TERM = xterm-256color
    TMPDIR = /var/folders/pz/pd7y1qjs6s3cbk170cw50fjc000c61/T/

Perl special variables (and OS-specific diagnostics, for MSWin32):

    $^X = /Users/hornenj/perl5/perlbrew/perls/perl-5.18.4/bin/perl5.18.4
    $UID/$EUID = 12481 / 12481
    $GID = 14 14 5344 37191 527 12 62 204 399 206 37223 241 223
    $EGID = 14 14 5344 37191 527 12 62 204 399 206 37223 241 223

Perl module toolchain versions installed:

    Module              Have    
    ------------------- --------
    CPAN                2.16    
    CPAN::Meta          2.150001
    Cwd                 3.47    
    ExtUtils::CBuilder  0.280223
    ExtUtils::Command   7.30    
    ExtUtils::Install   2.06    
    ExtUtils::MakeMaker 7.30    
    ExtUtils::Manifest  1.70    
    ExtUtils::ParseXS   3.30    
    File::Spec          3.47    
    JSON                2.93    
    JSON::PP            2.27400 
    Module::Build       0.4212  
    Module::Signature   n/a     
    Parse::CPAN::Meta   1.4422  
    Test::Harness       3.36    
    Test::More          1.302098
    YAML                1.23    
    YAML::Syck          1.30    
    version             0.9912  


--

Summary of my perl5 (revision 5 version 18 subversion 4) configuration:
   
  Platform:
    osname=darwin, osvers=13.4.0, archname=darwin-thread-multi-2level
    uname='darwin ncbimac2008.ncbi.nlm.nih.gov 13.4.0 darwin kernel version 13.4.0: sun aug 17 19:50:11 pdt 2014; root:xnu-2422.115.4~1release_x86_64 x86_64 '
    config_args='-de -Dprefix=/Users/hornenj/perl5/perlbrew/perls/perl-5.18.4 -Duseithreads -Dusemultiplicity -Dusedevel -Accflags=-O2 -W -Wformat=2 -Wswitch -Wshadow -Wwrite-strings -Wuninitialized -Wall -pipe -mtune=native -march=native -fomit-frame-pointer -msse2 -msse -mmmx -pedantic -D_FORTIFY_SOURCE=2 -Wpointer-arith -Wstrict-prototypes -fstack-protector -Wstack-protector -Wextra -Wbad-function-cast -Wcast-align -Wcast-qual -Wdisabled-optimization -Wendif-labels -Wfloat-equal -Wformat-nonliteral -Winline -Wmissing-declarations -Wmissing-prototypes -Wnested-externs -Wpointer-arith -Wundef -Wformat-security -fassociative-math -Acc=cc -Aeval:scriptdir=/Users/hornenj/perl5/perlbrew/perls/perl-5.18.4/bin'
    hint=recommended, useposix=true, d_sigaction=define
    useithreads=define, usemultiplicity=define
    useperlio=define, d_sfio=undef, uselargefiles=define, usesocks=undef
    use64bitint=define, use64bitall=define, uselongdouble=undef
    usemymalloc=n, bincompat5005=undef
  Compiler:
    cc=' cc', ccflags ='-fno-common -DPERL_DARWIN -O2 -W -Wformat=2 -Wswitch -Wshadow -Wwrite-strings -Wuninitialized -Wall -pipe -mtune=native -march=native -fomit-frame-pointer -msse2 -msse -mmmx -pedantic -D_FORTIFY_SOURCE=2 -Wpointer-arith -Wstrict-prototypes -fstack-protector -Wstack-protector -Wextra -Wbad-function-cast -Wcast-align -Wcast-qual -Wdisabled-optimization -Wendif-labels -Wfloat-equal -Wformat-nonliteral -Winline -Wmissing-declarations -Wmissing-prototypes -Wnested-externs -Wpointer-arith -Wundef -Wformat-security -fassociative-math -fno-strict-aliasing -I/usr/local/include',
    optimize='-O3',
    cppflags='-fno-common -DPERL_DARWIN -O2 -W -Wformat=2 -Wswitch -Wshadow -Wwrite-strings -Wuninitialized -Wall -pipe -mtune=native -march=native -fomit-frame-pointer -msse2 -msse -mmmx -pedantic -D_FORTIFY_SOURCE=2 -Wpointer-arith -Wstrict-prototypes -fstack-protector -Wstack-protector -Wextra -Wbad-function-cast -Wcast-align -Wcast-qual -Wdisabled-optimization -Wendif-labels -Wfloat-equal -Wformat-nonliteral -Winline -Wmissing-declarations -Wmissing-prototypes -Wnested-externs -Wpointer-arith -Wundef -Wformat-security -fassociative-math -fno-strict-aliasing -I/usr/local/include'
    ccversion='', gccversion='4.2.1 Compatible Apple LLVM 6.0 (clang-600.0.51)', gccosandvers=''
    intsize=4, longsize=8, ptrsize=8, doublesize=8, byteorder=12345678
    d_longlong=define, longlongsize=8, d_longdbl=define, longdblsize=16
    ivtype='long', ivsize=8, nvtype='double', nvsize=8, Off_t='off_t', lseeksize=8
    alignbytes=8, prototype=define
  Linker and Libraries:
    ld='env MACOSX_DEPLOYMENT_TARGET=10.3 cc', ldflags =' -fstack-protector -L/usr/local/lib'
    libpth=/usr/local/lib /usr/lib
    libs=-ldbm -ldl -lm -lutil -lc
    perllibs=-ldl -lm -lutil -lc
    libc=, so=dylib, useshrplib=false, libperl=libperl.a
    gnulibc_version=''
  Dynamic Linking:
    dlsrc=dl_dlopen.xs, dlext=bundle, d_dlsymun=undef, ccdlflags=' '
    cccdlflags=' ', lddlflags=' -bundle -undefined dynamic_lookup -L/usr/local/lib -fstack-protector'


Characteristics of this binary (from libperl): 
  Compile-time options: HAS_TIMES MULTIPLICITY PERLIO_LAYERS
                        PERL_DONT_CREATE_GVSV
                        PERL_HASH_FUNC_ONE_AT_A_TIME_HARD
                        PERL_IMPLICIT_CONTEXT PERL_MALLOC_WRAP
                        PERL_PRESERVE_IVUV PERL_SAWAMPERSAND PERL_USE_DEVEL
                        USE_64_BIT_ALL USE_64_BIT_INT USE_ITHREADS
                        USE_LARGE_FILES USE_LOCALE USE_LOCALE_COLLATE
                        USE_LOCALE_CTYPE USE_LOCALE_NUMERIC USE_PERLIO
                        USE_PERL_ATOF USE_REENTRANT_API
  Built under darwin
  Compiled at Nov 12 2014 08:22:09
  %ENV:
    PERL5LIB="/Users/hornenj/.cpan/build/Hash-Merge-Simple-0.051-2/blib/arch:/Users/hornenj/.cpan/build/Hash-Merge-Simple-0.051-2/blib/lib:/Users/hornenj/.cpan/build/Future-0.35-0/blib/arch:/Users/hornenj/.cpan/build/Future-0.35-0/blib/lib:/Users/hornenj/.cpan/build/Test-Refcount-0.08-0/blib/arch:/Users/hornenj/.cpan/build/Test-Refcount-0.08-0/blib/lib:/Users/hornenj/.cpan/build/Test-Identity-0.01-1/blib/arch:/Users/hornenj/.cpan/build/Test-Identity-0.01-1/blib/lib:/Users/hornenj/.cpan/build/Dir-Self-0.11-1/blib/arch:/Users/hornenj/.cpan/build/Dir-Self-0.11-1/blib/lib:/Users/hornenj/.cpan/build/DateTime-Format-ISO8601-0.08-0/blib/arch:/Users/hornenj/.cpan/build/DateTime-Format-ISO8601-0.08-0/blib/lib:/Users/hornenj/.cpan/build/DateTime-Format-Builder-0.81-0/blib/arch:/Users/hornenj/.cpan/build/DateTime-Format-Builder-0.81-0/blib/lib:/Users/hornenj/.cpan/build/Class-Factory-Util-1.7-0/blib/arch:/Users/hornenj/.cpan/build/Class-Factory-Util-1.7-0/blib/lib:/Users/hornenj/.cpan/build/Data-Partial-Google-0.02-0/blib/arch:/Users/hornenj/.cpan/build/Data-Partial-Google-0.02-0/blib/lib"
    PERL5OPT=""
    PERL5_CPANPLUS_IS_RUNNING="14302"
    PERL5_CPAN_IS_RUNNING="14302"
    PERL5_MINISMOKEBOX="0.68"
    PERLBREW_BASHRC_VERSION="0.80"
    PERLBREW_HOME="/Users/hornenj/.perlbrew"
    PERLBREW_LIB=""
    PERLBREW_MANPATH="/Users/hornenj/perl5/perlbrew/perls/perl-5.18.4/man"
    PERLBREW_PATH="/Users/hornenj/perl5/perlbrew/bin:/Users/hornenj/perl5/perlbrew/perls/perl-5.18.4/bin"
    PERLBREW_PERL="perl-5.18.4"
    PERLBREW_ROOT="/Users/hornenj/perl5/perlbrew"
    PERLBREW_VERSION="0.80"
    PERL_CPAN_REPORTER_DIR=""
    PERL_EXTUTILS_AUTOINSTALL="--defaultdeps"
    PERL_LOCAL_LIB_ROOT=""
    PERL_MM_USE_DEFAULT="1"
  @INC:
    /Users/hornenj/.cpan/build/Hash-Merge-Simple-0.051-2/blib/arch
    /Users/hornenj/.cpan/build/Hash-Merge-Simple-0.051-2/blib/lib
    /Users/hornenj/.cpan/build/Future-0.35-0/blib/arch
    /Users/hornenj/.cpan/build/Future-0.35-0/blib/lib
    /Users/hornenj/.cpan/build/Test-Refcount-0.08-0/blib/arch
    /Users/hornenj/.cpan/build/Test-Refcount-0.08-0/blib/lib
    /Users/hornenj/.cpan/build/Test-Identity-0.01-1/blib/arch
    /Users/hornenj/.cpan/build/Test-Identity-0.01-1/blib/lib
    /Users/hornenj/.cpan/build/Dir-Self-0.11-1/blib/arch
    /Users/hornenj/.cpan/build/Dir-Self-0.11-1/blib/lib
    /Users/hornenj/.cpan/build/DateTime-Format-ISO8601-0.08-0/blib/arch
    /Users/hornenj/.cpan/build/DateTime-Format-ISO8601-0.08-0/blib/lib
    /Users/hornenj/.cpan/build/DateTime-Format-Builder-0.81-0/blib/arch
    /Users/hornenj/.cpan/build/DateTime-Format-Builder-0.81-0/blib/lib
    /Users/hornenj/.cpan/build/Class-Factory-Util-1.7-0/blib/arch
    /Users/hornenj/.cpan/build/Class-Factory-Util-1.7-0/blib/lib
    /Users/hornenj/.cpan/build/Data-Partial-Google-0.02-0/blib/arch
    /Users/hornenj/.cpan/build/Data-Partial-Google-0.02-0/blib/lib
    /Users/hornenj/perl5/perlbrew/perls/perl-5.18.4/lib/site_perl/5.18.4/darwin-thread-multi-2level
    /Users/hornenj/perl5/perlbrew/perls/perl-5.18.4/lib/site_perl/5.18.4
    /Users/hornenj/perl5/perlbrew/perls/perl-5.18.4/lib/5.18.4/darwin-thread-multi-2level
    /Users/hornenj/perl5/perlbrew/perls/perl-5.18.4/lib/5.18.4
    .