Statocles v0.093 Perl 5 v5.20.0 MSWin32-x64-multi-thread-IN-SPACE

Status
Fail
From
Ed J
Dist
Statocles v0.093
Platform
Perl 5 v5.20.0 MSWin32-x64-multi-thread-IN-SPACE
Date
2018-04-08 05:54:48
ID
3d9bc954-7289-1014-9b8d-14cfc70f7bf1
This distribution has been tested as part of the CPAN Testers
project, supporting the Perl programming language.  See
http://wiki.cpantesters.org/ for more information or email
questions to cpan-testers-discuss@perl.org


--
Dear PREACTION,

This is a computer-generated report for Statocles-0.093
on perl 5.20.0, created by App::cpanminus::reporter 0.12 (1.7040).

Thank you for uploading your work to CPAN.  However, there was a problem
testing your distribution.

If you think this report is invalid, please consult the CPAN Testers Wiki
for suggestions on how to avoid getting FAIL reports for missing library
or binary dependencies, unsupported operating systems, and so on:

http://wiki.cpantesters.org/wiki/CPANAuthorNotes

Sections of this report:

    * Tester comments
    * Program output
    * Prerequisites
    * Environment and other context

------------------------------
TESTER COMMENTS
------------------------------

Additional comments from tester:

none provided

------------------------------
PROGRAM OUTPUT
------------------------------

Output from '':

Building and testing Statocles-0.093
cp share\theme\default\plugin\highlight\solarized-light.css blib\lib\auto\share\dist\Statocles\theme\default\plugin\highlight\solarized-light.css
cp share\theme\default\site\navbar_extra.html.ep blib\lib\auto\share\dist\Statocles\theme\default\site\navbar_extra.html.ep
cp share\theme\default\site\sitemap.xml.ep blib\lib\auto\share\dist\Statocles\theme\default\site\sitemap.xml.ep
cp share\theme\bootstrap\blog\post.html.ep blib\lib\auto\share\dist\Statocles\theme\bootstrap\blog\post.html.ep
cp share\theme\bootstrap\perldoc\source.html.ep blib\lib\auto\share\dist\Statocles\theme\bootstrap\perldoc\source.html.ep
cp share\theme\bootstrap\layout\default.html.ep blib\lib\auto\share\dist\Statocles\theme\bootstrap\layout\default.html.ep
cp share\theme\default\perldoc\pod.html.ep blib\lib\auto\share\dist\Statocles\theme\default\perldoc\pod.html.ep
cp share\theme\default\site\header_after.html.ep blib\lib\auto\share\dist\Statocles\theme\default\site\header_after.html.ep
cp share\theme\bootstrap\layout\blank.html.ep blib\lib\auto\share\dist\Statocles\theme\bootstrap\layout\blank.html.ep
cp share\theme\bootstrap\site\navbar_extra.html.ep blib\lib\auto\share\dist\Statocles\theme\bootstrap\site\navbar_extra.html.ep
cp share\theme\default\blog\index.html.ep blib\lib\auto\share\dist\Statocles\theme\default\blog\index.html.ep
cp share\theme\default\layout\full-width.html.ep blib\lib\auto\share\dist\Statocles\theme\default\layout\full-width.html.ep
cp share\create\page\index.markdown blib\lib\auto\share\dist\Statocles\create\page\index.markdown
cp share\theme\default\css\skeleton.css blib\lib\auto\share\dist\Statocles\theme\default\css\skeleton.css
cp share\theme\default\site\style.html blib\lib\auto\share\dist\Statocles\theme\default\site\style.html
cp share\theme\bootstrap\blog\index.atom.ep blib\lib\auto\share\dist\Statocles\theme\bootstrap\blog\index.atom.ep
cp share\zsh\_statocles blib\lib\auto\share\dist\Statocles\zsh\_statocles
cp share\theme\default\plugin\highlight\solarized-dark.css blib\lib\auto\share\dist\Statocles\theme\default\plugin\highlight\solarized-dark.css
cp share\theme\bootstrap\site\sidebar_before.html.ep blib\lib\auto\share\dist\Statocles\theme\bootstrap\site\sidebar_before.html.ep
cp share\create\site.yml blib\lib\auto\share\dist\Statocles\create\site.yml
cp share\theme\default\blog\post.html.ep blib\lib\auto\share\dist\Statocles\theme\default\blog\post.html.ep
cp share\theme\bootstrap\site\robots.txt.ep blib\lib\auto\share\dist\Statocles\theme\bootstrap\site\robots.txt.ep
cp share\create\script.yml blib\lib\auto\share\dist\Statocles\create\script.yml
cp share\theme\default\blog\index.atom.ep blib\lib\auto\share\dist\Statocles\theme\default\blog\index.atom.ep
cp share\theme\bootstrap\site\style.html blib\lib\auto\share\dist\Statocles\theme\bootstrap\site\style.html
cp share\theme\default\blog\index.rss.ep blib\lib\auto\share\dist\Statocles\theme\default\blog\index.rss.ep
cp share\theme\bootstrap\blog\index.html.ep blib\lib\auto\share\dist\Statocles\theme\bootstrap\blog\index.html.ep
cp share\theme\default\plugin\highlight\default.css blib\lib\auto\share\dist\Statocles\theme\default\plugin\highlight\default.css
cp share\theme\bootstrap\css\statocles-bootstrap.css blib\lib\auto\share\dist\Statocles\theme\bootstrap\css\statocles-bootstrap.css
cp share\theme\default\site\sidebar_before.html.ep blib\lib\auto\share\dist\Statocles\theme\default\site\sidebar_before.html.ep
cp share\theme\default\layout\blank.html.ep blib\lib\auto\share\dist\Statocles\theme\default\layout\blank.html.ep
cp share\theme\default\site\footer.html.ep blib\lib\auto\share\dist\Statocles\theme\default\site\footer.html.ep
cp share\theme\default\site\robots.txt.ep blib\lib\auto\share\dist\Statocles\theme\default\site\robots.txt.ep
cp share\theme\bootstrap\site\footer.html.ep blib\lib\auto\share\dist\Statocles\theme\bootstrap\site\footer.html.ep
cp share\theme\bootstrap\plugin\highlight\solarized-light.css blib\lib\auto\share\dist\Statocles\theme\bootstrap\plugin\highlight\solarized-light.css
cp share\theme\bootstrap\perldoc\pod.html.ep blib\lib\auto\share\dist\Statocles\theme\bootstrap\perldoc\pod.html.ep
cp share\theme\bootstrap\plugin\highlight\default.css blib\lib\auto\share\dist\Statocles\theme\bootstrap\plugin\highlight\default.css
cp share\theme\default\perldoc\source.html.ep blib\lib\auto\share\dist\Statocles\theme\default\perldoc\source.html.ep
cp share\create\blog\post.markdown blib\lib\auto\share\dist\Statocles\create\blog\post.markdown
cp share\theme\bootstrap\blog\index.rss.ep blib\lib\auto\share\dist\Statocles\theme\bootstrap\blog\index.rss.ep
cp share\theme\default\layout\default.html.ep blib\lib\auto\share\dist\Statocles\theme\default\layout\default.html.ep
cp share\theme\bootstrap\site\header_after.html.ep blib\lib\auto\share\dist\Statocles\theme\bootstrap\site\header_after.html.ep
cp share\theme\bootstrap\site\head_after.html.ep blib\lib\auto\share\dist\Statocles\theme\bootstrap\site\head_after.html.ep
cp share\theme\default\site\head_after.html.ep blib\lib\auto\share\dist\Statocles\theme\default\site\head_after.html.ep
cp share\theme\bootstrap\plugin\highlight\solarized-dark.css blib\lib\auto\share\dist\Statocles\theme\bootstrap\plugin\highlight\solarized-dark.css
cp share\theme\default\css\normalize.css blib\lib\auto\share\dist\Statocles\theme\default\css\normalize.css
cp share\theme\bootstrap\layout\full-width.html.ep blib\lib\auto\share\dist\Statocles\theme\bootstrap\layout\full-width.html.ep
cp share\theme\bootstrap\site\sitemap.xml.ep blib\lib\auto\share\dist\Statocles\theme\bootstrap\site\sitemap.xml.ep
cp share\theme\default\css\statocles-default.css blib\lib\auto\share\dist\Statocles\theme\default\css\statocles-default.css
cp lib/Statocles/Deploy.pm blib\lib\Statocles\Deploy.pm
cp lib/Statocles/Command/daemon.pm blib\lib\Statocles\Command\daemon.pm
cp lib/Statocles/App/Plain.pm blib\lib\Statocles\App\Plain.pm
cp lib/Statocles/App/Static.pm blib\lib\Statocles\App\Static.pm
cp lib/Statocles/Command/build.pm blib\lib\Statocles\Command\build.pm
cp lib/Statocles/Command/bundle.pm blib\lib\Statocles\Command\bundle.pm
cp lib/Statocles/Deploy/Git.pm blib\lib\Statocles\Deploy\Git.pm
cp lib/Statocles/Base.pm blib\lib\Statocles\Base.pm
cp lib/Statocles/Command/apps.pm blib\lib\Statocles\Command\apps.pm
cp lib/Statocles/Command.pm blib\lib\Statocles\Command.pm
cp lib/Statocles/App/Blog.pm blib\lib\Statocles\App\Blog.pm
cp lib/Statocles/App/Perldoc.pm blib\lib\Statocles\App\Perldoc.pm
cp lib/Statocles/Command/status.pm blib\lib\Statocles\Command\status.pm
cp lib/Statocles/Deploy/File.pm blib\lib\Statocles\Deploy\File.pm
cp lib/Statocles/App/Role/Store.pm blib\lib\Statocles\App\Role\Store.pm
cp lib/Statocles/App.pm blib\lib\Statocles\App.pm
cp lib/Statocles/Command/create.pm blib\lib\Statocles\Command\create.pm
cp lib/Statocles/App/Basic.pm blib\lib\Statocles\App\Basic.pm
cp lib/Statocles/Command/deploy.pm blib\lib\Statocles\Command\deploy.pm
cp lib/Statocles.pm blib\lib\Statocles.pm
cp lib/Statocles/Event.pm blib\lib\Statocles\Event.pm
cp lib/Statocles/Help/Error.pod blib\lib\Statocles\Help\Error.pod
cp lib/Statocles/Help/Deploy.pod blib\lib\Statocles\Help\Deploy.pod
cp lib/Statocles/Help/Setup.pod blib\lib\Statocles\Help\Setup.pod
cp lib/Statocles/Link.pm blib\lib\Statocles\Link.pm
cp lib/Statocles/Help.pod blib\lib\Statocles\Help.pod
cp lib/Statocles/Document.pm blib\lib\Statocles\Document.pm
cp lib/Statocles/Help/Content.pod blib\lib\Statocles\Help\Content.pod
cp lib/Statocles/Help/Theme.pod blib\lib\Statocles\Help\Theme.pod
cp lib/Statocles/Help/Policy.pod blib\lib\Statocles\Help\Policy.pod
cp lib/Statocles/Link/Tree.pm blib\lib\Statocles\Link\Tree.pm
cp lib/Statocles/Help/Develop.pod blib\lib\Statocles\Help\Develop.pod
cp lib/Statocles/Help/Upgrading.pod blib\lib\Statocles\Help\Upgrading.pod
cp lib/Statocles/Help/Config.pod blib\lib\Statocles\Help\Config.pod
cp lib/Statocles/Page/File.pm blib\lib\Statocles\Page\File.pm
cp lib/Statocles/Page/Document.pm blib\lib\Statocles\Page\Document.pm
cp lib/Statocles/File.pm blib\lib\Statocles\File.pm
cp lib/Statocles/Image.pm blib\lib\Statocles\Image.pm
cp lib/Statocles/Page.pm blib\lib\Statocles\Page.pm
cp lib/Statocles/Page/List.pm blib\lib\Statocles\Page\List.pm
cp lib/Statocles/Plugin/Highlight.pm blib\lib\Statocles\Plugin\Highlight.pm
cp lib/Statocles/Test.pm blib\lib\Statocles\Test.pm
cp lib/Statocles/Person.pm blib\lib\Statocles\Person.pm
cp lib/Statocles/Site.pm blib\lib\Statocles\Site.pm
cp lib/Statocles/Theme.pm blib\lib\Statocles\Theme.pm
cp lib/Statocles/Role/PageAttrs.pm blib\lib\Statocles\Role\PageAttrs.pm
cp lib/Statocles/Page/Plain.pm blib\lib\Statocles\Page\Plain.pm
cp lib/Statocles/Util.pm blib\lib\Statocles\Util.pm
cp lib/Statocles/Plugin.pm blib\lib\Statocles\Plugin.pm
cp lib/Statocles/Types.pm blib\lib\Statocles\Types.pm
cp lib/Statocles/Template.pm blib\lib\Statocles\Template.pm
cp lib/Statocles/Store.pm blib\lib\Statocles\Store.pm
cp lib/Statocles/Plugin/HTMLLint.pm blib\lib\Statocles\Plugin\HTMLLint.pm
cp lib/Statocles/Store/File.pm blib\lib\Statocles\Store\File.pm
cp lib/Statocles/Page/ListItem.pm blib\lib\Statocles\Page\ListItem.pm
cp lib/Statocles/Plugin/LinkCheck.pm blib\lib\Statocles\Plugin\LinkCheck.pm
cp lib/Statocles/Plugin/Diagram/Mermaid.pm blib\lib\Statocles\Plugin\Diagram\Mermaid.pm
"D:\straw(berry) perl\perl\bin\perl.exe" -MExtUtils::Command -e cp -- bin/statocles blib\script\statocles
pl2bat.bat blib\script\statocles
Skip blib\lib\auto\share\dist\Statocles\theme\bootstrap\site\navbar_extra.html.ep (unchanged)
Skip blib\lib\auto\share\dist\Statocles\theme\default\perldoc\pod.html.ep (unchanged)
Skip blib\lib\auto\share\dist\Statocles\theme\bootstrap\perldoc\source.html.ep (unchanged)
Skip blib\lib\auto\share\dist\Statocles\theme\default\site\header_after.html.ep (unchanged)
Skip blib\lib\auto\share\dist\Statocles\theme\bootstrap\blog\post.html.ep (unchanged)
Skip blib\lib\auto\share\dist\Statocles\theme\default\site\sitemap.xml.ep (unchanged)
Skip blib\lib\auto\share\dist\Statocles\theme\bootstrap\layout\blank.html.ep (unchanged)
Skip blib\lib\auto\share\dist\Statocles\theme\default\plugin\highlight\solarized-light.css (unchanged)
Skip blib\lib\auto\share\dist\Statocles\theme\bootstrap\layout\default.html.ep (unchanged)
Skip blib\lib\auto\share\dist\Statocles\theme\default\site\navbar_extra.html.ep (unchanged)
Skip blib\lib\auto\share\dist\Statocles\theme\bootstrap\blog\index.atom.ep (unchanged)
Skip blib\lib\auto\share\dist\Statocles\theme\default\blog\post.html.ep (unchanged)
Skip blib\lib\auto\share\dist\Statocles\zsh\_statocles (unchanged)
Skip blib\lib\auto\share\dist\Statocles\theme\default\css\skeleton.css (unchanged)
Skip blib\lib\auto\share\dist\Statocles\theme\bootstrap\site\sidebar_before.html.ep (unchanged)
Skip blib\lib\auto\share\dist\Statocles\theme\default\plugin\highlight\solarized-dark.css (unchanged)
Skip blib\lib\auto\share\dist\Statocles\theme\default\blog\index.html.ep (unchanged)
Skip blib\lib\auto\share\dist\Statocles\create\page\index.markdown (unchanged)
Skip blib\lib\auto\share\dist\Statocles\create\site.yml (unchanged)
Skip blib\lib\auto\share\dist\Statocles\theme\default\site\style.html (unchanged)
Skip blib\lib\auto\share\dist\Statocles\theme\default\layout\full-width.html.ep (unchanged)
Skip blib\lib\auto\share\dist\Statocles\create\script.yml (unchanged)
Skip blib\lib\auto\share\dist\Statocles\theme\default\layout\blank.html.ep (unchanged)
Skip blib\lib\auto\share\dist\Statocles\theme\bootstrap\blog\index.html.ep (unchanged)
Skip blib\lib\auto\share\dist\Statocles\theme\default\site\sidebar_before.html.ep (unchanged)
Skip blib\lib\auto\share\dist\Statocles\theme\bootstrap\site\robots.txt.ep (unchanged)
Skip blib\lib\auto\share\dist\Statocles\theme\bootstrap\css\statocles-bootstrap.css (unchanged)
Skip blib\lib\auto\share\dist\Statocles\theme\default\blog\index.atom.ep (unchanged)
Skip blib\lib\auto\share\dist\Statocles\theme\bootstrap\site\style.html (unchanged)
Skip blib\lib\auto\share\dist\Statocles\theme\default\plugin\highlight\default.css (unchanged)
Skip blib\lib\auto\share\dist\Statocles\theme\default\blog\index.rss.ep (unchanged)
Skip blib\lib\auto\share\dist\Statocles\theme\default\site\footer.html.ep (unchanged)
Skip blib\lib\auto\share\dist\Statocles\theme\bootstrap\plugin\highlight\default.css (unchanged)
Skip blib\lib\auto\share\dist\Statocles\theme\default\layout\default.html.ep (unchanged)
Skip blib\lib\auto\share\dist\Statocles\theme\bootstrap\blog\index.rss.ep (unchanged)
Skip blib\lib\auto\share\dist\Statocles\theme\bootstrap\plugin\highlight\solarized-light.css (unchanged)
Skip blib\lib\auto\share\dist\Statocles\theme\bootstrap\site\header_after.html.ep (unchanged)
Skip blib\lib\auto\share\dist\Statocles\create\blog\post.markdown (unchanged)
Skip blib\lib\auto\share\dist\Statocles\theme\bootstrap\site\footer.html.ep (unchanged)
Skip blib\lib\auto\share\dist\Statocles\theme\default\perldoc\source.html.ep (unchanged)
Skip blib\lib\auto\share\dist\Statocles\theme\default\site\robots.txt.ep (unchanged)
Skip blib\lib\auto\share\dist\Statocles\theme\bootstrap\perldoc\pod.html.ep (unchanged)
Skip blib\lib\auto\share\dist\Statocles\theme\default\css\statocles-default.css (unchanged)
Skip blib\lib\auto\share\dist\Statocles\theme\bootstrap\site\head_after.html.ep (unchanged)
Skip blib\lib\auto\share\dist\Statocles\theme\bootstrap\plugin\highlight\solarized-dark.css (unchanged)
Skip blib\lib\auto\share\dist\Statocles\theme\default\site\head_after.html.ep (unchanged)
Skip blib\lib\auto\share\dist\Statocles\theme\default\css\normalize.css (unchanged)
Skip blib\lib\auto\share\dist\Statocles\theme\bootstrap\site\sitemap.xml.ep (unchanged)
Skip blib\lib\auto\share\dist\Statocles\theme\bootstrap\layout\full-width.html.ep (unchanged)
"D:\straw(berry) perl\perl\bin\perl.exe" "-MExtUtils::Command::MM" "-MTest::Harness" "-e" "undef *Test::Harness::Switches; test_harness(0, 'blib\lib', 'blib\arch')" t/*.t t/app/*.t t/app/basic/*.t t/app/blog/*.t t/app/perldoc/*.t t/app/role/*.t t/command/*.t t/deploy/*.t t/link/*.t t/page/*.t t/plugin/*.t t/template/*.t t/theme/*.t
t/00-compile.t ................ ok
# 
# Versions for all modules listed in MYMETA.json (including optional ones):
# 
# === Configure Requires ===
# 
#     Module                  Want Have
#     ----------------------- ---- ----
#     ExtUtils::MakeMaker      any 7.32
#     File::ShareDir::Install 0.06 0.08
# 
# === Build Requires ===
# 
#     Module              Want Have
#     ------------------- ---- ----
#     ExtUtils::MakeMaker  any 7.32
# 
# === Test Requires ===
# 
#     Module                  Want     Have
#     ------------------- -------- --------
#     Capture::Tiny            any     0.24
#     Dir::Self                any     0.11
#     ExtUtils::MakeMaker      any     7.32
#     File::Spec               any     3.47
#     IO::Handle               any     1.35
#     IPC::Open3               any     1.16
#     Storable                 any     2.49
#     Test::Deep               any    1.127
#     Test::Differences       0.64     0.64
#     Test::Exception         0.42     0.43
#     Test::Lib                any    0.002
#     Test::More          1.001005 1.302091
# 
# === Test Recommends ===
# 
#     Module         Want     Have
#     ---------- -------- --------
#     CPAN::Meta 2.120900 2.143240
# 
# === Runtime Requires ===
# 
#     Module                 Want     Have
#     ------------------ -------- --------
#     Beam::Emitter         0.007    1.007
#     Beam::Wire            1.018    1.020
#     DateTime::Moonpig       any     1.03
#     Encode                  any     2.60
#     File::Share             any     0.25
#     Git::Repository         any    1.321
#     Import::Base          0.012    1.004
#     JSON::PP                any     2.94
#     List::UtilsBy          0.09     0.11
#     Mojolicious            6.54     7.71
#     Moo                2.000001 2.003004
#     Path::Tiny            0.084    0.104
#     Pod::Simple            3.31     3.35
#     Pod::Usage::Return      any    0.003
#     Text::Markdown          any 1.000031
#     Text::Unidecode         any     1.30
#     Type::Tiny              any 1.002001
#     Types::Path::Tiny       any    0.005
#     YAML                    any     1.24
#     strict                  any     1.08
#     warnings                any     1.23
# 
# === Runtime Recommends ===
# 
#     Module                           Want    Have
#     ------------------------------- ----- -------
#     HTML::Lint::Pluggable            0.06 missing
#     PPI                               any   1.220
#     Pod::Elemental                    any missing
#     Pod::Weaver                     4.015 missing
#     Syntax::Highlight::Engine::Kate   any missing
# 
t/00-report-prereqs.t ......... ok
t/app/basic/command.t ......... ok
t/app/basic/constructor.t ..... ok
t/app/basic/pages.t ........... ok

                #   Failed test at t/app/blog/command.t line 396.
                # Compared $data->{"content"}
                #    got : 'Draft body content
                # '
                # expect : 'Draft body content
                # '
                # Looks like you failed 1 test of 2.

            #   Failed test 'check the generated document'
            #   at t/app/blog/command.t line 406.
            # Looks like you failed 1 test of 2.

        #   Failed test 'title change creates different folder'
        #   at t/app/blog/command.t line 407.
        # Looks like you failed 1 test of 6.

    #   Failed test 'create new post'
    #   at t/app/blog/command.t line 409.
    # Looks like you failed 1 test of 1.

#   Failed test 'post'
#   at t/app/blog/command.t line 410.
# Looks like you failed 1 test of 3.
t/app/blog/command.t .......... 
Dubious, test returned 1 (wstat 256, 0x100)
Failed 1/3 subtests 
t/app/blog/constructor.t ...... ok
    # Current LC_TIME locale: English_United Kingdom.1252
    # Could not set locale to ru_RU. Still 
t/app/blog/pages.t ............ ok
t/app/blog/post_date.t ........ ok
t/app/blog/recent_posts.t ..... ok
t/app/blog/slugs.t ............ ok
t/app/events.t ................ ok
t/app/perldoc/constructor.t ... ok
t/app/perldoc/highlight.t ..... skipped: Syntax::Highlight::Engine::Kate needed
t/app/perldoc/pages.t ......... ok
t/app/role/store.t ............ ok
t/app/template.t .............. ok
t/app/url.t ................... ok
t/command/apps.t .............. ok
t/command/build.t ............. ok
t/command/bundle.t ............ ok
    # Git version: 2.016002
t/command/create.t ............ ok
t/command/daemon.t ............ ok
t/command/deploy.t ............ ok
t/command/error.t ............. ok
t/command/help_and_version.t .. ok
    # No tests run!

#   Failed test 'No tests run for subtest "nonroot site"'
#   at t/command/mojo_app.t line 134.
Error utime () on 'D:/STRAW(~1/data/.cpanm/work/1523162200.6852/Statocles-0.093/.statocles/build/theme/css/normalize.css': Permission denied at D:\STRAW(~1\data\.cpanm\work\1523162200.6852\Statocles-0.093\blib\lib/Statocles/Store.pm line 160.
# Tests were run but no plan was declared and done_testing() was not seen.
# Looks like your test exited with 255 just after 2.
t/command/mojo_app.t .......... 
Dubious, test returned 255 (wstat 65280, 0xff00)
Failed 1/2 subtests 
t/deploy/file.t ............... ok
# Git version: 2.016002
[Sun Apr  8 05:43:01 2018] [warn] No files changed
[Sun Apr  8 05:43:09 2018] [warn] No files changed
cannot remove directory for C:\Users\Currys\AppData\Local\Temp\khAwJq1EBz\remote_work: Permission denied at D:/straw(berry) perl/perl/lib/File/Temp.pm line 1616.
cannot remove directory for C:\Users\Currys\AppData\Local\Temp\khAwJq1EBz: Directory not empty at D:/straw(berry) perl/perl/lib/File/Temp.pm line 1616.
[Sun Apr  8 05:45:05 2018] [warn] Git remote "origin" does not exist. Not pushing.
[Sun Apr  8 05:45:19 2018] [warn] Git remote "nondefault" does not exist. Not pushing.
t/deploy/git.t ................ ok
t/deprecated.t ................ ok
t/document.t .................. ok
t/image.t ..................... ok
t/link.t ...................... ok
t/link/tree.t ................. ok
t/page/basename.t ............. ok
t/page/content_sections.t ..... ok
Invalid data attribute in document "/required.markdown". Data attributes that are not hashes are deprecated and will be removed in v2.0. Please use a hash instead. See Statocles::Help::Upgrading
Invalid data attribute in document "/links/alternate_single.markdown". Data attributes that are not hashes are deprecated and will be removed in v2.0. Please use a hash instead. See Statocles::Help::Upgrading
t/page/document.t ............. ok
t/page/file.t ................. ok
t/page/images.t ............... ok
t/page/links.t ................ ok
t/page/list.t ................. ok
t/page/list_item.t ............ ok
[Sun Apr  8 05:46:42 2018] [debug] Render page: /path/to/page.html
t/page/plain.t ................ ok
t/page/type.t ................. ok
t/person.t .................... ok
t/plugin.t .................... ok
t/plugin/highlight.t .......... skipped: Syntax::Highlight::Engine::Kate needed
t/plugin/html_lint.t .......... skipped: HTML::Lint::Pluggable v0.06 or higher needed
t/plugin/link_check.t ......... ok
t/plugin/mermaid.t ............ ok
t/site.t ...................... ok
[Sun Apr  8 05:47:12 2018] [warn] Store path "D:/STRAW(~1/data/.cpanm/work/1523162200.6852/Statocles-0.093/t/share/DOES_NOT_EXIST" does not exist
t/store.t ..................... ok
t/template/basic.t ............ ok
t/template/content.t .......... ok
t/template/include.t .......... ok
t/template/markdown.t ......... ok
t/theme/check.t ............... ok
t/theme/helper.t .............. ok
t/theme/pages.t ............... ok
t/theme/template.t ............ ok
t/types.t ..................... ok

        #   Failed test 'run_editor returns edited content'
        #   at t/util.t line 71.
        #          got: '---
        # title: Required Document
        # ---
        # No optional things in here, at all!
        # '
        #     expected: '---
        # title: Required Document
        # ---
        # No optional things in here, at all!
        # '
        # Looks like you failed 1 test of 2.

    #   Failed test 'editor found'
    #   at t/util.t line 72.
'HOPEFULLY_DOES_NOT_EXIST' is not recognized as an internal or external command,
operable program or batch file.
    # Looks like you failed 1 test of 4.

#   Failed test 'run_editor'
#   at t/util.t line 99.
# Looks like you failed 1 test of 6.
t/util.t ...................... 
Dubious, test returned 1 (wstat 256, 0x100)
Failed 1/6 subtests 

Test Summary Report
-------------------
t/app/blog/command.t        (Wstat: 256 Tests: 3 Failed: 1)
  Failed test:  3
  Non-zero exit status: 1
t/command/mojo_app.t        (Wstat: 65280 Tests: 2 Failed: 1)
  Failed test:  2
  Non-zero exit status: 255
  Parse errors: No plan found in TAP output
t/util.t                    (Wstat: 256 Tests: 6 Failed: 1)
  Failed test:  3
  Non-zero exit status: 1
Files=62, Tests=310, 606 wallclock secs ( 0.70 usr +  0.13 sys =  0.83 CPU)
Result: FAIL

------------------------------
PREREQUISITES
------------------------------

Prerequisite modules loaded:

    No requirements found

------------------------------
ENVIRONMENT AND OTHER CONTEXT
------------------------------

Environment variables:

    COMSPEC = C:\Windows\system32\cmd.exe
    NUMBER_OF_PROCESSORS = 4
    PATH = D:\straw(berry) perl\perl\site\bin;D:\straw(berry) perl\perl\bin;D:\straw(berry) perl\c\bin;C:\ProgramData\Oracle\Java\javapath;C:\Program Files\Common Files\Microsoft Shared\Windows Live;C:\Program Files (x86)\Common Files\Microsoft Shared\Windows Live;C:\Program Files\ImageMagick-6.8.1-Q16;C:\Progra~1\perl64\bin;C:\Progra~1\perl64\site\bin;C:\Windows\system32;C:\Windows;C:\Windows\System32\Wbem;C:\Windows\System32\WindowsPowerShell\v1.0\;C:\Program Files (x86)\Windows Live\Shared;C:\Program Files (x86)\Toshiba\Bluetooth Toshiba Stack\sys\;C:\Program Files (x86)\Toshiba\Bluetooth Toshiba Stack\sys\x64\;C:\Progra~1\mingw64\bin;C:\Program Files\Microsoft SQL Server\110\Tools\Binn\;C:\Program Files (x86)\Windows Kits\8.1\Windows Performance Toolkit\;C:\Program Files (x86)\Microsoft SDKs\TypeScript\1.0\;C:\Program Files\Microsoft SQL Server\120\Tools\Binn\;D:\vagrant\install\bin;C:\Program Files (x86)\Skype\Phone\;C:\Program Files\Git\cmd
    PROCESSOR_IDENTIFIER = Intel64 Family 6 Model 42 Stepping 7, GenuineIntel
    TEMP = C:\Users\Currys\AppData\Local\Temp

Perl special variables (and OS-specific diagnostics, for MSWin32):

    EGID = 0
    EUID = 0
    EXECUTABLE_NAME = D:\straw(berry) perl\perl\bin\perl.exe
    GID = 0
    UID = 0
    Win32::FsType = NTFS
    Win32::GetOSName = Win7
    Win32::GetOSVersion = Service Pack 1, 6, 1, 7601, 2, 1, 0, 768, 1
    Win32::IsAdminUser = 0

Perl module toolchain versions installed:

    Module              Have    
    ------------------- --------
    CPAN                2.05    
    CPAN::Meta          2.143240
    Cwd                 3.47    
    ExtUtils::CBuilder  0.280216
    ExtUtils::Command   7.32    
    ExtUtils::Install   2.14    
    ExtUtils::MakeMaker 7.32    
    ExtUtils::Manifest  1.70    
    ExtUtils::ParseXS   3.30    
    File::Spec          3.47    
    JSON                2.90    
    JSON::PP            2.94    
    Module::Build       0.4205  
    Module::Signature   n/a     
    Parse::CPAN::Meta   1.4414  
    Test::Harness       3.30    
    Test::More          1.302091
    YAML                1.24    
    YAML::Syck          n/a     
    version             0.9908  


--

Summary of my perl5 (revision 5 version 20 subversion 0) configuration:
   
  Platform:
    osname=MSWin32, osvers=6.2, archname=MSWin32-x64-multi-thread-IN-SPACE
    uname='Win32 strawberry-perl 5.20.0.1 #1 Fri May 30 08:27:00 2014 x64'
    config_args='undef'
    hint=recommended, useposix=true, d_sigaction=undef
    useithreads=define, usemultiplicity=define
    use64bitint=define, use64bitall=undef, uselongdouble=undef
    usemymalloc=n, bincompat5005=undef
  Compiler:
    cc='gcc', ccflags =' -s -O2 -DWIN32 -DWIN64 -DCONSERVATIVE  -DPERL_TEXTMODE_SCRIPTS -DPERL_IMPLICIT_CONTEXT -DPERL_IMPLICIT_SYS -DUSE_PERLIO -fwrapv -fno-strict-aliasing -mms-bitfields',
    optimize='-s -O2',
    cppflags='-DWIN32'
    ccversion='', gccversion='4.8.2', gccosandvers=''
    intsize=4, longsize=4, ptrsize=8, doublesize=8, byteorder=12345678
    d_longlong=define, longlongsize=8, d_longdbl=define, longdblsize=12
    ivtype='long long', ivsize=8, nvtype='double', nvsize=8, Off_t='long long', lseeksize=8
    alignbytes=8, prototype=define
  Linker and Libraries:
    ld='g++', ldflags ='-s -L"D:\straw(berry) perl\perl\lib\CORE" -L"D:\straw(berry) perl\c\lib"'
    libpth=D:\straw(berry) perl\c\lib D:\straw(berry) perl\c\x86_64-w64-mingw32\lib D:\straw(berry) perl\c\lib\gcc\x86_64-w64-mingw32\4.8.2
    libs=-lmoldname -lkernel32 -luser32 -lgdi32 -lwinspool -lcomdlg32 -ladvapi32 -lshell32 -lole32 -loleaut32 -lnetapi32 -luuid -lws2_32 -lmpr -lwinmm -lversion -lodbc32 -lodbccp32 -lcomctl32
    perllibs=-lmoldname -lkernel32 -luser32 -lgdi32 -lwinspool -lcomdlg32 -ladvapi32 -lshell32 -lole32 -loleaut32 -lnetapi32 -luuid -lws2_32 -lmpr -lwinmm -lversion -lodbc32 -lodbccp32 -lcomctl32
    libc=, so=dll, useshrplib=true, libperl=libperl520.a
    gnulibc_version=''
  Dynamic Linking:
    dlsrc=dl_win32.xs, dlext=xs.dll, d_dlsymun=undef, ccdlflags=' '
    cccdlflags=' ', lddlflags='-mdll -s -L"D:\straw(berry) perl\perl\lib\CORE" -L"D:\straw(berry) perl\c\lib"'


Characteristics of this binary (from libperl): 
  Compile-time options: HAS_TIMES HAVE_INTERP_INTERN MULTIPLICITY
                        PERLIO_LAYERS PERL_DONT_CREATE_GVSV
                        PERL_HASH_FUNC_ONE_AT_A_TIME_HARD
                        PERL_IMPLICIT_CONTEXT PERL_IMPLICIT_SYS
                        PERL_MALLOC_WRAP PERL_NEW_COPY_ON_WRITE
                        PERL_PRESERVE_IVUV USE_64_BIT_INT USE_ITHREADS
                        USE_LARGE_FILES USE_LOCALE USE_LOCALE_COLLATE
                        USE_LOCALE_CTYPE USE_LOCALE_NUMERIC USE_PERLIO
                        USE_PERL_ATOF
  Built under MSWin32
  Compiled at May 30 2014 08:30:58
  @INC:
    D:/straw(berry) perl/perl/site/lib/MSWin32-x64-multi-thread
    D:/straw(berry) perl/perl/site/lib
    D:/straw(berry) perl/perl/vendor/lib
    D:/straw(berry) perl/perl/lib
    .