FunctionalPerl v0.72.76 Perl 5 v5.40.0 aarch64-freebsd
- Status
- Fail
- From
- Slaven Rezić
- Dist
-
FunctionalPerl v0.72.76
- Platform
- Perl 5 v5.40.0 aarch64-freebsd
- Date
- 2024-10-14 06:40:41
- ID
- 3b3a9a1e-89f7-11ef-beab-93226e8775ea
This distribution has been tested as part of the CPAN Testers
project, supporting the Perl programming language. See
http://wiki.cpantesters.org/ for more information or email
questions to cpan-testers-discuss@perl.org
--
Dear Christian Jaeger,
This is a computer-generated report for FunctionalPerl-0.72.76
on perl 5.40.0, created by CPAN-Reporter-1.2019.
Thank you for uploading your work to CPAN. However, there was a problem
testing your distribution.
If you think this report is invalid, please consult the CPAN Testers Wiki
for suggestions on how to avoid getting FAIL reports for missing library
or binary dependencies, unsupported operating systems, and so on:
http://wiki.cpantesters.org/wiki/CPANAuthorNotes
Sections of this report:
* Tester comments
* Program output
* Prerequisites
* Environment and other context
------------------------------
TESTER COMMENTS
------------------------------
Additional comments from tester:
none provided
------------------------------
PROGRAM OUTPUT
------------------------------
Output from '/usr/bin/make test':
PERL_DL_NONLAZY=1 "/usr/perl5.40.0/bin/perl" "-MExtUtils::Command::MM" "-MTest::Harness" "-e" "undef *Test::Harness::Switches; test_harness(0, 'blib/lib', 'blib/arch')" t/*.t
t/csv_to_xml.t ........................... ok
t/dbi.t .................................. ok
t/examples-csv-to-json.t ................. ok
times for fib: user = 0.078125, system = 0, cuser = 0, csystem = 0
times for fibonacci: user = 0.0625, system = 0, cuser = 0, csystem = 0
t/examples-fibs.t ........................ ok
t/examples-functional-classes.t .......... ok
not activating since running in test mode at examples//../lib/FP/Repl/Trap.pm line 47.
t/examples-hiring-without-whiteboards.t .. ok
not activating since running in test mode at examples//../lib/FP/Repl/Trap.pm line 47.
t/examples-logic.t ....................... ok
t/examples-perlweekly-111-1.t ............ ok
times: user = 0.015625, system = 0, cuser = 0, csystem = 0
times: user = 0.03125, system = 0, cuser = 0, csystem = 0
times: user = 0.046875, system = 0, cuser = 0, csystem = 0
t/examples-perlweekly-113-1.t ............ ok
t/examples-perlweekly-113-2.t ............ ok
t/examples-primes.t ...................... skipped: could not use Method::Signatures
t/functional_XML-t-div.t ................. ok
t/functional_XML-test.t .................. ok
t/htmlgen.t .............................. skipped: Test requires module 'Text::Markdown' but it's not found
not activating since running in test mode at intro//../lib/FP/Repl/AutoTrap.pm line 64.
t/intro-basics.t ......................... ok
t/perl-goto-leak.t ....................... ok
t/perl-weaken-coderef-correctness.t ...... ok
t/perl-weaken-coderef.t .................. ok
Exception: Label not found for "last T2_SUBTEST_WRAPPER" at /usr/perl5.40.0/lib/site_perl/5.40.0/Test2/Hub/Subtest.pm line 67.
at /usr/perl5.40.0/lib/site_perl/5.40.0/Test2/Hub/Subtest.pm line 67.
Test2::Hub::Subtest::terminate(Test2::Hub::Subtest=HASH(0x4c5742ff6030), 0, Test2::Event::Plan=HASH(0x4c5741b74078), HASH(0x4c5742fcd570)) called at /usr/perl5.40.0/lib/site_perl/5.40.0/Test2/Hub.pm line 386
Test2::Hub::process(Test2::Hub::Subtest=HASH(0x4c5742ff6030), Test2::Event::Plan=HASH(0x4c5741b74078)) called at /usr/perl5.40.0/lib/site_perl/5.40.0/Test2/Hub.pm line 306
Test2::Hub::send(Test2::Hub::Subtest=HASH(0x4c5742ff6030), Test2::Event::Plan=HASH(0x4c5741b74078)) called at /usr/perl5.40.0/lib/site_perl/5.40.0/Test2/Hub/Subtest.pm line 34
Test2::Hub::Subtest::send(Test2::Hub::Subtest=HASH(0x4c5742ff6030), Test2::Event::Plan=HASH(0x4c5741b74078)) called at /usr/perl5.40.0/lib/site_perl/5.40.0/Test2/API/Context.pm line 272
Test2::API::Context::send_event(Test2::API::Context=HASH(0x4c5742fcdd68), "Plan", "max", 0, "directive", "SKIP", "reason", "FunctionalPerl::Dependencies::ChjBin import: these programs a"...) called at /usr/perl5.40.0/lib/site_perl/5.40.0/Test2/API/Context.pm line 447
Test2::API::Context::plan(Test2::API::Context=HASH(0x4c5742fcdd68), 0, "SKIP", "FunctionalPerl::Dependencies::ChjBin import: these programs a"...) called at /usr/perl5.40.0/lib/site_perl/5.40.0/Test/Builder.pm line 660
Test::Builder::skip_all(Test::Builder=HASH(0x4c573d1ecdf8), "FunctionalPerl::Dependencies::ChjBin import: these programs a"...) called at /usr/perl5.40.0/lib/site_perl/5.40.0/Test/Requires.pm line 44
Test::Requires::__ANON__("FunctionalPerl::Dependencies::ChjBin import: these programs a"...) called at /usr/perl5.40.0/lib/site_perl/5.40.0/Test/Requires.pm line 71
Test::Requires::test_requires("FunctionalPerl::Dependencies::ChjBin", "\"trigger-listen\"", "t_pod_snippets_111") called at /usr/perl5.40.0/lib/site_perl/5.40.0/Test/Requires.pm line 21
Test::Requires::import("Test::Requires", HASH(0x4c5742f83c78)) called at meta/FunctionalPerl/Dependencies/ChjBin.pm line 19
t_pod_snippets_111::BEGIN() called at meta/FunctionalPerl/Dependencies/ChjBin.pm line 19
eval {...} called at meta/FunctionalPerl/Dependencies/ChjBin.pm line 19
eval 'package main; package t_pod_snippets_111; use Test::More ;
{
no warnings;
use strict; # things are likely to be sloppy
ok 1 => \'the tests compile\';
#line 16 meta/FunctionalPerl/Dependencies/ChjBin.pm
use Chj::TEST use => \'FunctionalPerl::Dependencies::ChjBin\';
# or
use Test::Requires +{
\'FunctionalPerl::Dependencies::ChjBin\' => \'"trigger-listen"\' };
# or
# list in FunctionalPerl::Dependencies\'s %dependencies
;
ok 1 => \'we reached the end!\';
}
;
1' called at lib/FP/Repl/WithRepl.pm line 75
FP::Repl::WithRepl::WithRepl_eval("package t_pod_snippets_111; use Test::More ;\x{a}{\x{a}no warnings;\x{a}u"...) called at t/pod_snippets.t line 37
main::myeval("package t_pod_snippets_111; use Test::More ;\x{a}{\x{a}no warnings;\x{a}u"...) called at t/pod_snippets.t line 158
main::__ANON__() called at /usr/perl5.40.0/lib/site_perl/5.40.0/Test/Builder.pm line 374
eval {...} called at /usr/perl5.40.0/lib/site_perl/5.40.0/Test/Builder.pm line 374
Test::Builder::subtest(Test::Builder=HASH(0x4c573d1ecdf8), "pod snippets in FunctionalPerl::Dependencies::ChjBin", CODE(0x4c573c423f78)) called at /usr/perl5.40.0/lib/site_perl/5.40.0/Test/More.pm line 831
Test::More::subtest("pod snippets in FunctionalPerl::Dependencies::ChjBin", CODE(0x4c573c423f78)) called at t/pod_snippets.t line 183
BEGIN failed--compilation aborted at meta/FunctionalPerl/Dependencies/ChjBin.pm line 19.
at meta/FunctionalPerl/Dependencies/ChjBin.pm line 19.
eval 'package main; package t_pod_snippets_111; use Test::More ;
{
no warnings;
use strict; # things are likely to be sloppy
ok 1 => \'the tests compile\';
#line 16 meta/FunctionalPerl/Dependencies/ChjBin.pm
use Chj::TEST use => \'FunctionalPerl::Dependencies::ChjBin\';
# or
use Test::Requires +{
\'FunctionalPerl::Dependencies::ChjBin\' => \'"trigger-listen"\' };
# or
# list in FunctionalPerl::Dependencies\'s %dependencies
;
ok 1 => \'we reached the end!\';
}
;
1' called at lib/FP/Repl/WithRepl.pm line 75
FP::Repl::WithRepl::WithRepl_eval("package t_pod_snippets_111; use Test::More ;\x{a}{\x{a}no warnings;\x{a}u"...) called at t/pod_snippets.t line 37
main::myeval("package t_pod_snippets_111; use Test::More ;\x{a}{\x{a}no warnings;\x{a}u"...) called at t/pod_snippets.t line 158
main::__ANON__() called at /usr/perl5.40.0/lib/site_perl/5.40.0/Test/Builder.pm line 374
eval {...} called at /usr/perl5.40.0/lib/site_perl/5.40.0/Test/Builder.pm line 374
Test::Builder::subtest(Test::Builder=HASH(0x4c573d1ecdf8), "pod snippets in FunctionalPerl::Dependencies::ChjBin", CODE(0x4c573c423f78)) called at /usr/perl5.40.0/lib/site_perl/5.40.0/Test/More.pm line 831
Test::More::subtest("pod snippets in FunctionalPerl::Dependencies::ChjBin", CODE(0x4c573c423f78)) called at t/pod_snippets.t line 183
# Failed test 'pod snippets in FunctionalPerl::Dependencies::ChjBin'
# at t/pod_snippets.t line 177.
# Looks like you failed 1 test of 1.
t/pod_snippets.t ......................... ok
t/predicates.t ........................... ok
# Failed test at t/repl.t line 138.
# got: 'main> ,e
# $HOME = '<HOME>';
# $input = ',e';
# $inr = bless( \*Symbol::GEN2, 'Chj::IO::Pipe' );
# $inw = bless( \*Symbol::GEN3, 'Chj::IO::Pipe' );
# $output = 'DUMMY';
# $outr = bless( \*Symbol::GEN4, 'Chj::IO::Pipe' );
# $outw = bless( \*Symbol::GEN5, 'Chj::IO::Pipe' );
# \@filters = [sub { 'DUMMY: main::__ANON__ at "t/repl.t" line 0' }, sub { 'DUMMY: main::__ANON__ at "(null)" line 1' }];
# '
# expected: 'main> ,e
# $HOME = '<HOME>';
# $input = ',e';
# $inr = bless( \*Symbol::GEN2, 'Chj::IO::Pipe' );
# $inw = bless( \*Symbol::GEN3, 'Chj::IO::Pipe' );
# $output = 'DUMMY';
# $outr = bless( \*Symbol::GEN4, 'Chj::IO::Pipe' );
# $outw = bless( \*Symbol::GEN5, 'Chj::IO::Pipe' );
# \@filters = [sub { 'DUMMY: main::__ANON__ at "t/repl.t" line 0' }, sub { 'DUMMY: main::__ANON__ at "t/repl.t" line 1' }];
# '
# Failed test at t/repl.t line 192.
# got: 'main> do {my $z=123; sub { my ($x)=@_; repl }}->(99)
# main 1> $FP::Repl::Repl::argsn
# $VAR1 = [bless(['<HOME>/.fp-repl_history', undef, 500, undef, undef, 1, 1, undef, 1, ['cat'], 'l', 's', 'a', 'X'], 'FP::Repl::Repl'), undef];
# main 1> $FP::Repl::Repl::args
# $VAR1 = [99];
# main 1> ,0
# FP::Repl::Repl::run(
# bless(['<HOME>/.fp-repl_history', undef, 500, undef, undef, 1, 1, undef, 1, ['cat'], 'l', 's', 'a', 'X'], 'FP::Repl::Repl'),
# undef
# ) called at (eval 0) line 1
# main 1> ,e
# $x = 99;
# $z = undef;
# main 1> $x
# $VAR1 = 99;
# main 1>
# $VAR1 = !!0;
# '
# expected: 'main> do {my $z=123; sub { my ($x)=@_; repl }}->(99)
# main 1> $FP::Repl::Repl::argsn
# $VAR1 = [bless(['<HOME>/.fp-repl_history', undef, 500, undef, undef, 1, 1, undef, 1, ['cat'], 'l', 's', 'a', 'X'], 'FP::Repl::Repl'), undef];
# main 1> $FP::Repl::Repl::args
# $VAR1 = [99];
# main 1> ,0
# FP::Repl::Repl::run(
# bless(['<HOME>/.fp-repl_history', undef, 500, undef, undef, 1, 1, undef, 1, ['cat'], 'l', 's', 'a', 'X'], 'FP::Repl::Repl'),
# undef
# ) called at (eval 0) line 1
# main 1> ,e
# $x = 99;
# $z = undef;
# main 1> $x
# $VAR1 = 99;
# main 1>
# $VAR1 = '';
# '
# Looks like you failed 2 tests of 7.
t/repl.t .................................
Dubious, test returned 2 (wstat 512, 0x200)
Failed 2/7 subtests
Use of @_ in list assignment with signatured subroutine is experimental at .htmlgen/FunctionalPerl/Htmlgen/PathTranslate.pm line 77.
Implicit use of @_ in goto with signatured subroutine is experimental at .htmlgen/FunctionalPerl/Htmlgen/PathTranslate.pm line 77.
Use of @_ in list assignment with signatured subroutine is experimental at .htmlgen/FunctionalPerl/Htmlgen/PathTranslate.pm line 81.
Implicit use of @_ in goto with signatured subroutine is experimental at .htmlgen/FunctionalPerl/Htmlgen/PathTranslate.pm line 81.
Use of @_ in list assignment with signatured subroutine is experimental at .htmlgen/FunctionalPerl/Htmlgen/PathTranslate.pm line 83.
Implicit use of @_ in goto with signatured subroutine is experimental at .htmlgen/FunctionalPerl/Htmlgen/PathTranslate.pm line 83.
not activating since running in test mode at lib/FP/Repl/AutoTrap.pm line 64.
not activating since running in test mode at lib/FP/Repl/Trap.pm line 47.
# Failed test 'at lib/FP/Abstract/Sequence/t.pm line 169'
# at lib/Chj/TEST.pm line 348.
# got: [list([0, 3], [1, 4], [2, 4], [3, 5], [4, 6], [5, 8], [6, 5], [7, 5]), [list([0, 3]), list([2, 4], [1, 4]), list([3, 5]), list([4, 6]), list([5, 8]), list([7, 5], [6, 5])]]
# expected: [undef, [list([0, 3]), list([2, 4], [1, 4]), list([3, 5]), list([4, 6]), list([5, 8]), list([7, 5], [6, 5])]]
# Looks like you failed 1 test of 64.
# Failed test 'Package FP::Abstract::Sequence::t'
# at lib/Chj/TEST.pm line 420.
Reference is already weak at lib/FP/Stream.pm line 770.
# Looks like you failed 1 test of 45.
# Failed test 'run_tests'
# at t/require_and_run_tests.t line 61.
# Looks like you failed 1 test of 2.
t/require_and_run_tests.t ................
Dubious, test returned 1 (wstat 256, 0x100)
Failed 1/2 subtests
Possible precedence issue with control flow operator (exit) at examples/skip line 45.
t/skip-internal.t ........................ ok
Possible precedence issue with control flow operator (exit) at examples/skip line 45.
t/skip-leak.t ............................ ok
Possible precedence issue with control flow operator (exit) at examples/skip line 45.
Possible precedence issue with control flow operator (exit) at examples/skip line 45.
Possible precedence issue with control flow operator (exit) at examples/skip line 45.
Possible precedence issue with control flow operator (exit) at examples/skip line 45.
Possible precedence issue with control flow operator (exit) at examples/skip line 45.
Possible precedence issue with control flow operator (exit) at examples/skip line 45.
# Failed test at t/skip.t line 29.
# got: 'Possible precedence issue with control flow operator (exit) at examples/skip line 45.
# skip: only 1 byte(s) left after skipping 11 byte(s)
# '
# expected: 'skip: only 1 byte(s) left after skipping 11 byte(s)
# '
# Failed test at t/skip.t line 32.
# got: 'Possible precedence issue with control flow operator (exit) at examples/skip line 45.
# skip: no remainder left after skipping 12 byte(s)
# '
# expected: 'skip: no remainder left after skipping 12 byte(s)
# '
Possible precedence issue with control flow operator (exit) at examples/skip line 45.
Possible precedence issue with control flow operator (exit) at examples/skip line 45.
Possible precedence issue with control flow operator (exit) at examples/skip line 45.
Possible precedence issue with control flow operator (exit) at examples/skip line 45.
Possible precedence issue with control flow operator (exit) at examples/skip line 45.
# Failed test at t/skip.t line 29.
# got: 'Possible precedence issue with control flow operator (exit) at examples/skip line 45.
# skip: only 1 byte(s) left after skipping 11 byte(s)
# '
# expected: 'skip: only 1 byte(s) left after skipping 11 byte(s)
# '
# Failed test at t/skip.t line 32.
# got: 'Possible precedence issue with control flow operator (exit) at examples/skip line 45.
# skip: no remainder left after skipping 12 byte(s)
# '
# expected: 'skip: no remainder left after skipping 12 byte(s)
# '
Possible precedence issue with control flow operator (exit) at examples/skip line 45.
Possible precedence issue with control flow operator (exit) at examples/skip line 45.
Possible precedence issue with control flow operator (exit) at examples/skip line 45.
Possible precedence issue with control flow operator (exit) at examples/skip line 45.
Possible precedence issue with control flow operator (exit) at examples/skip line 45.
# Failed test at t/skip.t line 29.
# got: 'Possible precedence issue with control flow operator (exit) at examples/skip line 45.
# skip: only 1 byte(s) left after skipping 11 byte(s)
# '
# expected: 'skip: only 1 byte(s) left after skipping 11 byte(s)
# '
# Failed test at t/skip.t line 32.
# got: 'Possible precedence issue with control flow operator (exit) at examples/skip line 45.
# skip: no remainder left after skipping 12 byte(s)
# '
# expected: 'skip: no remainder left after skipping 12 byte(s)
# '
# Looks like you failed 6 tests of 22.
t/skip.t .................................
Dubious, test returned 6 (wstat 1536, 0x600)
Failed 6/22 subtests
t/testlazy.t ............................. ok
t/testlazy10.t ........................... ok
t/trampoline-fix.t ....................... skipped: Test requires module 'Method::Signatures' but it's not found
Test Summary Report
-------------------
t/repl.t (Wstat: 512 (exited 2) Tests: 7 Failed: 2)
Failed tests: 2, 6
Non-zero exit status: 2
t/require_and_run_tests.t (Wstat: 256 (exited 1) Tests: 2 Failed: 1)
Failed test: 2
Non-zero exit status: 1
t/skip.t (Wstat: 1536 (exited 6) Tests: 22 Failed: 6)
Failed tests: 7-8, 14-15, 21-22
Non-zero exit status: 6
Files=28, Tests=181, 15 wallclock secs ( 0.22 usr 0.09 sys + 13.12 cusr 2.38 csys = 15.81 CPU)
Result: FAIL
Failed 3/28 test programs. 9/181 subtests failed.
*** Error code 255
Stop.
make: stopped in /home/cpansand/.cpan/build/2024101320/FunctionalPerl-0.72.76-0
------------------------------
PREREQUISITES
------------------------------
Prerequisite modules loaded:
requires:
Module Need Have
------------------- -------- --------
autobox 0 v3.0.1
base 0 2.27
Digest 0 1.20
File::Path 0 2.18
Getopt::Long 0 2.57
Import::Into 0 1.002005
Math::BigInt 0 2.003002
NEXT 0 0.69
perl 5.016004 5.040000
PerlIO::utf8_strict 0 0.010
Safe::Isa 0 1.000010
Scalar::Util 0 1.63
Symbol 0 1.09
Test::More 0.96 1.302202
utf8 0 1.25
build_requires:
Module Need Have
------------------- -------- --------
BSD::Resource 0 1.2911
Capture::Tiny 0 0.48
DBD::CSV 0 0.60
DBI 0 1.643
ExtUtils::MakeMaker 0 7.70
File::chdir 0 0.1011
Sub::Util 0 1.63
Test::Pod::Snippets 0 0.07
Test::Requires 0 0.11
Text::CSV 0 2.04
URI 0 5.28
configure_requires:
Module Need Have
------------------- -------- --------
ExtUtils::MakeMaker 0 7.70
------------------------------
ENVIRONMENT AND OTHER CONTEXT
------------------------------
Environment variables:
LANG = C.UTF-8
PATH = /usr/local/bin:/usr/bin:/bin:/usr/local/sbin:/usr/sbin:/sbin:/home/cpansand/bin/freebsd14.0:/home/cpansand/bin/sh:/home/cpansand/bin:/usr/games:/home/cpansand/devel:/home/eserte/src/srezic-misc/scripts
PERL5LIB = /home/cpansand/.cpan/build/2024101320/Test-Pod-Snippets-0.07-0/blib/arch:/home/cpansand/.cpan/build/2024101320/Test-Pod-Snippets-0.07-0/blib/lib:/home/cpansand/.cpan/build/2024101320/Module-Locate-1.80-0/blib/arch:/home/cpansand/.cpan/build/2024101320/Module-Locate-1.80-0/blib/lib
PERL5OPT =
PERL5_CPANPLUS_IS_RUNNING = 38082
PERL5_CPAN_IS_RUNNING = 38082
PERL5_CPAN_IS_RUNNING_IN_RECURSION = 38067,38082
PERLDOC = -MPod::Perldoc::ToTextOverstrike
PERL_BATCH = yes
PERL_CANARY_STABILITY_NOPROMPT = 1
PERL_CPAN_REPORTER_CONFIG = /var/tmp/cpansmoker-1023/2024101320/cpanreporter_001_config.ini
PERL_EXTUTILS_AUTOINSTALL = --defaultdeps
PERL_USE_UNSAFE_INC = 1
SHELL = /usr/local/bin/zsh
TERM = screen
TMPDIR = /var/tmp/cpansmoker-1023/2024101320
Perl special variables (and OS-specific diagnostics, for MSWin32):
$^X = /usr/perl5.40.0/bin/perl
$UID/$EUID = 1023 / 1023
$GID = 1023 1023
$EGID = 1023 1023
Perl module toolchain versions installed:
Module Have
------------------- --------
CPAN 2.36
CPAN::Meta 2.150010
Cwd 3.90
ExtUtils::CBuilder 0.280240
ExtUtils::Command 7.70
ExtUtils::Install 2.22
ExtUtils::MakeMaker 7.70
ExtUtils::Manifest 1.75
ExtUtils::ParseXS 3.51
File::Spec 3.90
JSON 4.10
JSON::PP 4.16
Module::Build 0.4234
Module::Signature n/a
Parse::CPAN::Meta 2.150010
Test2 1.302202
Test::Harness 3.50
Test::More 1.302202
YAML 1.31
YAML::Syck 1.34
version 0.9930
--
Summary of my perl5 (revision 5 version 40 subversion 0) configuration:
Platform:
osname=freebsd
osvers=14.1-stable
archname=aarch64-freebsd
uname='freebsd cloud9.bbbike.org 14.1-stable freebsd 14.1-stable stable14-n267861-7dceb87a371e generic arm64 '
config_args='-ds -e -Dprefix=/usr/perl5.40.0 -Dcf_email=srezic@cpan.org -Doptimize=-O2 -pipe'
hint=recommended
useposix=true
d_sigaction=define
useithreads=undef
usemultiplicity=undef
use64bitint=define
use64bitall=define
uselongdouble=undef
usemymalloc=n
default_inc_excludes_dot=define
Compiler:
cc='cc'
ccflags ='-DHAS_FPSETMASK -DHAS_FLOATINGPOINT_H -DNO_POSIX_2008_LOCALE -fno-strict-aliasing -pipe -fstack-protector-strong -I/usr/local/include'
optimize='-O2 -pipe'
cppflags='-DHAS_FPSETMASK -DHAS_FLOATINGPOINT_H -DNO_POSIX_2008_LOCALE -fno-strict-aliasing -pipe -fstack-protector-strong -I/usr/local/include'
ccversion=''
gccversion='FreeBSD Clang 18.1.6 (https://github.com/llvm/llvm-project.git llvmorg-18.1.6-0-g1118c2e05e67)'
gccosandvers=''
intsize=4
longsize=8
ptrsize=8
doublesize=8
byteorder=12345678
doublekind=3
d_longlong=define
longlongsize=8
d_longdbl=define
longdblsize=16
longdblkind=1
ivtype='long'
ivsize=8
nvtype='double'
nvsize=8
Off_t='off_t'
lseeksize=8
alignbytes=8
prototype=define
Linker and Libraries:
ld='cc'
ldflags ='-Wl,-E -fstack-protector-strong -L/usr/local/lib'
libpth=/usr/lib /usr/local/lib /usr/lib/clang/18/lib
libs=-lpthread -lgdbm -ldl -lm -lcrypt -lutil -lc
perllibs=-lpthread -ldl -lm -lcrypt -lutil -lc
libc=
so=so
useshrplib=false
libperl=libperl.a
gnulibc_version=''
Dynamic Linking:
dlsrc=dl_dlopen.xs
dlext=so
d_dlsymun=undef
ccdlflags=' '
cccdlflags='-DPIC -fPIC'
lddlflags='-shared -L/usr/local/lib -fstack-protector-strong'
Characteristics of this binary (from libperl):
Compile-time options:
HAS_LONG_DOUBLE
HAS_STRTOLD
HAS_TIMES
PERLIO_LAYERS
PERL_COPY_ON_WRITE
PERL_DONT_CREATE_GVSV
PERL_HASH_FUNC_SIPHASH13
PERL_HASH_USE_SBOX32
PERL_MALLOC_WRAP
PERL_OP_PARENT
PERL_PRESERVE_IVUV
PERL_USE_SAFE_PUTENV
USE_64_BIT_ALL
USE_64_BIT_INT
USE_LARGE_FILES
USE_LOCALE
USE_LOCALE_COLLATE
USE_LOCALE_CTYPE
USE_LOCALE_NUMERIC
USE_LOCALE_TIME
USE_PERLIO
USE_PERL_ATOF
Built under freebsd
Compiled at Jun 10 2024 21:14:04
%ENV:
PERL5LIB="/home/cpansand/.cpan/build/2024101320/Test-Pod-Snippets-0.07-0/blib/arch:/home/cpansand/.cpan/build/2024101320/Test-Pod-Snippets-0.07-0/blib/lib:/home/cpansand/.cpan/build/2024101320/Module-Locate-1.80-0/blib/arch:/home/cpansand/.cpan/build/2024101320/Module-Locate-1.80-0/blib/lib"
PERL5OPT=""
PERL5_CPANPLUS_IS_RUNNING="38082"
PERL5_CPAN_IS_RUNNING="38082"
PERL5_CPAN_IS_RUNNING_IN_RECURSION="38067,38082"
PERLDOC="-MPod::Perldoc::ToTextOverstrike"
PERL_BATCH="yes"
PERL_CANARY_STABILITY_NOPROMPT="1"
PERL_CPAN_REPORTER_CONFIG="/var/tmp/cpansmoker-1023/2024101320/cpanreporter_001_config.ini"
PERL_EXTUTILS_AUTOINSTALL="--defaultdeps"
PERL_USE_UNSAFE_INC="1"
@INC:
/home/cpansand/.cpan/build/2024101320/Test-Pod-Snippets-0.07-0/blib/arch
/home/cpansand/.cpan/build/2024101320/Test-Pod-Snippets-0.07-0/blib/lib
/home/cpansand/.cpan/build/2024101320/Module-Locate-1.80-0/blib/arch
/home/cpansand/.cpan/build/2024101320/Module-Locate-1.80-0/blib/lib
/usr/perl5.40.0/lib/site_perl/5.40.0/aarch64-freebsd
/usr/perl5.40.0/lib/site_perl/5.40.0
/usr/perl5.40.0/lib/5.40.0/aarch64-freebsd
/usr/perl5.40.0/lib/5.40.0
.