Image-Magick v7.1.0-0 Perl 5 v5.34.0 darwin-2level

Status
Fail
From
Burak Gursoy
Dist
Image-Magick v7.1.0-0
Platform
Perl 5 v5.34.0 darwin-2level
Date
2023-02-21 14:51:30
ID
3a204d2e-b1f7-11ed-9760-829737fd2154
This distribution has been tested as part of the CPAN Testers
project, supporting the Perl programming language.  See
http://wiki.cpantesters.org/ for more information or email
questions to cpan-testers-discuss@perl.org


--
Dear Cristy,

This is a computer-generated report for Image-Magick-7.1.0-0
on perl 5.34.0, created by CPAN-Reporter-1.2018.

Thank you for uploading your work to CPAN.  However, there was a problem
testing your distribution.

If you think this report is invalid, please consult the CPAN Testers Wiki
for suggestions on how to avoid getting FAIL reports for missing library
or binary dependencies, unsupported operating systems, and so on:

http://wiki.cpantesters.org/wiki/CPANAuthorNotes

Sections of this report:

    * Tester comments
    * Program output
    * Prerequisites
    * Environment and other context

------------------------------
TESTER COMMENTS
------------------------------

Additional comments from tester:

none provided

------------------------------
PROGRAM OUTPUT
------------------------------

Output from '/usr/bin/make test':

"/Users/burak/.plenv/versions/5.34.0/bin/perl5.34.0" -MExtUtils::Command::MM -e 'cp_nonempty' -- Magick.bs blib/arch/auto/Image/Magick/Magick.bs 644
PERL_DL_NONLAZY=1 "/Users/burak/.plenv/versions/5.34.0/bin/perl5.34.0" "-MExtUtils::Command::MM" "-MTest::Harness" "-e" "undef *Test::Harness::Switches; test_harness(0, 'blib/lib', 'blib/arch')" t/*.t
t/blob.t .......... ok
t/composite.t ..... ok
t/filter.t ........ ok
t/getattribute.t .. ok
Fontconfig warning: ignoring UTF-8: not a valid region tag
t/montage.t ....... ok
t/ping.t .......... ok
t/read.t .......... ok
t/setattribute.t .. ok
t/write.t ......... 
Failed 1/32 subtests 

Test Summary Report
-------------------
t/write.t       (Wstat: 0 Tests: 32 Failed: 1)
  Failed test:  24
Files=9, Tests=273,  2 wallclock secs ( 0.08 usr  0.02 sys +  6.81 cusr  0.34 csys =  7.25 CPU)
Result: FAIL
Failed 1/9 test programs. 1/273 subtests failed.
make: *** [test_dynamic] Error 255

------------------------------
PREREQUISITES
------------------------------

Prerequisite modules loaded:

requires:

    Module              Need Have 
    ------------------- ---- -----
    parent              0    0.238

build_requires:

    Module              Need Have 
    ------------------- ---- -----
    ExtUtils::MakeMaker 0    7.62 


------------------------------
ENVIRONMENT AND OTHER CONTEXT
------------------------------

Environment variables:

    LC_CTYPE = UTF-8
    PATH = /Users/burak/.plenv/versions/5.34.0/bin:/Users/burak/.plenv/libexec:/Users/burak/.plenv/plugins/perl-build/bin:/usr/local/opt/sqlite/bin:/Users/burak/adb-fastboot/platform-tools:/Users/burak/google-cloud-sdk/bin:/Users/burak/.plenv/shims:/Users/burak/.plenv/bin:/Applications/Rakudo/bin:/opt/local/bin:/opt/local/sbin:/Users/burak/bin:/usr/local/bin:/usr/bin:/bin:/usr/sbin:/sbin:/Library/Apple/usr/bin:/usr/local/Cellar/rakudo/2022.07/share/perl6/site/bin:/opt/local/bin:/opt/local/sbin
    PERL5LIB = 
    PERL5OPT = 
    PERL5_CPANPLUS_IS_RUNNING = 40573
    PERL5_CPAN_IS_RUNNING = 40573
    PERL_USE_UNSAFE_INC = 1
    SHELL = /bin/sh
    TERM = xterm-256color

Perl special variables (and OS-specific diagnostics, for MSWin32):

    $^X = /Users/burak/.plenv/versions/5.34.0/bin/perl5.34.0
    $UID/$EUID = 0 / 0
    $GID = 0 0 1 2 3 4 5 8 9 12 20 29 61 80 33 98 100
    $EGID = 0 0 1 2 3 4 5 8 9 12 20 29 61 80 33 98 100

Perl module toolchain versions installed:

    Module              Have    
    ------------------- --------
    CPAN                2.34    
    CPAN::Meta          2.150010
    Cwd                 3.80    
    ExtUtils::CBuilder  0.280236
    ExtUtils::Command   7.62    
    ExtUtils::Install   2.20    
    ExtUtils::MakeMaker 7.62    
    ExtUtils::Manifest  1.73    
    ExtUtils::ParseXS   3.43    
    File::Spec          3.80    
    JSON                4.09    
    JSON::PP            4.06    
    Module::Build       0.4231  
    Module::Signature   n/a     
    Parse::CPAN::Meta   2.150010
    Test::Harness       3.43    
    Test::More          1.302185
    YAML                1.30    
    YAML::Syck          n/a     
    version             0.9929  


--

Summary of my perl5 (revision 5 version 34 subversion 0) configuration:
   
  Platform:
    osname=darwin
    osvers=19.6.0
    archname=darwin-2level
    uname='darwin tonyukuk.local 19.6.0 darwin kernel version 19.6.0: mon apr 12 20:57:45 pdt 2021; root:xnu-6153.141.28.1~1release_x86_64 x86_64 '
    config_args='-Dprefix=/Users/burak/.plenv/versions/5.34.0 -de -Dversiononly -A'eval:scriptdir=/Users/burak/.plenv/versions/5.34.0/bin''
    hint=recommended
    useposix=true
    d_sigaction=define
    useithreads=undef
    usemultiplicity=undef
    use64bitint=define
    use64bitall=define
    uselongdouble=undef
    usemymalloc=n
    default_inc_excludes_dot=define
  Compiler:
    cc='cc'
    ccflags ='-fno-common -DPERL_DARWIN -mmacosx-version-min=10.15 -fno-strict-aliasing -pipe -fstack-protector-strong -I/usr/local/include -I/opt/local/include -DPERL_USE_SAFE_PUTENV'
    optimize='-O3'
    cppflags='-fno-common -DPERL_DARWIN -mmacosx-version-min=10.15 -fno-strict-aliasing -pipe -fstack-protector-strong -I/usr/local/include -I/opt/local/include'
    ccversion=''
    gccversion='Apple LLVM 12.0.0 (clang-1200.0.32.29)'
    gccosandvers=''
    intsize=4
    longsize=8
    ptrsize=8
    doublesize=8
    byteorder=12345678
    doublekind=3
    d_longlong=define
    longlongsize=8
    d_longdbl=define
    longdblsize=16
    longdblkind=3
    ivtype='long'
    ivsize=8
    nvtype='double'
    nvsize=8
    Off_t='off_t'
    lseeksize=8
    alignbytes=8
    prototype=define
  Linker and Libraries:
    ld='cc'
    ldflags =' -mmacosx-version-min=10.15 -fstack-protector-strong -L/usr/local/lib -L/opt/local/lib'
    libpth=/usr/local/lib /Library/Developer/CommandLineTools/usr/lib/clang/12.0.0/lib /Library/Developer/CommandLineTools/SDKs/MacOSX10.15.sdk/usr/lib /Library/Developer/CommandLineTools/usr/lib /opt/local/lib /usr/lib
    libs=-lpthread -lgdbm -ldbm -ldl -lm -lutil -lc
    perllibs=-lpthread -ldl -lm -lutil -lc
    libc=
    so=dylib
    useshrplib=false
    libperl=libperl.a
    gnulibc_version=''
  Dynamic Linking:
    dlsrc=dl_dlopen.xs
    dlext=bundle
    d_dlsymun=undef
    ccdlflags=' '
    cccdlflags=' '
    lddlflags=' -mmacosx-version-min=10.15 -bundle -undefined dynamic_lookup -L/usr/local/lib -L/opt/local/lib -fstack-protector-strong'


Characteristics of this binary (from libperl): 
  Compile-time options:
    HAS_TIMES
    PERLIO_LAYERS
    PERL_COPY_ON_WRITE
    PERL_DONT_CREATE_GVSV
    PERL_MALLOC_WRAP
    PERL_OP_PARENT
    PERL_PRESERVE_IVUV
    PERL_USE_SAFE_PUTENV
    USE_64_BIT_ALL
    USE_64_BIT_INT
    USE_LARGE_FILES
    USE_LOCALE
    USE_LOCALE_COLLATE
    USE_LOCALE_CTYPE
    USE_LOCALE_NUMERIC
    USE_LOCALE_TIME
    USE_PERLIO
    USE_PERL_ATOF
  Built under darwin
  Compiled at May 25 2021 05:10:44
  %ENV:
    PERL5LIB=""
    PERL5OPT=""
    PERL5_CPANPLUS_IS_RUNNING="40573"
    PERL5_CPAN_IS_RUNNING="40573"
    PERL_USE_UNSAFE_INC="1"
  @INC:
    /Users/burak/.plenv/versions/5.34.0/lib/perl5/site_perl/5.34.0/darwin-2level
    /Users/burak/.plenv/versions/5.34.0/lib/perl5/site_perl/5.34.0
    /Users/burak/.plenv/versions/5.34.0/lib/perl5/5.34.0/darwin-2level
    /Users/burak/.plenv/versions/5.34.0/lib/perl5/5.34.0
    .