App-perlimports v0.000020 Perl 5 v5.22.2 amd64-freebsd-thread-multi
- Status
- Fail
- From
- Slaven Rezić
- Dist
-
App-perlimports v0.000020
- Platform
- Perl 5 v5.22.2 amd64-freebsd-thread-multi
- Date
- 2021-09-24 05:21:09
- ID
- 39b9db2a-1cf7-11ec-a651-1d421f24ea8f
This distribution has been tested as part of the CPAN Testers
project, supporting the Perl programming language. See
http://wiki.cpantesters.org/ for more information or email
questions to cpan-testers-discuss@perl.org
--
Dear Olaf Alders,
This is a computer-generated report for App-perlimports-0.000020
on perl 5.22.2, created by CPAN-Reporter-1.2017.
Thank you for uploading your work to CPAN. However, there was a problem
testing your distribution.
If you think this report is invalid, please consult the CPAN Testers Wiki
for suggestions on how to avoid getting FAIL reports for missing library
or binary dependencies, unsupported operating systems, and so on:
http://wiki.cpantesters.org/wiki/CPANAuthorNotes
Sections of this report:
* Tester comments
* Program output
* Prerequisites
* Environment and other context
------------------------------
TESTER COMMENTS
------------------------------
Additional comments from tester:
none provided
------------------------------
PROGRAM OUTPUT
------------------------------
Output from '/usr/bin/make test':
PERL_DL_NONLAZY=1 "/usr/perl5.22.2t/bin/perl" "-MExtUtils::Command::MM" "-MTest::Harness" "-e" "undef *Test::Harness::Switches; test_harness(0, 'blib/lib', 'blib/arch')" t/*.t t/ExportInspector/*.t t/cpan-modules/*.t
#
# Versions for all modules listed in MYMETA.json (including optional ones):
#
# === Configure Requires ===
#
# Module Want Have
# ------------------- ---- ----
# ExtUtils::MakeMaker any 7.58
#
# === Build Requires ===
#
# Module Want Have
# ------------------- ---- ----
# ExtUtils::MakeMaker any 7.58
#
# === Test Requires ===
#
# Module Want Have
# ---------------------- ---- --------
# ExtUtils::MakeMaker any 7.58
# File::Spec any 3.62
# Log::Dispatch::Array any 1.003
# Sub::Exporter any 0.987
# Test::Differences any 0.64
# Test::More any 1.302183
# Test::Needs any 0.002005
# Test::RequiresInternet any 0.05
# Test::Script 1.27 1.29
# Test::Warnings any 0.026
# lib any 0.63
#
# === Test Recommends ===
#
# Module Want Have
# ---------- -------- --------
# CPAN::Meta 2.120900 2.150001
#
# === Runtime Requires ===
#
# Module Want Have
# ---------------------------- -------- --------
# Capture::Tiny any 0.46
# Class::Inspector 1.36 1.36
# Data::Dumper any 2.158
# File::Basename any 2.85
# Getopt::Long::Descriptive any 0.099
# List::Util any 1.59
# Log::Dispatch any 2.56
# Memoize any 1.03
# Module::Runtime any 0.014
# Moo any 2.003000
# Moo::Role any 2.003000
# MooX::StrictConstructor any 0.008
# PPIx::Utils::Classification any 0.003
# Path::Tiny any 0.104
# Perl::Tidy 20210402 20210717
# Pod::Usage any 1.69
# Ref::Util any 0.113
# Sereal::Decoder any 3.015
# Sereal::Encoder any 3.015
# Sub::HandlesVia any 0.016
# Symbol::Get 0.10 0.10
# Text::SimpleTable::AutoWidth any 0.09
# Try::Tiny any 0.28
# Types::Standard any 1.012004
# strict any 1.09
# utf8 any 1.17
# warnings any 1.34
#
t/00-report-prereqs.t ............ ok
t/after.t ........................ ok
t/annotations.t .................. ok
t/args-in-import.t ............... ok
t/carp.t ......................... ok
t/cast-in-regex.t ................ ok
t/cast.t ......................... ok
# No tests run!
# Failed test 'No tests run for subtest "--log-filename"'
# at t/cli.t line 59.
The 'filename' parameter ("/var/tmp/cpansmoker-1023/2021092401/MKYlfIqGl4") to Log::Dispatch::File::_basic_init was an 'arrayref object', which is not one of the allowed types: scalar
at /usr/perl5.22.2t/lib/site_perl/5.22.2/amd64-freebsd-thread-multi/Params/Validate/XS.pm line 11.
Params::Validate::XS::__ANON__("The 'filename' parameter (\"/var/tmp/cpansmoker-1023/202109240"...) called at /usr/perl5.22.2t/lib/site_perl/5.22.2/Log/Dispatch/File.pm line 41
Log::Dispatch::File::_basic_init(undef, "min_level", "info", "mode", ">>", "filename", Path::Tiny=ARRAY(0x806d2c780), "binmode", ":encoding(UTF-8)", ...) called at /usr/perl5.22.2t/lib/site_perl/5.22.2/Log/Dispatch/File.pm line 30
Log::Dispatch::File::new("Log::Dispatch::File", "binmode", ":encoding(UTF-8)", "filename", Path::Tiny=ARRAY(0x806d2c780), "min_level", "info", "mode", ">>", ...) called at /usr/perl5.22.2t/lib/site_perl/5.22.2/Log/Dispatch.pm line 102
Log::Dispatch::_add_output(Log::Dispatch=HASH(0x806e86300), "File", "binmode", ":encoding(UTF-8)", "filename", Path::Tiny=ARRAY(0x806d2c780), "min_level", "info", "mode", ...) called at /usr/perl5.22.2t/lib/site_perl/5.22.2/Log/Dispatch.pm line 72
Log::Dispatch::new(undef, "outputs", ARRAY(0x806e75f18)) called at /home/cpansand/.cpan/build/2021092401/App-perlimports-0.000020-tYVihX/blib/lib/App/perlimports/CLI.pm line 233
App::perlimports::CLI::run(App::perlimports::CLI=HASH(0x806e75c48)) called at t/cli.t line 54
main::__ANON__() called at /usr/perl5.22.2t/lib/site_perl/5.22.2/Capture/Tiny.pm line 382
eval {...} called at /usr/perl5.22.2t/lib/site_perl/5.22.2/Capture/Tiny.pm line 382
Capture::Tiny::_capture_tee(1, 1, 0, 0, CODE(0x806d3d7b0)) called at t/cli.t line 55
main::__ANON__() called at /usr/perl5.22.2t/lib/site_perl/5.22.2/Test/Builder.pm line 374
eval {...} called at /usr/perl5.22.2t/lib/site_perl/5.22.2/Test/Builder.pm line 374
Test::Builder::subtest(Test::Builder=HASH(0x806647540), "--log-filename", CODE(0x806ad52d0)) called at /usr/perl5.22.2t/lib/site_perl/5.22.2/Test/More.pm line 809
Test::More::subtest("--log-filename", CODE(0x806ad52d0)) called at t/cli.t line 59
# Tests were run but no plan was declared and done_testing() was not seen.
# Looks like your test exited with 255 just after 2.
t/cli.t ..........................
Dubious, test returned 255 (wstat 65280, 0xff00)
Failed 1/2 subtests
t/cpan-modules/pithub.t .......... ok
t/cpan-modules/test2-v0.t ........ ok
t/datetime.t ..................... ok
t/do-block.t ..................... ok
t/Document.t ..................... ok
t/dump-perl-exports.t ............ ok
t/dupes.t ........................ ok
t/english.t ...................... ok
t/explodes.t ..................... ok
t/export-tags.t .................. skipped: Need HTTP::Status 6.28 (have 6.11)
t/exported-variables.t ........... ok
t/ExportInspector/load.t ......... ok
t/ExportInspector/SubExporter.t .. skipped: Need MetaCPAN::Moose
t/find-bin.t ..................... ok
t/fully-qualified.t .............. ok
t/func-in-use.t .................. ok
t/func-in-var.t .................. ok
t/geo-ip.t ....................... skipped: Need Geo::IP
t/hash-in-regex.t ................ ok
t/hash-key.t ..................... ok
t/heredoc.t ...................... ok
t/ignored-modules.t .............. skipped: Need Geo::IP
t/import-error.t ................. ok
t/interpolation.t ................ ok
t/is-ignored.t ................... ok
t/lookalike-words.t .............. ok
t/meta.t ......................... ok
t/method.t ....................... ok
t/module-with-inner-packages.t ... ok
t/moo.t .......................... ok
t/moose-types.t .................. ok
t/moose.t ........................ ok
t/moosex-types-moose.t ........... ok
t/nested-quotes.t ................ ok
t/never-exports.t ................ ok
t/padding.t ...................... ok
t/perl-imports.t ................. ok
t/perl.t ......................... ok
t/pragma.t ....................... ok
t/preserve-spaces.t .............. ok
t/qualified-bareword.t ........... ok
t/quoted-var.t ................... ok
t/re-export-via-sub-exporter.t ... ok
t/regex-replacement.t ............ skipped: Need IP::Random 1.200230
t/require.t ...................... ok
t/script-with-inner-packages.t ... ok
t/skip-all.t ..................... ok
t/socket.t ....................... ok
t/switches-in-import.t ........... ok
t/symbol-as-method-call.t ........ skipped: Need HTML::TableExtract
t/symbol-in-export.t ............. ok
t/test-most.t .................... ok
t/typeglob.t ..................... ok
t/use-and-require.t .............. ok
t/var-in-regex.t ................. ok
t/variable.t ..................... ok
t/with-version.t ................. ok
Test Summary Report
-------------------
t/cli.t (Wstat: 65280 Tests: 2 Failed: 1)
Failed test: 2
Non-zero exit status: 255
Parse errors: No plan found in TAP output
Files=65, Tests=122, 33 wallclock secs ( 0.01 usr 0.34 sys + 5.46 cusr 16.62 csys = 22.42 CPU)
Result: FAIL
Failed 1/65 test programs. 1/122 subtests failed.
*** Error code 255
Stop.
make: stopped in /home/cpansand/.cpan/build/2021092401/App-perlimports-0.000020-tYVihX
------------------------------
PREREQUISITES
------------------------------
Prerequisite modules loaded:
requires:
Module Need Have
---------------------------- -------- --------
Capture::Tiny 0 0.46
Class::Inspector 1.36 1.36
Data::Dumper 0 2.158
File::Basename 0 2.85
Getopt::Long::Descriptive 0 0.099
List::Util 0 1.59
Log::Dispatch 0 2.56
Memoize 0 1.03
Module::Runtime 0 0.014
Moo 0 2.003000
Moo::Role 0 2.003000
MooX::StrictConstructor 0 0.008
Path::Tiny 0 0.104
perl 5.008 5.022002
Perl::Tidy 20210402 20210717
Pod::Usage 0 1.69
PPIx::Utils::Classification 0 0.003
Ref::Util 0 0.113
Sereal::Decoder 0 3.015
Sereal::Encoder 0 3.015
strict 0 1.09
Sub::HandlesVia 0 0.016
Symbol::Get 0.10 0.10
Text::SimpleTable::AutoWidth 0 0.09
Try::Tiny 0 0.28
Types::Standard 0 1.012004
utf8 0 1.17
warnings 0 1.34
build_requires:
Module Need Have
---------------------------- -------- --------
ExtUtils::MakeMaker 0 7.58
File::Spec 0 3.62
lib 0 0.63
Log::Dispatch::Array 0 1.003
Sub::Exporter 0 0.987
Test::Differences 0 0.64
Test::More 0 1.302183
Test::Needs 0 0.002005
Test::RequiresInternet 0 0.05
Test::Script 1.27 1.29
Test::Warnings 0 0.026
configure_requires:
Module Need Have
---------------------------- -------- --------
ExtUtils::MakeMaker 0 7.58
perl 5.008 5.022002
------------------------------
ENVIRONMENT AND OTHER CONTEXT
------------------------------
Environment variables:
LC_ALL = de_DE.ISO8859-1
PATH = /usr/local/bin:/usr/bin:/bin:/usr/local/sbin:/usr/sbin:/sbin:/home/cpansand/bin/freebsd10.3:/home/cpansand/bin/sh:/home/cpansand/bin:/usr/games:/home/cpansand/devel:/home/eserte/src/srezic-misc/scripts
PERL5LIB = /home/cpansand/.cpan/build/2021092401/Sub-HandlesVia-0.016-IcPmbN/blib/arch:/home/cpansand/.cpan/build/2021092401/Sub-HandlesVia-0.016-IcPmbN/blib/lib:/home/cpansand/.cpan/build/2021092401/Scalar-List-Utils-1.59-uZWUYV/blib/arch:/home/cpansand/.cpan/build/2021092401/Scalar-List-Utils-1.59-uZWUYV/blib/lib:/home/cpansand/.cpan/build/2021092401/Type-Tiny-1.012004-kvdmek/blib/arch:/home/cpansand/.cpan/build/2021092401/Type-Tiny-1.012004-kvdmek/blib/lib:/home/cpansand/.cpan/build/2021092401/Exporter-Tiny-1.002002-YIOOr6/blib/arch:/home/cpansand/.cpan/build/2021092401/Exporter-Tiny-1.002002-YIOOr6/blib/lib:/home/cpansand/.cpan/build/2021092401/Class-Inspector-1.36-DjO6vL/blib/arch:/home/cpansand/.cpan/build/2021092401/Class-Inspector-1.36-DjO6vL/blib/lib:/home/cpansand/.cpan/build/2021092401/Perl-Tidy-20210717-Cf96BW/blib/arch:/home/cpansand/.cpan/build/2021092401/Perl-Tidy-20210717-Cf96BW/blib/lib:/home/cpansand/.cpan/build/2021092401/Test-Script-1.29-U7RAv6/blib/arch:/home/cpansand/.cpan/build/2021092401/Test-Script-1.29-U7RAv6/blib/lib:/home/cpansand/.cpan/build/2021092401/Symbol-Get-0.10-wSyQeu/blib/arch:/home/cpansand/.cpan/build/2021092401/Symbol-Get-0.10-wSyQeu/blib/lib:/home/cpansand/.cpan/build/2021092401/Call-Context-0.03-Lc_VRT/blib/arch:/home/cpansand/.cpan/build/2021092401/Call-Context-0.03-Lc_VRT/blib/lib:/home/cpansand/.cpan/build/2021092401/PPIx-Utils-0.003-PUyEYw/blib/arch:/home/cpansand/.cpan/build/2021092401/PPIx-Utils-0.003-PUyEYw/blib/lib:/home/cpansand/.cpan/build/2021092401/PPI-1.270-Duf8Si/blib/arch:/home/cpansand/.cpan/build/2021092401/PPI-1.270-Duf8Si/blib/lib
PERL5OPT =
PERL5_CPANPLUS_IS_RUNNING = 29649
PERL5_CPAN_IS_RUNNING = 29649
PERL5_CPAN_IS_RUNNING_IN_RECURSION = 29594,29649
PERLDOC = -MPod::Perldoc::ToTextOverstrike
PERL_BATCH = yes
PERL_CANARY_STABILITY_NOPROMPT = 1
PERL_CPAN_REPORTER_CONFIG = /var/tmp/cpansmoker-1023/2021092401/cpanreporter_000_config.ini
PERL_EXTUTILS_AUTOINSTALL = --defaultdeps
SHELL = /usr/local/bin/zsh
TERM = screen
TMPDIR = /var/tmp/cpansmoker-1023/2021092401
Perl special variables (and OS-specific diagnostics, for MSWin32):
$^X = /usr/perl5.22.2t/bin/perl
$UID/$EUID = 1023 / 1023
$GID = 1023 1023
$EGID = 1023 1023
Perl module toolchain versions installed:
Module Have
------------------- --------
CPAN 2.11
CPAN::Meta 2.150001
Cwd 3.62
ExtUtils::CBuilder 0.280221
ExtUtils::Command 7.58
ExtUtils::Install 2.06
ExtUtils::MakeMaker 7.58
ExtUtils::Manifest 1.70
ExtUtils::ParseXS 3.35
File::Spec 3.62
JSON 2.90
JSON::PP 2.27300
Module::Build 0.4218
Module::Signature 0.80
Parse::CPAN::Meta 1.4422
Test::Harness 3.35
Test::More 1.302183
YAML 1.15
YAML::Syck 1.29
version 0.9917
--
Summary of my perl5 (revision 5 version 22 subversion 2) configuration:
Platform:
osname=freebsd, osvers=10.1-release, archname=amd64-freebsd-thread-multi
uname='freebsd cvrsnica-freebsd-101.herceg.de 10.1-release freebsd 10.1-release #0 r274401: tue nov 11 21:02:49 utc 2014 root@releng1.nyi.freebsd.org:usrobjusrsrcsysgeneric amd64 '
config_args='-ds -e -Dprefix=/usr/perl5.22.2t -Dusethreads -Dcf_email=srezic@cpan.org -Doptimize=-O2 -pipe'
hint=recommended, useposix=true, d_sigaction=define
useithreads=define, usemultiplicity=define
use64bitint=define, use64bitall=define, uselongdouble=undef
usemymalloc=n, bincompat5005=undef
Compiler:
cc='cc', ccflags ='-DHAS_FPSETMASK -DHAS_FLOATINGPOINT_H -fno-strict-aliasing -pipe -fstack-protector -I/usr/local/include -D_FORTIFY_SOURCE=2',
optimize='-O2 -pipe',
cppflags='-DHAS_FPSETMASK -DHAS_FLOATINGPOINT_H -fno-strict-aliasing -pipe -fstack-protector -I/usr/local/include'
ccversion='', gccversion='4.2.1 Compatible FreeBSD Clang 3.4.1 (tags/RELEASE_34/dot1-final 208032)', gccosandvers=''
intsize=4, longsize=8, ptrsize=8, doublesize=8, byteorder=12345678, doublekind=3
d_longlong=define, longlongsize=8, d_longdbl=define, longdblsize=16, longdblkind=3
ivtype='long', ivsize=8, nvtype='double', nvsize=8, Off_t='off_t', lseeksize=8
alignbytes=8, prototype=define
Linker and Libraries:
ld='cc', ldflags ='-pthread -Wl,-E -fstack-protector -L/usr/local/lib'
libpth=/usr/lib /usr/local/lib /usr/include/clang/3.4.1 /usr/lib
libs=-lpthread -lgdbm -lm -lcrypt -lutil
perllibs=-lpthread -lm -lcrypt -lutil
libc=, so=so, useshrplib=false, libperl=libperl.a
gnulibc_version=''
Dynamic Linking:
dlsrc=dl_dlopen.xs, dlext=so, d_dlsymun=undef, ccdlflags=' '
cccdlflags='-DPIC -fPIC', lddlflags='-shared -L/usr/local/lib -fstack-protector'
Characteristics of this binary (from libperl):
Compile-time options: HAS_TIMES MULTIPLICITY PERLIO_LAYERS
PERL_DONT_CREATE_GVSV
PERL_HASH_FUNC_ONE_AT_A_TIME_HARD
PERL_IMPLICIT_CONTEXT PERL_MALLOC_WRAP
PERL_NEW_COPY_ON_WRITE PERL_PRESERVE_IVUV
USE_64_BIT_ALL USE_64_BIT_INT USE_ITHREADS
USE_LARGE_FILES USE_LOCALE USE_LOCALE_COLLATE
USE_LOCALE_CTYPE USE_LOCALE_NUMERIC USE_LOCALE_TIME
USE_PERLIO USE_PERL_ATOF USE_REENTRANT_API
Built under freebsd
Compiled at Jun 18 2016 12:32:50
%ENV:
PERL5LIB="/home/cpansand/.cpan/build/2021092401/Sub-HandlesVia-0.016-IcPmbN/blib/arch:/home/cpansand/.cpan/build/2021092401/Sub-HandlesVia-0.016-IcPmbN/blib/lib:/home/cpansand/.cpan/build/2021092401/Scalar-List-Utils-1.59-uZWUYV/blib/arch:/home/cpansand/.cpan/build/2021092401/Scalar-List-Utils-1.59-uZWUYV/blib/lib:/home/cpansand/.cpan/build/2021092401/Type-Tiny-1.012004-kvdmek/blib/arch:/home/cpansand/.cpan/build/2021092401/Type-Tiny-1.012004-kvdmek/blib/lib:/home/cpansand/.cpan/build/2021092401/Exporter-Tiny-1.002002-YIOOr6/blib/arch:/home/cpansand/.cpan/build/2021092401/Exporter-Tiny-1.002002-YIOOr6/blib/lib:/home/cpansand/.cpan/build/2021092401/Class-Inspector-1.36-DjO6vL/blib/arch:/home/cpansand/.cpan/build/2021092401/Class-Inspector-1.36-DjO6vL/blib/lib:/home/cpansand/.cpan/build/2021092401/Perl-Tidy-20210717-Cf96BW/blib/arch:/home/cpansand/.cpan/build/2021092401/Perl-Tidy-20210717-Cf96BW/blib/lib:/home/cpansand/.cpan/build/2021092401/Test-Script-1.29-U7RAv6/blib/arch:/home/cpansand/.cpan/build/2021092401/Test-Script-1.29-U7RAv6/blib/lib:/home/cpansand/.cpan/build/2021092401/Symbol-Get-0.10-wSyQeu/blib/arch:/home/cpansand/.cpan/build/2021092401/Symbol-Get-0.10-wSyQeu/blib/lib:/home/cpansand/.cpan/build/2021092401/Call-Context-0.03-Lc_VRT/blib/arch:/home/cpansand/.cpan/build/2021092401/Call-Context-0.03-Lc_VRT/blib/lib:/home/cpansand/.cpan/build/2021092401/PPIx-Utils-0.003-PUyEYw/blib/arch:/home/cpansand/.cpan/build/2021092401/PPIx-Utils-0.003-PUyEYw/blib/lib:/home/cpansand/.cpan/build/2021092401/PPI-1.270-Duf8Si/blib/arch:/home/cpansand/.cpan/build/2021092401/PPI-1.270-Duf8Si/blib/lib"
PERL5OPT=""
PERL5_CPANPLUS_IS_RUNNING="29649"
PERL5_CPAN_IS_RUNNING="29649"
PERL5_CPAN_IS_RUNNING_IN_RECURSION="29594,29649"
PERLDOC="-MPod::Perldoc::ToTextOverstrike"
PERL_BATCH="yes"
PERL_CANARY_STABILITY_NOPROMPT="1"
PERL_CPAN_REPORTER_CONFIG="/var/tmp/cpansmoker-1023/2021092401/cpanreporter_000_config.ini"
PERL_EXTUTILS_AUTOINSTALL="--defaultdeps"
@INC:
/home/cpansand/.cpan/build/2021092401/Sub-HandlesVia-0.016-IcPmbN/blib/arch
/home/cpansand/.cpan/build/2021092401/Sub-HandlesVia-0.016-IcPmbN/blib/lib
/home/cpansand/.cpan/build/2021092401/Scalar-List-Utils-1.59-uZWUYV/blib/arch
/home/cpansand/.cpan/build/2021092401/Scalar-List-Utils-1.59-uZWUYV/blib/lib
/home/cpansand/.cpan/build/2021092401/Type-Tiny-1.012004-kvdmek/blib/arch
/home/cpansand/.cpan/build/2021092401/Type-Tiny-1.012004-kvdmek/blib/lib
/home/cpansand/.cpan/build/2021092401/Exporter-Tiny-1.002002-YIOOr6/blib/arch
/home/cpansand/.cpan/build/2021092401/Exporter-Tiny-1.002002-YIOOr6/blib/lib
/home/cpansand/.cpan/build/2021092401/Class-Inspector-1.36-DjO6vL/blib/arch
/home/cpansand/.cpan/build/2021092401/Class-Inspector-1.36-DjO6vL/blib/lib
/home/cpansand/.cpan/build/2021092401/Perl-Tidy-20210717-Cf96BW/blib/arch
/home/cpansand/.cpan/build/2021092401/Perl-Tidy-20210717-Cf96BW/blib/lib
/home/cpansand/.cpan/build/2021092401/Test-Script-1.29-U7RAv6/blib/arch
/home/cpansand/.cpan/build/2021092401/Test-Script-1.29-U7RAv6/blib/lib
/home/cpansand/.cpan/build/2021092401/Symbol-Get-0.10-wSyQeu/blib/arch
/home/cpansand/.cpan/build/2021092401/Symbol-Get-0.10-wSyQeu/blib/lib
/home/cpansand/.cpan/build/2021092401/Call-Context-0.03-Lc_VRT/blib/arch
/home/cpansand/.cpan/build/2021092401/Call-Context-0.03-Lc_VRT/blib/lib
/home/cpansand/.cpan/build/2021092401/PPIx-Utils-0.003-PUyEYw/blib/arch
/home/cpansand/.cpan/build/2021092401/PPIx-Utils-0.003-PUyEYw/blib/lib
/home/cpansand/.cpan/build/2021092401/PPI-1.270-Duf8Si/blib/arch
/home/cpansand/.cpan/build/2021092401/PPI-1.270-Duf8Si/blib/lib
/usr/perl5.22.2t/lib/site_perl/5.22.2/amd64-freebsd-thread-multi
/usr/perl5.22.2t/lib/site_perl/5.22.2
/usr/perl5.22.2t/lib/5.22.2/amd64-freebsd-thread-multi
/usr/perl5.22.2t/lib/5.22.2
.