Geo-LibProj-FFI v0.01 Perl 5 v5.18.1 x86_64-linux-ld
- Status
- Fail
- From
- Chris Williams (BINGOS)
- Dist
-
Geo-LibProj-FFI v0.01
- Platform
- Perl 5 v5.18.1 x86_64-linux-ld
- Date
- 2021-03-05 21:17:43
- ID
- 3989cf82-7df8-11eb-84bc-edd243e66a77
This distribution has been tested as part of the CPAN Testers
project, supporting the Perl programming language. See
http://wiki.cpantesters.org/ for more information or email
questions to cpan-testers-discuss@perl.org
--
Dear AJNN,
This is a computer-generated error report created automatically by
CPANPLUS, version 0.9910. Testers personal comments may appear
at the end of this report.
Thank you for uploading your work to CPAN. However, it appears that
there were some problems testing your distribution.
TEST RESULTS:
Below is the error stack from stage 'make test':
PERL_DL_NONLAZY=1 "/home/cpan/pit/bare-ld/perl-5.18.1/bin/perl" "-MExtUtils::Command::MM" "-MTest::Harness" "-e" "undef *Test::Harness::Switches; test_harness(0, 'blib/lib', 'blib/arch')" t/*.t
t/constants.t ... ok
t/context.t ..... ok
# testing expected failure ...
t/error.t ....... ok
# PROJ 8.0.0
t/info.t ........ ok
# Failed test 'v array'
# at t/misc.t line 31.
# Structures begin differing at:
# $got->[0] = '12.3000000000000007'
# $expected->[0] = '12.3'
# Failed test 'x'
# at t/misc.t line 37.
# got: '12.3000000000000007'
# expected: '12.3'
# Failed test 'z'
# at t/misc.t line 39.
# got: '56.7000000000000028'
# expected: '56.7'
# Failed test 't'
# at t/misc.t line 40.
# got: '-78.9000000000000057'
# expected: '-78.9'
# Looks like you failed 3 tests of 4.
# Failed test 'PJ_XYZT'
# at t/misc.t line 41.
# Failed test 'u'
# at t/misc.t line 46.
# got: '12.3000000000000007'
# expected: '12.3'
# Failed test 'w'
# at t/misc.t line 48.
# got: '56.7000000000000028'
# expected: '56.7'
# Failed test 't'
# at t/misc.t line 49.
# got: '-78.9000000000000057'
# expected: '-78.9'
# Looks like you failed 3 tests of 4.
# Failed test 'PJ_UVWT'
# at t/misc.t line 50.
# Failed test 'lam'
# at t/misc.t line 55.
# got: '12.3000000000000007'
# expected: '12.3'
# Failed test 'z'
# at t/misc.t line 57.
# got: '56.7000000000000028'
# expected: '56.7'
# Failed test 't'
# at t/misc.t line 58.
# got: '-78.9000000000000057'
# expected: '-78.9'
# Looks like you failed 3 tests of 4.
# Failed test 'PJ_LPZT'
# at t/misc.t line 59.
# Failed test 's'
# at t/misc.t line 64.
# got: '12.3000000000000007'
# expected: '12.3'
# Failed test 'a2'
# at t/misc.t line 66.
# got: '56.7000000000000028'
# expected: '56.7'
# Looks like you failed 2 tests of 3.
# Failed test 'PJ_GEOD'
# at t/misc.t line 67.
# Failed test 'o'
# at t/misc.t line 72.
# got: '12.3000000000000007'
# expected: '12.3'
# Failed test 'k'
# at t/misc.t line 74.
# got: '56.7000000000000028'
# expected: '56.7'
# Looks like you failed 2 tests of 3.
# Failed test 'PJ_OPK'
# at t/misc.t line 75.
# Failed test 'e'
# at t/misc.t line 80.
# got: '12.3000000000000007'
# expected: '12.3'
# Failed test 'u'
# at t/misc.t line 82.
# got: '56.7000000000000028'
# expected: '56.7'
# Looks like you failed 2 tests of 3.
# Failed test 'PJ_ENU'
# at t/misc.t line 83.
# Failed test 'x'
# at t/misc.t line 88.
# got: '12.3000000000000007'
# expected: '12.3'
# Failed test 'z'
# at t/misc.t line 90.
# got: '56.7000000000000028'
# expected: '56.7'
# Looks like you failed 2 tests of 3.
# Failed test 'PJ_XYZ'
# at t/misc.t line 91.
# Failed test 'u'
# at t/misc.t line 96.
# got: '12.3000000000000007'
# expected: '12.3'
# Failed test 'w'
# at t/misc.t line 98.
# got: '56.7000000000000028'
# expected: '56.7'
# Looks like you failed 2 tests of 3.
# Failed test 'PJ_UVW'
# at t/misc.t line 99.
# Failed test 'lam'
# at t/misc.t line 104.
# got: '12.3000000000000007'
# expected: '12.3'
# Failed test 'z'
# at t/misc.t line 106.
# got: '56.7000000000000028'
# expected: '56.7'
# Looks like you failed 2 tests of 3.
# Failed test 'PJ_LPZ'
# at t/misc.t line 107.
# Failed test 'x'
# at t/misc.t line 112.
# got: '12.3000000000000007'
# expected: '12.3'
# Looks like you failed 1 test of 2.
# Failed test 'PJ_XY'
# at t/misc.t line 114.
# Failed test 'u'
# at t/misc.t line 119.
# got: '12.3000000000000007'
# expected: '12.3'
# Looks like you failed 1 test of 2.
# Failed test 'PJ_UV'
# at t/misc.t line 121.
# Failed test 'lam'
# at t/misc.t line 126.
# got: '12.3000000000000007'
# expected: '12.3'
# Looks like you failed 1 test of 2.
# Failed test 'PJ_LP'
# at t/misc.t line 128.
# Looks like you failed 13 tests of 28.
t/misc.t ........
Dubious, test returned 13 (wstat 3328, 0xd00)
Failed 13/28 subtests
t/private.t ..... ok
t/setup.t ....... ok
t/transform.t ... ok
t/zz-cleanup.t .. ok
Test Summary Report
-------------------
t/misc.t (Wstat: 3328 Tests: 28 Failed: 13)
Failed tests: 3, 5, 7, 9, 11, 13, 15, 17, 19, 21, 23
25, 27
Non-zero exit status: 13
Files=9, Tests=91, 2 wallclock secs ( 0.03 usr 0.02 sys + 1.07 cusr 0.18 csys = 1.30 CPU)
Result: FAIL
Failed 1/9 test programs. 13/91 subtests failed.
make: *** [Makefile:861: test_dynamic] Error 255
PREREQUISITES:
Here is a list of prerequisites you specified and versions we
managed to load:
Module Name Have Want
Alien::proj 1.15 0
Exporter::Easy 0.18 0
ExtUtils::MakeMaker 7.58 0
FFI::C 0.10 0
FFI::Platypus 1.34 1.00
Test::Exception 0.43 0
Test::More 1.302183 0
Test::Warnings 0.030 0
Perl module toolchain versions installed:
Module Name Have
CPANPLUS 0.9910
CPANPLUS::Dist::Build 0.90
Cwd 3.75
ExtUtils::CBuilder 0.280235
ExtUtils::Command 7.58
ExtUtils::Install 2.20
ExtUtils::MakeMaker 7.58
ExtUtils::Manifest 1.73
ExtUtils::ParseXS 3.35
File::Spec 3.75
Module::Build 0.4231
Pod::Parser 1.60
Pod::Simple 3.28
Test2 1.302183
Test::Harness 3.42
Test::More 1.302183
version 0.9928
******************************** NOTE ********************************
The comments above are created mechanically, possibly without manual
checking by the sender. As there are many people performing automatic
tests on each upload to CPAN, it is likely that you will receive
identical messages about the same problem.
If you believe that the message is mistaken, please reply to the first
one with correction and/or additional informations, and do not take
it personally. We appreciate your patience. :)
**********************************************************************
Additional comments:
This report was machine-generated by CPANPLUS::Dist::YACSmoke 1.08.
Powered by minismokebox version 0.68
CPANPLUS is prefering Build.PL
------------------------------
ENVIRONMENT AND OTHER CONTEXT
------------------------------
Environment variables:
AUTOMATED_TESTING = 1
LANG = en_GB.UTF-8
LANGUAGE = en_GB:en
NONINTERACTIVE_TESTING = 1
PATH = /usr/local/sbin:/usr/local/bin:/usr/sbin:/usr/bin:/sbin:/bin:/usr/games:/usr/local/games:/snap/bin
PERL5LIB = /home/cpan/pit/jail/pvNPI4smkM/lib/perl5:/home/cpan/pit/bare-ld/conf/perl-5.18.1/.cpanplus/5.18.1/build/WcFujt148U/Geo-LibProj-FFI-0.01/blib/lib:/home/cpan/pit/bare-ld/conf/perl-5.18.1/.cpanplus/5.18.1/build/WcFujt148U/Geo-LibProj-FFI-0.01/blib/arch
PERL5_CPANPLUS_IS_RUNNING = 1581466
PERL5_CPANPLUS_IS_VERSION = 0.9910
PERL5_MINISMOKEBOX = 0.68
PERL5_YACSMOKE_BASE = /home/cpan/pit/bare-ld/conf/perl-5.18.1
PERL_EXTUTILS_AUTOINSTALL = --defaultdeps
PERL_LOCAL_LIB_ROOT = /home/cpan/pit/jail/pvNPI4smkM
PERL_MB_OPT = --install_base "/home/cpan/pit/jail/pvNPI4smkM"
PERL_MM_OPT = INSTALL_BASE=/home/cpan/pit/jail/pvNPI4smkM
PERL_MM_USE_DEFAULT = 1
SHELL = /bin/bash
TERM = screen
Perl special variables (and OS-specific diagnostics, for MSWin32):
Perl: $^X = /home/cpan/pit/bare-ld/perl-5.18.1/bin/perl
UID: $< = 1001
EUID: $> = 1001
GID: $( = 1001 1001
EGID: $) = 1001 1001
-------------------------------
--
Summary of my perl5 (revision 5 version 18 subversion 1) configuration:
Platform:
osname=linux, osvers=5.4.0-26-generic, archname=x86_64-linux-ld
uname='linux uchder 5.4.0-26-generic #30-ubuntu smp mon apr 20 16:58:30 utc 2020 x86_64 x86_64 x86_64 gnulinux '
config_args='-des -Dprefix=/home/cpan/pit/bare-ld/perl-5.18.1 -Duselongdouble'
hint=recommended, useposix=true, d_sigaction=define
useithreads=undef, usemultiplicity=undef
useperlio=define, d_sfio=undef, uselargefiles=define, usesocks=undef
use64bitint=define, use64bitall=define, uselongdouble=define
usemymalloc=n, bincompat5005=undef
Compiler:
cc='cc', ccflags ='-fwrapv -fno-strict-aliasing -pipe -fstack-protector -I/usr/local/include -D_LARGEFILE_SOURCE -D_FILE_OFFSET_BITS=64',
optimize='-O2',
cppflags='-fwrapv -fno-strict-aliasing -pipe -fstack-protector -I/usr/local/include'
ccversion='', gccversion='9.3.0', gccosandvers=''
intsize=4, longsize=8, ptrsize=8, doublesize=8, byteorder=12345678
d_longlong=define, longlongsize=8, d_longdbl=define, longdblsize=16
ivtype='long', ivsize=8, nvtype='long double', nvsize=16, Off_t='off_t', lseeksize=8
alignbytes=16, prototype=define
Linker and Libraries:
ld='cc', ldflags =' -fstack-protector -L/usr/local/lib'
libpth=/usr/local/lib /lib/x86_64-linux-gnu /lib/../lib /usr/lib/x86_64-linux-gnu /usr/lib/../lib /lib /usr/lib
libs=-lnsl -lgdbm -ldl -lm -lcrypt -lutil -lc
perllibs=-lnsl -ldl -lm -lcrypt -lutil -lc
libc=libc-2.31.so, so=so, useshrplib=false, libperl=libperl.a
gnulibc_version='2.31'
Dynamic Linking:
dlsrc=dl_dlopen.xs, dlext=so, d_dlsymun=undef, ccdlflags='-Wl,-E'
cccdlflags='-fPIC', lddlflags='-shared -O2 -L/usr/local/lib -fstack-protector'
Characteristics of this binary (from libperl):
Compile-time options: HAS_TIMES PERLIO_LAYERS PERL_DONT_CREATE_GVSV
PERL_HASH_FUNC_ONE_AT_A_TIME_HARD PERL_MALLOC_WRAP
PERL_PRESERVE_IVUV PERL_SAWAMPERSAND USE_64_BIT_ALL
USE_64_BIT_INT USE_LARGE_FILES USE_LOCALE
USE_LOCALE_COLLATE USE_LOCALE_CTYPE
USE_LOCALE_NUMERIC USE_LONG_DOUBLE USE_PERLIO
USE_PERL_ATOF
Locally applied patches:
Devel::PatchPerl 1.90
Built under linux
Compiled at Apr 27 2020 13:28:45
%ENV:
PERL5LIB="/home/cpan/pit/jail/pvNPI4smkM/lib/perl5:/home/cpan/pit/bare-ld/conf/perl-5.18.1/.cpanplus/5.18.1/build/WcFujt148U/Geo-LibProj-FFI-0.01/blib/lib:/home/cpan/pit/bare-ld/conf/perl-5.18.1/.cpanplus/5.18.1/build/WcFujt148U/Geo-LibProj-FFI-0.01/blib/arch"
PERL5_CPANPLUS_IS_RUNNING="1581466"
PERL5_CPANPLUS_IS_VERSION="0.9910"
PERL5_MINISMOKEBOX="0.68"
PERL5_YACSMOKE_BASE="/home/cpan/pit/bare-ld/conf/perl-5.18.1"
PERL_EXTUTILS_AUTOINSTALL="--defaultdeps"
PERL_LOCAL_LIB_ROOT="/home/cpan/pit/jail/pvNPI4smkM"
PERL_MB_OPT="--install_base "/home/cpan/pit/jail/pvNPI4smkM""
PERL_MM_OPT="INSTALL_BASE=/home/cpan/pit/jail/pvNPI4smkM"
PERL_MM_USE_DEFAULT="1"
@INC:
/home/cpan/pit/jail/pvNPI4smkM/lib/perl5/5.18.1/x86_64-linux-ld
/home/cpan/pit/jail/pvNPI4smkM/lib/perl5/5.18.1
/home/cpan/pit/jail/pvNPI4smkM/lib/perl5/x86_64-linux-ld
/home/cpan/pit/jail/pvNPI4smkM/lib/perl5
/home/cpan/pit/bare-ld/conf/perl-5.18.1/.cpanplus/5.18.1/build/WcFujt148U/Geo-LibProj-FFI-0.01/blib/lib
/home/cpan/pit/bare-ld/conf/perl-5.18.1/.cpanplus/5.18.1/build/WcFujt148U/Geo-LibProj-FFI-0.01/blib/arch
/home/cpan/pit/bare-ld/perl-5.18.1/lib/site_perl/5.18.1/x86_64-linux-ld
/home/cpan/pit/bare-ld/perl-5.18.1/lib/site_perl/5.18.1
/home/cpan/pit/bare-ld/perl-5.18.1/lib/5.18.1/x86_64-linux-ld
/home/cpan/pit/bare-ld/perl-5.18.1/lib/5.18.1
.