Dancer2-Plugin-DBIx-Class v1.06 Perl 5 v5.18.2 MSWin32-x86-multi-thread-64int
- Status
- Fail
- From
- Alexandr Ciornii (CHORNY)
- Dist
-
Dancer2-Plugin-DBIx-Class v1.06
- Platform
- Perl 5 v5.18.2 MSWin32-x86-multi-thread-64int
- Date
- 2021-10-18 17:36:04
- ID
- 3920ffc3-6bfa-1014-a4d3-9cd633a9399c
This distribution has been tested as part of the CPAN Testers
project, supporting the Perl programming language. See
http://wiki.cpantesters.org/ for more information or email
questions to cpan-testers-discuss@perl.org
--
Dear D Ruth Holloway,
This is a computer-generated report for Dancer2-Plugin-DBIx-Class-1.06
on perl 5.18.2, created by CPAN-Reporter-1.2018.
Thank you for uploading your work to CPAN. However, there was a problem
testing your distribution.
If you think this report is invalid, please consult the CPAN Testers Wiki
for suggestions on how to avoid getting FAIL reports for missing library
or binary dependencies, unsupported operating systems, and so on:
http://wiki.cpantesters.org/wiki/CPANAuthorNotes
Sections of this report:
* Tester comments
* Program output
* Prerequisites
* Environment and other context
------------------------------
TESTER COMMENTS
------------------------------
Additional comments from tester:
this report is from an automated smoke testing program
and was not reviewed by a human for accuracy
------------------------------
PROGRAM OUTPUT
------------------------------
Output from 'C:\strawberry182\c\bin\dmake.exe test':
C:\strawberry182\perl\bin\perl.exe "-MExtUtils::Command::MM" "-MTest::Harness" "-e" "undef *Test::Harness::Switches; test_harness(0, 'blib\lib', 'blib\arch')" t/*.t
t/00-compile.t ................ ok
#
# Versions for all modules listed in MYMETA.json (including optional ones):
#
# === Configure Requires ===
#
# Module Want Have
# ------------------- ---- ----
# ExtUtils::MakeMaker any 6.84
#
# === Build Requires ===
#
# Module Want Have
# ------------------- ---- ----
# ExtUtils::MakeMaker any 6.84
#
# === Test Requires ===
#
# Module Want Have
# ----------------------------------- ---- --------
# DBIx::Class::Core any undef
# DBIx::Class::Schema any undef
# DBIx::Class::Schema::ResultSetNames any 1.03
# Dancer2 any 0.11
# ExtUtils::MakeMaker any 6.84
# File::Spec any 3.40
# HTTP::Request::Common any 6.04
# IO::Handle any 1.34
# IPC::Open3 any 1.13
# JSON::MaybeXS any 1.001000
# Plack::Test any undef
# Test2::V0 any 0.000141
# Test::More any 1.302188
#
# === Test Recommends ===
#
# Module Want Have
# ---------- -------- --------
# CPAN::Meta 2.120900 2.133380
#
# === Runtime Requires ===
#
# Module Want Have
# ------------------------ ---- ----------
# Carp any 1.32
# Class::C3::Componentised any 1.001000
# Dancer2::Plugin any 0.11
# Modern::Perl any 1.20140107
# Moo any 1.004002
# curry any 1.001000
#
t/00-report-prereqs.t ......... ok
Can't locate object method "to_app" via package "TestAppBothWith" at t/00_core_keywords.t line 13.
# No tests run!
# Looks like your test exited with 255 after test #0.
# Did not follow plan: expected 1, ran 0.
# Seeded srand with seed '20211018' from local date.
t/00_core_keywords.t ..........
Dubious, test returned 255 (wstat 65280, 0xff00)
Failed 1/1 subtests
Can't locate object method "to_app" via package "TestAppBothWith" at t/01_both_using_rsnames.t line 13.
# No tests run!
# Looks like your test exited with 255 after test #0.
# Did not follow plan: expected 1, ran 0.
# Seeded srand with seed '20211018' from local date.
t/01_both_using_rsnames.t .....
Dubious, test returned 255 (wstat 65280, 0xff00)
Failed 1/1 subtests
Can't locate object method "to_app" via package "TestAppFirstWith" at t/02_first_using_rsnames.t line 13.
# No tests run!
# Looks like your test exited with 255 after test #0.
# Did not follow plan: expected 1, ran 0.
# Seeded srand with seed '20211018' from local date.
t/02_first_using_rsnames.t ....
Dubious, test returned 255 (wstat 65280, 0xff00)
Failed 1/1 subtests
Can't locate object method "to_app" via package "TestAppSecondWith" at t/03_second_using_rsnames.t line 13.
# No tests run!
# Looks like your test exited with 255 after test #0.
# Did not follow plan: expected 1, ran 0.
# Seeded srand with seed '20211018' from local date.
t/03_second_using_rsnames.t ...
Dubious, test returned 255 (wstat 65280, 0xff00)
Failed 1/1 subtests
Can't locate object method "to_app" via package "TestAppNeitherWith" at t/04_neither_using_rsnames.t line 13.
# No tests run!
# Looks like your test exited with 255 after test #0.
# Did not follow plan: expected 1, ran 0.
# Seeded srand with seed '20211018' from local date.
t/04_neither_using_rsnames.t ..
Dubious, test returned 255 (wstat 65280, 0xff00)
Failed 1/1 subtests
t/author-critic.t ............. skipped: these tests are for testing by the author
t/author-distmeta.t ........... skipped: these tests are for testing by the author
t/author-no-tabs.t ............ skipped: these tests are for testing by the author
t/author-pod-syntax.t ......... skipped: these tests are for testing by the author
t/release-unused-vars.t ....... skipped: these tests are for release candidate testing
Test Summary Report
-------------------
t/00_core_keywords.t (Wstat: 65280 Tests: 0 Failed: 0)
Non-zero exit status: 255
Parse errors: Bad plan. You planned 1 tests but ran 0.
t/01_both_using_rsnames.t (Wstat: 65280 Tests: 0 Failed: 0)
Non-zero exit status: 255
Parse errors: Bad plan. You planned 1 tests but ran 0.
t/02_first_using_rsnames.t (Wstat: 65280 Tests: 0 Failed: 0)
Non-zero exit status: 255
Parse errors: Bad plan. You planned 1 tests but ran 0.
t/03_second_using_rsnames.t (Wstat: 65280 Tests: 0 Failed: 0)
Non-zero exit status: 255
Parse errors: Bad plan. You planned 1 tests but ran 0.
t/04_neither_using_rsnames.t (Wstat: 65280 Tests: 0 Failed: 0)
Non-zero exit status: 255
Parse errors: Bad plan. You planned 1 tests but ran 0.
Files=12, Tests=3, 10 wallclock secs ( 0.09 usr + 0.04 sys = 0.13 CPU)
Result: FAIL
Failed 5/12 test programs. 0/3 subtests failed.
dmake.exe: Error code 255, while making 'test_dynamic'
------------------------------
PREREQUISITES
------------------------------
Prerequisite modules loaded:
requires:
Module Need Have
----------------------------------- ----- ----------
Carp 0 1.32
Class::C3::Componentised 0 1.001000
curry 0 1.001000
Dancer2::Plugin 0 0.11
Modern::Perl 0 1.20140107
Moo 0 1.004002
perl 5.012 5.018002
build_requires:
Module Need Have
----------------------------------- ----- ----------
Dancer2 0 0.11
DBIx::Class::Core 0 0
DBIx::Class::Schema 0 0
DBIx::Class::Schema::ResultSetNames 0 1.03
ExtUtils::MakeMaker 0 6.84
File::Spec 0 3.40
HTTP::Request::Common 0 6.04
IO::Handle 0 1.34
IPC::Open3 0 1.13
JSON::MaybeXS 0 1.001000
Plack::Test 0 0
Test2::V0 0 0.000141
Test::More 0 1.302188
configure_requires:
Module Need Have
----------------------------------- ----- ----------
ExtUtils::MakeMaker 0 6.84
------------------------------
ENVIRONMENT AND OTHER CONTEXT
------------------------------
Environment variables:
AUTOMATED_TESTING = 1
COMSPEC = C:\WINDOWS\system32\cmd.exe
NUMBER_OF_PROCESSORS = 1
PATH = C:\WINDOWS\system32;C:\WINDOWS;C:\WINDOWS\System32\Wbem;C:\strawberry182\c\bin;C:\strawberry182\perl\site\bin;C:\strawberry182\perl\bin
PERL5LIB = C:\strawberry182\cpan\build\curry-1.001000-1/blib/arch;C:\strawberry182\cpan\build\curry-1.001000-1/blib/lib;C:\strawberry182\cpan\build\DBIx-Class-Schema-ResultSetNames-1.03-0/blib/arch;C:\strawberry182\cpan\build\DBIx-Class-Schema-ResultSetNames-1.03-0/blib/lib;C:\strawberry182\cpan\build\Test2-Suite-0.000141-0/blib/arch;C:\strawberry182\cpan\build\Test2-Suite-0.000141-0/blib/lib;C:\strawberry182\cpan\build\Term-Table-0.015-0/blib/arch;C:\strawberry182\cpan\build\Term-Table-0.015-0/blib/lib;C:\strawberry182\cpan\build\Sub-Info-0.002-0/blib/arch;C:\strawberry182\cpan\build\Sub-Info-0.002-0/blib/lib;C:\strawberry182\cpan\build\Test-Simple-1.302188-3/blib/arch;C:\strawberry182\cpan\build\Test-Simple-1.302188-3/blib/lib;C:\strawberry182\cpan\build\Importer-0.026-0/blib/arch;C:\strawberry182\cpan\build\Importer-0.026-0/blib/lib
PERL5OPT =
PERL5_CPANPLUS_IS_RUNNING = 1036
PERL5_CPAN_IS_RUNNING = 1036
PERL5_CPAN_IS_RUNNING_IN_RECURSION = 1884,1036
PERL_CR_SMOKER_CURRENT = Dancer2-Plugin-DBIx-Class-1.06
PERL_CR_SMOKER_RUNONCE = 1
PERL_EXTUTILS_AUTOINSTALL = --defaultdeps
PERL_HASH_SEED = 0x11111111
PERL_MM_USE_DEFAULT = 1
PROCESSOR_IDENTIFIER = x86 Family 18 Model 1 Stepping 0, AuthenticAMD
TEMP = C:\DOCUME~1\c\LOCALS~1\Temp
TERM = dumb
Perl special variables (and OS-specific diagnostics, for MSWin32):
$^X = C:\strawberry182\perl\bin\perl.exe
$UID/$EUID = 0 / 0
$GID = 0
$EGID = 0
Win32::GetOSName = WinXP/.Net
Win32::GetOSVersion = Service Pack 3, 5, 1, 2600, 2, 3, 0, 256, 1
Win32::FsType = NTFS
Win32::IsAdminUser = 1
Perl module toolchain versions installed:
Module Have
------------------- --------
CPAN 2.16
CPAN::Meta 2.133380
Cwd 3.40
ExtUtils::CBuilder 0.280212
ExtUtils::Command 1.18
ExtUtils::Install 1.59
ExtUtils::MakeMaker 6.84
ExtUtils::Manifest 1.63
ExtUtils::ParseXS 3.22
File::Spec 3.40
JSON 2.90
JSON::PP 2.27203
Module::Build 0.4203
Module::Signature n/a
Parse::CPAN::Meta 1.4414
Test::Harness 3.30
Test::More 1.302188
YAML 0.90
YAML::Syck 1.27
version 0.9904
--
Summary of my perl5 (revision 5 version 18 subversion 2) configuration:
Platform:
osname=MSWin32, osvers=6.2, archname=MSWin32-x86-multi-thread-64int
uname='Win32 strawberry-perl 5.18.2.1 #1 Tue Jan 7 16:30:36 2014 i386'
config_args='undef'
hint=recommended, useposix=true, d_sigaction=undef
useithreads=define, usemultiplicity=define
useperlio=define, d_sfio=undef, uselargefiles=define, usesocks=undef
use64bitint=define, use64bitall=undef, uselongdouble=undef
usemymalloc=n, bincompat5005=undef
Compiler:
cc='gcc', ccflags =' -s -O2 -DWIN32 -DPERL_TEXTMODE_SCRIPTS -DPERL_IMPLICIT_CONTEXT -DPERL_IMPLICIT_SYS -DUSE_PERLIO -fno-strict-aliasing -mms-bitfields',
optimize='-s -O2',
cppflags='-DWIN32'
ccversion='', gccversion='4.7.3', gccosandvers=''
intsize=4, longsize=4, ptrsize=4, doublesize=8, byteorder=12345678
d_longlong=define, longlongsize=8, d_longdbl=define, longdblsize=12
ivtype='long long', ivsize=8, nvtype='double', nvsize=8, Off_t='long long', lseeksize=8
alignbytes=8, prototype=define
Linker and Libraries:
ld='g++', ldflags ='-s -L"C:\strawberry182\perl\lib\CORE" -L"C:\strawberry182\c\lib"'
libpth=C:\strawberry182\c\lib C:\strawberry182\c\i686-w64-mingw32\lib C:\strawberry182\c\lib\gcc\i686-w64-mingw32\4.7.3
libs=-lmoldname -lkernel32 -luser32 -lgdi32 -lwinspool -lcomdlg32 -ladvapi32 -lshell32 -lole32 -loleaut32 -lnetapi32 -luuid -lws2_32 -lmpr -lwinmm -lversion -lodbc32 -lodbccp32 -lcomctl32
perllibs=-lmoldname -lkernel32 -luser32 -lgdi32 -lwinspool -lcomdlg32 -ladvapi32 -lshell32 -lole32 -loleaut32 -lnetapi32 -luuid -lws2_32 -lmpr -lwinmm -lversion -lodbc32 -lodbccp32 -lcomctl32
libc=, so=dll, useshrplib=true, libperl=libperl518.a
gnulibc_version=''
Dynamic Linking:
dlsrc=dl_win32.xs, dlext=dll, d_dlsymun=undef, ccdlflags=' '
cccdlflags=' ', lddlflags='-mdll -s -L"C:\strawberry182\perl\lib\CORE" -L"C:\strawberry182\c\lib"'
Characteristics of this binary (from libperl):
Compile-time options: HAS_TIMES HAVE_INTERP_INTERN MULTIPLICITY
PERLIO_LAYERS PERL_DONT_CREATE_GVSV
PERL_HASH_FUNC_ONE_AT_A_TIME_HARD
PERL_IMPLICIT_CONTEXT PERL_IMPLICIT_SYS
PERL_MALLOC_WRAP PERL_PRESERVE_IVUV PERL_SAWAMPERSAND
USE_64_BIT_INT USE_ITHREADS USE_LARGE_FILES
USE_LOCALE USE_LOCALE_COLLATE USE_LOCALE_CTYPE
USE_LOCALE_NUMERIC USE_PERLIO USE_PERL_ATOF
Built under MSWin32
Compiled at Jan 7 2014 16:39:31
%ENV:
PERL5LIB="C:\strawberry182\cpan\build\curry-1.001000-1/blib/arch;C:\strawberry182\cpan\build\curry-1.001000-1/blib/lib;C:\strawberry182\cpan\build\DBIx-Class-Schema-ResultSetNames-1.03-0/blib/arch;C:\strawberry182\cpan\build\DBIx-Class-Schema-ResultSetNames-1.03-0/blib/lib;C:\strawberry182\cpan\build\Test2-Suite-0.000141-0/blib/arch;C:\strawberry182\cpan\build\Test2-Suite-0.000141-0/blib/lib;C:\strawberry182\cpan\build\Term-Table-0.015-0/blib/arch;C:\strawberry182\cpan\build\Term-Table-0.015-0/blib/lib;C:\strawberry182\cpan\build\Sub-Info-0.002-0/blib/arch;C:\strawberry182\cpan\build\Sub-Info-0.002-0/blib/lib;C:\strawberry182\cpan\build\Test-Simple-1.302188-3/blib/arch;C:\strawberry182\cpan\build\Test-Simple-1.302188-3/blib/lib;C:\strawberry182\cpan\build\Importer-0.026-0/blib/arch;C:\strawberry182\cpan\build\Importer-0.026-0/blib/lib"
PERL5_CPANPLUS_IS_RUNNING="1036"
PERL5_CPAN_IS_RUNNING="1036"
PERL5_CPAN_IS_RUNNING_IN_RECURSION="1884,1036"
PERL_CR_SMOKER_CURRENT="Dancer2-Plugin-DBIx-Class-1.06"
PERL_CR_SMOKER_RUNONCE="1"
PERL_EXTUTILS_AUTOINSTALL="--defaultdeps"
PERL_HASH_SEED="0x11111111"
PERL_MM_USE_DEFAULT="1"
@INC:
C:\strawberry182\cpan\build\curry-1.001000-1/blib/arch
C:\strawberry182\cpan\build\curry-1.001000-1/blib/lib
C:\strawberry182\cpan\build\DBIx-Class-Schema-ResultSetNames-1.03-0/blib/arch
C:\strawberry182\cpan\build\DBIx-Class-Schema-ResultSetNames-1.03-0/blib/lib
C:\strawberry182\cpan\build\Test2-Suite-0.000141-0/blib/arch
C:\strawberry182\cpan\build\Test2-Suite-0.000141-0/blib/lib
C:\strawberry182\cpan\build\Term-Table-0.015-0/blib/arch
C:\strawberry182\cpan\build\Term-Table-0.015-0/blib/lib
C:\strawberry182\cpan\build\Sub-Info-0.002-0/blib/arch
C:\strawberry182\cpan\build\Sub-Info-0.002-0/blib/lib
C:\strawberry182\cpan\build\Test-Simple-1.302188-3/blib/arch
C:\strawberry182\cpan\build\Test-Simple-1.302188-3/blib/lib
C:\strawberry182\cpan\build\Importer-0.026-0/blib/arch
C:\strawberry182\cpan\build\Importer-0.026-0/blib/lib
C:/strawberry182/perl/site/lib
C:/strawberry182/perl/vendor/lib
C:/strawberry182/perl/lib
.