CHI v0.61 Perl 5 v5.41.14 darwin-2level
- Status
- Fail
- From
- David Cantrell (DCANTRELL)
- Dist
-
CHI v0.61
- Platform
- Perl 5 v5.41.14 darwin-2level
- Date
- 2025-06-12 00:36:04
- ID
- 391a2e2a-4725-11f0-bbb6-98f78faad60c
This distribution has been tested as part of the CPAN Testers
project, supporting the Perl programming language. See
http://wiki.cpantesters.org/ for more information or email
questions to cpan-testers-discuss@perl.org
--
Dear Alexander Becker,
This is a computer-generated report for CHI-0.61
on perl 5.41.14, created by CPAN-Reporter-1.2020.
Thank you for uploading your work to CPAN. However, there was a problem
testing your distribution.
If you think this report is invalid, please consult the CPAN Testers Wiki
for suggestions on how to avoid getting FAIL reports for missing library
or binary dependencies, unsupported operating systems, and so on:
http://wiki.cpantesters.org/wiki/CPANAuthorNotes
Sections of this report:
* Tester comments
* Program output
* Prerequisites
* Environment and other context
------------------------------
TESTER COMMENTS
------------------------------
Additional comments from tester:
this report is from an automated smoke testing program
and was not reviewed by a human for accuracy
------------------------------
PROGRAM OUTPUT
------------------------------
Output from '/usr/bin/make test':
PERL_DL_NONLAZY=1 "/Users/cpantesting/cpantesting/perl-blead/bin/perl5.41.14" "-MExtUtils::Command::MM" "-MTest::Harness" "-e" "undef *Test::Harness::Switches; test_harness(0, 'blib/lib', 'blib/arch')" t/*.t
# Testing CHI 0.61, Perl 5.041014, /Users/cpantesting/cpantesting/perl-blead/bin/perl5.41.14
t/00-load.t ............................. ok
t/author-03-pod.t ....................... skipped: these tests are for testing by the author
t/author-file-driver.t .................. skipped: these tests are for testing by the author
t/author-no-data-serializer.t ........... skipped: these tests are for testing by the author
t/author-RequiredModules.t .............. skipped: these tests are for testing by the author
t/Bugs.t ................................ ok
t/Config.t .............................. ok
t/Constants.t ........................... ok
t/Driver-Memory.t ....................... ok
t/Driver-RawMemory.t .................... ok
t/GetError.t ............................ ok
t/Initialize.t .......................... ok
t/release-dependent.t ................... skipped: these tests are for release candidate testing
t/Sanity.t .............................. ok
t/SetError.t ............................ ok
t/smoke-Driver-CacheCache.t ............. ok
# Failed test 'raw_values = 1 by default'
# at /Users/cpantesting/cpantesting/perl-blead/.cpan/build/CHI-0.61-0/blib/lib/CHI/t/Driver/FastMmap.pm line 41.
# (in CHI::t::Driver::FastMmap->test_fm_cache)
# got: '0'
# expected: '1'
# Looks like you failed 1 test of 832.
t/smoke-Driver-FastMmap.t ...............
Dubious, test returned 1 (wstat 256, 0x100)
Failed 1/832 subtests
(less 1 skipped subtest: 830 okay)
t/smoke-Driver-File-DepthZero.t ......... ok
t/smoke-Driver-File.t ................... ok
t/smoke-Driver-NonMoose.t ............... ok
t/smoke-Driver-Subcache-l1_cache.t ...... ok
t/smoke-Driver-Subcache-mirror_cache.t .. ok
t/smoke-Null.t .......................... ok
t/Subcache.t ............................ ok
t/Subclass.t ............................ ok
t/Util.t ................................ ok
Test Summary Report
-------------------
t/smoke-Driver-FastMmap.t (Wstat: 256 (exited 1) Tests: 832 Failed: 1)
Failed test: 141
Non-zero exit status: 1
Files=26, Tests=6886, 36 wallclock secs ( 1.26 usr 0.20 sys + 17.80 cusr 8.83 csys = 28.09 CPU)
Result: FAIL
Failed 1/26 test programs. 1/6886 subtests failed.
make: *** [test_dynamic] Error 255
------------------------------
PREREQUISITES
------------------------------
Prerequisite modules loaded:
requires:
Module Need Have
------------------------------- -------- --------
Carp::Assert 0.20 0.22
Class::Load 0 0.25
Data::UUID 0 1.227
Digest::JHash 0 0.10
Digest::MD5 0 2.59
File::Spec 0.80 3.94
Hash::MoreUtils 0 0.06
JSON::MaybeXS 1.003003 1.004008
List::MoreUtils 0.13 0.430
Log::Any 0.08 1.718
Moo 1.003 2.005005
MooX::Types::MooseLike 0.23 0.29
MooX::Types::MooseLike::Base 0 0.29
MooX::Types::MooseLike::Numeric 0 1.03
Storable 0 3.37
String::RewritePrefix 0 0.009
Task::Weaken 0 1.06
Time::Duration 1.06 1.21
Time::Duration::Parse 0.03 0.16
Time::HiRes 1.30 1.9778
Try::Tiny 0.05 0.32
build_requires:
Module Need Have
------------------------------- -------- --------
Cache::FileCache 0 0
Date::Parse 0 2.33
ExtUtils::MakeMaker 0 7.76
Module::Mask 0 0.06
Test::Builder 0 1.302210
Test::Class 0 0.52
Test::Deep 0 1.205
Test::Exception 0 0.43
Test::More 0 1.302210
Test::Warn 0 0.37
configure_requires:
Module Need Have
------------------------------- -------- --------
ExtUtils::MakeMaker 0 7.76
------------------------------
ENVIRONMENT AND OTHER CONTEXT
------------------------------
Environment variables:
AUTOMATED_TESTING = 1
LANG = en_GB.UTF-8
LC_TERMINAL = iTerm2
LC_TERMINAL_VERSION = 3.5.14
NONINTERACTIVE_TESTING = 1
PATH = /Users/cpantesting/perl5/perlbrew/bin:/Users/cpantesting/perl5/perlbrew/perls/perl-5.32.0/bin:/usr/local/bin:/System/Cryptexes/App/usr/bin:/usr/bin:/bin:/usr/sbin:/sbin:/var/run/com.apple.security.cryptexd/codex.system/bootstrap/usr/local/bin:/var/run/com.apple.security.cryptexd/codex.system/bootstrap/usr/bin:/var/run/com.apple.security.cryptexd/codex.system/bootstrap/usr/appleinternal/bin:/opt/X11/bin:/Library/Apple/usr/bin:/Applications/VMware Fusion.app/Contents/Public:/usr/local/zfs/bin:/Users/cpantesting/.cargo/bin
PERL = blead
PERL5LIB =
PERL5OPT =
PERL5_CPANPLUS_IS_RUNNING = 83515
PERL5_CPAN_IS_RUNNING = 83515
PERLBREW_HOME = /Users/cpantesting/.perlbrew
PERLBREW_MANPATH = /Users/cpantesting/perl5/perlbrew/perls/perl-5.32.0/man
PERLBREW_PATH = /Users/cpantesting/perl5/perlbrew/bin:/Users/cpantesting/perl5/perlbrew/perls/perl-5.32.0/bin
PERLBREW_PERL = perl-5.32.0
PERLBREW_ROOT = /Users/cpantesting/perl5/perlbrew
PERLBREW_SHELLRC_VERSION = 0.94
PERLBREW_VERSION = 0.94
PERLVER = blead
PERL_INLINE_DIRECTORY = /Users/cpantesting/.Inline-blead
PERL_MM_USE_DEFAULT = 1
PERL_USE_UNSAFE_INC = 0
SHELL = /bin/bash
TERM = screen
TMPDIR = /var/folders/zy/47mkymr176b35xhyp425tk7h0000gq/T/
Perl special variables (and OS-specific diagnostics, for MSWin32):
$^X = /Users/cpantesting/cpantesting/perl-blead/bin/perl5.41.14
$UID/$EUID = 503 / 503
$GID = 20 20 12 61 399 703 702 701 100
$EGID = 20 20 12 61 399 703 702 701 100
Perl module toolchain versions installed:
Module Have
------------------- --------
CPAN 2.38
CPAN::Meta 2.150010
Cwd 3.94
ExtUtils::CBuilder 0.280241
ExtUtils::Command 7.76
ExtUtils::Install 2.22
ExtUtils::MakeMaker 7.76
ExtUtils::Manifest 1.75
ExtUtils::ParseXS 3.57
File::Spec 3.94
JSON 4.10
JSON::PP 4.16
Module::Build 0.4234
Module::Signature n/a
Parse::CPAN::Meta 2.150010
Test2 1.302210
Test::Harness 3.50
Test::More 1.302210
YAML 1.31
YAML::Syck n/a
version 0.9933
--
Summary of my perl5 (revision 5 version 41 subversion 14) configuration:
Commit id: 6fbe2c7e05ae0e078795b74815bcefd10be12c56
Platform:
osname=darwin
osvers=24.4.0
archname=darwin-2level
uname='darwin harrow.home 24.4.0 darwin kernel version 24.4.0: fri apr 11 18:28:23 pdt 2025; root:xnu-11417.101.15~117release_x86_64 x86_64 '
config_args='-de -Dprefix=/Users/cpantesting/cpantesting/perl-blead -Dusedevel'
hint=recommended
useposix=true
d_sigaction=define
useithreads=undef
usemultiplicity=undef
use64bitint=define
use64bitall=define
uselongdouble=undef
usemymalloc=n
default_inc_excludes_dot=define
Compiler:
cc='cc'
ccflags ='-fno-common -DPERL_DARWIN -DNO_THREAD_SAFE_QUERYLOCALE -DNO_POSIX_2008_LOCALE -DHAS_BROKEN_LANGINFO_CODESET -DNO_LOCALE_COLLATE -fno-strict-aliasing -pipe -fstack-protector-strong -I/usr/local/include'
optimize='-O3'
cppflags='-fno-common -DPERL_DARWIN -DNO_THREAD_SAFE_QUERYLOCALE -DNO_POSIX_2008_LOCALE -DHAS_BROKEN_LANGINFO_CODESET -DNO_LOCALE_COLLATE -fno-strict-aliasing -pipe -fstack-protector-strong -I/usr/local/include'
ccversion=''
gccversion='Apple LLVM 17.0.0 (clang-1700.0.13.5)'
gccosandvers=''
intsize=4
longsize=8
ptrsize=8
doublesize=8
byteorder=12345678
doublekind=3
d_longlong=define
longlongsize=8
d_longdbl=define
longdblsize=16
longdblkind=3
ivtype='long'
ivsize=8
nvtype='double'
nvsize=8
Off_t='off_t'
lseeksize=8
alignbytes=8
prototype=define
Linker and Libraries:
ld='cc'
ldflags =' -fstack-protector-strong -L/usr/local/lib'
libpth=/usr/local/lib /Applications/Xcode.app/Contents/Developer/Toolchains/XcodeDefault.xctoolchain/usr/lib/clang/17/lib /Library/Developer/CommandLineTools/SDKs/MacOSX15.4.sdk/usr/lib /Applications/Xcode.app/Contents/Developer/Toolchains/XcodeDefault.xctoolchain/usr/lib /usr/lib
libs=-lgdbm
perllibs=
libc=
so=dylib
useshrplib=false
libperl=libperl.a
gnulibc_version=''
Dynamic Linking:
dlsrc=dl_dlopen.xs
dlext=bundle
d_dlsymun=undef
ccdlflags=' '
cccdlflags=' '
lddlflags='-bundle -undefined dynamic_lookup -L/usr/local/lib -fstack-protector-strong'
Characteristics of this binary (from libperl):
Compile-time options:
HAS_LONG_DOUBLE
HAS_STRTOLD
HAS_TIMES
PERLIO_LAYERS
PERL_COPY_ON_WRITE
PERL_DONT_CREATE_GVSV
PERL_HASH_FUNC_SIPHASH13
PERL_HASH_USE_SBOX32
PERL_MALLOC_WRAP
PERL_OP_PARENT
PERL_PRESERVE_IVUV
PERL_USE_DEVEL
PERL_USE_SAFE_PUTENV
USE_64_BIT_ALL
USE_64_BIT_INT
USE_LARGE_FILES
USE_LOCALE
USE_LOCALE_CTYPE
USE_LOCALE_NUMERIC
USE_LOCALE_TIME
USE_PERLIO
USE_PERL_ATOF
Built under darwin
Compiled at Jun 6 2025 11:48:53
%ENV:
PERL="blead"
PERL5LIB=""
PERL5OPT=""
PERL5_CPANPLUS_IS_RUNNING="83515"
PERL5_CPAN_IS_RUNNING="83515"
PERLBREW_HOME="/Users/cpantesting/.perlbrew"
PERLBREW_MANPATH="/Users/cpantesting/perl5/perlbrew/perls/perl-5.32.0/man"
PERLBREW_PATH="/Users/cpantesting/perl5/perlbrew/bin:/Users/cpantesting/perl5/perlbrew/perls/perl-5.32.0/bin"
PERLBREW_PERL="perl-5.32.0"
PERLBREW_ROOT="/Users/cpantesting/perl5/perlbrew"
PERLBREW_SHELLRC_VERSION="0.94"
PERLBREW_VERSION="0.94"
PERLVER="blead"
PERL_INLINE_DIRECTORY="/Users/cpantesting/.Inline-blead"
PERL_MM_USE_DEFAULT="1"
PERL_USE_UNSAFE_INC="0"
@INC:
/Users/cpantesting/cpantesting/perl-blead/lib/site_perl/5.41.14/darwin-2level
/Users/cpantesting/cpantesting/perl-blead/lib/site_perl/5.41.14
/Users/cpantesting/cpantesting/perl-blead/lib/5.41.14/darwin-2level
/Users/cpantesting/cpantesting/perl-blead/lib/5.41.14