Netstack v0.019 Perl 5 v5.20.1 amd64-freebsd-ld

Status
Fail
From
Slaven Rezić
Dist
Netstack v0.019
Platform
Perl 5 v5.20.1 amd64-freebsd-ld
Date
2021-10-14 20:56:30
ID
34cb9cb2-2d31-11ec-9ef8-a87f1f24ea8f
This distribution has been tested as part of the CPAN Testers
project, supporting the Perl programming language.  See
http://wiki.cpantesters.org/ for more information or email
questions to cpan-testers-discuss@perl.org


--
Dear YAN WENWU,

This is a computer-generated report for Netstack-0.019
on perl 5.20.1, created by CPAN-Reporter-1.2018.

Thank you for uploading your work to CPAN.  However, there was a problem
testing your distribution.

If you think this report is invalid, please consult the CPAN Testers Wiki
for suggestions on how to avoid getting FAIL reports for missing library
or binary dependencies, unsupported operating systems, and so on:

http://wiki.cpantesters.org/wiki/CPANAuthorNotes

Sections of this report:

    * Tester comments
    * Program output
    * Prerequisites
    * Environment and other context

------------------------------
TESTER COMMENTS
------------------------------

Additional comments from tester:

none provided

------------------------------
PROGRAM OUTPUT
------------------------------

Output from '/usr/bin/make test':

PERL_DL_NONLAZY=1 "/usr/perl5.20.1Dp/bin/perl5.20.1" "-MExtUtils::Command::MM" "-MTest::Harness" "-e" "undef *Test::Harness::Switches; test_harness(0, 'blib/lib', 'blib/arch')" t/utils/*.t
Useless use of string eq in void context at t/utils/cache.t line 56, <DATA> line 2231.
t/utils/cache.t .. ok
t/utils/date.t ... ok
Array found where operator expected at /home/cpansand/.cpan/build/2021101405/Netstack-0.019-ZwxuyJ/blib/lib/Netstack/Utils/Set.pm line 41, at end of line
	(Missing operator before ?)
Array found where operator expected at /home/cpansand/.cpan/build/2021101405/Netstack-0.019-ZwxuyJ/blib/lib/Netstack/Utils/Set.pm line 42, at end of line
	(Missing operator before ?)
Array found where operator expected at /home/cpansand/.cpan/build/2021101405/Netstack-0.019-ZwxuyJ/blib/lib/Netstack/Utils/Set.pm line 69, at end of line
	(Missing operator before ?)
Array found where operator expected at /home/cpansand/.cpan/build/2021101405/Netstack-0.019-ZwxuyJ/blib/lib/Netstack/Utils/Set.pm line 70, at end of line
	(Missing operator before ?)
Array found where operator expected at /home/cpansand/.cpan/build/2021101405/Netstack-0.019-ZwxuyJ/blib/lib/Netstack/Utils/Set.pm line 94, at end of line
	(Missing operator before ?)
Array found where operator expected at /home/cpansand/.cpan/build/2021101405/Netstack-0.019-ZwxuyJ/blib/lib/Netstack/Utils/Set.pm line 95, at end of line
	(Missing operator before ?)
Array found where operator expected at /home/cpansand/.cpan/build/2021101405/Netstack-0.019-ZwxuyJ/blib/lib/Netstack/Utils/Set.pm line 166, at end of line
syntax error at /home/cpansand/.cpan/build/2021101405/Netstack-0.019-ZwxuyJ/blib/lib/Netstack/Utils/Set.pm line 41, near "->@*"
syntax error at /home/cpansand/.cpan/build/2021101405/Netstack-0.019-ZwxuyJ/blib/lib/Netstack/Utils/Set.pm line 69, near "->@*"
syntax error at /home/cpansand/.cpan/build/2021101405/Netstack-0.019-ZwxuyJ/blib/lib/Netstack/Utils/Set.pm line 70, near "->@*"
Global symbol "$lengthOfMin" requires explicit package name at /home/cpansand/.cpan/build/2021101405/Netstack-0.019-ZwxuyJ/blib/lib/Netstack/Utils/Set.pm line 73.
Global symbol "$lengthOfMax" requires explicit package name at /home/cpansand/.cpan/build/2021101405/Netstack-0.019-ZwxuyJ/blib/lib/Netstack/Utils/Set.pm line 73.
syntax error at /home/cpansand/.cpan/build/2021101405/Netstack-0.019-ZwxuyJ/blib/lib/Netstack/Utils/Set.pm line 94, near "->@*"
syntax error at /home/cpansand/.cpan/build/2021101405/Netstack-0.019-ZwxuyJ/blib/lib/Netstack/Utils/Set.pm line 95, near "->@*"
Global symbol "$lengthOfMin" requires explicit package name at /home/cpansand/.cpan/build/2021101405/Netstack-0.019-ZwxuyJ/blib/lib/Netstack/Utils/Set.pm line 98.
Global symbol "$lengthOfMax" requires explicit package name at /home/cpansand/.cpan/build/2021101405/Netstack-0.019-ZwxuyJ/blib/lib/Netstack/Utils/Set.pm line 98.
Global symbol "$lengthOfMin" requires explicit package name at /home/cpansand/.cpan/build/2021101405/Netstack-0.019-ZwxuyJ/blib/lib/Netstack/Utils/Set.pm line 99.
Global symbol "$lengthOfMax" requires explicit package name at /home/cpansand/.cpan/build/2021101405/Netstack-0.019-ZwxuyJ/blib/lib/Netstack/Utils/Set.pm line 99.
/home/cpansand/.cpan/build/2021101405/Netstack-0.019-ZwxuyJ/blib/lib/Netstack/Utils/Set.pm has too many errors.
Compilation failed in require at /home/cpansand/.cpan/build/2021101405/Netstack-0.019-ZwxuyJ/blib/lib/Netstack/Utils/Ip.pm line 9.
BEGIN failed--compilation aborted at /home/cpansand/.cpan/build/2021101405/Netstack-0.019-ZwxuyJ/blib/lib/Netstack/Utils/Ip.pm line 9.
Compilation failed in require at t/utils/ip.t line 6.
BEGIN failed--compilation aborted at t/utils/ip.t line 6.
# Looks like your test exited with 255 before it could output anything.
t/utils/ip.t ..... 
Dubious, test returned 255 (wstat 65280, 0xff00)
Failed 10/10 subtests 
Array found where operator expected at /home/cpansand/.cpan/build/2021101405/Netstack-0.019-ZwxuyJ/blib/lib/Netstack/Utils/Set.pm line 41, at end of line
	(Missing operator before ?)
Array found where operator expected at /home/cpansand/.cpan/build/2021101405/Netstack-0.019-ZwxuyJ/blib/lib/Netstack/Utils/Set.pm line 42, at end of line
	(Missing operator before ?)
Array found where operator expected at /home/cpansand/.cpan/build/2021101405/Netstack-0.019-ZwxuyJ/blib/lib/Netstack/Utils/Set.pm line 69, at end of line
	(Missing operator before ?)
Array found where operator expected at /home/cpansand/.cpan/build/2021101405/Netstack-0.019-ZwxuyJ/blib/lib/Netstack/Utils/Set.pm line 70, at end of line
	(Missing operator before ?)
Array found where operator expected at /home/cpansand/.cpan/build/2021101405/Netstack-0.019-ZwxuyJ/blib/lib/Netstack/Utils/Set.pm line 94, at end of line
	(Missing operator before ?)
Array found where operator expected at /home/cpansand/.cpan/build/2021101405/Netstack-0.019-ZwxuyJ/blib/lib/Netstack/Utils/Set.pm line 95, at end of line
	(Missing operator before ?)
Array found where operator expected at /home/cpansand/.cpan/build/2021101405/Netstack-0.019-ZwxuyJ/blib/lib/Netstack/Utils/Set.pm line 166, at end of line
syntax error at /home/cpansand/.cpan/build/2021101405/Netstack-0.019-ZwxuyJ/blib/lib/Netstack/Utils/Set.pm line 41, near "->@*"
syntax error at /home/cpansand/.cpan/build/2021101405/Netstack-0.019-ZwxuyJ/blib/lib/Netstack/Utils/Set.pm line 69, near "->@*"
syntax error at /home/cpansand/.cpan/build/2021101405/Netstack-0.019-ZwxuyJ/blib/lib/Netstack/Utils/Set.pm line 70, near "->@*"
Global symbol "$lengthOfMin" requires explicit package name at /home/cpansand/.cpan/build/2021101405/Netstack-0.019-ZwxuyJ/blib/lib/Netstack/Utils/Set.pm line 73, <DATA> line 2231.
Global symbol "$lengthOfMax" requires explicit package name at /home/cpansand/.cpan/build/2021101405/Netstack-0.019-ZwxuyJ/blib/lib/Netstack/Utils/Set.pm line 73, <DATA> line 2231.
syntax error at /home/cpansand/.cpan/build/2021101405/Netstack-0.019-ZwxuyJ/blib/lib/Netstack/Utils/Set.pm line 94, near "->@*"
syntax error at /home/cpansand/.cpan/build/2021101405/Netstack-0.019-ZwxuyJ/blib/lib/Netstack/Utils/Set.pm line 95, near "->@*"
Global symbol "$lengthOfMin" requires explicit package name at /home/cpansand/.cpan/build/2021101405/Netstack-0.019-ZwxuyJ/blib/lib/Netstack/Utils/Set.pm line 98, <DATA> line 2231.
Global symbol "$lengthOfMax" requires explicit package name at /home/cpansand/.cpan/build/2021101405/Netstack-0.019-ZwxuyJ/blib/lib/Netstack/Utils/Set.pm line 98, <DATA> line 2231.
Global symbol "$lengthOfMin" requires explicit package name at /home/cpansand/.cpan/build/2021101405/Netstack-0.019-ZwxuyJ/blib/lib/Netstack/Utils/Set.pm line 99, <DATA> line 2231.
Global symbol "$lengthOfMax" requires explicit package name at /home/cpansand/.cpan/build/2021101405/Netstack-0.019-ZwxuyJ/blib/lib/Netstack/Utils/Set.pm line 99, <DATA> line 2231.
/home/cpansand/.cpan/build/2021101405/Netstack-0.019-ZwxuyJ/blib/lib/Netstack/Utils/Set.pm has too many errors.
Compilation failed in require at t/utils/set.t line 7, <DATA> line 2231.
BEGIN failed--compilation aborted at t/utils/set.t line 7, <DATA> line 2231.
# Looks like your test exited with 255 before it could output anything.
t/utils/set.t .... 
Dubious, test returned 255 (wstat 65280, 0xff00)
Failed 20/20 subtests 

Test Summary Report
-------------------
t/utils/ip.t   (Wstat: 65280 Tests: 0 Failed: 0)
  Non-zero exit status: 255
  Parse errors: Bad plan.  You planned 10 tests but ran 0.
t/utils/set.t  (Wstat: 65280 Tests: 0 Failed: 0)
  Non-zero exit status: 255
  Parse errors: Bad plan.  You planned 20 tests but ran 0.
Files=4, Tests=7,  1 wallclock secs ( 0.00 usr  0.03 sys +  0.27 cusr  0.60 csys =  0.91 CPU)
Result: FAIL
Failed 2/4 test programs. 0/7 subtests failed.
*** Error code 255

Stop.
make: stopped in /home/cpansand/.cpan/build/2021101405/Netstack-0.019-ZwxuyJ

------------------------------
PREREQUISITES
------------------------------

Prerequisite modules loaded:

requires:

    Module               Need  Have    
    -------------------- ----- --------
    autodie              0     2.23    
    Carp                 0     1.3301  
    DBIx::Custom         0     0.44    
    Digest::MD5          0     2.54    
    Expect               0     1.21    
    experimental         0     0.007   
    Mail::Sender         0     0.903   
    Mojo::Util           0     0       
    Moose                0     2.1403  
    Moose::Role          0     2.1403  
    namespace::autoclean 0     0.24    
    perl                 5.018 5.020001
    POSIX                0     1.38_03 
    strict               0     1.08    
    Try::Tiny            0     0.22    
    utf8                 0     1.13_01 
    warnings             0     1.23    

build_requires:

    Module               Need  Have    
    -------------------- ----- --------
    DDP                  0     0.35    
    ExtUtils::MakeMaker  0     7.58    
    Test::Simple         0     1.302183

configure_requires:

    Module               Need  Have    
    -------------------- ----- --------
    ExtUtils::MakeMaker  0     7.58    


------------------------------
ENVIRONMENT AND OTHER CONTEXT
------------------------------

Environment variables:

    LC_ALL = de_DE.ISO8859-1
    PATH = /usr/local/bin:/usr/bin:/bin:/usr/local/sbin:/usr/sbin:/sbin:/home/cpansand/bin/freebsd10.3:/home/cpansand/bin/sh:/home/cpansand/bin:/usr/games:/home/cpansand/devel:/home/eserte/src/srezic-misc/scripts
    PERL5LIB = /home/cpansand/.cpan/build/2021101405/DBIx-Custom-0.44-_bSFF3/blib/arch:/home/cpansand/.cpan/build/2021101405/DBIx-Custom-0.44-_bSFF3/blib/lib:/home/cpansand/.cpan/build/2021101405/Object-Simple-3.19-LkloUx/blib/arch:/home/cpansand/.cpan/build/2021101405/Object-Simple-3.19-LkloUx/blib/lib:/home/cpansand/.cpan/build/2021101405/DBIx-Connector-0.57-Z1oPMd/blib/arch:/home/cpansand/.cpan/build/2021101405/DBIx-Connector-0.57-Z1oPMd/blib/lib:/home/cpansand/.cpan/build/2021101405/Mail-Sender-0.903-N8nFzZ/blib/arch:/home/cpansand/.cpan/build/2021101405/Mail-Sender-0.903-N8nFzZ/blib/lib
    PERL5OPT = 
    PERL5_CPANPLUS_IS_RUNNING = 99877
    PERL5_CPAN_IS_RUNNING = 99877
    PERL5_CPAN_IS_RUNNING_IN_RECURSION = 99813,99877
    PERLDOC = -MPod::Perldoc::ToTextOverstrike
    PERL_BATCH = yes
    PERL_CANARY_STABILITY_NOPROMPT = 1
    PERL_CPAN_REPORTER_CONFIG = /var/tmp/cpansmoker-1023/2021101405/cpanreporter_000_config.ini
    PERL_EXTUTILS_AUTOINSTALL = --defaultdeps
    SHELL = /usr/local/bin/zsh
    TERM = screen
    TMPDIR = /var/tmp/cpansmoker-1023/2021101405

Perl special variables (and OS-specific diagnostics, for MSWin32):

    $^X = /usr/perl5.20.1Dp/bin/perl5.20.1
    $UID/$EUID = 1023 / 1023
    $GID = 1023 1023
    $EGID = 1023 1023

Perl module toolchain versions installed:

    Module              Have    
    ------------------- --------
    CPAN                2.05    
    CPAN::Meta          2.143240
    Cwd                 3.48    
    ExtUtils::CBuilder  0.280217
    ExtUtils::Command   7.58    
    ExtUtils::Install   2.06    
    ExtUtils::MakeMaker 7.58    
    ExtUtils::Manifest  1.70    
    ExtUtils::ParseXS   3.35    
    File::Spec          3.48    
    JSON                2.90    
    JSON::PP            2.27400 
    Module::Build       0.4211  
    Module::Signature   n/a     
    Parse::CPAN::Meta   1.4422  
    Test::Harness       3.30    
    Test::More          1.302183
    YAML                1.14    
    YAML::Syck          1.29    
    version             0.9909  


--

Summary of my perl5 (revision 5 version 20 subversion 1) configuration:
   
  Platform:
    osname=freebsd, osvers=10.1-release, archname=amd64-freebsd-ld
    uname='freebsd cvrsnica-freebsd-101.herceg.de 10.1-release freebsd 10.1-release #0 r274401: tue nov 11 21:02:49 utc 2014 root@releng1.nyi.freebsd.org:usrobjusrsrcsysgeneric amd64 '
    config_args='-ds -e -Dprefix=/usr/perl5.20.1Dp -Duselongdouble'
    hint=recommended, useposix=true, d_sigaction=define
    useithreads=undef, usemultiplicity=undef
    use64bitint=define, use64bitall=define, uselongdouble=define
    usemymalloc=n, bincompat5005=undef
  Compiler:
    cc='cc', ccflags ='-DHAS_FPSETMASK -DHAS_FLOATINGPOINT_H -fno-strict-aliasing -pipe -fstack-protector -I/usr/local/include',
    optimize='-O',
    cppflags='-DHAS_FPSETMASK -DHAS_FLOATINGPOINT_H -fno-strict-aliasing -pipe -fstack-protector -I/usr/local/include'
    ccversion='', gccversion='4.2.1 Compatible FreeBSD Clang 3.4.1 (tags/RELEASE_34/dot1-final 208032)', gccosandvers=''
    intsize=4, longsize=8, ptrsize=8, doublesize=8, byteorder=12345678
    d_longlong=define, longlongsize=8, d_longdbl=define, longdblsize=16
    ivtype='long', ivsize=8, nvtype='long double', nvsize=16, Off_t='off_t', lseeksize=8
    alignbytes=16, prototype=define
  Linker and Libraries:
    ld='cc', ldflags ='-pthread -Wl,-E  -fstack-protector -L/usr/local/lib'
    libpth=/usr/lib /usr/local/lib /usr/include/clang/3.4.1 /usr/lib
    libs=-lgdbm -lm -lcrypt -lutil -lc
    perllibs=-lm -lcrypt -lutil -lc
    libc=, so=so, useshrplib=false, libperl=libperl.a
    gnulibc_version=''
  Dynamic Linking:
    dlsrc=dl_dlopen.xs, dlext=so, d_dlsymun=undef, ccdlflags=' '
    cccdlflags='-DPIC -fPIC', lddlflags='-shared  -L/usr/local/lib -fstack-protector'


Characteristics of this binary (from libperl): 
  Compile-time options: HAS_TIMES PERLIO_LAYERS PERL_DONT_CREATE_GVSV
                        PERL_HASH_FUNC_ONE_AT_A_TIME_HARD PERL_MALLOC_WRAP
                        PERL_NEW_COPY_ON_WRITE PERL_PRESERVE_IVUV
                        USE_64_BIT_ALL USE_64_BIT_INT USE_LARGE_FILES
                        USE_LOCALE USE_LOCALE_COLLATE USE_LOCALE_CTYPE
                        USE_LOCALE_NUMERIC USE_LONG_DOUBLE USE_PERLIO
                        USE_PERL_ATOF
  Built under freebsd
  Compiled at Feb 13 2015 08:17:27
  %ENV:
    PERL5LIB="/home/cpansand/.cpan/build/2021101405/DBIx-Custom-0.44-_bSFF3/blib/arch:/home/cpansand/.cpan/build/2021101405/DBIx-Custom-0.44-_bSFF3/blib/lib:/home/cpansand/.cpan/build/2021101405/Object-Simple-3.19-LkloUx/blib/arch:/home/cpansand/.cpan/build/2021101405/Object-Simple-3.19-LkloUx/blib/lib:/home/cpansand/.cpan/build/2021101405/DBIx-Connector-0.57-Z1oPMd/blib/arch:/home/cpansand/.cpan/build/2021101405/DBIx-Connector-0.57-Z1oPMd/blib/lib:/home/cpansand/.cpan/build/2021101405/Mail-Sender-0.903-N8nFzZ/blib/arch:/home/cpansand/.cpan/build/2021101405/Mail-Sender-0.903-N8nFzZ/blib/lib"
    PERL5OPT=""
    PERL5_CPANPLUS_IS_RUNNING="99877"
    PERL5_CPAN_IS_RUNNING="99877"
    PERL5_CPAN_IS_RUNNING_IN_RECURSION="99813,99877"
    PERLDOC="-MPod::Perldoc::ToTextOverstrike"
    PERL_BATCH="yes"
    PERL_CANARY_STABILITY_NOPROMPT="1"
    PERL_CPAN_REPORTER_CONFIG="/var/tmp/cpansmoker-1023/2021101405/cpanreporter_000_config.ini"
    PERL_EXTUTILS_AUTOINSTALL="--defaultdeps"
  @INC:
    /home/cpansand/.cpan/build/2021101405/DBIx-Custom-0.44-_bSFF3/blib/arch
    /home/cpansand/.cpan/build/2021101405/DBIx-Custom-0.44-_bSFF3/blib/lib
    /home/cpansand/.cpan/build/2021101405/Object-Simple-3.19-LkloUx/blib/arch
    /home/cpansand/.cpan/build/2021101405/Object-Simple-3.19-LkloUx/blib/lib
    /home/cpansand/.cpan/build/2021101405/DBIx-Connector-0.57-Z1oPMd/blib/arch
    /home/cpansand/.cpan/build/2021101405/DBIx-Connector-0.57-Z1oPMd/blib/lib
    /home/cpansand/.cpan/build/2021101405/Mail-Sender-0.903-N8nFzZ/blib/arch
    /home/cpansand/.cpan/build/2021101405/Mail-Sender-0.903-N8nFzZ/blib/lib
    /usr/perl5.20.1Dp/lib/site_perl/5.20.1/amd64-freebsd-ld
    /usr/perl5.20.1Dp/lib/site_perl/5.20.1
    /usr/perl5.20.1Dp/lib/5.20.1/amd64-freebsd-ld
    /usr/perl5.20.1Dp/lib/5.20.1
    .