Math-Permute-Lists v20170808 Perl 5 v5.8.9 i386-gnukfreebsd-64int
- Status
- Fail
- From
- Chris Williams (BINGOS)
- Dist
-
Math-Permute-Lists v20170808
- Platform
- Perl 5 v5.8.9 i386-gnukfreebsd-64int
- Date
- 2017-08-15 12:49:39
- ID
- 33ad23b0-81b8-11e7-a074-e1beba07c9dd
This distribution has been tested as part of the CPAN Testers
project, supporting the Perl programming language. See
http://wiki.cpantesters.org/ for more information or email
questions to cpan-testers-discuss@perl.org
--
Dear PRBRENAN,
This is a computer-generated error report created automatically by
CPANPLUS, version 0.9168. Testers personal comments may appear
at the end of this report.
Thank you for uploading your work to CPAN. However, it appears that
there were some problems testing your distribution.
TEST RESULTS:
Below is the error stack from stage 'make test':
Can't locate Data/Dump.pm in @INC (@INC contains: /home/cpan/pit/64bit/conf/perl-5.8.9/.cpanplus/5.8.9/build/Pv8VOnNrzJ/Math-Permute-Lists-20170808/blib/lib /home/cpan/pit/64bit/conf/perl-5.8.9/.cpanplus/5.8.9/build/Pv8VOnNrzJ/Math-Permute-Lists-20170808/blib/arch /home/cpan/pit/64bit/conf/perl-5.8.9/.cpanplus/5.8.9/build/Pv8VOnNrzJ/Math-Permute-Lists-20170808/blib/lib /home/cpan/pit/64bit/conf/perl-5.8.9/.cpanplus/5.8.9/build/Pv8VOnNrzJ/Math-Permute-Lists-20170808/blib/arch /home/cpan/pit/64bit/perl-5.8.9/lib/5.8.9/i386-gnukfreebsd-64int /home/cpan/pit/64bit/perl-5.8.9/lib/5.8.9 /home/cpan/pit/64bit/perl-5.8.9/lib/site_perl/5.8.9/i386-gnukfreebsd-64int /home/cpan/pit/64bit/perl-5.8.9/lib/site_perl/5.8.9 .) at t/a00.t line 5.
BEGIN failed--compilation aborted at t/a00.t line 5.
t/a00.t ... skipped: (no reason given)
t/d03.t ... ok
t/die.t ... ok
t/t00.t ... ok
t/t01.t ... ok
t/t02.t ... ok
t/t03.t ... ok
t/t03a.t .. ok
t/t04.t ... ok
t/t05.t ... ok
t/t10.t ... ok
# Failed test at t/z00.t line 51.
# Failed test at t/z00.t line 86.
# Failed test at t/z00.t line 125.
# Failed test at t/z00.t line 159.
# Failed test at t/z00.t line 178.
t/z00.t ...
Dubious, test returned 6 (wstat 1536, 0x600)
Failed 6/28 subtests
Test Summary Report
-------------------
t/a00.t (Wstat: 512 Tests: 0 Failed: 0)
Non-zero exit status: 2
t/z00.t (Wstat: 1536 Tests: 28 Failed: 6)
Failed tests: 11, 17, 19, 23, 25, 27
Non-zero exit status: 6
Files=12, Tests=46, 0 wallclock secs ( 0.03 usr 0.03 sys + 0.37 cusr 0.08 csys = 0.52 CPU)
Result: FAIL
# Failed test at t/z00.t line 193.
# Looks like you failed 6 tests of 28.
Failed 2/12 test programs. 6/46 subtests failed.
MISSING PREREQUISITES:
It was observed that the test suite seem to fail without these modules:
Data::Dump
As such, adding the prerequisite module(s) to 'PREREQ_PM' in your
Makefile.PL should solve this problem. For example:
WriteMakefile(
AUTHOR => 'PRBRENAN (cpanplus-info@lists.sf.net)',
... # other information
PREREQ_PM => {
'Data::Dump' => '0', # or a minimum working version
}
);
Thanks! :-)
PREREQUISITES:
Here is a list of prerequisites you specified and versions we
managed to load:
Module Name Have Want
Carp 1.10 0
Test::More 1.302086 0
Perl module toolchain versions installed:
Module Name Have
CPANPLUS 0.9168
CPANPLUS::Dist::Build 0.88
Cwd 3.62
ExtUtils::CBuilder 0.280226
ExtUtils::Command 7.30
ExtUtils::Install 2.14
ExtUtils::MakeMaker 7.30
ExtUtils::Manifest 1.70
ExtUtils::ParseXS 3.30
File::Spec 3.62
Module::Build 0.4224
Pod::Parser 1.35
Pod::Simple 3.28
Test2 1.302086
Test::Harness 3.39
Test::More 1.302086
version 0.9918
******************************** NOTE ********************************
The comments above are created mechanically, possibly without manual
checking by the sender. As there are many people performing automatic
tests on each upload to CPAN, it is likely that you will receive
identical messages about the same problem.
If you believe that the message is mistaken, please reply to the first
one with correction and/or additional informations, and do not take
it personally. We appreciate your patience. :)
**********************************************************************
Additional comments:
This report was machine-generated by CPANPLUS::Dist::YACSmoke 1.02.
Powered by minismokebox version 0.68
------------------------------
ENVIRONMENT AND OTHER CONTEXT
------------------------------
Environment variables:
AUTOMATED_TESTING = 1
LANG = en_GB.UTF-8
LANGUAGE = en_GB:en
NONINTERACTIVE_TESTING = 1
PATH = /usr/local/bin:/usr/bin:/bin:/usr/local/games:/usr/games
PERL5LIB = :/home/cpan/pit/64bit/conf/perl-5.8.9/.cpanplus/5.8.9/build/Pv8VOnNrzJ/Math-Permute-Lists-20170808/blib/lib:/home/cpan/pit/64bit/conf/perl-5.8.9/.cpanplus/5.8.9/build/Pv8VOnNrzJ/Math-Permute-Lists-20170808/blib/arch
PERL5_CPANPLUS_IS_RUNNING = 36249
PERL5_CPANPLUS_IS_VERSION = 0.9168
PERL5_MINISMOKEBOX = 0.68
PERL5_YACSMOKE_BASE = /home/cpan/pit/64bit/conf/perl-5.8.9
PERL_EXTUTILS_AUTOINSTALL = --defaultdeps
PERL_MM_USE_DEFAULT = 1
SHELL = /bin/bash
TERM = screen
Perl special variables (and OS-specific diagnostics, for MSWin32):
Perl: $^X = /home/cpan/pit/64bit/perl-5.8.9/bin/perl
UID: $< = 1001
EUID: $> = 1001
GID: $( = 1001 1001
EGID: $) = 1001 1001
-------------------------------
--
Summary of my perl5 (revision 5 version 8 subversion 9) configuration:
Platform:
osname=gnukfreebsd, osvers=9.0-2-686, archname=i386-gnukfreebsd-64int
uname='gnukfreebsd knurl 9.0-2-686 #0 sat nov 24 07:40:35 utc 2012 i386 i386 amd a6-3670 apu with radeon(tm) hd graphics gnukfreebsd '
config_args='-des -Dprefix=/home/cpan/pit/64bit/perl-5.8.9 -Duse64bitint'
hint=recommended, useposix=true, d_sigaction=define
usethreads=undef use5005threads=undef useithreads=undef usemultiplicity=undef
useperlio=define d_sfio=undef uselargefiles=define usesocks=undef
use64bitint=define use64bitall=undef uselongdouble=undef
usemymalloc=n, bincompat5005=undef
Compiler:
cc='cc', ccflags ='-fno-strict-aliasing -pipe -I/usr/local/include -D_LARGEFILE_SOURCE -D_FILE_OFFSET_BITS=64',
optimize='-O2',
cppflags='-fno-strict-aliasing -pipe -I/usr/local/include'
ccversion='', gccversion='4.7.2', gccosandvers=''
intsize=4, longsize=4, ptrsize=4, doublesize=8, byteorder=12345678
d_longlong=define, longlongsize=8, d_longdbl=define, longdblsize=12
ivtype='long long', ivsize=8, nvtype='double', nvsize=8, Off_t='off_t', lseeksize=8
alignbytes=4, prototype=define
Linker and Libraries:
ld='cc', ldflags =' -L/usr/local/lib'
libpth=/usr/local/lib /lib/i386-kfreebsd-gnu /lib /usr/lib/i386-kfreebsd-gnu /usr/lib
libs=-lnsl -lgdbm -ldl -lm -lcrypt -lutil -lc -lgdbm_compat
perllibs=-lnsl -ldl -lm -lcrypt -lutil -lc -lgdbm_compat
libc=, so=so, useshrplib=false, libperl=libperl.a
gnulibc_version='2.13'
Dynamic Linking:
dlsrc=dl_dlopen.xs, dlext=so, d_dlsymun=undef, ccdlflags='-Wl,-E'
cccdlflags='-fpic', lddlflags='-shared -O2 -L/usr/local/lib'
Characteristics of this binary (from libperl):
Compile-time options: PERL_MALLOC_WRAP USE_64_BIT_INT USE_FAST_STDIO
USE_LARGE_FILES USE_PERLIO
Built under gnukfreebsd
Compiled at Feb 25 2013 16:48:46
%ENV:
PERL5LIB=":/home/cpan/pit/64bit/conf/perl-5.8.9/.cpanplus/5.8.9/build/Pv8VOnNrzJ/Math-Permute-Lists-20170808/blib/lib:/home/cpan/pit/64bit/conf/perl-5.8.9/.cpanplus/5.8.9/build/Pv8VOnNrzJ/Math-Permute-Lists-20170808/blib/arch"
PERL5_CPANPLUS_IS_RUNNING="36249"
PERL5_CPANPLUS_IS_VERSION="0.9168"
PERL5_MINISMOKEBOX="0.68"
PERL5_YACSMOKE_BASE="/home/cpan/pit/64bit/conf/perl-5.8.9"
PERL_EXTUTILS_AUTOINSTALL="--defaultdeps"
PERL_MM_USE_DEFAULT="1"
@INC:
/home/cpan/pit/64bit/conf/perl-5.8.9/.cpanplus/5.8.9/build/Pv8VOnNrzJ/Math-Permute-Lists-20170808/blib/lib
/home/cpan/pit/64bit/conf/perl-5.8.9/.cpanplus/5.8.9/build/Pv8VOnNrzJ/Math-Permute-Lists-20170808/blib/arch
/home/cpan/pit/64bit/perl-5.8.9/lib/5.8.9/i386-gnukfreebsd-64int
/home/cpan/pit/64bit/perl-5.8.9/lib/5.8.9
/home/cpan/pit/64bit/perl-5.8.9/lib/site_perl/5.8.9/i386-gnukfreebsd-64int
/home/cpan/pit/64bit/perl-5.8.9/lib/site_perl/5.8.9
.