PDK-Utils v0.001 Perl 5 v5.32.1 MSWin32-x64-multi-thread

Status
Fail
From
David Solimano
Dist
PDK-Utils v0.001
Platform
Perl 5 v5.32.1 MSWin32-x64-multi-thread
Date
2024-10-07 13:55:40
ID
32f59ed8-78d7-1014-a92b-cbe9a1fa7931
This distribution has been tested as part of the CPAN Testers
project, supporting the Perl programming language.  See
http://wiki.cpantesters.org/ for more information or email
questions to cpan-testers-discuss@perl.org


--
Dear CARELINE,

This is a computer-generated report for PDK-Utils-0.001
on perl 5.32.1, created by CPAN-Reporter-1.2019.

Thank you for uploading your work to CPAN.  However, there was a problem
testing your distribution.

If you think this report is invalid, please consult the CPAN Testers Wiki
for suggestions on how to avoid getting FAIL reports for missing library
or binary dependencies, unsupported operating systems, and so on:

http://wiki.cpantesters.org/wiki/CPANAuthorNotes

Sections of this report:

    * Tester comments
    * Program output
    * Prerequisites
    * Environment and other context

------------------------------
TESTER COMMENTS
------------------------------

Additional comments from tester:

this report is from an automated smoke testing program
and was not reviewed by a human for accuracy

------------------------------
PROGRAM OUTPUT
------------------------------

Output from 'C:\STRAWB~1\c\bin\gmake.exe test':

"C:\Strawberry\perl\bin\perl.exe" "-MExtUtils::Command::MM" "-MTest::Harness" "-e" "undef *Test::Harness::Switches; test_harness(0, 'blib\lib', 'blib\arch')" t/*.t
t/Cache.t .. ok

    #   Failed test '使用指定时间戳格式化日期'
    #   at t/Date.t line 28.
    #          got: '2013-12-19 00:30:15'
    #     expected: '2013-12-19 05:30:15'
    # Looks like you failed 1 test of 2.

#   Failed test 'getFormatedDate 方法测试'
#   at t/Date.t line 34.
# Looks like you failed 1 test of 2.
t/Date.t ... 
Dubious, test returned 1 (wstat 256, 0x100)
Failed 1/2 subtests 
Can't locate PDK/Utils/Email.pm in @INC (you may need to install the PDK::Utils::Email module) (@INC contains: C:\STRAWB~1\cpan\build\PDK-Utils-0.001-0\blib\lib C:\STRAWB~1\cpan\build\PDK-Utils-0.001-0\blib\arch C:/Strawberry/perl/site/lib/MSWin32-x64-multi-thread C:/Strawberry/perl/site/lib C:/Strawberry/perl/vendor/lib C:/Strawberry/perl/lib .) at t/Email.t line 9.
BEGIN failed--compilation aborted at t/Email.t line 9.
t/Email.t .. 
Dubious, test returned 2 (wstat 512, 0x200)
No subtests run 
t/Ip.t ..... ok
t/Set.t .... ok
t/smoke.t .. ok

Test Summary Report
-------------------
t/Date.t (Wstat: 256 (exited 1) Tests: 2 Failed: 1)
  Failed test:  2
  Non-zero exit status: 1
t/Email.t (Wstat: 512 (exited 2) Tests: 0 Failed: 0)
  Non-zero exit status: 2
  Parse errors: No plan found in TAP output
Files=6, Tests=45,  2 wallclock secs ( 0.03 usr +  0.03 sys =  0.06 CPU)
Result: FAIL
Failed 2/6 test programs. 1/45 subtests failed.
gmake: *** [Makefile:888: test_dynamic] Error 255

------------------------------
PREREQUISITES
------------------------------

Prerequisite modules loaded:

requires:

    Module                         Need     Have    
    ------------------------------ -------- --------
    Email::Sender::Simple          0        2.601   
    Email::Sender::Transport::SMTP 0        2.601   
    Email::Simple                  0        2.218   
    experimental                   0        0.032   
    Moose                          0        2.2207  
    namespace::autoclean           0        0.29    
    perl                           5.030000 5.032001
    POSIX                          0        1.94    
    strict                         0        1.11    
    warnings                       0        1.47    

build_requires:

    Module                         Need     Have    
    ------------------------------ -------- --------
    Data::Dumper                   0        2.183   
    Data::Printer                  0        1.002001
    ExtUtils::MakeMaker            0        7.70    
    Test::More                     0        1.302199
    Test::Simple                   0        1.302199

configure_requires:

    Module                         Need     Have    
    ------------------------------ -------- --------
    ExtUtils::MakeMaker            0        7.70    


------------------------------
ENVIRONMENT AND OTHER CONTEXT
------------------------------

Environment variables:

    AUTOMATED_TESTING = 1
    COMSPEC = C:\WINDOWS\system32\cmd.exe
    NUMBER_OF_PROCESSORS = 8
    PATH = C:\Program Files\Eclipse Foundation\jdk-8.0.302.8-hotspot\bin;C:\Program Files\Microsoft\jdk-11.0.12.7-hotspot\bin;C:\WINDOWS\system32;C:\WINDOWS;C:\WINDOWS\System32\Wbem;C:\WINDOWS\System32\WindowsPowerShell\v1.0\;C:\WINDOWS\System32\OpenSSH\;C:\Program Files\TortoiseSVN\bin;C:\RV\BIN;C:\Program Files\Microsoft SQL Server\130\Tools\Binn\;C:\Program Files\Microsoft SQL Server\Client SDK\ODBC\170\Tools\Binn\;C:\Program Files (x86)\Microsoft SQL Server\150\DTS\Binn\;C:\Program Files\SlikSvn\bin;C:\Program Files\dotnet\;C:\Program Files\Microsoft SQL Server\150\Tools\Binn\;C:\Program Files\Git\cmd;C:\Program Files\Azure Data Studio\bin;C:\Program Files\MIT\Kerberos\bin;C:\Strawberry\c\bin;C:\Strawberry\perl\site\bin;C:\Strawberry\perl\bin;C:\Program Files\TortoiseGit\bin;C:\Users\solimanod\AppData\Local\Microsoft\WindowsApps;
    PERL5LIB = 
    PERL5OPT = 
    PERL5_CPANPLUS_IS_RUNNING = 40132
    PERL5_CPAN_IS_RUNNING = 40132
    PERL5_CPAN_IS_RUNNING_IN_RECURSION = 30180,40132
    PERL_CR_SMOKER_CURRENT = PDK-Utils-0.001
    PERL_EXTUTILS_AUTOINSTALL = --defaultdeps
    PERL_MM_USE_DEFAULT = 1
    PERL_USE_UNSAFE_INC = 1
    PROCESSOR_IDENTIFIER = Intel64 Family 6 Model 158 Stepping 13, GenuineIntel
    TEMP = C:\Users\SOLIMA~1\AppData\Local\Temp

Perl special variables (and OS-specific diagnostics, for MSWin32):

    $^X = C:\Strawberry\perl\bin\perl.exe
    $UID/$EUID = 0 / 0
    $GID = 0
    $EGID = 0
    Win32::GetOSName = Win10
    Win32::GetOSVersion = , 10, 0, 19045, 2, 0, 0, 256, 1
    Win32::FsType = NTFS
    Win32::IsAdminUser = 0

Perl module toolchain versions installed:

    Module              Have    
    ------------------- --------
    CPAN                2.28    
    CPAN::Meta          2.150010
    Cwd                 3.78    
    ExtUtils::CBuilder  0.280236
    ExtUtils::Command   7.70    
    ExtUtils::Install   2.22    
    ExtUtils::MakeMaker 7.70    
    ExtUtils::Manifest  1.75    
    ExtUtils::ParseXS   3.51    
    File::Spec          3.78    
    JSON                4.10    
    JSON::PP            4.16    
    Module::Build       0.4234  
    Module::Signature   0.88    
    Parse::CPAN::Meta   2.150010
    Test2               1.302199
    Test::Harness       3.48    
    Test::More          1.302199
    YAML                1.31    
    YAML::Syck          n/a     
    version             0.9932  


--

Summary of my perl5 (revision 5 version 32 subversion 1) configuration:
   
  Platform:
    osname=MSWin32
    osvers=10.0.19042.746
    archname=MSWin32-x64-multi-thread
    uname='Win32 strawberry-perl 5.32.1.1 #1 Sun Jan 24 15:00:15 2021 x64'
    config_args='undef'
    hint=recommended
    useposix=true
    d_sigaction=undef
    useithreads=define
    usemultiplicity=define
    use64bitint=define
    use64bitall=undef
    uselongdouble=undef
    usemymalloc=n
    default_inc_excludes_dot=define
    bincompat5005=undef
  Compiler:
    cc='gcc'
    ccflags =' -DWIN32 -DWIN64 -D__USE_MINGW_ANSI_STDIO -DPERL_TEXTMODE_SCRIPTS -DPERL_IMPLICIT_CONTEXT -DPERL_IMPLICIT_SYS -DUSE_PERLIO -fwrapv -fno-strict-aliasing -mms-bitfields'
    optimize='-s -O2'
    cppflags='-DWIN32'
    ccversion=''
    gccversion='8.3.0'
    gccosandvers=''
    intsize=4
    longsize=4
    ptrsize=8
    doublesize=8
    byteorder=12345678
    doublekind=3
    d_longlong=define
    longlongsize=8
    d_longdbl=define
    longdblsize=16
    longdblkind=3
    ivtype='long long'
    ivsize=8
    nvtype='double'
    nvsize=8
    Off_t='long long'
    lseeksize=8
    alignbytes=8
    prototype=define
  Linker and Libraries:
    ld='g++'
    ldflags ='-s -L"C:\STRAWB~1\perl\lib\CORE" -L"C:\STRAWB~1\c\lib"'
    libpth=C:\STRAWB~1\c\lib C:\STRAWB~1\c\x86_64-w64-mingw32\lib C:\STRAWB~1\c\lib\gcc\x86_64-w64-mingw32\8.3.0
    libs= -lmoldname -lkernel32 -luser32 -lgdi32 -lwinspool -lcomdlg32 -ladvapi32 -lshell32 -lole32 -loleaut32 -lnetapi32 -luuid -lws2_32 -lmpr -lwinmm -lversion -lodbc32 -lodbccp32 -lcomctl32
    perllibs= -lmoldname -lkernel32 -luser32 -lgdi32 -lwinspool -lcomdlg32 -ladvapi32 -lshell32 -lole32 -loleaut32 -lnetapi32 -luuid -lws2_32 -lmpr -lwinmm -lversion -lodbc32 -lodbccp32 -lcomctl32
    libc=
    so=dll
    useshrplib=true
    libperl=libperl532.a
    gnulibc_version=''
  Dynamic Linking:
    dlsrc=dl_win32.xs
    dlext=xs.dll
    d_dlsymun=undef
    ccdlflags=' '
    cccdlflags=' '
    lddlflags='-mdll -s -L"C:\STRAWB~1\perl\lib\CORE" -L"C:\STRAWB~1\c\lib"'


Characteristics of this binary (from libperl): 
  Compile-time options:
    HAS_TIMES
    HAVE_INTERP_INTERN
    MULTIPLICITY
    PERLIO_LAYERS
    PERL_COPY_ON_WRITE
    PERL_DONT_CREATE_GVSV
    PERL_IMPLICIT_CONTEXT
    PERL_IMPLICIT_SYS
    PERL_MALLOC_WRAP
    PERL_OP_PARENT
    PERL_PRESERVE_IVUV
    USE_64_BIT_INT
    USE_ITHREADS
    USE_LARGE_FILES
    USE_LOCALE
    USE_LOCALE_COLLATE
    USE_LOCALE_CTYPE
    USE_LOCALE_NUMERIC
    USE_LOCALE_TIME
    USE_PERLIO
    USE_PERL_ATOF
  Built under MSWin32
  Compiled at Jan 24 2021 15:05:42
  %ENV:
    PERL5_CPANPLUS_IS_RUNNING="40132"
    PERL5_CPAN_IS_RUNNING="40132"
    PERL5_CPAN_IS_RUNNING_IN_RECURSION="30180,40132"
    PERL_CR_SMOKER_CURRENT="PDK-Utils-0.001"
    PERL_EXTUTILS_AUTOINSTALL="--defaultdeps"
    PERL_MM_USE_DEFAULT="1"
    PERL_USE_UNSAFE_INC="1"
  @INC:
    C:/Strawberry/perl/site/lib/MSWin32-x64-multi-thread
    C:/Strawberry/perl/site/lib
    C:/Strawberry/perl/vendor/lib
    C:/Strawberry/perl/lib
    .