Dancer2-Plugin-DBIx-Class v1.04 Perl 5 v5.20.0 x86_64-linux
- Status
- Fail
- From
- Slaven Rezić
- Dist
-
Dancer2-Plugin-DBIx-Class v1.04
- Platform
- Perl 5 v5.20.0 x86_64-linux
- Date
- 2021-10-14 20:56:16
- ID
- 2c81d062-2d31-11ec-9ef8-a87f1f24ea8f
This distribution has been tested as part of the CPAN Testers
project, supporting the Perl programming language. See
http://wiki.cpantesters.org/ for more information or email
questions to cpan-testers-discuss@perl.org
--
Dear D Ruth Holloway,
This is a computer-generated report for Dancer2-Plugin-DBIx-Class-1.04
on perl 5.20.0, created by CPAN-Reporter-1.2018.
Thank you for uploading your work to CPAN. However, there was a problem
testing your distribution.
If you think this report is invalid, please consult the CPAN Testers Wiki
for suggestions on how to avoid getting FAIL reports for missing library
or binary dependencies, unsupported operating systems, and so on:
http://wiki.cpantesters.org/wiki/CPANAuthorNotes
Sections of this report:
* Tester comments
* Program output
* Prerequisites
* Environment and other context
------------------------------
TESTER COMMENTS
------------------------------
Additional comments from tester:
none provided
------------------------------
PROGRAM OUTPUT
------------------------------
Output from '/usr/bin/make test':
PERL_DL_NONLAZY=1 "/opt/perl-5.20.0/bin/perl" "-MExtUtils::Command::MM" "-MTest::Harness" "-e" "undef *Test::Harness::Switches; test_harness(0, 'blib/lib', 'blib/arch')" t/*.t
t/00-compile.t ................ ok
#
# Versions for all modules listed in MYMETA.json (including optional ones):
#
# === Configure Requires ===
#
# Module Want Have
# ------------------- ---- ----
# ExtUtils::MakeMaker any 7.24
#
# === Build Requires ===
#
# Module Want Have
# ------------------- ---- ----
# ExtUtils::MakeMaker any 7.24
#
# === Test Requires ===
#
# Module Want Have
# ----------------------------------- ---- --------
# DBIx::Class::Core any undef
# DBIx::Class::Schema any undef
# DBIx::Class::Schema::ResultSetNames any 1.02
# Dancer2 any 0.203001
# ExtUtils::MakeMaker any 7.24
# File::Spec any 3.62
# HTTP::Request::Common any 6.11
# IO::Handle any 1.35
# IPC::Open3 any 1.16
# JSON::MaybeXS any 1.003007
# Plack::Test any undef
# Test2::V0 any 0.000141
# Test::More any 1.302188
#
# === Test Recommends ===
#
# Module Want Have
# ---------- -------- --------
# CPAN::Meta 2.120900 2.150010
#
# === Runtime Requires ===
#
# Module Want Have
# ------------------------ ---- ----------
# Carp any 1.38
# Class::C3::Componentised any 1.001000
# Dancer2::Plugin any 0.203001
# Modern::Perl any 1.20150127
# Moo any 2.002004
# curry any 1.000000
#
t/00-report-prereqs.t ......... ok
Use of uninitialized value $curry::curry in method lookup at /home/cpansand/.cpan/build/2021101403/Dancer2-Plugin-DBIx-Class-1.04-0/blib/lib/Dancer2/Plugin/DBIx/Class/ExportBuilder.pm line 54.
Can't locate object method "" via package "FirstSchemaWith" at /home/cpansand/.cpan/build/2021101403/Dancer2-Plugin-DBIx-Class-1.04-0/blib/lib/Dancer2/Plugin/DBIx/Class/ExportBuilder.pm line 54.
BEGIN failed--compilation aborted at t/lib/TestAppBothWith.pm line 24.
Compilation failed in require at t/00_core_keywords.t line 9.
BEGIN failed--compilation aborted at t/00_core_keywords.t line 9.
t/00_core_keywords.t ..........
Dubious, test returned 255 (wstat 65280, 0xff00)
No subtests run
Use of uninitialized value $curry::curry in method lookup at /home/cpansand/.cpan/build/2021101403/Dancer2-Plugin-DBIx-Class-1.04-0/blib/lib/Dancer2/Plugin/DBIx/Class/ExportBuilder.pm line 54.
Can't locate object method "" via package "FirstSchemaWith" at /home/cpansand/.cpan/build/2021101403/Dancer2-Plugin-DBIx-Class-1.04-0/blib/lib/Dancer2/Plugin/DBIx/Class/ExportBuilder.pm line 54.
BEGIN failed--compilation aborted at t/lib/TestAppBothWith.pm line 24.
Compilation failed in require at t/01_both_using_rsnames.t line 9.
BEGIN failed--compilation aborted at t/01_both_using_rsnames.t line 9.
t/01_both_using_rsnames.t .....
Dubious, test returned 255 (wstat 65280, 0xff00)
No subtests run
Use of uninitialized value $curry::curry in method lookup at /home/cpansand/.cpan/build/2021101403/Dancer2-Plugin-DBIx-Class-1.04-0/blib/lib/Dancer2/Plugin/DBIx/Class/ExportBuilder.pm line 54.
Can't locate object method "" via package "FirstSchemaWith" at /home/cpansand/.cpan/build/2021101403/Dancer2-Plugin-DBIx-Class-1.04-0/blib/lib/Dancer2/Plugin/DBIx/Class/ExportBuilder.pm line 54.
BEGIN failed--compilation aborted at t/lib/TestAppFirstWith.pm line 23.
Compilation failed in require at t/02_first_using_rsnames.t line 9.
BEGIN failed--compilation aborted at t/02_first_using_rsnames.t line 9.
t/02_first_using_rsnames.t ....
Dubious, test returned 255 (wstat 65280, 0xff00)
No subtests run
Use of uninitialized value $curry::curry in method lookup at /home/cpansand/.cpan/build/2021101403/Dancer2-Plugin-DBIx-Class-1.04-0/blib/lib/Dancer2/Plugin/DBIx/Class/ExportBuilder.pm line 54.
Can't locate object method "" via package "SecondSchemaWith" at /home/cpansand/.cpan/build/2021101403/Dancer2-Plugin-DBIx-Class-1.04-0/blib/lib/Dancer2/Plugin/DBIx/Class/ExportBuilder.pm line 54.
BEGIN failed--compilation aborted at t/lib/TestAppSecondWith.pm line 23.
Compilation failed in require at t/03_second_using_rsnames.t line 9.
BEGIN failed--compilation aborted at t/03_second_using_rsnames.t line 9.
t/03_second_using_rsnames.t ...
Dubious, test returned 25 (wstat 6400, 0x1900)
No subtests run
t/04_neither_using_rsnames.t .. ok
t/author-critic.t ............. skipped: these tests are for testing by the author
t/author-distmeta.t ........... skipped: these tests are for testing by the author
t/author-no-tabs.t ............ skipped: these tests are for testing by the author
t/author-pod-syntax.t ......... skipped: these tests are for testing by the author
t/release-unused-vars.t ....... skipped: these tests are for release candidate testing
Test Summary Report
-------------------
t/00_core_keywords.t (Wstat: 65280 Tests: 0 Failed: 0)
Non-zero exit status: 255
Parse errors: No plan found in TAP output
t/01_both_using_rsnames.t (Wstat: 65280 Tests: 0 Failed: 0)
Non-zero exit status: 255
Parse errors: No plan found in TAP output
t/02_first_using_rsnames.t (Wstat: 65280 Tests: 0 Failed: 0)
Non-zero exit status: 255
Parse errors: No plan found in TAP output
t/03_second_using_rsnames.t (Wstat: 6400 Tests: 0 Failed: 0)
Non-zero exit status: 25
Parse errors: No plan found in TAP output
Files=12, Tests=4, 3 wallclock secs ( 0.02 usr 0.01 sys + 1.72 cusr 0.26 csys = 2.01 CPU)
Result: FAIL
Failed 4/12 test programs. 0/4 subtests failed.
make: *** [test_dynamic] Error 255
------------------------------
PREREQUISITES
------------------------------
Prerequisite modules loaded:
requires:
Module Need Have
----------------------------------- ----- ----------
Carp 0 1.38
Class::C3::Componentised 0 1.001000
curry 0 1.000000
Dancer2::Plugin 0 0.203001
Modern::Perl 0 1.20150127
Moo 0 2.002004
perl 5.012 5.020000
build_requires:
Module Need Have
----------------------------------- ----- ----------
Dancer2 0 0.203001
DBIx::Class::Core 0 0
DBIx::Class::Schema 0 0
DBIx::Class::Schema::ResultSetNames 0 1.02
ExtUtils::MakeMaker 0 7.24
File::Spec 0 3.62
HTTP::Request::Common 0 6.11
IO::Handle 0 1.35
IPC::Open3 0 1.16
JSON::MaybeXS 0 1.003007
Plack::Test 0 0
Test2::V0 0 0.000141
Test::More 0 1.302188
configure_requires:
Module Need Have
----------------------------------- ----- ----------
ExtUtils::MakeMaker 0 7.24
------------------------------
ENVIRONMENT AND OTHER CONTEXT
------------------------------
Environment variables:
LANG = en_US.UTF-8
LANGUAGE = en_US:en
LC_ALL = en_US.UTF-8
PATH = /usr/local/bin:/usr/bin:/bin:/usr/local/sbin:/usr/sbin:/sbin:/home/cpansand/bin/linux-gnu:/home/cpansand/bin/sh:/home/cpansand/bin:/usr/games:/home/cpansand/devel:/home/eserte/src/srezic-misc/scripts
PERL5LIB = /home/cpansand/.cpan/build/2021101403/Test2-Suite-0.000141-0/blib/arch:/home/cpansand/.cpan/build/2021101403/Test2-Suite-0.000141-0/blib/lib:/home/cpansand/.cpan/build/2021101403/Term-Table-0.015-0/blib/arch:/home/cpansand/.cpan/build/2021101403/Term-Table-0.015-0/blib/lib:/home/cpansand/.cpan/build/2021101403/Sub-Info-0.002-0/blib/arch:/home/cpansand/.cpan/build/2021101403/Sub-Info-0.002-0/blib/lib:/home/cpansand/.cpan/build/2021101403/Test-Simple-1.302188-0/blib/arch:/home/cpansand/.cpan/build/2021101403/Test-Simple-1.302188-0/blib/lib:/home/cpansand/.cpan/build/2021101403/Importer-0.026-0/blib/arch:/home/cpansand/.cpan/build/2021101403/Importer-0.026-0/blib/lib:/home/cpansand/.cpan/build/2021101403/DBIx-Class-Schema-ResultSetNames-1.02-0/blib/arch:/home/cpansand/.cpan/build/2021101403/DBIx-Class-Schema-ResultSetNames-1.02-0/blib/lib
PERL5OPT =
PERL5_CPANPLUS_IS_RUNNING = 28272
PERL5_CPAN_IS_RUNNING = 28272
PERL5_CPAN_IS_RUNNING_IN_RECURSION = 28158,28272
PERLDOC = -MPod::Perldoc::ToTextOverstrike
PERL_BATCH = yes
PERL_CANARY_STABILITY_NOPROMPT = 1
PERL_CPAN_REPORTER_CONFIG = /var/tmp/cpansmoker-1023/2021101403/cpanreporter_000_config.ini
PERL_EXTUTILS_AUTOINSTALL = --defaultdeps
PERL_USE_UNSAFE_INC = 1
SHELL = /bin/zsh
TERM = screen
TMPDIR = /var/tmp/cpansmoker-1023/2021101403
Perl special variables (and OS-specific diagnostics, for MSWin32):
$^X = /opt/perl-5.20.0/bin/perl
$UID/$EUID = 1023 / 1023
$GID = 1023 1023
$EGID = 1023 1023
Perl module toolchain versions installed:
Module Have
------------------- --------
CPAN 2.16
CPAN::Meta 2.150010
Cwd 3.62
ExtUtils::CBuilder 0.280216
ExtUtils::Command 7.24
ExtUtils::Install 1.67
ExtUtils::MakeMaker 7.24
ExtUtils::Manifest 1.70
ExtUtils::ParseXS 3.24
File::Spec 3.62
JSON 2.90
JSON::PP 2.27400
Module::Build 0.4220
Module::Signature 0.81
Parse::CPAN::Meta 2.150010
Test::Harness 3.30
Test::More 1.302188
YAML 1.17
YAML::Syck 1.29
version 0.9917
--
Summary of my perl5 (revision 5 version 20 subversion 0) configuration:
Platform:
osname=linux, osvers=3.2.0-4-amd64, archname=x86_64-linux
uname='linux cvrsnica-wheezy 3.2.0-4-amd64 #1 smp debian 3.2.54-2 x86_64 gnulinux '
config_args='-ds -e -Dprefix=/opt/perl-5.20.0'
hint=recommended, useposix=true, d_sigaction=define
useithreads=undef, usemultiplicity=undef
use64bitint=define, use64bitall=define, uselongdouble=undef
usemymalloc=n, bincompat5005=undef
Compiler:
cc='cc', ccflags ='-fwrapv -fno-strict-aliasing -pipe -fstack-protector -I/usr/local/include -D_LARGEFILE_SOURCE -D_FILE_OFFSET_BITS=64',
optimize='-O2',
cppflags='-fwrapv -fno-strict-aliasing -pipe -fstack-protector -I/usr/local/include'
ccversion='', gccversion='4.7.2', gccosandvers=''
intsize=4, longsize=8, ptrsize=8, doublesize=8, byteorder=12345678
d_longlong=define, longlongsize=8, d_longdbl=define, longdblsize=16
ivtype='long', ivsize=8, nvtype='double', nvsize=8, Off_t='off_t', lseeksize=8
alignbytes=8, prototype=define
Linker and Libraries:
ld='cc', ldflags =' -fstack-protector -L/usr/local/lib'
libpth=/usr/local/lib /usr/lib/gcc/x86_64-linux-gnu/4.7/include-fixed /usr/include/x86_64-linux-gnu /usr/lib /lib/x86_64-linux-gnu /lib/../lib /usr/lib/x86_64-linux-gnu /usr/lib/../lib /lib
libs=-lnsl -ldb -ldl -lm -lcrypt -lutil -lc
perllibs=-lnsl -ldl -lm -lcrypt -lutil -lc
libc=libc-2.13.so, so=so, useshrplib=false, libperl=libperl.a
gnulibc_version='2.13'
Dynamic Linking:
dlsrc=dl_dlopen.xs, dlext=so, d_dlsymun=undef, ccdlflags='-Wl,-E'
cccdlflags='-fPIC', lddlflags='-shared -O2 -L/usr/local/lib -fstack-protector'
Characteristics of this binary (from libperl):
Compile-time options: HAS_TIMES PERLIO_LAYERS PERL_DONT_CREATE_GVSV
PERL_HASH_FUNC_ONE_AT_A_TIME_HARD PERL_MALLOC_WRAP
PERL_NEW_COPY_ON_WRITE PERL_PRESERVE_IVUV
USE_64_BIT_ALL USE_64_BIT_INT USE_LARGE_FILES
USE_LOCALE USE_LOCALE_COLLATE USE_LOCALE_CTYPE
USE_LOCALE_NUMERIC USE_PERLIO USE_PERL_ATOF
Built under linux
Compiled at Jul 19 2014 07:43:18
%ENV:
PERL5LIB="/home/cpansand/.cpan/build/2021101403/Test2-Suite-0.000141-0/blib/arch:/home/cpansand/.cpan/build/2021101403/Test2-Suite-0.000141-0/blib/lib:/home/cpansand/.cpan/build/2021101403/Term-Table-0.015-0/blib/arch:/home/cpansand/.cpan/build/2021101403/Term-Table-0.015-0/blib/lib:/home/cpansand/.cpan/build/2021101403/Sub-Info-0.002-0/blib/arch:/home/cpansand/.cpan/build/2021101403/Sub-Info-0.002-0/blib/lib:/home/cpansand/.cpan/build/2021101403/Test-Simple-1.302188-0/blib/arch:/home/cpansand/.cpan/build/2021101403/Test-Simple-1.302188-0/blib/lib:/home/cpansand/.cpan/build/2021101403/Importer-0.026-0/blib/arch:/home/cpansand/.cpan/build/2021101403/Importer-0.026-0/blib/lib:/home/cpansand/.cpan/build/2021101403/DBIx-Class-Schema-ResultSetNames-1.02-0/blib/arch:/home/cpansand/.cpan/build/2021101403/DBIx-Class-Schema-ResultSetNames-1.02-0/blib/lib"
PERL5OPT=""
PERL5_CPANPLUS_IS_RUNNING="28272"
PERL5_CPAN_IS_RUNNING="28272"
PERL5_CPAN_IS_RUNNING_IN_RECURSION="28158,28272"
PERLDOC="-MPod::Perldoc::ToTextOverstrike"
PERL_BATCH="yes"
PERL_CANARY_STABILITY_NOPROMPT="1"
PERL_CPAN_REPORTER_CONFIG="/var/tmp/cpansmoker-1023/2021101403/cpanreporter_000_config.ini"
PERL_EXTUTILS_AUTOINSTALL="--defaultdeps"
PERL_USE_UNSAFE_INC="1"
@INC:
/home/cpansand/.cpan/build/2021101403/Test2-Suite-0.000141-0/blib/arch
/home/cpansand/.cpan/build/2021101403/Test2-Suite-0.000141-0/blib/lib
/home/cpansand/.cpan/build/2021101403/Term-Table-0.015-0/blib/arch
/home/cpansand/.cpan/build/2021101403/Term-Table-0.015-0/blib/lib
/home/cpansand/.cpan/build/2021101403/Sub-Info-0.002-0/blib/arch
/home/cpansand/.cpan/build/2021101403/Sub-Info-0.002-0/blib/lib
/home/cpansand/.cpan/build/2021101403/Test-Simple-1.302188-0/blib/arch
/home/cpansand/.cpan/build/2021101403/Test-Simple-1.302188-0/blib/lib
/home/cpansand/.cpan/build/2021101403/Importer-0.026-0/blib/arch
/home/cpansand/.cpan/build/2021101403/Importer-0.026-0/blib/lib
/home/cpansand/.cpan/build/2021101403/DBIx-Class-Schema-ResultSetNames-1.02-0/blib/arch
/home/cpansand/.cpan/build/2021101403/DBIx-Class-Schema-ResultSetNames-1.02-0/blib/lib
/opt/perl-5.20.0/lib/site_perl/5.20.0/x86_64-linux
/opt/perl-5.20.0/lib/site_perl/5.20.0
/opt/perl-5.20.0/lib/5.20.0/x86_64-linux
/opt/perl-5.20.0/lib/5.20.0
.