Org-Parser v0.556 Perl 5 v5.12.5 x86_64-linux
- Status
- Fail
- From
- Slaven Rezić
- Dist
-
Org-Parser v0.556
- Platform
- Perl 5 v5.12.5 x86_64-linux
- Date
- 2022-02-26 08:43:25
- ID
- 293bdace-96e0-11ec-b1ac-c1381f24ea8f
This distribution has been tested as part of the CPAN Testers
project, supporting the Perl programming language. See
http://wiki.cpantesters.org/ for more information or email
questions to cpan-testers-discuss@perl.org
--
Dear perlancar,
This is a computer-generated report for Org-Parser-0.556
on perl 5.12.5, created by CPAN-Reporter-1.2018.
Thank you for uploading your work to CPAN. However, there was a problem
testing your distribution.
If you think this report is invalid, please consult the CPAN Testers Wiki
for suggestions on how to avoid getting FAIL reports for missing library
or binary dependencies, unsupported operating systems, and so on:
http://wiki.cpantesters.org/wiki/CPANAuthorNotes
Sections of this report:
* Tester comments
* Program output
* Prerequisites
* Environment and other context
------------------------------
TESTER COMMENTS
------------------------------
Additional comments from tester:
none provided
------------------------------
PROGRAM OUTPUT
------------------------------
Output from '/usr/bin/make test':
PERL_DL_NONLAZY=1 "/opt/perl-5.12.5/bin/perl" "-MExtUtils::Command::MM" "-MTest::Harness" "-e" "undef *Test::Harness::Switches; test_harness(0, 'blib/lib', 'blib/arch')" t/*.t
# Failed test 'Org/Document.pm loaded ok'
# at t/00-compile.t line 67.
# got: '65280'
# expected: '0'
Bareword found where operator expected at /home/cpansand/.cpan/build/2022022608/Org-Parser-0.556-0/blib/lib/Org/Document.pm line 31, near "qr/:(?:[\w@]+:)+/u"
syntax error at /home/cpansand/.cpan/build/2022022608/Org-Parser-0.556-0/blib/lib/Org/Document.pm line 31, near "qr/:(?:[\w@]+:)+/u"
BEGIN not safe after errors--compilation aborted at /home/cpansand/.cpan/build/2022022608/Org-Parser-0.556-0/blib/lib/Org/Document.pm line 139.
Compilation failed in require at -e line 1.
# Failed test 'Org/Parser.pm loaded ok'
# at t/00-compile.t line 67.
# got: '65280'
# expected: '0'
Bareword found where operator expected at /home/cpansand/.cpan/build/2022022608/Org-Parser-0.556-0/blib/lib/Org/Document.pm line 31, near "qr/:(?:[\w@]+:)+/u"
syntax error at /home/cpansand/.cpan/build/2022022608/Org-Parser-0.556-0/blib/lib/Org/Document.pm line 31, near "qr/:(?:[\w@]+:)+/u"
BEGIN not safe after errors--compilation aborted at /home/cpansand/.cpan/build/2022022608/Org-Parser-0.556-0/blib/lib/Org/Document.pm line 139.
Compilation failed in require at /home/cpansand/.cpan/build/2022022608/Org-Parser-0.556-0/blib/lib/Org/Parser.pm line 6.
BEGIN failed--compilation aborted at /home/cpansand/.cpan/build/2022022608/Org-Parser-0.556-0/blib/lib/Org/Parser.pm line 6.
Compilation failed in require at -e line 1.
# Looks like you failed 2 tests of 25.
t/00-compile.t ...............
Dubious, test returned 2 (wstat 512, 0x200)
Failed 2/25 subtests
Bareword found where operator expected at /home/cpansand/.cpan/build/2022022608/Org-Parser-0.556-0/blib/lib/Org/Document.pm line 31, near "qr/:(?:[\w@]+:)+/u"
syntax error at /home/cpansand/.cpan/build/2022022608/Org-Parser-0.556-0/blib/lib/Org/Document.pm line 31, near "qr/:(?:[\w@]+:)+/u"
BEGIN not safe after errors--compilation aborted at /home/cpansand/.cpan/build/2022022608/Org-Parser-0.556-0/blib/lib/Org/Document.pm line 139.
Compilation failed in require at /home/cpansand/.cpan/build/2022022608/Org-Parser-0.556-0/blib/lib/Org/Parser.pm line 6.
BEGIN failed--compilation aborted at /home/cpansand/.cpan/build/2022022608/Org-Parser-0.556-0/blib/lib/Org/Parser.pm line 6.
Compilation failed in require at t/01-basics.t line 12.
BEGIN failed--compilation aborted at t/01-basics.t line 12.
t/01-basics.t ................
Dubious, test returned 2 (wstat 512, 0x200)
No subtests run
t/author-critic.t ............ skipped: these tests are for testing by the author
t/author-pod-coverage.t ...... skipped: these tests are for testing by the author
t/author-pod-syntax.t ........ skipped: these tests are for testing by the author
Bareword found where operator expected at /home/cpansand/.cpan/build/2022022608/Org-Parser-0.556-0/blib/lib/Org/Document.pm line 31, near "qr/:(?:[\w@]+:)+/u"
syntax error at /home/cpansand/.cpan/build/2022022608/Org-Parser-0.556-0/blib/lib/Org/Document.pm line 31, near "qr/:(?:[\w@]+:)+/u"
BEGIN not safe after errors--compilation aborted at /home/cpansand/.cpan/build/2022022608/Org-Parser-0.556-0/blib/lib/Org/Document.pm line 139.
Compilation failed in require at /home/cpansand/.cpan/build/2022022608/Org-Parser-0.556-0/blib/lib/Org/Parser.pm line 6.
BEGIN failed--compilation aborted at /home/cpansand/.cpan/build/2022022608/Org-Parser-0.556-0/blib/lib/Org/Parser.pm line 6.
Compilation failed in require at t/base_element-field_name.t line 10.
BEGIN failed--compilation aborted at t/base_element-field_name.t line 10.
t/base_element-field_name.t ..
Dubious, test returned 2 (wstat 512, 0x200)
No subtests run
Bareword found where operator expected at /home/cpansand/.cpan/build/2022022608/Org-Parser-0.556-0/blib/lib/Org/Document.pm line 31, near "qr/:(?:[\w@]+:)+/u"
syntax error at /home/cpansand/.cpan/build/2022022608/Org-Parser-0.556-0/blib/lib/Org/Document.pm line 31, near "qr/:(?:[\w@]+:)+/u"
BEGIN not safe after errors--compilation aborted at /home/cpansand/.cpan/build/2022022608/Org-Parser-0.556-0/blib/lib/Org/Document.pm line 139.
Compilation failed in require at /home/cpansand/.cpan/build/2022022608/Org-Parser-0.556-0/blib/lib/Org/Parser.pm line 6.
BEGIN failed--compilation aborted at /home/cpansand/.cpan/build/2022022608/Org-Parser-0.556-0/blib/lib/Org/Parser.pm line 6.
Compilation failed in require at t/base_element.t line 10.
BEGIN failed--compilation aborted at t/base_element.t line 10.
t/base_element.t .............
Dubious, test returned 2 (wstat 512, 0x200)
No subtests run
Bareword found where operator expected at /home/cpansand/.cpan/build/2022022608/Org-Parser-0.556-0/blib/lib/Org/Document.pm line 31, near "qr/:(?:[\w@]+:)+/u"
syntax error at /home/cpansand/.cpan/build/2022022608/Org-Parser-0.556-0/blib/lib/Org/Document.pm line 31, near "qr/:(?:[\w@]+:)+/u"
BEGIN not safe after errors--compilation aborted at /home/cpansand/.cpan/build/2022022608/Org-Parser-0.556-0/blib/lib/Org/Document.pm line 139.
Compilation failed in require at /home/cpansand/.cpan/build/2022022608/Org-Parser-0.556-0/blib/lib/Org/Parser.pm line 6.
BEGIN failed--compilation aborted at /home/cpansand/.cpan/build/2022022608/Org-Parser-0.556-0/blib/lib/Org/Parser.pm line 6.
Compilation failed in require at t/block.t line 10.
BEGIN failed--compilation aborted at t/block.t line 10.
t/block.t ....................
Dubious, test returned 2 (wstat 512, 0x200)
No subtests run
Bareword found where operator expected at /home/cpansand/.cpan/build/2022022608/Org-Parser-0.556-0/blib/lib/Org/Document.pm line 31, near "qr/:(?:[\w@]+:)+/u"
syntax error at /home/cpansand/.cpan/build/2022022608/Org-Parser-0.556-0/blib/lib/Org/Document.pm line 31, near "qr/:(?:[\w@]+:)+/u"
BEGIN not safe after errors--compilation aborted at /home/cpansand/.cpan/build/2022022608/Org-Parser-0.556-0/blib/lib/Org/Document.pm line 139.
Compilation failed in require at /home/cpansand/.cpan/build/2022022608/Org-Parser-0.556-0/blib/lib/Org/Parser.pm line 6.
BEGIN failed--compilation aborted at /home/cpansand/.cpan/build/2022022608/Org-Parser-0.556-0/blib/lib/Org/Parser.pm line 6.
Compilation failed in require at t/comment.t line 10.
BEGIN failed--compilation aborted at t/comment.t line 10.
t/comment.t ..................
Dubious, test returned 2 (wstat 512, 0x200)
No subtests run
Bareword found where operator expected at /home/cpansand/.cpan/build/2022022608/Org-Parser-0.556-0/blib/lib/Org/Document.pm line 31, near "qr/:(?:[\w@]+:)+/u"
syntax error at /home/cpansand/.cpan/build/2022022608/Org-Parser-0.556-0/blib/lib/Org/Document.pm line 31, near "qr/:(?:[\w@]+:)+/u"
BEGIN not safe after errors--compilation aborted at /home/cpansand/.cpan/build/2022022608/Org-Parser-0.556-0/blib/lib/Org/Document.pm line 139.
Compilation failed in require at t/document.t line 11.
BEGIN failed--compilation aborted at t/document.t line 11.
t/document.t .................
Dubious, test returned 2 (wstat 512, 0x200)
No subtests run
Bareword found where operator expected at /home/cpansand/.cpan/build/2022022608/Org-Parser-0.556-0/blib/lib/Org/Document.pm line 31, near "qr/:(?:[\w@]+:)+/u"
syntax error at /home/cpansand/.cpan/build/2022022608/Org-Parser-0.556-0/blib/lib/Org/Document.pm line 31, near "qr/:(?:[\w@]+:)+/u"
BEGIN not safe after errors--compilation aborted at /home/cpansand/.cpan/build/2022022608/Org-Parser-0.556-0/blib/lib/Org/Document.pm line 139.
Compilation failed in require at /home/cpansand/.cpan/build/2022022608/Org-Parser-0.556-0/blib/lib/Org/Parser.pm line 6.
BEGIN failed--compilation aborted at /home/cpansand/.cpan/build/2022022608/Org-Parser-0.556-0/blib/lib/Org/Parser.pm line 6.
Compilation failed in require at t/drawer.t line 10.
BEGIN failed--compilation aborted at t/drawer.t line 10.
t/drawer.t ...................
Dubious, test returned 2 (wstat 512, 0x200)
No subtests run
Bareword found where operator expected at /home/cpansand/.cpan/build/2022022608/Org-Parser-0.556-0/blib/lib/Org/Document.pm line 31, near "qr/:(?:[\w@]+:)+/u"
syntax error at /home/cpansand/.cpan/build/2022022608/Org-Parser-0.556-0/blib/lib/Org/Document.pm line 31, near "qr/:(?:[\w@]+:)+/u"
BEGIN not safe after errors--compilation aborted at /home/cpansand/.cpan/build/2022022608/Org-Parser-0.556-0/blib/lib/Org/Document.pm line 139.
Compilation failed in require at /home/cpansand/.cpan/build/2022022608/Org-Parser-0.556-0/blib/lib/Org/Parser.pm line 6.
BEGIN failed--compilation aborted at /home/cpansand/.cpan/build/2022022608/Org-Parser-0.556-0/blib/lib/Org/Parser.pm line 6.
Compilation failed in require at t/fixed_width_section.t line 10.
BEGIN failed--compilation aborted at t/fixed_width_section.t line 10.
t/fixed_width_section.t ......
Dubious, test returned 2 (wstat 512, 0x200)
No subtests run
Bareword found where operator expected at /home/cpansand/.cpan/build/2022022608/Org-Parser-0.556-0/blib/lib/Org/Document.pm line 31, near "qr/:(?:[\w@]+:)+/u"
syntax error at /home/cpansand/.cpan/build/2022022608/Org-Parser-0.556-0/blib/lib/Org/Document.pm line 31, near "qr/:(?:[\w@]+:)+/u"
BEGIN not safe after errors--compilation aborted at /home/cpansand/.cpan/build/2022022608/Org-Parser-0.556-0/blib/lib/Org/Document.pm line 139.
Compilation failed in require at /home/cpansand/.cpan/build/2022022608/Org-Parser-0.556-0/blib/lib/Org/Parser.pm line 6.
BEGIN failed--compilation aborted at /home/cpansand/.cpan/build/2022022608/Org-Parser-0.556-0/blib/lib/Org/Parser.pm line 6.
Compilation failed in require at t/footnote.t line 10.
BEGIN failed--compilation aborted at t/footnote.t line 10.
t/footnote.t .................
Dubious, test returned 2 (wstat 512, 0x200)
No subtests run
Bareword found where operator expected at /home/cpansand/.cpan/build/2022022608/Org-Parser-0.556-0/blib/lib/Org/Document.pm line 31, near "qr/:(?:[\w@]+:)+/u"
syntax error at /home/cpansand/.cpan/build/2022022608/Org-Parser-0.556-0/blib/lib/Org/Document.pm line 31, near "qr/:(?:[\w@]+:)+/u"
BEGIN not safe after errors--compilation aborted at /home/cpansand/.cpan/build/2022022608/Org-Parser-0.556-0/blib/lib/Org/Document.pm line 139.
Compilation failed in require at /home/cpansand/.cpan/build/2022022608/Org-Parser-0.556-0/blib/lib/Org/Parser.pm line 6.
BEGIN failed--compilation aborted at /home/cpansand/.cpan/build/2022022608/Org-Parser-0.556-0/blib/lib/Org/Parser.pm line 6.
Compilation failed in require at t/headline-get_property.t line 10.
BEGIN failed--compilation aborted at t/headline-get_property.t line 10.
t/headline-get_property.t ....
Dubious, test returned 2 (wstat 512, 0x200)
No subtests run
Bareword found where operator expected at /home/cpansand/.cpan/build/2022022608/Org-Parser-0.556-0/blib/lib/Org/Document.pm line 31, near "qr/:(?:[\w@]+:)+/u"
syntax error at /home/cpansand/.cpan/build/2022022608/Org-Parser-0.556-0/blib/lib/Org/Document.pm line 31, near "qr/:(?:[\w@]+:)+/u"
BEGIN not safe after errors--compilation aborted at /home/cpansand/.cpan/build/2022022608/Org-Parser-0.556-0/blib/lib/Org/Document.pm line 139.
Compilation failed in require at /home/cpansand/.cpan/build/2022022608/Org-Parser-0.556-0/blib/lib/Org/Parser.pm line 6.
BEGIN failed--compilation aborted at /home/cpansand/.cpan/build/2022022608/Org-Parser-0.556-0/blib/lib/Org/Parser.pm line 6.
Compilation failed in require at t/headline.t line 12.
BEGIN failed--compilation aborted at t/headline.t line 12.
t/headline.t .................
Dubious, test returned 2 (wstat 512, 0x200)
No subtests run
Bareword found where operator expected at /home/cpansand/.cpan/build/2022022608/Org-Parser-0.556-0/blib/lib/Org/Document.pm line 31, near "qr/:(?:[\w@]+:)+/u"
syntax error at /home/cpansand/.cpan/build/2022022608/Org-Parser-0.556-0/blib/lib/Org/Document.pm line 31, near "qr/:(?:[\w@]+:)+/u"
BEGIN not safe after errors--compilation aborted at /home/cpansand/.cpan/build/2022022608/Org-Parser-0.556-0/blib/lib/Org/Document.pm line 139.
Compilation failed in require at /home/cpansand/.cpan/build/2022022608/Org-Parser-0.556-0/blib/lib/Org/Parser.pm line 6.
BEGIN failed--compilation aborted at /home/cpansand/.cpan/build/2022022608/Org-Parser-0.556-0/blib/lib/Org/Parser.pm line 6.
Compilation failed in require at t/link_and_target.t line 10.
BEGIN failed--compilation aborted at t/link_and_target.t line 10.
t/link_and_target.t ..........
Dubious, test returned 2 (wstat 512, 0x200)
No subtests run
Bareword found where operator expected at /home/cpansand/.cpan/build/2022022608/Org-Parser-0.556-0/blib/lib/Org/Document.pm line 31, near "qr/:(?:[\w@]+:)+/u"
syntax error at /home/cpansand/.cpan/build/2022022608/Org-Parser-0.556-0/blib/lib/Org/Document.pm line 31, near "qr/:(?:[\w@]+:)+/u"
BEGIN not safe after errors--compilation aborted at /home/cpansand/.cpan/build/2022022608/Org-Parser-0.556-0/blib/lib/Org/Document.pm line 139.
Compilation failed in require at /home/cpansand/.cpan/build/2022022608/Org-Parser-0.556-0/blib/lib/Org/Parser.pm line 6.
BEGIN failed--compilation aborted at /home/cpansand/.cpan/build/2022022608/Org-Parser-0.556-0/blib/lib/Org/Parser.pm line 6.
Compilation failed in require at t/list.t line 10.
BEGIN failed--compilation aborted at t/list.t line 10.
t/list.t .....................
Dubious, test returned 2 (wstat 512, 0x200)
No subtests run
Bareword found where operator expected at /home/cpansand/.cpan/build/2022022608/Org-Parser-0.556-0/blib/lib/Org/Document.pm line 31, near "qr/:(?:[\w@]+:)+/u"
syntax error at /home/cpansand/.cpan/build/2022022608/Org-Parser-0.556-0/blib/lib/Org/Document.pm line 31, near "qr/:(?:[\w@]+:)+/u"
BEGIN not safe after errors--compilation aborted at /home/cpansand/.cpan/build/2022022608/Org-Parser-0.556-0/blib/lib/Org/Document.pm line 139.
Compilation failed in require at /home/cpansand/.cpan/build/2022022608/Org-Parser-0.556-0/blib/lib/Org/Parser.pm line 6.
BEGIN failed--compilation aborted at /home/cpansand/.cpan/build/2022022608/Org-Parser-0.556-0/blib/lib/Org/Parser.pm line 6.
Compilation failed in require at t/radio_target.t line 10.
BEGIN failed--compilation aborted at t/radio_target.t line 10.
t/radio_target.t .............
Dubious, test returned 2 (wstat 512, 0x200)
No subtests run
Bareword found where operator expected at /home/cpansand/.cpan/build/2022022608/Org-Parser-0.556-0/blib/lib/Org/Document.pm line 31, near "qr/:(?:[\w@]+:)+/u"
syntax error at /home/cpansand/.cpan/build/2022022608/Org-Parser-0.556-0/blib/lib/Org/Document.pm line 31, near "qr/:(?:[\w@]+:)+/u"
BEGIN not safe after errors--compilation aborted at /home/cpansand/.cpan/build/2022022608/Org-Parser-0.556-0/blib/lib/Org/Document.pm line 139.
Compilation failed in require at /home/cpansand/.cpan/build/2022022608/Org-Parser-0.556-0/blib/lib/Org/Parser.pm line 6.
BEGIN failed--compilation aborted at /home/cpansand/.cpan/build/2022022608/Org-Parser-0.556-0/blib/lib/Org/Parser.pm line 6.
Compilation failed in require at t/regression-rt68443.t line 10.
BEGIN failed--compilation aborted at t/regression-rt68443.t line 10.
t/regression-rt68443.t .......
Dubious, test returned 2 (wstat 512, 0x200)
No subtests run
Bareword found where operator expected at /home/cpansand/.cpan/build/2022022608/Org-Parser-0.556-0/blib/lib/Org/Document.pm line 31, near "qr/:(?:[\w@]+:)+/u"
syntax error at /home/cpansand/.cpan/build/2022022608/Org-Parser-0.556-0/blib/lib/Org/Document.pm line 31, near "qr/:(?:[\w@]+:)+/u"
BEGIN not safe after errors--compilation aborted at /home/cpansand/.cpan/build/2022022608/Org-Parser-0.556-0/blib/lib/Org/Document.pm line 139.
Compilation failed in require at /home/cpansand/.cpan/build/2022022608/Org-Parser-0.556-0/blib/lib/Org/Parser.pm line 6.
BEGIN failed--compilation aborted at /home/cpansand/.cpan/build/2022022608/Org-Parser-0.556-0/blib/lib/Org/Parser.pm line 6.
Compilation failed in require at t/rt98375.t line 13.
BEGIN failed--compilation aborted at t/rt98375.t line 13.
t/rt98375.t ..................
Dubious, test returned 2 (wstat 512, 0x200)
No subtests run
Bareword found where operator expected at /home/cpansand/.cpan/build/2022022608/Org-Parser-0.556-0/blib/lib/Org/Document.pm line 31, near "qr/:(?:[\w@]+:)+/u"
syntax error at /home/cpansand/.cpan/build/2022022608/Org-Parser-0.556-0/blib/lib/Org/Document.pm line 31, near "qr/:(?:[\w@]+:)+/u"
BEGIN not safe after errors--compilation aborted at /home/cpansand/.cpan/build/2022022608/Org-Parser-0.556-0/blib/lib/Org/Document.pm line 139.
Compilation failed in require at /home/cpansand/.cpan/build/2022022608/Org-Parser-0.556-0/blib/lib/Org/Parser.pm line 6.
BEGIN failed--compilation aborted at /home/cpansand/.cpan/build/2022022608/Org-Parser-0.556-0/blib/lib/Org/Parser.pm line 6.
Compilation failed in require at t/setting-todo.t line 10.
BEGIN failed--compilation aborted at t/setting-todo.t line 10.
t/setting-todo.t .............
Dubious, test returned 2 (wstat 512, 0x200)
No subtests run
Bareword found where operator expected at /home/cpansand/.cpan/build/2022022608/Org-Parser-0.556-0/blib/lib/Org/Document.pm line 31, near "qr/:(?:[\w@]+:)+/u"
syntax error at /home/cpansand/.cpan/build/2022022608/Org-Parser-0.556-0/blib/lib/Org/Document.pm line 31, near "qr/:(?:[\w@]+:)+/u"
BEGIN not safe after errors--compilation aborted at /home/cpansand/.cpan/build/2022022608/Org-Parser-0.556-0/blib/lib/Org/Document.pm line 139.
Compilation failed in require at /home/cpansand/.cpan/build/2022022608/Org-Parser-0.556-0/blib/lib/Org/Parser.pm line 6.
BEGIN failed--compilation aborted at /home/cpansand/.cpan/build/2022022608/Org-Parser-0.556-0/blib/lib/Org/Parser.pm line 6.
Compilation failed in require at t/setting.t line 11.
BEGIN failed--compilation aborted at t/setting.t line 11.
t/setting.t ..................
Dubious, test returned 2 (wstat 512, 0x200)
No subtests run
Bareword found where operator expected at /home/cpansand/.cpan/build/2022022608/Org-Parser-0.556-0/blib/lib/Org/Document.pm line 31, near "qr/:(?:[\w@]+:)+/u"
syntax error at /home/cpansand/.cpan/build/2022022608/Org-Parser-0.556-0/blib/lib/Org/Document.pm line 31, near "qr/:(?:[\w@]+:)+/u"
BEGIN not safe after errors--compilation aborted at /home/cpansand/.cpan/build/2022022608/Org-Parser-0.556-0/blib/lib/Org/Document.pm line 139.
Compilation failed in require at /home/cpansand/.cpan/build/2022022608/Org-Parser-0.556-0/blib/lib/Org/Parser.pm line 6.
BEGIN failed--compilation aborted at /home/cpansand/.cpan/build/2022022608/Org-Parser-0.556-0/blib/lib/Org/Parser.pm line 6.
Compilation failed in require at t/table.t line 10.
BEGIN failed--compilation aborted at t/table.t line 10.
t/table.t ....................
Dubious, test returned 2 (wstat 512, 0x200)
No subtests run
Bareword found where operator expected at /home/cpansand/.cpan/build/2022022608/Org-Parser-0.556-0/blib/lib/Org/Document.pm line 31, near "qr/:(?:[\w@]+:)+/u"
syntax error at /home/cpansand/.cpan/build/2022022608/Org-Parser-0.556-0/blib/lib/Org/Document.pm line 31, near "qr/:(?:[\w@]+:)+/u"
BEGIN not safe after errors--compilation aborted at /home/cpansand/.cpan/build/2022022608/Org-Parser-0.556-0/blib/lib/Org/Document.pm line 139.
Compilation failed in require at /home/cpansand/.cpan/build/2022022608/Org-Parser-0.556-0/blib/lib/Org/Parser.pm line 6.
BEGIN failed--compilation aborted at /home/cpansand/.cpan/build/2022022608/Org-Parser-0.556-0/blib/lib/Org/Parser.pm line 6.
Compilation failed in require at t/text.t line 10.
BEGIN failed--compilation aborted at t/text.t line 10.
t/text.t .....................
Dubious, test returned 2 (wstat 512, 0x200)
No subtests run
Bareword found where operator expected at /home/cpansand/.cpan/build/2022022608/Org-Parser-0.556-0/blib/lib/Org/Document.pm line 31, near "qr/:(?:[\w@]+:)+/u"
syntax error at /home/cpansand/.cpan/build/2022022608/Org-Parser-0.556-0/blib/lib/Org/Document.pm line 31, near "qr/:(?:[\w@]+:)+/u"
BEGIN not safe after errors--compilation aborted at /home/cpansand/.cpan/build/2022022608/Org-Parser-0.556-0/blib/lib/Org/Document.pm line 139.
Compilation failed in require at /home/cpansand/.cpan/build/2022022608/Org-Parser-0.556-0/blib/lib/Org/Parser.pm line 6.
BEGIN failed--compilation aborted at /home/cpansand/.cpan/build/2022022608/Org-Parser-0.556-0/blib/lib/Org/Parser.pm line 6.
Compilation failed in require at t/timerange.t line 11.
BEGIN failed--compilation aborted at t/timerange.t line 11.
t/timerange.t ................
Dubious, test returned 2 (wstat 512, 0x200)
No subtests run
Bareword found where operator expected at /home/cpansand/.cpan/build/2022022608/Org-Parser-0.556-0/blib/lib/Org/Document.pm line 31, near "qr/:(?:[\w@]+:)+/u"
syntax error at /home/cpansand/.cpan/build/2022022608/Org-Parser-0.556-0/blib/lib/Org/Document.pm line 31, near "qr/:(?:[\w@]+:)+/u"
BEGIN not safe after errors--compilation aborted at /home/cpansand/.cpan/build/2022022608/Org-Parser-0.556-0/blib/lib/Org/Document.pm line 139.
Compilation failed in require at /home/cpansand/.cpan/build/2022022608/Org-Parser-0.556-0/blib/lib/Org/Parser.pm line 6.
BEGIN failed--compilation aborted at /home/cpansand/.cpan/build/2022022608/Org-Parser-0.556-0/blib/lib/Org/Parser.pm line 6.
Compilation failed in require at t/timestamp.t line 11.
BEGIN failed--compilation aborted at t/timestamp.t line 11.
t/timestamp.t ................
Dubious, test returned 2 (wstat 512, 0x200)
No subtests run
Bareword found where operator expected at /home/cpansand/.cpan/build/2022022608/Org-Parser-0.556-0/blib/lib/Org/Document.pm line 31, near "qr/:(?:[\w@]+:)+/u"
syntax error at /home/cpansand/.cpan/build/2022022608/Org-Parser-0.556-0/blib/lib/Org/Document.pm line 31, near "qr/:(?:[\w@]+:)+/u"
BEGIN not safe after errors--compilation aborted at /home/cpansand/.cpan/build/2022022608/Org-Parser-0.556-0/blib/lib/Org/Document.pm line 139.
Compilation failed in require at /home/cpansand/.cpan/build/2022022608/Org-Parser-0.556-0/blib/lib/Org/Parser.pm line 6.
BEGIN failed--compilation aborted at /home/cpansand/.cpan/build/2022022608/Org-Parser-0.556-0/blib/lib/Org/Parser.pm line 6.
Compilation failed in require at t/unicode.t line 10.
BEGIN failed--compilation aborted at t/unicode.t line 10.
t/unicode.t ..................
Dubious, test returned 2 (wstat 512, 0x200)
No subtests run
Bareword found where operator expected at /home/cpansand/.cpan/build/2022022608/Org-Parser-0.556-0/blib/lib/Org/Document.pm line 31, near "qr/:(?:[\w@]+:)+/u"
syntax error at /home/cpansand/.cpan/build/2022022608/Org-Parser-0.556-0/blib/lib/Org/Document.pm line 31, near "qr/:(?:[\w@]+:)+/u"
BEGIN not safe after errors--compilation aborted at /home/cpansand/.cpan/build/2022022608/Org-Parser-0.556-0/blib/lib/Org/Document.pm line 139.
Compilation failed in require at /home/cpansand/.cpan/build/2022022608/Org-Parser-0.556-0/blib/lib/Org/Parser.pm line 6.
BEGIN failed--compilation aborted at /home/cpansand/.cpan/build/2022022608/Org-Parser-0.556-0/blib/lib/Org/Parser.pm line 6.
Compilation failed in require at t/various.t line 10.
BEGIN failed--compilation aborted at t/various.t line 10.
t/various.t ..................
Dubious, test returned 2 (wstat 512, 0x200)
No subtests run
Test Summary Report
-------------------
t/00-compile.t (Wstat: 512 Tests: 25 Failed: 2)
Failed tests: 1, 25
Non-zero exit status: 2
t/01-basics.t (Wstat: 512 Tests: 0 Failed: 0)
Non-zero exit status: 2
Parse errors: No plan found in TAP output
t/base_element-field_name.t (Wstat: 512 Tests: 0 Failed: 0)
Non-zero exit status: 2
Parse errors: No plan found in TAP output
t/base_element.t (Wstat: 512 Tests: 0 Failed: 0)
Non-zero exit status: 2
Parse errors: No plan found in TAP output
t/block.t (Wstat: 512 Tests: 0 Failed: 0)
Non-zero exit status: 2
Parse errors: No plan found in TAP output
t/comment.t (Wstat: 512 Tests: 0 Failed: 0)
Non-zero exit status: 2
Parse errors: No plan found in TAP output
t/document.t (Wstat: 512 Tests: 0 Failed: 0)
Non-zero exit status: 2
Parse errors: No plan found in TAP output
t/drawer.t (Wstat: 512 Tests: 0 Failed: 0)
Non-zero exit status: 2
Parse errors: No plan found in TAP output
t/fixed_width_section.t (Wstat: 512 Tests: 0 Failed: 0)
Non-zero exit status: 2
Parse errors: No plan found in TAP output
t/footnote.t (Wstat: 512 Tests: 0 Failed: 0)
Non-zero exit status: 2
Parse errors: No plan found in TAP output
t/headline-get_property.t (Wstat: 512 Tests: 0 Failed: 0)
Non-zero exit status: 2
Parse errors: No plan found in TAP output
t/headline.t (Wstat: 512 Tests: 0 Failed: 0)
Non-zero exit status: 2
Parse errors: No plan found in TAP output
t/link_and_target.t (Wstat: 512 Tests: 0 Failed: 0)
Non-zero exit status: 2
Parse errors: No plan found in TAP output
t/list.t (Wstat: 512 Tests: 0 Failed: 0)
Non-zero exit status: 2
Parse errors: No plan found in TAP output
t/radio_target.t (Wstat: 512 Tests: 0 Failed: 0)
Non-zero exit status: 2
Parse errors: No plan found in TAP output
t/regression-rt68443.t (Wstat: 512 Tests: 0 Failed: 0)
Non-zero exit status: 2
Parse errors: No plan found in TAP output
t/rt98375.t (Wstat: 512 Tests: 0 Failed: 0)
Non-zero exit status: 2
Parse errors: No plan found in TAP output
t/setting-todo.t (Wstat: 512 Tests: 0 Failed: 0)
Non-zero exit status: 2
Parse errors: No plan found in TAP output
t/setting.t (Wstat: 512 Tests: 0 Failed: 0)
Non-zero exit status: 2
Parse errors: No plan found in TAP output
t/table.t (Wstat: 512 Tests: 0 Failed: 0)
Non-zero exit status: 2
Parse errors: No plan found in TAP output
t/text.t (Wstat: 512 Tests: 0 Failed: 0)
Non-zero exit status: 2
Parse errors: No plan found in TAP output
t/timerange.t (Wstat: 512 Tests: 0 Failed: 0)
Non-zero exit status: 2
Parse errors: No plan found in TAP output
t/timestamp.t (Wstat: 512 Tests: 0 Failed: 0)
Non-zero exit status: 2
Parse errors: No plan found in TAP output
t/unicode.t (Wstat: 512 Tests: 0 Failed: 0)
Non-zero exit status: 2
Parse errors: No plan found in TAP output
t/various.t (Wstat: 512 Tests: 0 Failed: 0)
Non-zero exit status: 2
Parse errors: No plan found in TAP output
Files=28, Tests=25, 2 wallclock secs ( 0.06 usr 0.01 sys + 1.26 cusr 0.13 csys = 1.46 CPU)
Result: FAIL
Failed 25/28 test programs. 2/25 subtests failed.
Makefile:1005: recipe for target 'test_dynamic' failed
make: *** [test_dynamic] Error 2
------------------------------
PREREQUISITES
------------------------------
Prerequisite modules loaded:
requires:
Module Need Have
--------------------------- -------- --------
Cwd 0 3.75
DateTime 0 1.54
DateTime::Event::Recurrence 0 0.19
Digest::MD5 0 2.58
experimental 0 0.025
File::Slurper 0 0.013
if 0 0.05
List::MoreUtils 0 0.430
locale 0 1.00
Log::ger 0.038 0.038
Module::List 0 0.004
Module::Load 0 0.36
Moo 0 2.005004
Moo::Role 0 2.005004
perl 5.010001 5.012005
Scalar::Util 0 1.60
Storable 3.08 3.25
Time::HiRes 0 1.9764
utf8 0 1.08
warnings 0 1.09
build_requires:
Module Need Have
--------------------------- -------- --------
ExtUtils::MakeMaker 0 7.64
File::Spec 0 3.75
File::Temp 0.2307 0.2311
FindBin 0 1.52
IO::Handle 0 1.48
IPC::Open3 0 1.05
lib 0 0.62
Module::Loaded 0 0.08
Org::Dump 0.551 0.552
strict 0 1.04
Test::Exception 0 0.43
Test::More 0.98 1.302188
configure_requires:
Module Need Have
--------------------------- -------- --------
ExtUtils::MakeMaker 0 7.64
------------------------------
ENVIRONMENT AND OTHER CONTEXT
------------------------------
Environment variables:
LANG = en_US.UTF-8
PATH = /usr/local/bin:/usr/bin:/bin:/usr/local/sbin:/usr/sbin:/sbin:/home/cpansand/bin/linux-gnu:/home/cpansand/bin/sh:/home/cpansand/bin:/usr/games:/home/cpansand/devel:/home/eserte/src/srezic-misc/scripts
PERL5LIB =
PERL5OPT =
PERL5_CPANPLUS_IS_RUNNING = 23603
PERL5_CPAN_IS_RUNNING = 23603
PERL5_CPAN_IS_RUNNING_IN_RECURSION = 23586,23603
PERLDOC = -MPod::Perldoc::ToTextOverstrike
PERL_BATCH = yes
PERL_CANARY_STABILITY_NOPROMPT = 1
PERL_CPAN_REPORTER_CONFIG = /var/tmp/cpansmoker-1023/2022022608/cpanreporter_000_config.ini
PERL_EXTUTILS_AUTOINSTALL = --defaultdeps
PERL_USE_UNSAFE_INC = 1
SHELL = /usr/bin/zsh
TERM = screen
TMPDIR = /var/tmp/cpansmoker-1023/2022022608
Perl special variables (and OS-specific diagnostics, for MSWin32):
$^X = /opt/perl-5.12.5/bin/perl
$UID/$EUID = 1023 / 1023
$GID = 1023 1023
$EGID = 1023 1023
Perl module toolchain versions installed:
Module Have
------------------- --------
CPAN 2.29
CPAN::Meta 2.150010
Cwd 3.75
ExtUtils::CBuilder 0.280236
ExtUtils::Command 7.64
ExtUtils::Install 2.06
ExtUtils::MakeMaker 7.64
ExtUtils::Manifest 1.70
ExtUtils::ParseXS 3.35
File::Spec 3.75
JSON 4.03
JSON::PP 4.06
Module::Build 0.4231
Module::Signature 0.88
Parse::CPAN::Meta 2.150010
Test::Harness 3.42
Test::More 1.302188
YAML 1.30
YAML::Syck 1.34
version 0.9929
--
Summary of my perl5 (revision 5 version 12 subversion 5) configuration:
Platform:
osname=linux, osvers=4.9.0-16-amd64, archname=x86_64-linux
uname='linux cloud11.bbbike.org 4.9.0-16-amd64 #1 smp debian 4.9.272-2 (2021-07-19) x86_64 gnulinux '
config_args='-ds -e -Dprefix=/opt/perl-5.12.5 -Dcf_email=srezic@cpan.org'
hint=recommended, useposix=true, d_sigaction=define
useithreads=undef, usemultiplicity=undef
useperlio=define, d_sfio=undef, uselargefiles=define, usesocks=undef
use64bitint=define, use64bitall=define, uselongdouble=undef
usemymalloc=n, bincompat5005=undef
Compiler:
cc='cc', ccflags ='-fwrapv -fno-strict-aliasing -pipe -fstack-protector -I/usr/local/include -D_LARGEFILE_SOURCE -D_FILE_OFFSET_BITS=64',
optimize='-O2',
cppflags='-fwrapv -fno-strict-aliasing -pipe -fstack-protector -I/usr/local/include'
ccversion='', gccversion='6.3.0 20170516', gccosandvers=''
intsize=4, longsize=8, ptrsize=8, doublesize=8, byteorder=12345678
d_longlong=define, longlongsize=8, d_longdbl=define, longdblsize=16
ivtype='long', ivsize=8, nvtype='double', nvsize=8, Off_t='off_t', lseeksize=8
alignbytes=8, prototype=define
Linker and Libraries:
ld='cc', ldflags =' -fstack-protector -L/usr/local/lib'
libpth=/usr/local/lib /lib/x86_64-linux-gnu /lib/../lib /usr/lib/x86_64-linux-gnu /usr/lib/../lib /lib /usr/lib
libs=-lnsl -ldb -ldl -lm -lcrypt -lutil -lc
perllibs=-lnsl -ldl -lm -lcrypt -lutil -lc
libc=libc-2.24.so, so=so, useshrplib=false, libperl=libperl.a
gnulibc_version='2.24'
Dynamic Linking:
dlsrc=dl_dlopen.xs, dlext=so, d_dlsymun=undef, ccdlflags='-Wl,-E'
cccdlflags='-fPIC', lddlflags='-shared -O2 -L/usr/local/lib -fstack-protector'
Characteristics of this binary (from libperl):
Compile-time options: PERL_DONT_CREATE_GVSV PERL_MALLOC_WRAP USE_64_BIT_ALL
USE_64_BIT_INT USE_LARGE_FILES USE_PERLIO
USE_PERL_ATOF
Locally applied patches:
Devel::PatchPerl 2.08
Built under linux
Compiled at Sep 5 2021 12:37:59
%ENV:
PERL5LIB=""
PERL5OPT=""
PERL5_CPANPLUS_IS_RUNNING="23603"
PERL5_CPAN_IS_RUNNING="23603"
PERL5_CPAN_IS_RUNNING_IN_RECURSION="23586,23603"
PERLDOC="-MPod::Perldoc::ToTextOverstrike"
PERL_BATCH="yes"
PERL_CANARY_STABILITY_NOPROMPT="1"
PERL_CPAN_REPORTER_CONFIG="/var/tmp/cpansmoker-1023/2022022608/cpanreporter_000_config.ini"
PERL_EXTUTILS_AUTOINSTALL="--defaultdeps"
PERL_USE_UNSAFE_INC="1"
@INC:
/opt/perl-5.12.5/lib/site_perl/5.12.5/x86_64-linux
/opt/perl-5.12.5/lib/site_perl/5.12.5
/opt/perl-5.12.5/lib/5.12.5/x86_64-linux
/opt/perl-5.12.5/lib/5.12.5
.