Path-Tiny v0.144 Perl 5 v5.36.0 amd64-freebsd
- Status
- Fail
- From
- Bartosz Jarzyna
- Dist
-
Path-Tiny v0.144
- Platform
- Perl 5 v5.36.0 amd64-freebsd
- Date
- 2023-06-26 07:29:06
- ID
- 2236da1c-13f3-11ee-8046-4fdfbb41fc32
This distribution has been tested as part of the CPAN Testers
project, supporting the Perl programming language. See
http://wiki.cpantesters.org/ for more information or email
questions to cpan-testers-discuss@perl.org
--
Dear David Golden,
This is a computer-generated report for Path-Tiny-0.144
on perl 5.36.0, created by CPAN-Reporter-1.2018.
Thank you for uploading your work to CPAN. However, there was a problem
testing your distribution.
If you think this report is invalid, please consult the CPAN Testers Wiki
for suggestions on how to avoid getting FAIL reports for missing library
or binary dependencies, unsupported operating systems, and so on:
http://wiki.cpantesters.org/wiki/CPANAuthorNotes
Sections of this report:
* Tester comments
* Program output
* Prerequisites
* Environment and other context
------------------------------
TESTER COMMENTS
------------------------------
Additional comments from tester:
this report is from an automated smoke testing program
and was not reviewed by a human for accuracy
------------------------------
PROGRAM OUTPUT
------------------------------
Output from '/usr/bin/make test':
PERL_DL_NONLAZY=1 "/usr/home/smoker/perl5/perlbrew/perls/perl-5.36.0/bin/perl" "-MExtUtils::Command::MM" "-MTest::Harness" "-e" "undef *Test::Harness::Switches; test_harness(0, 'blib/lib', 'blib/arch')" t/*.t
#
# Versions for all modules listed in MYMETA.json (including optional ones):
#
# === Configure Requires ===
#
# Module Want Have
# ------------------- ---- ----
# ExtUtils::MakeMaker 6.17 7.64
#
# === Configure Suggests ===
#
# Module Want Have
# -------- ------- ----
# JSON::PP 2.27300 4.07
#
# === Build Requires ===
#
# Module Want Have
# ------------------- ---- ----
# ExtUtils::MakeMaker any 7.64
#
# === Test Requires ===
#
# Module Want Have
# --------------------- ---- --------
# Digest::MD5 any 2.58
# ExtUtils::MakeMaker any 7.64
# File::Basename any 2.85
# File::Spec 0.86 3.84
# File::Spec::Functions any 3.84
# File::Spec::Unix any 3.84
# File::Temp 0.19 0.2311
# Test::More 0.96 1.302190
# lib any 0.65
# open any 1.13
#
# === Test Recommends ===
#
# Module Want Have
# ------------------ -------- --------
# CPAN::Meta 2.120900 2.150010
# Test::FailWarnings any 0.008
# Test::MockRandom any 1.01
#
# === Runtime Requires ===
#
# Module Want Have
# ------------------ ---- ------
# Carp any 1.52
# Cwd any 3.84
# Digest 1.03 1.20
# Digest::SHA 5.45 6.02
# Encode any 3.17
# Exporter 5.57 5.77
# Fcntl any 1.15
# File::Compare any 1.1007
# File::Copy any 2.39
# File::Glob any 1.37
# File::Path 2.07 2.18
# File::Spec 0.86 3.84
# File::Temp 0.19 0.2311
# File::stat any 1.12
# constant any 1.33
# overload any 1.35
# strict any 1.12
# warnings any 1.58
# warnings::register any 1.04
#
# === Runtime Recommends ===
#
# Module Want Have
# ------------- ---- ----
# Unicode::UTF8 0.58 0.62
#
t/00-report-prereqs.t ............. ok
t/basename.t ...................... ok
t/basic.t ......................... ok
t/children.t ...................... ok
t/chmod.t ......................... ok
t/digest.t ........................ ok
t/exception.t ..................... ok
t/exports.t ....................... ok
t/filesystem.t .................... ok
t/has_same_bytes.t ................ ok
t/input_output.t .................. ok
# No tests run!
# Failed test 'No tests run for subtest "edit_utf8"'
# at ./t/input_output.t line 510.
Error close on '/tmp/AimUWA792M828551910151720': No space left on device at ./t/input_output.t line 506.
# Tests were run but no plan was declared and done_testing() was not seen.
# Looks like your test exited with 255 just after 52.
t/input_output_no_PU_UU.t .........
Dubious, test returned 255 (wstat 65280, 0xff00)
Failed 1/52 subtests
t/input_output_no_UU.t ............ ok
t/locking.t ....................... ok
t/mkdir.t ......................... ok
t/mkpath.t ........................ ok
Error mkdir on 'base/New_York': No space left on device at t/mutable_tree_while_iterating.t line 18.
t/mutable_tree_while_iterating.t ..
Dubious, test returned 2 (wstat 512, 0x200)
No subtests run
t/normalize.t ..................... ok
t/overloading.t ................... ok
t/parent.t ........................ ok
# No tests run!
# Failed test 'No tests run for subtest "no symlinks"'
# at t/recurse.t line 67.
Error in tempdir() using /tmp/XXXXXXXXXX: Could not create directory /tmp/gVpUrkGV1S: No space left on device at t/lib/TestUtils.pm line 53.
# Tests were run but no plan was declared and done_testing() was not seen.
Dubious, test returned 28 (wstat 7168, 0x1c00)
All 30 subtests passed
Warning: unable to close filehandle $fh properly: No space left on device at t/sig_die.t line 18.
t/sig_die.t ....................... ok
# No tests run!
# Failed test 'No tests run for subtest "size API tests"'
# at t/size.t line 17.
Error close on '1025828951340881666': No space left on device at t/size.t line 14.
# Tests were run but no plan was declared and done_testing() was not seen.
# Looks like your test exited with 255 just after 1.
t/size.t ..........................
Dubious, test returned 255 (wstat 65280, 0xff00)
Failed 1/1 subtests
t/subsumes.t ...................... ok
# No tests run!
# Failed test 'No tests run for subtest "relative symlinks with updir"'
# at t/symlinks.t line 31.
Error mkdir on '/tmp/huHK9QIj34/tmp': No space left on device at t/symlinks.t line 17.
# Tests were run but no plan was declared and done_testing() was not seen.
# Looks like your test exited with 255 just after 1.
t/symlinks.t ......................
Dubious, test returned 255 (wstat 65280, 0xff00)
Failed 1/1 subtests
# No tests run!
# Failed test 'No tests run for subtest "survives absolute"'
# at t/temp.t line 62.
Error in tempdir() using XXXXXXXXXX: Could not create directory 1_MDVd1zfj: No space left on device at /usr/home/smoker/.cpan/build/Path-Tiny-0.144-0/blib/lib/Path/Tiny.pm line 447.
# Tests were run but no plan was declared and done_testing() was not seen.
# Looks like your test exited with 255 just after 8.
t/temp.t ..........................
Dubious, test returned 255 (wstat 65280, 0xff00)
Failed 1/8 subtests
t/visit.t ......................... ok
t/zz-atomic.t ..................... ok
t/zzz-spec.t ...................... ok
Test Summary Report
-------------------
t/input_output_no_PU_UU.t (Wstat: 65280 (exited 255) Tests: 52 Failed: 1)
Failed test: 52
Non-zero exit status: 255
Parse errors: No plan found in TAP output
t/mutable_tree_while_iterating.t (Wstat: 512 (exited 2) Tests: 0 Failed: 0)
Non-zero exit status: 2
Parse errors: No plan found in TAP output
t/recurse.t (Wstat: 65280 (exited 255) Tests: 1 Failed: 1)
Failed test: 1
Non-zero exit status: 255
Parse errors: No plan found in TAP output
t/rel-abs.t (Wstat: 7168 (exited 28) Tests: 30 Failed: 0)
Non-zero exit status: 28
Parse errors: No plan found in TAP output
t/size.t (Wstat: 65280 (exited 255) Tests: 1 Failed: 1)
Failed test: 1
Non-zero exit status: 255
Parse errors: No plan found in TAP output
t/symlinks.t (Wstat: 65280 (exited 255) Tests: 1 Failed: 1)
Failed test: 1
Non-zero exit status: 255
Parse errors: No plan found in TAP output
t/temp.t (Wstat: 65280 (exited 255) Tests: 8 Failed: 1)
Failed test: 8
Non-zero exit status: 255
Parse errors: No plan found in TAP output
Files=30, Tests=1747, 17 wallclock secs ( 0.41 usr 0.04 sys + 4.59 cusr 1.42 csys = 6.47 CPU)
Result: FAIL
Failed 7/30 test programs. 5/1747 subtests failed.
*** Error code 255
Stop.
make: stopped in /usr/home/smoker/.cpan/build/Path-Tiny-0.144-0
------------------------------
PREREQUISITES
------------------------------
Prerequisite modules loaded:
requires:
Module Need Have
--------------------- -------- --------
Carp 0 1.52
constant 0 1.33
Cwd 0 3.84
Digest 1.03 1.20
Digest::SHA 5.45 6.02
Encode 0 3.17
Exporter 5.57 5.77
Fcntl 0 1.15
File::Compare 0 1.1007
File::Copy 0 2.39
File::Glob 0 1.37
File::Path 2.07 2.18
File::Spec 0.86 3.84
File::stat 0 1.12
File::Temp 0.19 0.2311
overload 0 1.35
perl 5.008001 5.036000
strict 0 1.12
warnings 0 1.58
warnings::register 0 1.04
build_requires:
Module Need Have
--------------------- -------- --------
Digest::MD5 0 2.58
ExtUtils::MakeMaker 0 7.64
File::Basename 0 2.85
File::Spec 0.86 3.84
File::Spec::Functions 0 3.84
File::Spec::Unix 0 3.84
File::Temp 0.19 0.2311
lib 0 0.65
open 0 1.13
Test::More 0.96 1.302190
configure_requires:
Module Need Have
--------------------- -------- --------
ExtUtils::MakeMaker 6.17 7.64
perl 5.008001 5.036000
opt_requires:
Module Need Have
--------------------- -------- --------
Unicode::UTF8 0.58 0.62
opt_build_requires:
Module Need Have
--------------------- -------- --------
CPAN::Meta 2.120900 2.150010
Test::FailWarnings 0 0.008
Test::MockRandom 0 1.01
------------------------------
ENVIRONMENT AND OTHER CONTEXT
------------------------------
Environment variables:
AUTOMATED_TESTING = 1
LANG = C.UTF-8
PATH = /sbin:/bin:/usr/sbin:/usr/bin:/usr/local/sbin:/usr/local/bin:/home/smoker/bin
PERL5LIB = /home/smoker/.cpan/build/Devel-CheckBin-0.04-0/blib/arch:/home/smoker/.cpan/build/Devel-CheckBin-0.04-0/blib/lib:/home/smoker/.cpan/build/Module-Build-Tiny-0.046-0/blib/arch:/home/smoker/.cpan/build/Module-Build-Tiny-0.046-0/blib/lib:/home/smoker/.cpan/build/ExtUtils-InstallPaths-0.012-1/blib/arch:/home/smoker/.cpan/build/ExtUtils-InstallPaths-0.012-1/blib/lib:/home/smoker/.cpan/build/ExtUtils-Helpers-0.026-1/blib/arch:/home/smoker/.cpan/build/ExtUtils-Helpers-0.026-1/blib/lib:/home/smoker/.cpan/build/ExtUtils-Config-0.008-1/blib/arch:/home/smoker/.cpan/build/ExtUtils-Config-0.008-1/blib/lib
PERL5OPT =
PERL5_CPANPLUS_IS_RUNNING = 79317
PERL5_CPAN_IS_RUNNING = 79317
PERL5_CPAN_IS_RUNNING_IN_RECURSION = 80281,79317
PERL_CR_SMOKER_CURRENT = LibUI-0.01
PERL_EXTUTILS_AUTOINSTALL = --defaultdeps
PERL_MM_USE_DEFAULT = 1
PERL_USE_UNSAFE_INC = 1
SHELL = /bin/sh
Perl special variables (and OS-specific diagnostics, for MSWin32):
$^X = /usr/home/smoker/perl5/perlbrew/perls/perl-5.36.0/bin/perl
$UID/$EUID = 1001 / 1001
$GID = 1001 1001
$EGID = 1001 1001
Perl module toolchain versions installed:
Module Have
------------------- --------
CPAN 2.33
CPAN::Meta 2.150010
Cwd 3.84
ExtUtils::CBuilder 0.280236
ExtUtils::Command 7.64
ExtUtils::Install 2.20
ExtUtils::MakeMaker 7.64
ExtUtils::Manifest 1.73
ExtUtils::ParseXS 3.45
File::Spec 3.84
JSON n/a
JSON::PP 4.07
Module::Build 0.4231
Module::Signature n/a
Parse::CPAN::Meta 2.150010
Test::Harness 3.44
Test::More 1.302190
YAML 1.30
YAML::Syck n/a
version 0.9929
--
Summary of my perl5 (revision 5 version 36 subversion 0) configuration:
Platform:
osname=freebsd
osvers=13.1-release-p3
archname=amd64-freebsd
uname='freebsd smoker-36.smoker 13.1-release-p3 freebsd 13.1-release-p3 generic amd64 '
config_args='-de -Dprefix=/home/smoker/perl5/perlbrew/perls/perl-5.36.0 -Aeval:scriptdir=/home/smoker/perl5/perlbrew/perls/perl-5.36.0/bin'
hint=recommended
useposix=true
d_sigaction=define
useithreads=undef
usemultiplicity=undef
use64bitint=define
use64bitall=define
uselongdouble=undef
usemymalloc=n
default_inc_excludes_dot=define
Compiler:
cc='cc'
ccflags ='-DHAS_FPSETMASK -DHAS_FLOATINGPOINT_H -fno-strict-aliasing -pipe -fstack-protector-strong -I/usr/local/include'
optimize='-O2'
cppflags='-DHAS_FPSETMASK -DHAS_FLOATINGPOINT_H -fno-strict-aliasing -pipe -fstack-protector-strong -I/usr/local/include'
ccversion=''
gccversion='FreeBSD Clang 13.0.0 (git@github.com:llvm/llvm-project.git llvmorg-13.0.0-0-gd7b669b3a303)'
gccosandvers=''
intsize=4
longsize=8
ptrsize=8
doublesize=8
byteorder=12345678
doublekind=3
d_longlong=define
longlongsize=8
d_longdbl=define
longdblsize=16
longdblkind=3
ivtype='long'
ivsize=8
nvtype='double'
nvsize=8
Off_t='off_t'
lseeksize=8
alignbytes=8
prototype=define
Linker and Libraries:
ld='cc'
ldflags ='-Wl,-E -fstack-protector-strong -L/usr/local/lib'
libpth=/usr/lib /usr/local/lib /usr/lib/clang/13.0.0/lib
libs=-lpthread -ldl -lm -lcrypt -lutil -lc
perllibs=-lpthread -ldl -lm -lcrypt -lutil -lc
libc=
so=so
useshrplib=false
libperl=libperl.a
gnulibc_version=''
Dynamic Linking:
dlsrc=dl_dlopen.xs
dlext=so
d_dlsymun=undef
ccdlflags=' '
cccdlflags='-DPIC -fPIC'
lddlflags='-shared -L/usr/local/lib -fstack-protector-strong'
Characteristics of this binary (from libperl):
Compile-time options:
HAS_TIMES
PERLIO_LAYERS
PERL_COPY_ON_WRITE
PERL_DONT_CREATE_GVSV
PERL_MALLOC_WRAP
PERL_OP_PARENT
PERL_PRESERVE_IVUV
USE_64_BIT_ALL
USE_64_BIT_INT
USE_LARGE_FILES
USE_LOCALE
USE_LOCALE_COLLATE
USE_LOCALE_CTYPE
USE_LOCALE_NUMERIC
USE_LOCALE_TIME
USE_PERLIO
USE_PERL_ATOF
Built under freebsd
Compiled at Nov 14 2022 20:41:28
%ENV:
PERL5LIB="/home/smoker/.cpan/build/Devel-CheckBin-0.04-0/blib/arch:/home/smoker/.cpan/build/Devel-CheckBin-0.04-0/blib/lib:/home/smoker/.cpan/build/Module-Build-Tiny-0.046-0/blib/arch:/home/smoker/.cpan/build/Module-Build-Tiny-0.046-0/blib/lib:/home/smoker/.cpan/build/ExtUtils-InstallPaths-0.012-1/blib/arch:/home/smoker/.cpan/build/ExtUtils-InstallPaths-0.012-1/blib/lib:/home/smoker/.cpan/build/ExtUtils-Helpers-0.026-1/blib/arch:/home/smoker/.cpan/build/ExtUtils-Helpers-0.026-1/blib/lib:/home/smoker/.cpan/build/ExtUtils-Config-0.008-1/blib/arch:/home/smoker/.cpan/build/ExtUtils-Config-0.008-1/blib/lib"
PERL5OPT=""
PERL5_CPANPLUS_IS_RUNNING="79317"
PERL5_CPAN_IS_RUNNING="79317"
PERL5_CPAN_IS_RUNNING_IN_RECURSION="80281,79317"
PERL_CR_SMOKER_CURRENT="LibUI-0.01"
PERL_EXTUTILS_AUTOINSTALL="--defaultdeps"
PERL_MM_USE_DEFAULT="1"
PERL_USE_UNSAFE_INC="1"
@INC:
/home/smoker/.cpan/build/Devel-CheckBin-0.04-0/blib/arch
/home/smoker/.cpan/build/Devel-CheckBin-0.04-0/blib/lib
/home/smoker/.cpan/build/Module-Build-Tiny-0.046-0/blib/arch
/home/smoker/.cpan/build/Module-Build-Tiny-0.046-0/blib/lib
/home/smoker/.cpan/build/ExtUtils-InstallPaths-0.012-1/blib/arch
/home/smoker/.cpan/build/ExtUtils-InstallPaths-0.012-1/blib/lib
/home/smoker/.cpan/build/ExtUtils-Helpers-0.026-1/blib/arch
/home/smoker/.cpan/build/ExtUtils-Helpers-0.026-1/blib/lib
/home/smoker/.cpan/build/ExtUtils-Config-0.008-1/blib/arch
/home/smoker/.cpan/build/ExtUtils-Config-0.008-1/blib/lib
/home/smoker/perl5/perlbrew/perls/perl-5.36.0/lib/site_perl/5.36.0/amd64-freebsd
/home/smoker/perl5/perlbrew/perls/perl-5.36.0/lib/site_perl/5.36.0
/home/smoker/perl5/perlbrew/perls/perl-5.36.0/lib/5.36.0/amd64-freebsd
/home/smoker/perl5/perlbrew/perls/perl-5.36.0/lib/5.36.0
.