FunctionalPerl v0.72.69-TRIAL Perl 5 v5.34.0 armv6l-linux

Status
Fail
From
gregor herrmann
Dist
FunctionalPerl v0.72.69-TRIAL
Platform
Perl 5 v5.34.0 armv6l-linux
Date
2021-05-31 17:53:35
ID
1edb0b94-c239-11eb-b22e-677573356c18
This distribution has been tested as part of the CPAN Testers
project, supporting the Perl programming language.  See
http://wiki.cpantesters.org/ for more information or email
questions to cpan-testers-discuss@perl.org


--
Dear Christian Jaeger,

This is a computer-generated report for FunctionalPerl-0.72.69-TRIAL
on perl 5.34.0, created by CPAN-Reporter-1.2018.

Thank you for uploading your work to CPAN.  However, there was a problem
testing your distribution.

If you think this report is invalid, please consult the CPAN Testers Wiki
for suggestions on how to avoid getting FAIL reports for missing library
or binary dependencies, unsupported operating systems, and so on:

http://wiki.cpantesters.org/wiki/CPANAuthorNotes

Sections of this report:

    * Tester comments
    * Program output
    * Prerequisites
    * Environment and other context

------------------------------
TESTER COMMENTS
------------------------------

Additional comments from tester:

this report is from an automated smoke testing program
and was not reviewed by a human for accuracy

------------------------------
PROGRAM OUTPUT
------------------------------

Output from '/usr/bin/make test':

PERL_DL_NONLAZY=1 "/srv/smoker/perl5/perlbrew/perls/perl-5.34.0/bin/perl" "-MExtUtils::Command::MM" "-MTest::Harness" "-e" "undef *Test::Harness::Switches; test_harness(0, 'blib/lib', 'blib/arch')" t/*.t
t/csv_to_xml.t ........................... ok
t/dbi.t .................................. ok
t/examples-csv-to-json.t ................. ok
times for fib: user = 5.17, system = 0.01, cuser = 0, csystem = 0
times for fibonacci: user = 4.13, system = 0.03, cuser = 0, csystem = 0
t/examples-fibs.t ........................ ok
t/examples-functional-classes.t .......... ok
not activating since running in test mode at examples//../lib/FP/Repl/Trap.pm line 47.
t/examples-hiring-without-whiteboards.t .. ok
not activating since running in test mode at examples//../lib/FP/Repl/Trap.pm line 47.
t/examples-logic.t ....................... ok
t/examples-perlweekly-111-1.t ............ skipped: Test requires module 'FP::SortedPureArray' but it's not found
times: user = 0.890000000000001, system = 0.02, cuser = 0, csystem = 0
times: user = 1.69, system = 0.04, cuser = 0, csystem = 0
times: user = 1.77, system = 0, cuser = 0, csystem = 0
t/examples-perlweekly-113-1.t ............ ok
t/examples-perlweekly-113-2.t ............ ok
t/examples-primes.t ...................... skipped: could not use Method::Signatures
t/functional_XML-t-div.t ................. ok
t/functional_XML-test.t .................. ok
String found where operator expected at ../.htmlgen//../meta/FunctionalPerl/Indexing.pm line 206, near "identifierInfos_by_name ".""
	(Do you need to predeclare identifierInfos_by_name?)
Can't use global $_ in subroutine signature at ../.htmlgen//../meta/FunctionalPerl/Indexing.pm line 200, near "($_"
syntax error at ../.htmlgen//../meta/FunctionalPerl/Indexing.pm line 206, near "identifierInfos_by_name ".""
Global symbol "$v" requires explicit package name (did you forget to declare "my $v"?) at ../.htmlgen//../meta/FunctionalPerl/Indexing.pm line 206.
Type of arg 1 to FP::Lazy::lazy must be block or sub {} (not reference constructor) at ../.htmlgen//../meta/FunctionalPerl/Indexing.pm line 207, near "}"
syntax error at ../.htmlgen//../meta/FunctionalPerl/Indexing.pm line 207, near "}"
Type of arg 1 to Chj::TEST::TEST must be block or sub {} (not reference constructor) at ../.htmlgen//../meta/FunctionalPerl/Indexing.pm line 212, near "];"
Type of arg 1 to Chj::TEST::TEST must be block or sub {} (not reference constructor) at ../.htmlgen//../meta/FunctionalPerl/Indexing.pm line 220, near "];"
Type of arg 1 to Chj::TEST::TEST must be block or sub {} (not reference constructor) at ../.htmlgen//../meta/FunctionalPerl/Indexing.pm line 222, near "];"
Type of arg 1 to Chj::TEST::TEST must be block or sub {} (not reference constructor) at ../.htmlgen//../meta/FunctionalPerl/Indexing.pm line 226, near "];"
Type of arg 1 to Chj::TEST::TEST must be block or sub {} (not reference constructor) at ../.htmlgen//../meta/FunctionalPerl/Indexing.pm line 254, near "];"
../.htmlgen//../meta/FunctionalPerl/Indexing.pm has too many errors.
 at ../.htmlgen//../meta/FunctionalPerl/Indexing.pm line 254.
	require FunctionalPerl/Indexing.pm called at ../.htmlgen/FunctionalPerl/Htmlgen/Linking.pm line 73
	FunctionalPerl::Htmlgen::Linking::code::BEGIN() called at ../.htmlgen//../meta/FunctionalPerl/Indexing.pm line 254
	eval {...} called at ../.htmlgen//../meta/FunctionalPerl/Indexing.pm line 254
	require FunctionalPerl/Htmlgen/Linking.pm called at ../.htmlgen/gen line 126
	main::BEGIN() called at ../.htmlgen//../meta/FunctionalPerl/Indexing.pm line 254
	eval {...} called at ../.htmlgen//../meta/FunctionalPerl/Indexing.pm line 254
Compilation failed in require at ../.htmlgen/FunctionalPerl/Htmlgen/Linking.pm line 73.
 at ../.htmlgen/FunctionalPerl/Htmlgen/Linking.pm line 73.
	FunctionalPerl::Htmlgen::Linking::code::BEGIN() called at ../.htmlgen/FunctionalPerl/Htmlgen/Linking.pm line 73
	eval {...} called at ../.htmlgen/FunctionalPerl/Htmlgen/Linking.pm line 73
	require FunctionalPerl/Htmlgen/Linking.pm called at ../.htmlgen/gen line 126
	main::BEGIN() called at ../.htmlgen/FunctionalPerl/Htmlgen/Linking.pm line 73
	eval {...} called at ../.htmlgen/FunctionalPerl/Htmlgen/Linking.pm line 73
BEGIN failed--compilation aborted at ../.htmlgen/FunctionalPerl/Htmlgen/Linking.pm line 73.
 at ../.htmlgen/FunctionalPerl/Htmlgen/Linking.pm line 73.
	require FunctionalPerl/Htmlgen/Linking.pm called at ../.htmlgen/gen line 126
	main::BEGIN() called at ../.htmlgen/FunctionalPerl/Htmlgen/Linking.pm line 73
	eval {...} called at ../.htmlgen/FunctionalPerl/Htmlgen/Linking.pm line 73
Compilation failed in require at ../.htmlgen/gen line 126.
 at ../.htmlgen/gen line 126.
	main::BEGIN() called at ../.htmlgen/gen line 126
	eval {...} called at ../.htmlgen/gen line 126
BEGIN failed--compilation aborted at ../.htmlgen/gen line 126.
 at ../.htmlgen/gen line 126.
t/htmlgen.t .............................. 
Dubious, test returned 255 (wstat 65280, 0xff00)
No subtests run 
not activating since running in test mode at intro//../lib/FP/Repl/AutoTrap.pm line 64.
t/intro-basics.t ......................... ok
t/perl-goto-leak.t ....................... ok
t/perl-weaken-coderef-correctness.t ...... ok
t/perl-weaken-coderef.t .................. ok
NOTE: can't load FP::SortedPureArray: Can't locate List/BinarySearch.pm in @INC (you may need to install the List::BinarySearch module) (@INC contains: ./.htmlgen ./lib ./meta /srv/smoker/cpan/build/FunctionalPerl-0.72.69-0/blib/lib /srv/smoker/cpan/build/FunctionalPerl-0.72.69-0/blib/arch /srv/smoker/perl5/perlbrew/perls/perl-5.34.0/lib/site_perl/5.34.0/armv6l-linux /srv/smoker/perl5/perlbrew/perls/perl-5.34.0/lib/site_perl/5.34.0 /srv/smoker/perl5/perlbrew/perls/perl-5.34.0/lib/5.34.0/armv6l-linux /srv/smoker/perl5/perlbrew/perls/perl-5.34.0/lib/5.34.0 .) at lib/FP/SortedPureArray.pm line 97. at lib/FunctionalPerl.pm line 310.
Exception: Label not found for "last T2_SUBTEST_WRAPPER" at /srv/smoker/perl5/perlbrew/perls/perl-5.34.0/lib/5.34.0/Test2/Hub/Subtest.pm line 67.
 at /srv/smoker/perl5/perlbrew/perls/perl-5.34.0/lib/5.34.0/Test2/Hub/Subtest.pm line 67.
	Test2::Hub::Subtest::terminate(Test2::Hub::Subtest=HASH(0x4a9b670), 0, Test2::Event::Plan=HASH(0x4aa15a8), HASH(0x4aa1648)) called at /srv/smoker/perl5/perlbrew/perls/perl-5.34.0/lib/5.34.0/Test2/Hub.pm line 386
	Test2::Hub::process(Test2::Hub::Subtest=HASH(0x4a9b670), Test2::Event::Plan=HASH(0x4aa15a8)) called at /srv/smoker/perl5/perlbrew/perls/perl-5.34.0/lib/5.34.0/Test2/Hub.pm line 306
	Test2::Hub::send(Test2::Hub::Subtest=HASH(0x4a9b670), Test2::Event::Plan=HASH(0x4aa15a8)) called at /srv/smoker/perl5/perlbrew/perls/perl-5.34.0/lib/5.34.0/Test2/Hub/Subtest.pm line 34
	Test2::Hub::Subtest::send(Test2::Hub::Subtest=HASH(0x4a9b670), Test2::Event::Plan=HASH(0x4aa15a8)) called at /srv/smoker/perl5/perlbrew/perls/perl-5.34.0/lib/5.34.0/Test2/API/Context.pm line 272
	Test2::API::Context::send_event(Test2::API::Context=HASH(0x4aa1588), "Plan", "max", 0, "directive", "SKIP", "reason", "FunctionalPerl::Dependencies::ChjBin import: these programs a"...) called at /srv/smoker/perl5/perlbrew/perls/perl-5.34.0/lib/5.34.0/Test2/API/Context.pm line 448
	Test2::API::Context::plan(Test2::API::Context=HASH(0x4aa1588), 0, "SKIP", "FunctionalPerl::Dependencies::ChjBin import: these programs a"...) called at /srv/smoker/perl5/perlbrew/perls/perl-5.34.0/lib/5.34.0/Test/Builder.pm line 658
	Test::Builder::skip_all(Test::Builder=HASH(0x218a910), "FunctionalPerl::Dependencies::ChjBin import: these programs a"...) called at /srv/smoker/perl5/perlbrew/perls/perl-5.34.0/lib/site_perl/5.34.0/Test/Requires.pm line 44
	Test::Requires::__ANON__("FunctionalPerl::Dependencies::ChjBin import: these programs a"...) called at /srv/smoker/perl5/perlbrew/perls/perl-5.34.0/lib/site_perl/5.34.0/Test/Requires.pm line 71
	Test::Requires::test_requires("FunctionalPerl::Dependencies::ChjBin", "\"trigger-listen\"", "t_pod_snippets_88") called at /srv/smoker/perl5/perlbrew/perls/perl-5.34.0/lib/site_perl/5.34.0/Test/Requires.pm line 21
	Test::Requires::import("Test::Requires", HASH(0x4a9d548)) called at meta/FunctionalPerl/Dependencies/ChjBin.pm line 19
	t_pod_snippets_88::BEGIN() called at meta/FunctionalPerl/Dependencies/ChjBin.pm line 19
	eval {...} called at meta/FunctionalPerl/Dependencies/ChjBin.pm line 19
	eval 'package main; package t_pod_snippets_88; use Test::More ;
{
no warnings;
use strict;    # things are likely to be sloppy

ok 1 => \'the tests compile\';   


#line 16 meta/FunctionalPerl/Dependencies/ChjBin.pm
use Chj::TEST use => \'FunctionalPerl::Dependencies::ChjBin\';
# or
use Test::Requires +{
    \'FunctionalPerl::Dependencies::ChjBin\' => \'"trigger-listen"\' };
# or
#  list in FunctionalPerl::Dependencies\'s %dependencies

;


ok 1 => \'we reached the end!\';

}
; 
1' called at lib/FP/Repl/WithRepl.pm line 75
	FP::Repl::WithRepl::WithRepl_eval("package t_pod_snippets_88; use Test::More ;\x{a}{\x{a}no warnings;\x{a}us"...) called at t/pod_snippets.t line 37
	main::myeval("package t_pod_snippets_88; use Test::More ;\x{a}{\x{a}no warnings;\x{a}us"...) called at t/pod_snippets.t line 158
	main::__ANON__() called at /srv/smoker/perl5/perlbrew/perls/perl-5.34.0/lib/5.34.0/Test/Builder.pm line 374
	eval {...} called at /srv/smoker/perl5/perlbrew/perls/perl-5.34.0/lib/5.34.0/Test/Builder.pm line 374
	Test::Builder::subtest(Test::Builder=HASH(0x218a910), "pod snippets in FunctionalPerl::Dependencies::ChjBin", CODE(0x2fbb5e8)) called at /srv/smoker/perl5/perlbrew/perls/perl-5.34.0/lib/5.34.0/Test/More.pm line 809
	Test::More::subtest("pod snippets in FunctionalPerl::Dependencies::ChjBin", CODE(0x2fbb5e8)) called at t/pod_snippets.t line 183
BEGIN failed--compilation aborted at meta/FunctionalPerl/Dependencies/ChjBin.pm line 19.
 at meta/FunctionalPerl/Dependencies/ChjBin.pm line 19.
	eval 'package main; package t_pod_snippets_88; use Test::More ;
{
no warnings;
use strict;    # things are likely to be sloppy

ok 1 => \'the tests compile\';   


#line 16 meta/FunctionalPerl/Dependencies/ChjBin.pm
use Chj::TEST use => \'FunctionalPerl::Dependencies::ChjBin\';
# or
use Test::Requires +{
    \'FunctionalPerl::Dependencies::ChjBin\' => \'"trigger-listen"\' };
# or
#  list in FunctionalPerl::Dependencies\'s %dependencies

;


ok 1 => \'we reached the end!\';

}
; 
1' called at lib/FP/Repl/WithRepl.pm line 75
	FP::Repl::WithRepl::WithRepl_eval("package t_pod_snippets_88; use Test::More ;\x{a}{\x{a}no warnings;\x{a}us"...) called at t/pod_snippets.t line 37
	main::myeval("package t_pod_snippets_88; use Test::More ;\x{a}{\x{a}no warnings;\x{a}us"...) called at t/pod_snippets.t line 158
	main::__ANON__() called at /srv/smoker/perl5/perlbrew/perls/perl-5.34.0/lib/5.34.0/Test/Builder.pm line 374
	eval {...} called at /srv/smoker/perl5/perlbrew/perls/perl-5.34.0/lib/5.34.0/Test/Builder.pm line 374
	Test::Builder::subtest(Test::Builder=HASH(0x218a910), "pod snippets in FunctionalPerl::Dependencies::ChjBin", CODE(0x2fbb5e8)) called at /srv/smoker/perl5/perlbrew/perls/perl-5.34.0/lib/5.34.0/Test/More.pm line 809
	Test::More::subtest("pod snippets in FunctionalPerl::Dependencies::ChjBin", CODE(0x2fbb5e8)) called at t/pod_snippets.t line 183


    #   Failed test 'pod snippets in FunctionalPerl::Dependencies::ChjBin'
    #   at t/pod_snippets.t line 177.
    # Looks like you failed 1 test of 1.
t/pod_snippets.t ......................... ok
t/predicates.t ........................... ok
t/repl.t ................................. ok
not activating since running in test mode at lib/FP/Repl/AutoTrap.pm line 64.
not activating since running in test mode at lib/FP/Repl/Trap.pm line 47.
Reference is already weak at lib/FP/Stream.pm line 769.
t/require_and_run_tests.t ................ ok
t/skip-internal.t ........................ ok
t/skip-leak.t ............................ ok
t/skip.t ................................. ok
t/testlazy.t ............................. ok
t/testlazy10.t ........................... ok
t/trampoline-fix.t ....................... skipped: Test requires module 'Method::Signatures' but it's not found

Test Summary Report
-------------------
t/htmlgen.t                            (Wstat: 65280 Tests: 0 Failed: 0)
  Non-zero exit status: 255
  Parse errors: No plan found in TAP output
Files=28, Tests=176, 910 wallclock secs ( 4.73 usr  0.45 sys + 551.93 cusr 28.34 csys = 585.45 CPU)
Result: FAIL
Failed 1/28 test programs. 0/176 subtests failed.
make: *** [Makefile:1531: test_dynamic] Error 255

------------------------------
PREREQUISITES
------------------------------

Prerequisite modules loaded:

requires:

    Module              Need     Have    
    ------------------- -------- --------
    autobox             0        v3.0.1  
    base                0        2.27    
    Digest              0        1.19    
    File::Path          0        2.18    
    Getopt::Long        0        2.52    
    Import::Into        0        1.002005
    Math::BigInt        0        1.999818
    NEXT                0        0.68    
    overload            0        1.33    
    perl                5.016004 5.034000
    PerlIO::utf8_strict 0        0.008   
    Safe::Isa           0        1.000010
    Scalar::Util        0        1.56    
    Symbol              0        1.09    
    Test::More          0.96     1.302183
    utf8                0        1.24    
    warnings            0        1.51    

build_requires:

    Module              Need     Have    
    ------------------- -------- --------
    BSD::Resource       0        1.2911  
    Capture::Tiny       0        0.48    
    DBD::CSV            0        0.58    
    DBI                 0        1.643   
    ExtUtils::MakeMaker 0        7.62    
    Sub::Util           0        1.56    
    Test::Pod::Snippets 0        0.07    
    Test::Requires      0        0.11    
    Text::CSV           0        2.00    
    URI                 0        5.09    

configure_requires:

    Module              Need     Have    
    ------------------- -------- --------
    ExtUtils::MakeMaker 0        7.62    


------------------------------
ENVIRONMENT AND OTHER CONTEXT
------------------------------

Environment variables:

    AUTOMATED_TESTING = 1
    LC_CTYPE = de_AT.utf8
    LD_LIBRARY_PATH = /usr/lib/libeatmydata
    NONINTERACTIVE_TESTING = 1
    PATH = /srv/smoker/bin:/usr/lib/ccache:/srv/smoker/perl5/perlbrew/bin:/srv/smoker/perl5/perlbrew/perls/perl-5.34.0/bin:/usr/local/bin:/usr/bin:/bin:/usr/local/games:/usr/games
    PERL5LIB = 
    PERL5OPT = 
    PERL5_CPANPLUS_IS_RUNNING = 17383
    PERL5_CPAN_IS_RUNNING = 17383
    PERL5_CPAN_IS_RUNNING_IN_RECURSION = 22805,17383
    PERLBREW_HOME = /srv/smoker/.perlbrew
    PERLBREW_MANPATH = /srv/smoker/perl5/perlbrew/perls/perl-5.34.0/man
    PERLBREW_PATH = /srv/smoker/perl5/perlbrew/bin:/srv/smoker/perl5/perlbrew/perls/perl-5.34.0/bin
    PERLBREW_PERL = perl-5.34.0
    PERLBREW_ROOT = /srv/smoker/perl5/perlbrew
    PERLBREW_SHELLRC_VERSION = 0.92
    PERLBREW_VERSION = 0.92
    PERL_CPANM_OPT = --verbose --prompt --mirror file:///srv/smoker/minicpan/ --configure-timeout 360 --test-timeout 3600
    PERL_CR_SMOKER_CURRENT = FunctionalPerl-0.72.69-TRIAL
    PERL_EXTUTILS_AUTOINSTALL = --defaultdeps
    PERL_MM_USE_DEFAULT = 1
    PERL_TEST_TIME_OUT_FACTOR = 3
    PERL_TEST_TIME_OUT_FACTOR = 3
    PERL_USE_UNSAFE_INC = 1
    SHELL = /bin/bash
    TERM = screen-256color

Perl special variables (and OS-specific diagnostics, for MSWin32):

    $^X = /srv/smoker/perl5/perlbrew/perls/perl-5.34.0/bin/perl
    $UID/$EUID = 1111 / 1111
    $GID = 65534 65534
    $EGID = 65534 65534

Perl module toolchain versions installed:

    Module              Have    
    ------------------- --------
    CPAN                2.28    
    CPAN::Meta          2.150010
    Cwd                 3.80    
    ExtUtils::CBuilder  0.280236
    ExtUtils::Command   7.62    
    ExtUtils::Install   2.20    
    ExtUtils::MakeMaker 7.62    
    ExtUtils::Manifest  1.73    
    ExtUtils::ParseXS   3.43    
    File::Spec          3.80    
    JSON                4.03    
    JSON::PP            4.06    
    Module::Build       0.4231  
    Module::Signature   n/a     
    Parse::CPAN::Meta   2.150010
    Test::Harness       3.43    
    Test::More          1.302183
    YAML                1.30    
    YAML::Syck          n/a     
    version             0.9928  


--

Summary of my perl5 (revision 5 version 34 subversion 0) configuration:
   
  Platform:
    osname=linux
    osvers=5.10.17+
    archname=armv6l-linux
    uname='linux smoker 5.10.17+ #1414 fri apr 30 13:16:27 bst 2021 armv6l gnulinux '
    config_args='-de -Dprefix=/srv/smoker/perl5/perlbrew/perls/perl-5.34.0 -Aeval:scriptdir=/srv/smoker/perl5/perlbrew/perls/perl-5.34.0/bin'
    hint=recommended
    useposix=true
    d_sigaction=define
    useithreads=undef
    usemultiplicity=undef
    use64bitint=undef
    use64bitall=undef
    uselongdouble=undef
    usemymalloc=n
    default_inc_excludes_dot=define
  Compiler:
    cc='cc'
    ccflags ='-fwrapv -fno-strict-aliasing -pipe -fstack-protector-strong -I/usr/local/include -D_LARGEFILE_SOURCE -D_FILE_OFFSET_BITS=64 -D_FORTIFY_SOURCE=2'
    optimize='-O2'
    cppflags='-fwrapv -fno-strict-aliasing -pipe -fstack-protector-strong -I/usr/local/include'
    ccversion=''
    gccversion='10.2.1 20210110'
    gccosandvers=''
    intsize=4
    longsize=4
    ptrsize=4
    doublesize=8
    byteorder=1234
    doublekind=3
    d_longlong=define
    longlongsize=8
    d_longdbl=define
    longdblsize=8
    longdblkind=0
    ivtype='long'
    ivsize=4
    nvtype='double'
    nvsize=8
    Off_t='off_t'
    lseeksize=8
    alignbytes=8
    prototype=define
  Linker and Libraries:
    ld='cc'
    ldflags =' -fstack-protector-strong -L/usr/local/lib'
    libpth=/usr/local/lib /usr/lib/arm-linux-gnueabihf /usr/lib /lib/arm-linux-gnueabihf /lib
    libs=-lpthread -lnsl -ldb -ldl -lm -lcrypt -lutil -lc
    perllibs=-lpthread -lnsl -ldl -lm -lcrypt -lutil -lc
    libc=libc-2.31.so
    so=so
    useshrplib=false
    libperl=libperl.a
    gnulibc_version='2.31'
  Dynamic Linking:
    dlsrc=dl_dlopen.xs
    dlext=so
    d_dlsymun=undef
    ccdlflags='-Wl,-E'
    cccdlflags='-fPIC'
    lddlflags='-shared -O2 -L/usr/local/lib -fstack-protector-strong'


Characteristics of this binary (from libperl): 
  Compile-time options:
    HAS_TIMES
    PERLIO_LAYERS
    PERL_COPY_ON_WRITE
    PERL_DONT_CREATE_GVSV
    PERL_MALLOC_WRAP
    PERL_OP_PARENT
    PERL_PRESERVE_IVUV
    USE_LARGE_FILES
    USE_LOCALE
    USE_LOCALE_COLLATE
    USE_LOCALE_CTYPE
    USE_LOCALE_NUMERIC
    USE_LOCALE_TIME
    USE_PERLIO
    USE_PERL_ATOF
  Built under linux
  Compiled at May 21 2021 03:02:12
  %ENV:
    PERL5LIB=""
    PERL5OPT=""
    PERL5_CPANPLUS_IS_RUNNING="17383"
    PERL5_CPAN_IS_RUNNING="17383"
    PERL5_CPAN_IS_RUNNING_IN_RECURSION="22805,17383"
    PERLBREW_HOME="/srv/smoker/.perlbrew"
    PERLBREW_MANPATH="/srv/smoker/perl5/perlbrew/perls/perl-5.34.0/man"
    PERLBREW_PATH="/srv/smoker/perl5/perlbrew/bin:/srv/smoker/perl5/perlbrew/perls/perl-5.34.0/bin"
    PERLBREW_PERL="perl-5.34.0"
    PERLBREW_ROOT="/srv/smoker/perl5/perlbrew"
    PERLBREW_SHELLRC_VERSION="0.92"
    PERLBREW_VERSION="0.92"
    PERL_CPANM_OPT="--verbose --prompt --mirror file:///srv/smoker/minicpan/ --configure-timeout 360 --test-timeout 3600"
    PERL_CR_SMOKER_CURRENT="FunctionalPerl-0.72.69-TRIAL"
    PERL_EXTUTILS_AUTOINSTALL="--defaultdeps"
    PERL_MM_USE_DEFAULT="1"
    PERL_TEST_TIME_OUT_FACTOR="3"
    PERL_USE_UNSAFE_INC="1"
  @INC:
    /srv/smoker/perl5/perlbrew/perls/perl-5.34.0/lib/site_perl/5.34.0/armv6l-linux
    /srv/smoker/perl5/perlbrew/perls/perl-5.34.0/lib/site_perl/5.34.0
    /srv/smoker/perl5/perlbrew/perls/perl-5.34.0/lib/5.34.0/armv6l-linux
    /srv/smoker/perl5/perlbrew/perls/perl-5.34.0/lib/5.34.0
    .