Statocles v0.097 Perl 5 v5.20.2 amd64-freebsd
- Status
- Fail
- From
- David Cantrell (DCANTRELL)
- Dist
-
Statocles v0.097
- Platform
- Perl 5 v5.20.2 amd64-freebsd
- Date
- 2020-12-12 02:24:02
- ID
- 19afc16c-3c21-11eb-ab20-fffd7b482270
This distribution has been tested as part of the CPAN Testers
project, supporting the Perl programming language. See
http://wiki.cpantesters.org/ for more information or email
questions to cpan-testers-discuss@perl.org
--
Dear Doug Bell,
This is a computer-generated report for Statocles-0.097
on perl 5.20.2, created by CPAN-Reporter-1.2018.
Thank you for uploading your work to CPAN. However, there was a problem
testing your distribution.
If you think this report is invalid, please consult the CPAN Testers Wiki
for suggestions on how to avoid getting FAIL reports for missing library
or binary dependencies, unsupported operating systems, and so on:
http://wiki.cpantesters.org/wiki/CPANAuthorNotes
Sections of this report:
* Tester comments
* Program output
* Prerequisites
* Environment and other context
------------------------------
TESTER COMMENTS
------------------------------
Additional comments from tester:
this report is from an automated smoke testing program
and was not reviewed by a human for accuracy
------------------------------
PROGRAM OUTPUT
------------------------------
Output from '/usr/bin/make test':
Skip blib/lib/auto/share/dist/Statocles/theme/default/site/footer.html.ep (unchanged)
Skip blib/lib/auto/share/dist/Statocles/theme/default/plugin/highlight/solarized-light.css (unchanged)
Skip blib/lib/auto/share/dist/Statocles/create/script.yml (unchanged)
Skip blib/lib/auto/share/dist/Statocles/theme/default/blog/index.html.ep (unchanged)
Skip blib/lib/auto/share/dist/Statocles/theme/default/site/navbar_extra.html.ep (unchanged)
Skip blib/lib/auto/share/dist/Statocles/theme/bootstrap/perldoc/pod.html.ep (unchanged)
Skip blib/lib/auto/share/dist/Statocles/theme/default/plugin/highlight/default.css (unchanged)
Skip blib/lib/auto/share/dist/Statocles/theme/bootstrap/layout/blank.html.ep (unchanged)
Skip blib/lib/auto/share/dist/Statocles/theme/default/site/sitemap.xml.ep (unchanged)
Skip blib/lib/auto/share/dist/Statocles/theme/default/site/header_after.html.ep (unchanged)
Skip blib/lib/auto/share/dist/Statocles/theme/default/blog/post.html.ep (unchanged)
Skip blib/lib/auto/share/dist/Statocles/create/site.yml (unchanged)
Skip blib/lib/auto/share/dist/Statocles/theme/default/site/style.html (unchanged)
Skip blib/lib/auto/share/dist/Statocles/create/blog/post.markdown (unchanged)
Skip blib/lib/auto/share/dist/Statocles/theme/bootstrap/css/statocles-bootstrap.css (unchanged)
Skip blib/lib/auto/share/dist/Statocles/theme/default/perldoc/pod.html.ep (unchanged)
Skip blib/lib/auto/share/dist/Statocles/create/page/index.markdown (unchanged)
Skip blib/lib/auto/share/dist/Statocles/theme/bootstrap/layout/default.html.ep (unchanged)
Skip blib/lib/auto/share/dist/Statocles/theme/default/css/normalize.css (unchanged)
Skip blib/lib/auto/share/dist/Statocles/theme/default/site/head_after.html.ep (unchanged)
Skip blib/lib/auto/share/dist/Statocles/theme/default/blog/index.rss.ep (unchanged)
Skip blib/lib/auto/share/dist/Statocles/theme/default/site/robots.txt.ep (unchanged)
Skip blib/lib/auto/share/dist/Statocles/theme/default/site/sidebar_before.html.ep (unchanged)
Skip blib/lib/auto/share/dist/Statocles/theme/bootstrap/blog/index.html.ep (unchanged)
Skip blib/lib/auto/share/dist/Statocles/theme/bootstrap/blog/index.atom.ep (unchanged)
Skip blib/lib/auto/share/dist/Statocles/theme/default/layout/default.html.ep (unchanged)
Skip blib/lib/auto/share/dist/Statocles/theme/bootstrap/site/style.html (unchanged)
Skip blib/lib/auto/share/dist/Statocles/theme/default/css/skeleton.css (unchanged)
Skip blib/lib/auto/share/dist/Statocles/theme/bootstrap/plugin/highlight/solarized-dark.css (unchanged)
Skip blib/lib/auto/share/dist/Statocles/theme/bootstrap/site/footer.html.ep (unchanged)
Skip blib/lib/auto/share/dist/Statocles/theme/bootstrap/perldoc/source.html.ep (unchanged)
Skip blib/lib/auto/share/dist/Statocles/theme/bootstrap/site/sitemap.xml.ep (unchanged)
Skip blib/lib/auto/share/dist/Statocles/zsh/_statocles (unchanged)
Skip blib/lib/auto/share/dist/Statocles/theme/bootstrap/layout/full-width.html.ep (unchanged)
Skip blib/lib/auto/share/dist/Statocles/theme/default/perldoc/source.html.ep (unchanged)
Skip blib/lib/auto/share/dist/Statocles/theme/bootstrap/site/navbar_extra.html.ep (unchanged)
Skip blib/lib/auto/share/dist/Statocles/theme/bootstrap/site/robots.txt.ep (unchanged)
Skip blib/lib/auto/share/dist/Statocles/theme/bootstrap/site/header_after.html.ep (unchanged)
Skip blib/lib/auto/share/dist/Statocles/theme/default/blog/index.atom.ep (unchanged)
Skip blib/lib/auto/share/dist/Statocles/theme/bootstrap/plugin/highlight/default.css (unchanged)
Skip blib/lib/auto/share/dist/Statocles/theme/bootstrap/plugin/highlight/solarized-light.css (unchanged)
Skip blib/lib/auto/share/dist/Statocles/theme/default/plugin/highlight/solarized-dark.css (unchanged)
Skip blib/lib/auto/share/dist/Statocles/theme/bootstrap/blog/index.rss.ep (unchanged)
Skip blib/lib/auto/share/dist/Statocles/theme/default/layout/blank.html.ep (unchanged)
Skip blib/lib/auto/share/dist/Statocles/theme/bootstrap/site/head_after.html.ep (unchanged)
Skip blib/lib/auto/share/dist/Statocles/theme/bootstrap/site/sidebar_before.html.ep (unchanged)
Skip blib/lib/auto/share/dist/Statocles/theme/default/layout/full-width.html.ep (unchanged)
Skip blib/lib/auto/share/dist/Statocles/theme/bootstrap/blog/post.html.ep (unchanged)
Skip blib/lib/auto/share/dist/Statocles/theme/default/css/statocles-default.css (unchanged)
PERL_DL_NONLAZY=1 "/usr/home/david/cpantesting/perl-5.20.2/bin/perl" "-MExtUtils::Command::MM" "-MTest::Harness" "-e" "undef *Test::Harness::Switches; test_harness(0, 'blib/lib', 'blib/arch')" t/*.t t/app/*.t t/app/basic/*.t t/app/blog/*.t t/app/perldoc/*.t t/app/role/*.t t/command/*.t t/deploy/*.t t/link/*.t t/page/*.t t/plugin/*.t t/template/*.t t/theme/*.t
t/00-compile.t ................ ok
#
# Versions for all modules listed in MYMETA.json (including optional ones):
#
# === Configure Requires ===
#
# Module Want Have
# ----------------------- ---- ----
# ExtUtils::MakeMaker any 7.56
# File::ShareDir::Install 0.06 0.13
#
# === Build Requires ===
#
# Module Want Have
# ------------------- ---- ----
# ExtUtils::MakeMaker any 7.56
#
# === Test Requires ===
#
# Module Want Have
# ------------------- -------- --------
# Capture::Tiny any 0.48
# Dir::Self any 0.11
# ExtUtils::MakeMaker any 7.56
# File::Spec any 3.48_01
# IO::Handle any 1.35
# IPC::Open3 any 1.16
# Storable any 3.15
# Test::Deep any 1.130
# Test::Differences 0.64 0.67
# Test::Exception 0.42 0.43
# Test::Lib any 0.002
# Test::More 1.001005 1.302183
#
# === Test Recommends ===
#
# Module Want Have
# ---------- -------- --------
# CPAN::Meta 2.120900 2.150010
#
# === Runtime Requires ===
#
# Module Want Have
# ------------------ -------- --------
# Beam::Emitter 0.007 1.007
# Beam::Wire 1.018 1.023
# DateTime::Moonpig any 1.03
# Encode any 3.08
# Encode::Locale any 1.05
# File::Share any 0.25
# Git::Repository any 1.324
# I18N::Langinfo any 0.11
# IPC::Open3 any 1.16
# Import::Base 0.012 1.004
# JSON::PP any 4.05
# List::UtilsBy 0.09 0.11
# Mojolicious 6.54 8.67
# Moo 2.000001 2.004004
# Path::Tiny 0.084 0.114
# Pod::Simple 3.31 3.42
# Pod::Usage::Return any 0.003
# Role::Tiny 2.000008 2.001004
# Text::Markdown any 1.000031
# Text::Unidecode any 1.30
# Type::Tiny any 1.012000
# Types::Path::Tiny any 0.006
# YAML any 1.30
# strict any 1.08
# warnings any 1.23
#
# === Runtime Recommends ===
#
# Module Want Have
# ------------------------------- ----- -------
# HTML::Lint::Pluggable 0.06 missing
# PPI any missing
# Pod::Elemental any missing
# Pod::Weaver 4.015 missing
# Syntax::Highlight::Engine::Kate any missing
#
t/00-report-prereqs.t ......... ok
t/app/basic/command.t ......... ok
t/app/basic/constructor.t ..... ok
t/app/basic/pages.t ........... ok
t/app/blog/command.t .......... ok
t/app/blog/constructor.t ...... ok
# Current LC_TIME locale: C
# Could not set locale to ru_RU. Still
t/app/blog/pages.t ............ ok
t/app/blog/post_date.t ........ ok
t/app/blog/recent_posts.t ..... ok
t/app/blog/slugs.t ............ ok
t/app/events.t ................ ok
t/app/perldoc/constructor.t ... ok
t/app/perldoc/highlight.t ..... skipped: Syntax::Highlight::Engine::Kate needed
t/app/perldoc/pages.t ......... ok
t/app/role/store.t ............ ok
t/app/template.t .............. ok
t/app/url.t ................... ok
# Failed test 'nothing on stderr'
# at t/command/apps.t line 16.
# STDERR: ERROR: Could not create site object "site" in config file "/tmp/r9vt65Ui0W/site.yml": Reference ["/tmp/r9vt65Ui0W/theme","/tmp/r9vt65Ui0W/theme"] did not pass type constraint "StoreType" (not isa Statocles::Store) (in $args->{"store"}) at /home/david/cpantesting/perl-5.20.2/lib/site_perl/5.20.2/Beam/Wire.pm line 552
# Not a blessed reference
#
# Failed test at t/command/apps.t line 17.
# got: '1'
# expected: '0'
# Failed test 'contains app name, url root, and app class'
# at t/command/apps.t line 18.
# ''
# doesn't match '(?^:blog \(/blog -- Statocles::App::Blog\)\n)'
# Looks like you failed 3 tests of 3.
# Failed test 'get the app list'
# at t/command/apps.t line 20.
# Failed test 'nothing on stderr'
# at t/command/apps.t line 37.
# STDERR: ERROR: Could not create site object "site" in config file "/tmp/oeZ8F02txG/site.yml": Reference ["/tmp/oeZ8F02txG/theme","/tmp/oeZ8F02txG/theme"] did not pass type constraint "StoreType" (not isa Statocles::Store) (in $args->{"store"}) at /home/david/cpantesting/perl-5.20.2/lib/site_perl/5.20.2/Beam/Wire.pm line 552
# Not a blessed reference
#
# Failed test at t/command/apps.t line 38.
# got: '1'
# expected: '0'
# Failed test 'contains new post'
# at t/command/apps.t line 39.
# ''
# doesn't match '(?^:New\ post\ at\:)'
# Failed test 'correct post file exists'
# at t/command/apps.t line 41.
# Looks like you failed 4 tests of 4.
# Failed test 'delegate to app command'
# at t/command/apps.t line 42.
# Failed test 'good error message'
# at t/command/apps.t line 64.
# ' (in cleanup) Error resolving realpath on '/tmp/QZFrGGcH8m/blog/tmp/QZFrGGcH8m/blog': No such file or directory at /usr/home/david/cpantesting/perl-5.20.2/.cpan/build/Statocles-0.097-gWw835/blib/lib/Statocles/Store.pm line 54.
# ERROR: Could not create site object "site" in config file "/tmp/QZFrGGcH8m/site.yml": Error resolving realpath on '/tmp/QZFrGGcH8m/blog/tmp/QZFrGGcH8m/blog': No such file or directory at /usr/home/david/cpantesting/perl-5.20.2/.cpan/build/Statocles-0.097-gWw835/blib/lib/Statocles/Store.pm line 54.
#
# '
# doesn't match '(?^:^ERROR: Application "test" has no commands)'
# STDERR: (in cleanup) Error resolving realpath on '/tmp/QZFrGGcH8m/blog/tmp/QZFrGGcH8m/blog': No such file or directory at /usr/home/david/cpantesting/perl-5.20.2/.cpan/build/Statocles-0.097-gWw835/blib/lib/Statocles/Store.pm line 54.
# ERROR: Could not create site object "site" in config file "/tmp/QZFrGGcH8m/site.yml": Error resolving realpath on '/tmp/QZFrGGcH8m/blog/tmp/QZFrGGcH8m/blog': No such file or directory at /usr/home/david/cpantesting/perl-5.20.2/.cpan/build/Statocles-0.097-gWw835/blib/lib/Statocles/Store.pm line 54.
#
# Looks like you failed 1 test of 3.
# Failed test 'app without command'
# at t/command/apps.t line 68.
# Looks like you failed 1 test of 1.
# Failed test 'errors'
# at t/command/apps.t line 69.
# Looks like you failed 3 tests of 3.
t/command/apps.t ..............
Dubious, test returned 3 (wstat 768, 0x300)
Failed 3/3 subtests
t/command/build.t ............. ok
# Failed test at t/command/bundle.t line 23.
# got: '1'
# expected: '0'
# Failed test 'nothing on stderr'
# at t/command/bundle.t line 24.
# STDERR: (in cleanup) Error resolving realpath on '/tmp/n4YPCfmIvl/build_site/tmp/n4YPCfmIvl/build_site': No such file or directory at /usr/home/david/cpantesting/perl-5.20.2/.cpan/build/Statocles-0.097-gWw835/blib/lib/Statocles/Store.pm line 54.
# ERROR: Could not create site object "site" in config file "/tmp/n4YPCfmIvl/site.yml": Error resolving realpath on '/tmp/n4YPCfmIvl/build_site/tmp/n4YPCfmIvl/build_site': No such file or directory at /usr/home/david/cpantesting/perl-5.20.2/.cpan/build/Statocles-0.097-gWw835/blib/lib/Statocles/Store.pm line 54.
#
# Failed test at t/command/bundle.t line 25.
# ''
# doesn't match '(?^:Theme "default" written to "/tmp/n4YPCfmIvl/theme")'
# Looks like you failed 3 tests of 3.
# Failed test 'first time creates directories'
# at t/command/bundle.t line 29.
# Looks like you failed 1 test of 1.
# Failed test 'theme'
# at t/command/bundle.t line 89.
Error open (<:unix:utf8_strict) on '/tmp/n4YPCfmIvl/theme/layout/default.html.ep': No such file or directory at t/command/bundle.t line 26.
# Tests were run but no plan was declared and done_testing() was not seen.
# Looks like your test exited with 255 just after 1.
t/command/bundle.t ............
Dubious, test returned 255 (wstat 65280, 0xff00)
Failed 1/1 subtests
Can't exec "git": No such file or directory at /usr/home/david/cpantesting/perl-5.20.2/.cpan/build/Statocles-0.097-gWw835/blib/lib/Statocles/Deploy/Git.pm line 197.
Use of uninitialized value $output in pattern match (m//) at /usr/home/david/cpantesting/perl-5.20.2/.cpan/build/Statocles-0.097-gWw835/blib/lib/Statocles/Deploy/Git.pm line 198.
Use of uninitialized value $git_version in concatenation (.) or string at t/command/create.t line 257.
# Git version:
Use of uninitialized value $git_version in numeric lt (<) at t/command/create.t line 258.
t/command/create.t ............ ok
t/command/daemon.t ............ ok
t/command/deploy.t ............ ok
# Failed test at t/command/error.t line 33.
# ' (in cleanup) Error resolving realpath on '/tmp/TTQDWQTjog/blog/tmp/TTQDWQTjog/blog': No such file or directory at /usr/home/david/cpantesting/perl-5.20.2/.cpan/build/Statocles-0.097-gWw835/blib/lib/Statocles/Store.pm line 54.
# ERROR: Could not create site object "site" in config file "site.yml": Error resolving realpath on '/tmp/TTQDWQTjog/blog/tmp/TTQDWQTjog/blog': No such file or directory at /usr/home/david/cpantesting/perl-5.20.2/.cpan/build/Statocles-0.097-gWw835/blib/lib/Statocles/Store.pm line 54.
#
# '
# doesn't match '(?^:ERROR: Unknown command or app 'daemin')'
# Failed test 'reports pod from bin/statocles, not Statocles'
# at t/command/error.t line 34.
# ' (in cleanup) Error resolving realpath on '/tmp/TTQDWQTjog/blog/tmp/TTQDWQTjog/blog': No such file or directory at /usr/home/david/cpantesting/perl-5.20.2/.cpan/build/Statocles-0.097-gWw835/blib/lib/Statocles/Store.pm line 54.
# ERROR: Could not create site object "site" in config file "site.yml": Error resolving realpath on '/tmp/TTQDWQTjog/blog/tmp/TTQDWQTjog/blog': No such file or directory at /usr/home/david/cpantesting/perl-5.20.2/.cpan/build/Statocles-0.097-gWw835/blib/lib/Statocles/Store.pm line 54.
#
# '
# doesn't match '(?^:statocles -h)'
# Looks like you failed 2 tests of 4.
# Failed test 'unknown command specified'
# at t/command/error.t line 39.
# Looks like you failed 1 test of 5.
t/command/error.t .............
Dubious, test returned 1 (wstat 256, 0x100)
Failed 1/5 subtests
t/command/help_and_version.t .. ok
t/command/mojo_app.t .......... ok
t/deploy/file.t ............... ok
Can't exec "git": No such file or directory at /usr/home/david/cpantesting/perl-5.20.2/.cpan/build/Statocles-0.097-gWw835/blib/lib/Statocles/Deploy/Git.pm line 197.
Use of uninitialized value $output in pattern match (m//) at /usr/home/david/cpantesting/perl-5.20.2/.cpan/build/Statocles-0.097-gWw835/blib/lib/Statocles/Deploy/Git.pm line 198.
t/deploy/git.t ................ skipped: Git not installed
t/deprecated.t ................ ok
t/document.t .................. ok
t/image.t ..................... ok
t/link.t ...................... ok
t/link/tree.t ................. ok
t/page/basename.t ............. ok
t/page/content_sections.t ..... ok
Invalid data attribute in document "/required.markdown". Data attributes that are not hashes are deprecated and will be removed in v2.0. Please use a hash instead. See Statocles::Help::Upgrading
Invalid data attribute in document "/links/alternate_single.markdown". Data attributes that are not hashes are deprecated and will be removed in v2.0. Please use a hash instead. See Statocles::Help::Upgrading
t/page/document.t ............. ok
t/page/file.t ................. ok
t/page/images.t ............... ok
t/page/links.t ................ ok
t/page/list.t ................. ok
t/page/list_item.t ............ ok
[2020-12-12 02:22:47.95207] [87739] [debug] Render page: /path/to/page.html
t/page/plain.t ................ ok
t/page/type.t ................. ok
t/person.t .................... ok
t/plugin.t .................... ok
t/plugin/highlight.t .......... skipped: Syntax::Highlight::Engine::Kate needed
t/plugin/html_lint.t .......... skipped: HTML::Lint::Pluggable v0.06 or higher needed
t/plugin/link_check.t ......... ok
t/plugin/mermaid.t ............ ok
t/site.t ...................... ok
# Current locale: C
# Failed test 'contains blog post document path'
# at t/statocles.t line 73.
# ' (in cleanup) Error resolving realpath on '/tmp/KWborcNkJv/build_site/tmp/KWborcNkJv/build_site': No such file or directory at /usr/home/david/cpantesting/perl-5.20.2/.cpan/build/Statocles-0.097-gWw835/blib/lib/Statocles/Store.pm line 54.
# ERROR: Could not create site object "site" in config file "/tmp/KWborcNkJv/site.yml": Error resolving realpath on '/tmp/KWborcNkJv/build_site/tmp/KWborcNkJv/build_site': No such file or directory at /usr/home/david/cpantesting/perl-5.20.2/.cpan/build/Statocles-0.097-gWw835/blib/lib/Statocles/Store.pm line 54.
#
# '
# doesn't match '(?^:New post at: \/tmp\/KWborcNkJv\/blog\/2020\/12\/12\/test\-a\-a\-ay\/index\.markdown)'
# Looks like you failed 1 test of 3.
# Failed test 'run the command'
# at t/statocles.t line 75.
# No tests run!
# Failed test 'No tests run for subtest "check the generated document"'
# at t/statocles.t line 94.
# Looks like you failed 2 tests of 2.
# Failed test 'handle locales on ARGV and STDIN'
# at t/statocles.t line 95.
Error open (<:unix:utf8_strict) on '/tmp/KWborcNkJv/blog/2020/12/12/test-a-a-ay/index.markdown': No such file or directory at t/statocles.t line 79.
# Tests were run but no plan was declared and done_testing() was not seen.
# Looks like your test exited with 255 just after 2.
t/statocles.t .................
Dubious, test returned 255 (wstat 65280, 0xff00)
Failed 1/2 subtests
t/store.t ..................... ok
t/template/basic.t ............ ok
t/template/content.t .......... ok
t/template/include.t .......... ok
t/template/markdown.t ......... ok
Odd number of elements in hash assignment at /home/david/cpantesting/perl-5.20.2/lib/site_perl/5.20.2/Mojo/DOM/CSS.pm line 82.
Odd number of elements in hash assignment at /home/david/cpantesting/perl-5.20.2/lib/site_perl/5.20.2/Mojo/DOM/CSS.pm line 82.
Odd number of elements in hash assignment at /home/david/cpantesting/perl-5.20.2/lib/site_perl/5.20.2/Mojo/DOM/CSS.pm line 82.
Odd number of elements in hash assignment at /home/david/cpantesting/perl-5.20.2/lib/site_perl/5.20.2/Mojo/DOM/CSS.pm line 82.
Odd number of elements in hash assignment at /home/david/cpantesting/perl-5.20.2/lib/site_perl/5.20.2/Mojo/DOM/CSS.pm line 82.
Odd number of elements in hash assignment at /home/david/cpantesting/perl-5.20.2/lib/site_perl/5.20.2/Mojo/DOM/CSS.pm line 82.
Odd number of elements in hash assignment at /home/david/cpantesting/perl-5.20.2/lib/site_perl/5.20.2/Mojo/DOM/CSS.pm line 82.
Odd number of elements in hash assignment at /home/david/cpantesting/perl-5.20.2/lib/site_perl/5.20.2/Mojo/DOM/CSS.pm line 82.
Odd number of elements in hash assignment at /home/david/cpantesting/perl-5.20.2/lib/site_perl/5.20.2/Mojo/DOM/CSS.pm line 82.
Odd number of elements in hash assignment at /home/david/cpantesting/perl-5.20.2/lib/site_perl/5.20.2/Mojo/DOM/CSS.pm line 82.
Odd number of elements in hash assignment at /home/david/cpantesting/perl-5.20.2/lib/site_perl/5.20.2/Mojo/DOM/CSS.pm line 82.
Odd number of elements in hash assignment at /home/david/cpantesting/perl-5.20.2/lib/site_perl/5.20.2/Mojo/DOM/CSS.pm line 82.
Odd number of elements in hash assignment at /home/david/cpantesting/perl-5.20.2/lib/site_perl/5.20.2/Mojo/DOM/CSS.pm line 82.
Odd number of elements in hash assignment at /home/david/cpantesting/perl-5.20.2/lib/site_perl/5.20.2/Mojo/DOM/CSS.pm line 82.
Odd number of elements in hash assignment at /home/david/cpantesting/perl-5.20.2/lib/site_perl/5.20.2/Mojo/DOM/CSS.pm line 82.
Odd number of elements in hash assignment at /home/david/cpantesting/perl-5.20.2/lib/site_perl/5.20.2/Mojo/DOM/CSS.pm line 82.
Odd number of elements in hash assignment at /home/david/cpantesting/perl-5.20.2/lib/site_perl/5.20.2/Mojo/DOM/CSS.pm line 82.
Odd number of elements in hash assignment at /home/david/cpantesting/perl-5.20.2/lib/site_perl/5.20.2/Mojo/DOM/CSS.pm line 82.
Odd number of elements in hash assignment at /home/david/cpantesting/perl-5.20.2/lib/site_perl/5.20.2/Mojo/DOM/CSS.pm line 82.
Odd number of elements in hash assignment at /home/david/cpantesting/perl-5.20.2/lib/site_perl/5.20.2/Mojo/DOM/CSS.pm line 82.
Odd number of elements in hash assignment at /home/david/cpantesting/perl-5.20.2/lib/site_perl/5.20.2/Mojo/DOM/CSS.pm line 82.
Odd number of elements in hash assignment at /home/david/cpantesting/perl-5.20.2/lib/site_perl/5.20.2/Mojo/DOM/CSS.pm line 82.
Odd number of elements in hash assignment at /home/david/cpantesting/perl-5.20.2/lib/site_perl/5.20.2/Mojo/DOM/CSS.pm line 82.
Odd number of elements in hash assignment at /home/david/cpantesting/perl-5.20.2/lib/site_perl/5.20.2/Mojo/DOM/CSS.pm line 82.
Odd number of elements in hash assignment at /home/david/cpantesting/perl-5.20.2/lib/site_perl/5.20.2/Mojo/DOM/CSS.pm line 82.
Odd number of elements in hash assignment at /home/david/cpantesting/perl-5.20.2/lib/site_perl/5.20.2/Mojo/DOM/CSS.pm line 82.
Odd number of elements in hash assignment at /home/david/cpantesting/perl-5.20.2/lib/site_perl/5.20.2/Mojo/DOM/CSS.pm line 82.
Odd number of elements in hash assignment at /home/david/cpantesting/perl-5.20.2/lib/site_perl/5.20.2/Mojo/DOM/CSS.pm line 82.
Odd number of elements in hash assignment at /home/david/cpantesting/perl-5.20.2/lib/site_perl/5.20.2/Mojo/DOM/CSS.pm line 82.
Odd number of elements in hash assignment at /home/david/cpantesting/perl-5.20.2/lib/site_perl/5.20.2/Mojo/DOM/CSS.pm line 82.
Odd number of elements in hash assignment at /home/david/cpantesting/perl-5.20.2/lib/site_perl/5.20.2/Mojo/DOM/CSS.pm line 82.
Odd number of elements in hash assignment at /home/david/cpantesting/perl-5.20.2/lib/site_perl/5.20.2/Mojo/DOM/CSS.pm line 82.
Odd number of elements in hash assignment at /home/david/cpantesting/perl-5.20.2/lib/site_perl/5.20.2/Mojo/DOM/CSS.pm line 82.
Odd number of elements in hash assignment at /home/david/cpantesting/perl-5.20.2/lib/site_perl/5.20.2/Mojo/DOM/CSS.pm line 82.
Odd number of elements in hash assignment at /home/david/cpantesting/perl-5.20.2/lib/site_perl/5.20.2/Mojo/DOM/CSS.pm line 82.
Odd number of elements in hash assignment at /home/david/cpantesting/perl-5.20.2/lib/site_perl/5.20.2/Mojo/DOM/CSS.pm line 82.
Odd number of elements in hash assignment at /home/david/cpantesting/perl-5.20.2/lib/site_perl/5.20.2/Mojo/DOM/CSS.pm line 82.
Odd number of elements in hash assignment at /home/david/cpantesting/perl-5.20.2/lib/site_perl/5.20.2/Mojo/DOM/CSS.pm line 82.
Odd number of elements in hash assignment at /home/david/cpantesting/perl-5.20.2/lib/site_perl/5.20.2/Mojo/DOM/CSS.pm line 82.
Odd number of elements in hash assignment at /home/david/cpantesting/perl-5.20.2/lib/site_perl/5.20.2/Mojo/DOM/CSS.pm line 82.
Odd number of elements in hash assignment at /home/david/cpantesting/perl-5.20.2/lib/site_perl/5.20.2/Mojo/DOM/CSS.pm line 82.
Odd number of elements in hash assignment at /home/david/cpantesting/perl-5.20.2/lib/site_perl/5.20.2/Mojo/DOM/CSS.pm line 82.
Odd number of elements in hash assignment at /home/david/cpantesting/perl-5.20.2/lib/site_perl/5.20.2/Mojo/DOM/CSS.pm line 82.
Odd number of elements in hash assignment at /home/david/cpantesting/perl-5.20.2/lib/site_perl/5.20.2/Mojo/DOM/CSS.pm line 82.
Odd number of elements in hash assignment at /home/david/cpantesting/perl-5.20.2/lib/site_perl/5.20.2/Mojo/DOM/CSS.pm line 82.
Odd number of elements in hash assignment at /home/david/cpantesting/perl-5.20.2/lib/site_perl/5.20.2/Mojo/DOM/CSS.pm line 82.
Odd number of elements in hash assignment at /home/david/cpantesting/perl-5.20.2/lib/site_perl/5.20.2/Mojo/DOM/CSS.pm line 82.
Odd number of elements in hash assignment at /home/david/cpantesting/perl-5.20.2/lib/site_perl/5.20.2/Mojo/DOM/CSS.pm line 82.
Odd number of elements in hash assignment at /home/david/cpantesting/perl-5.20.2/lib/site_perl/5.20.2/Mojo/DOM/CSS.pm line 82.
Odd number of elements in hash assignment at /home/david/cpantesting/perl-5.20.2/lib/site_perl/5.20.2/Mojo/DOM/CSS.pm line 82.
Odd number of elements in hash assignment at /home/david/cpantesting/perl-5.20.2/lib/site_perl/5.20.2/Mojo/DOM/CSS.pm line 82.
Odd number of elements in hash assignment at /home/david/cpantesting/perl-5.20.2/lib/site_perl/5.20.2/Mojo/DOM/CSS.pm line 82.
Odd number of elements in hash assignment at /home/david/cpantesting/perl-5.20.2/lib/site_perl/5.20.2/Mojo/DOM/CSS.pm line 82.
Odd number of elements in hash assignment at /home/david/cpantesting/perl-5.20.2/lib/site_perl/5.20.2/Mojo/DOM/CSS.pm line 82.
Odd number of elements in hash assignment at /home/david/cpantesting/perl-5.20.2/lib/site_perl/5.20.2/Mojo/DOM/CSS.pm line 82.
Odd number of elements in hash assignment at /home/david/cpantesting/perl-5.20.2/lib/site_perl/5.20.2/Mojo/DOM/CSS.pm line 82.
Odd number of elements in hash assignment at /home/david/cpantesting/perl-5.20.2/lib/site_perl/5.20.2/Mojo/DOM/CSS.pm line 82.
Odd number of elements in hash assignment at /home/david/cpantesting/perl-5.20.2/lib/site_perl/5.20.2/Mojo/DOM/CSS.pm line 82.
Odd number of elements in hash assignment at /home/david/cpantesting/perl-5.20.2/lib/site_perl/5.20.2/Mojo/DOM/CSS.pm line 82.
Odd number of elements in hash assignment at /home/david/cpantesting/perl-5.20.2/lib/site_perl/5.20.2/Mojo/DOM/CSS.pm line 82.
Odd number of elements in hash assignment at /home/david/cpantesting/perl-5.20.2/lib/site_perl/5.20.2/Mojo/DOM/CSS.pm line 82.
Odd number of elements in hash assignment at /home/david/cpantesting/perl-5.20.2/lib/site_perl/5.20.2/Mojo/DOM/CSS.pm line 82.
Odd number of elements in hash assignment at /home/david/cpantesting/perl-5.20.2/lib/site_perl/5.20.2/Mojo/DOM/CSS.pm line 82.
Odd number of elements in hash assignment at /home/david/cpantesting/perl-5.20.2/lib/site_perl/5.20.2/Mojo/DOM/CSS.pm line 82.
Odd number of elements in hash assignment at /home/david/cpantesting/perl-5.20.2/lib/site_perl/5.20.2/Mojo/DOM/CSS.pm line 82.
Odd number of elements in hash assignment at /home/david/cpantesting/perl-5.20.2/lib/site_perl/5.20.2/Mojo/DOM/CSS.pm line 82.
Odd number of elements in hash assignment at /home/david/cpantesting/perl-5.20.2/lib/site_perl/5.20.2/Mojo/DOM/CSS.pm line 82.
Odd number of elements in hash assignment at /home/david/cpantesting/perl-5.20.2/lib/site_perl/5.20.2/Mojo/DOM/CSS.pm line 82.
Odd number of elements in hash assignment at /home/david/cpantesting/perl-5.20.2/lib/site_perl/5.20.2/Mojo/DOM/CSS.pm line 82.
Odd number of elements in hash assignment at /home/david/cpantesting/perl-5.20.2/lib/site_perl/5.20.2/Mojo/DOM/CSS.pm line 82.
Odd number of elements in hash assignment at /home/david/cpantesting/perl-5.20.2/lib/site_perl/5.20.2/Mojo/DOM/CSS.pm line 82.
Odd number of elements in hash assignment at /home/david/cpantesting/perl-5.20.2/lib/site_perl/5.20.2/Mojo/DOM/CSS.pm line 82.
Odd number of elements in hash assignment at /home/david/cpantesting/perl-5.20.2/lib/site_perl/5.20.2/Mojo/DOM/CSS.pm line 82.
Odd number of elements in hash assignment at /home/david/cpantesting/perl-5.20.2/lib/site_perl/5.20.2/Mojo/DOM/CSS.pm line 82.
Odd number of elements in hash assignment at /home/david/cpantesting/perl-5.20.2/lib/site_perl/5.20.2/Mojo/DOM/CSS.pm line 82.
Odd number of elements in hash assignment at /home/david/cpantesting/perl-5.20.2/lib/site_perl/5.20.2/Mojo/DOM/CSS.pm line 82.
Odd number of elements in hash assignment at /home/david/cpantesting/perl-5.20.2/lib/site_perl/5.20.2/Mojo/DOM/CSS.pm line 82.
Odd number of elements in hash assignment at /home/david/cpantesting/perl-5.20.2/lib/site_perl/5.20.2/Mojo/DOM/CSS.pm line 82.
Odd number of elements in hash assignment at /home/david/cpantesting/perl-5.20.2/lib/site_perl/5.20.2/Mojo/DOM/CSS.pm line 82.
Odd number of elements in hash assignment at /home/david/cpantesting/perl-5.20.2/lib/site_perl/5.20.2/Mojo/DOM/CSS.pm line 82.
Odd number of elements in hash assignment at /home/david/cpantesting/perl-5.20.2/lib/site_perl/5.20.2/Mojo/DOM/CSS.pm line 82.
Odd number of elements in hash assignment at /home/david/cpantesting/perl-5.20.2/lib/site_perl/5.20.2/Mojo/DOM/CSS.pm line 82.
Odd number of elements in hash assignment at /home/david/cpantesting/perl-5.20.2/lib/site_perl/5.20.2/Mojo/DOM/CSS.pm line 82.
Odd number of elements in hash assignment at /home/david/cpantesting/perl-5.20.2/lib/site_perl/5.20.2/Mojo/DOM/CSS.pm line 82.
Odd number of elements in hash assignment at /home/david/cpantesting/perl-5.20.2/lib/site_perl/5.20.2/Mojo/DOM/CSS.pm line 82.
Odd number of elements in hash assignment at /home/david/cpantesting/perl-5.20.2/lib/site_perl/5.20.2/Mojo/DOM/CSS.pm line 82.
Odd number of elements in hash assignment at /home/david/cpantesting/perl-5.20.2/lib/site_perl/5.20.2/Mojo/DOM/CSS.pm line 82.
Odd number of elements in hash assignment at /home/david/cpantesting/perl-5.20.2/lib/site_perl/5.20.2/Mojo/DOM/CSS.pm line 82.
Odd number of elements in hash assignment at /home/david/cpantesting/perl-5.20.2/lib/site_perl/5.20.2/Mojo/DOM/CSS.pm line 82.
Odd number of elements in hash assignment at /home/david/cpantesting/perl-5.20.2/lib/site_perl/5.20.2/Mojo/DOM/CSS.pm line 82.
t/theme/check.t ............... ok
t/theme/helper.t .............. ok
t/theme/pages.t ............... ok
t/theme/template.t ............ ok
t/types.t ..................... ok
sh: HOPEFULLY_DOES_NOT_EXIST: not found
t/util.t ...................... ok
Test Summary Report
-------------------
t/command/apps.t (Wstat: 768 Tests: 3 Failed: 3)
Failed tests: 1-3
Non-zero exit status: 3
t/command/bundle.t (Wstat: 65280 Tests: 1 Failed: 1)
Failed test: 1
Non-zero exit status: 255
Parse errors: No plan found in TAP output
t/command/error.t (Wstat: 256 Tests: 5 Failed: 1)
Failed test: 2
Non-zero exit status: 1
t/statocles.t (Wstat: 65280 Tests: 2 Failed: 1)
Failed test: 2
Non-zero exit status: 255
Parse errors: No plan found in TAP output
Files=63, Tests=305, 276 wallclock secs ( 1.06 usr 0.56 sys + 241.84 cusr 26.73 csys = 270.19 CPU)
Result: FAIL
Failed 4/63 test programs. 6/305 subtests failed.
*** Error code 255
Stop.
make: stopped in /usr/home/david/cpantesting/perl-5.20.2/.cpan/build/Statocles-0.097-gWw835
------------------------------
PREREQUISITES
------------------------------
Prerequisite modules loaded:
requires:
Module Need Have
----------------------- -------- --------
Beam::Emitter 0.007 1.007
Beam::Wire 1.018 1.023
DateTime::Moonpig 0 1.03
Encode 0 3.08
Encode::Locale 0 1.05
File::Share 0 0.25
Git::Repository 0 1.324
I18N::Langinfo 0 0.11
Import::Base 0.012 1.004
IPC::Open3 0 1.16
JSON::PP 0 4.05
List::UtilsBy 0.09 0.11
Mojolicious 6.54 8.67
Moo 2.000001 2.004004
Path::Tiny 0.084 0.114
perl 5.014 5.020002
Pod::Simple 3.31 3.42
Pod::Usage::Return 0 0.003
Role::Tiny 2.000008 2.001004
strict 0 1.08
Text::Markdown 0 1.000031
Text::Unidecode 0 1.30
Type::Tiny 0 1.012000
Types::Path::Tiny 0 0.006
warnings 0 1.23
YAML 0 1.30
build_requires:
Module Need Have
----------------------- -------- --------
Capture::Tiny 0 0.48
Dir::Self 0 0.11
ExtUtils::MakeMaker 0 7.56
File::Spec 0 3.48_01
IO::Handle 0 1.35
IPC::Open3 0 1.16
Storable 0 3.15
Test::Deep 0 1.130
Test::Differences 0.64 0.67
Test::Exception 0.42 0.43
Test::Lib 0 0.002
Test::More 1.001005 1.302183
configure_requires:
Module Need Have
----------------------- -------- --------
ExtUtils::MakeMaker 0 7.56
File::ShareDir::Install 0.06 0.13
------------------------------
ENVIRONMENT AND OTHER CONTEXT
------------------------------
Environment variables:
AUTOMATED_TESTING = 1
NONINTERACTIVE_TESTING = 1
PATH = /home/david/perl5/perlbrew/bin:/home/david/perl5/perlbrew/perls/perl-5.30.2/bin:/sbin:/bin:/usr/sbin:/usr/bin:/usr/local/sbin:/usr/local/bin:/home/david/bin
PERL = 5.20.2
PERL5LIB =
PERL5OPT =
PERL5_CPANPLUS_IS_RUNNING = 11864
PERL5_CPAN_IS_RUNNING = 11864
PERLBREW_HOME = /home/david/.perlbrew
PERLBREW_MANPATH = /home/david/perl5/perlbrew/perls/perl-5.30.2/man
PERLBREW_PATH = /home/david/perl5/perlbrew/bin:/home/david/perl5/perlbrew/perls/perl-5.30.2/bin
PERLBREW_PERL = perl-5.30.2
PERLBREW_ROOT = /home/david/perl5/perlbrew
PERLBREW_SHELLRC_VERSION = 0.89
PERLBREW_VERSION = 0.89
PERLVER = 5.20.2
PERL_INLINE_DIRECTORY = /home/david/.Inline-5.20.2
PERL_MM_USE_DEFAULT = 1
PERL_USE_UNSAFE_INC = 0
SHELL = /usr/local/bin/bash
TERM = screen
Perl special variables (and OS-specific diagnostics, for MSWin32):
$^X = /usr/home/david/cpantesting/perl-5.20.2/bin/perl
$UID/$EUID = 1001 / 1001
$GID = 1001 1001 0
$EGID = 1001 1001 0
Perl module toolchain versions installed:
Module Have
------------------- --------
CPAN 2.05
CPAN::Meta 2.150010
Cwd 3.48_01
ExtUtils::CBuilder 0.280217
ExtUtils::Command 7.56
ExtUtils::Install 2.06
ExtUtils::MakeMaker 7.56
ExtUtils::Manifest 1.70
ExtUtils::ParseXS 3.35
File::Spec 3.48_01
JSON 4.02
JSON::PP 4.05
Module::Build 0.4231
Module::Signature n/a
Parse::CPAN::Meta 2.150010
Test::Harness 3.42
Test::More 1.302183
YAML 1.30
YAML::Syck 1.34
version 0.9909
--
Summary of my perl5 (revision 5 version 20 subversion 2) configuration:
Platform:
osname=freebsd, osvers=12.2-release, archname=amd64-freebsd
uname='freebsd cpantesting-freebsd 12.2-release freebsd 12.2-release r366954 generic amd64 '
config_args='-de -Dprefix=/home/david/cpantesting/perl-5.20.2'
hint=recommended, useposix=true, d_sigaction=define
useithreads=undef, usemultiplicity=undef
use64bitint=define, use64bitall=define, uselongdouble=undef
usemymalloc=n, bincompat5005=undef
Compiler:
cc='cc', ccflags ='-DHAS_FPSETMASK -DHAS_FLOATINGPOINT_H -fno-strict-aliasing -pipe -fstack-protector -I/usr/local/include',
optimize='-O',
cppflags='-DHAS_FPSETMASK -DHAS_FLOATINGPOINT_H -fno-strict-aliasing -pipe -fstack-protector -I/usr/local/include'
ccversion='', gccversion='FreeBSD Clang 10.0.1 (git@github.com:llvm/llvm-project.git llvmorg-10.0.1-0-gef32c611aa2)', gccosandvers=''
intsize=4, longsize=8, ptrsize=8, doublesize=8, byteorder=12345678
d_longlong=define, longlongsize=8, d_longdbl=define, longdblsize=16
ivtype='long', ivsize=8, nvtype='double', nvsize=8, Off_t='off_t', lseeksize=8
alignbytes=8, prototype=define
Linker and Libraries:
ld='cc', ldflags ='-Wl,-E -fstack-protector -L/usr/local/lib'
libpth=/usr/lib /usr/local/lib /usr/lib/clang/10.0.1/lib /usr/lib
libs=-lgdbm -ldl -lm -lcrypt -lutil -lc
perllibs=-ldl -lm -lcrypt -lutil -lc
libc=, so=so, useshrplib=false, libperl=libperl.a
gnulibc_version=''
Dynamic Linking:
dlsrc=dl_dlopen.xs, dlext=so, d_dlsymun=undef, ccdlflags=' '
cccdlflags='-DPIC -fPIC', lddlflags='-shared -L/usr/local/lib -fstack-protector'
Characteristics of this binary (from libperl):
Compile-time options: HAS_TIMES PERLIO_LAYERS PERL_DONT_CREATE_GVSV
PERL_HASH_FUNC_ONE_AT_A_TIME_HARD PERL_MALLOC_WRAP
PERL_NEW_COPY_ON_WRITE PERL_PRESERVE_IVUV
USE_64_BIT_ALL USE_64_BIT_INT USE_LARGE_FILES
USE_LOCALE USE_LOCALE_COLLATE USE_LOCALE_CTYPE
USE_LOCALE_NUMERIC USE_PERLIO USE_PERL_ATOF
Built under freebsd
Compiled at Dec 11 2020 09:52:34
%ENV:
PERL="5.20.2"
PERL5LIB=""
PERL5OPT=""
PERL5_CPANPLUS_IS_RUNNING="11864"
PERL5_CPAN_IS_RUNNING="11864"
PERLBREW_HOME="/home/david/.perlbrew"
PERLBREW_MANPATH="/home/david/perl5/perlbrew/perls/perl-5.30.2/man"
PERLBREW_PATH="/home/david/perl5/perlbrew/bin:/home/david/perl5/perlbrew/perls/perl-5.30.2/bin"
PERLBREW_PERL="perl-5.30.2"
PERLBREW_ROOT="/home/david/perl5/perlbrew"
PERLBREW_SHELLRC_VERSION="0.89"
PERLBREW_VERSION="0.89"
PERLVER="5.20.2"
PERL_INLINE_DIRECTORY="/home/david/.Inline-5.20.2"
PERL_MM_USE_DEFAULT="1"
PERL_USE_UNSAFE_INC="0"
@INC:
/home/david/cpantesting/perl-5.20.2/lib/site_perl/5.20.2/amd64-freebsd
/home/david/cpantesting/perl-5.20.2/lib/site_perl/5.20.2
/home/david/cpantesting/perl-5.20.2/lib/5.20.2/amd64-freebsd
/home/david/cpantesting/perl-5.20.2/lib/5.20.2
.